Jun 04 15:32:19.391852 n-d-791506-11 devstack@placement-api.service[92967]: DEBUG placement.requestlog [req-13cc371e-bcc1-4518-b20f-e06985033020 req-dc4dde47-827f-45fc-9eea-efbc6bfc5c23 None None] Starting request: 10.222.0.20 "GET /placement/allocations/53127447-3bd3-4260-b264-ac258e40e320" {{(pid=92967) __call__ /opt/stack/placement/placement/requestlog.py:55}}
Jun 04 15:32:19.407142 n-d-791506-11 devstack@placement-api.service[92967]: INFO placement.requestlog [req-13cc371e-bcc1-4518-b20f-e06985033020 req-dc4dde47-827f-45fc-9eea-efbc6bfc5c23 service placement] 10.222.0.20 "GET /placement/allocations/53127447-3bd3-4260-b264-ac258e40e320" status: 200 len: 19 microversion: 1.28
Jun 04 15:32:19.408278 n-d-791506-11 devstack@placement-api.service[92967]: [pid: 92967|app: 0|req: 215/429] 10.222.0.20 () {60 vars in 1380 bytes} [Fri Jun 4 15:32:19 2021] GET /placement/allocations/53127447-3bd3-4260-b264-ac258e40e320 => generated 19 bytes in 17 msecs (HTTP/1.1 200) 8 headers in 295 bytes (1 switches on core 0)
Jun 04 15:32:19.415204 n-d-791506-11 devstack@placement-api.service[92968]: DEBUG placement.requestlog [req-13cc371e-bcc1-4518-b20f-e06985033020 req-fd4bf9a2-3f0c-49d5-bb19-9a4cb593457e None None] Starting request: 10.222.0.20 "PUT /placement/allocations/53127447-3bd3-4260-b264-ac258e40e320" {{(pid=92968) __call__ /opt/stack/placement/placement/requestlog.py:55}}
Jun 04 15:32:19.524815 n-d-791506-11 devstack@placement-api.service[92968]: DEBUG placement.handlers.allocation [req-13cc371e-bcc1-4518-b20f-e06985033020 req-fd4bf9a2-3f0c-49d5-bb19-9a4cb593457e service placement] Successfully wrote allocations [, , ] {{(pid=92968) _create_allocations /opt/stack/placement/placement/handlers/allocation.py:435}}
Jun 04 15:32:19.526004 n-d-791506-11 devstack@placement-api.service[92968]: INFO placement.requestlog [req-13cc371e-bcc1-4518-b20f-e06985033020 req-fd4bf9a2-3f0c-49d5-bb19-9a4cb593457e service placement] 10.222.0.20 "PUT /placement/allocations/53127447-3bd3-4260-b264-ac258e40e320" status: 204 len: 0 microversion: 1.36
Jun 04 15:32:19.527837 n-d-791506-11 devstack@placement-api.service[92968]: [pid: 92968|app: 0|req: 215/430] 10.222.0.20 () {64 vars in 1433 bytes} [Fri Jun 4 15:32:19 2021] PUT /placement/allocations/53127447-3bd3-4260-b264-ac258e40e320 => generated 0 bytes in 112 msecs (HTTP/1.1 204) 5 headers in 199 bytes (1 switches on core 0)
Jun 04 15:32:19.987266 n-d-791506-11 devstack@placement-api.service[92967]: DEBUG placement.requestlog [req-13cc371e-bcc1-4518-b20f-e06985033020 req-91bb7561-78c2-4279-b7be-8406114af531 None None] Starting request: 10.222.0.42 "GET /placement/allocations/53127447-3bd3-4260-b264-ac258e40e320" {{(pid=92967) __call__ /opt/stack/placement/placement/requestlog.py:55}}
Jun 04 15:32:20.017755 n-d-791506-11 devstack@placement-api.service[92967]: INFO placement.requestlog [req-13cc371e-bcc1-4518-b20f-e06985033020 req-91bb7561-78c2-4279-b7be-8406114af531 service placement] 10.222.0.42 "GET /placement/allocations/53127447-3bd3-4260-b264-ac258e40e320" status: 200 len: 259 microversion: 1.28
Jun 04 15:32:20.017755 n-d-791506-11 devstack@placement-api.service[92967]: [pid: 92967|app: 0|req: 216/431] 10.222.0.42 () {60 vars in 1378 bytes} [Fri Jun 4 15:32:19 2021] GET /placement/allocations/53127447-3bd3-4260-b264-ac258e40e320 => generated 259 bytes in 31 msecs (HTTP/1.1 200) 8 headers in 296 bytes (1 switches on core 0)
Jun 04 15:32:31.377593 n-d-791506-11 devstack@placement-api.service[92968]: DEBUG placement.requestlog [req-28f180db-38a6-49ad-ac8f-f4071d025f92 req-2a9b1cda-6e07-44c1-aabf-e70c5dfaef39 None None] Starting request: 10.222.0.42 "GET /placement/resource_providers/cfb5ca08-f209-4018-8839-883f286bd1b6/allocations" {{(pid=92968) __call__ /opt/stack/placement/placement/requestlog.py:55}}
Jun 04 15:32:31.699694 n-d-791506-11 devstack@placement-api.service[92968]: INFO placement.requestlog [req-28f180db-38a6-49ad-ac8f-f4071d025f92 req-2a9b1cda-6e07-44c1-aabf-e70c5dfaef39 service placement] 10.222.0.42 "GET /placement/resource_providers/cfb5ca08-f209-4018-8839-883f286bd1b6/allocations" status: 200 len: 631 microversion: 1.0
Jun 04 15:32:31.700614 n-d-791506-11 devstack@placement-api.service[92968]: [pid: 92968|app: 0|req: 216/432] 10.222.0.42 () {58 vars in 1391 bytes} [Fri Jun 4 15:32:31 2021] GET /placement/resource_providers/cfb5ca08-f209-4018-8839-883f286bd1b6/allocations => generated 631 bytes in 323 msecs (HTTP/1.1 200) 6 headers in 224 bytes (1 switches on core 0)
Jun 04 15:32:31.772010 n-d-791506-11 devstack@placement-api.service[92967]: DEBUG placement.requestlog [req-28f180db-38a6-49ad-ac8f-f4071d025f92 req-c3a485bf-719d-48b1-927c-b06b6dfed654 None None] Starting request: 10.222.0.42 "GET /placement/resource_providers?in_tree=cfb5ca08-f209-4018-8839-883f286bd1b6" {{(pid=92967) __call__ /opt/stack/placement/placement/requestlog.py:55}}
Jun 04 15:32:31.794667 n-d-791506-11 devstack@placement-api.service[92967]: INFO placement.requestlog [req-28f180db-38a6-49ad-ac8f-f4071d025f92 req-c3a485bf-719d-48b1-927c-b06b6dfed654 service placement] 10.222.0.42 "GET /placement/resource_providers?in_tree=cfb5ca08-f209-4018-8839-883f286bd1b6" status: 200 len: 864 microversion: 1.14
Jun 04 15:32:31.796161 n-d-791506-11 devstack@placement-api.service[92967]: [pid: 92967|app: 0|req: 217/433] 10.222.0.42 () {60 vars in 1377 bytes} [Fri Jun 4 15:32:31 2021] GET /placement/resource_providers?in_tree=cfb5ca08-f209-4018-8839-883f286bd1b6 => generated 864 bytes in 24 msecs (HTTP/1.1 200) 6 headers in 225 bytes (2 switches on core 0)
Jun 04 15:32:31.820966 n-d-791506-11 devstack@placement-api.service[92968]: DEBUG placement.requestlog [req-28f180db-38a6-49ad-ac8f-f4071d025f92 req-f56adb5f-a444-4753-bad1-a07c76e77af4 None None] Starting request: 10.222.0.42 "GET /placement/resource_providers/cfb5ca08-f209-4018-8839-883f286bd1b6/inventories" {{(pid=92968) __call__ /opt/stack/placement/placement/requestlog.py:55}}
Jun 04 15:32:31.862336 n-d-791506-11 devstack@placement-api.service[92968]: INFO placement.requestlog [req-28f180db-38a6-49ad-ac8f-f4071d025f92 req-f56adb5f-a444-4753-bad1-a07c76e77af4 service placement] 10.222.0.42 "GET /placement/resource_providers/cfb5ca08-f209-4018-8839-883f286bd1b6/inventories" status: 200 len: 398 microversion: 1.0
Jun 04 15:32:31.862570 n-d-791506-11 devstack@placement-api.service[92968]: [pid: 92968|app: 0|req: 217/434] 10.222.0.42 () {58 vars in 1391 bytes} [Fri Jun 4 15:32:31 2021] GET /placement/resource_providers/cfb5ca08-f209-4018-8839-883f286bd1b6/inventories => generated 398 bytes in 42 msecs (HTTP/1.1 200) 6 headers in 224 bytes (1 switches on core 0)
Jun 04 15:32:31.877456 n-d-791506-11 devstack@placement-api.service[92967]: DEBUG placement.requestlog [req-28f180db-38a6-49ad-ac8f-f4071d025f92 req-f6576257-0386-4954-8b65-9e850ea7a353 None None] Starting request: 10.222.0.42 "GET /placement/resource_providers/cfb5ca08-f209-4018-8839-883f286bd1b6/aggregates" {{(pid=92967) __call__ /opt/stack/placement/placement/requestlog.py:55}}
Jun 04 15:32:31.891860 n-d-791506-11 devstack@placement-api.service[92967]: INFO placement.requestlog [req-28f180db-38a6-49ad-ac8f-f4071d025f92 req-f6576257-0386-4954-8b65-9e850ea7a353 service placement] 10.222.0.42 "GET /placement/resource_providers/cfb5ca08-f209-4018-8839-883f286bd1b6/aggregates" status: 200 len: 54 microversion: 1.19
Jun 04 15:32:31.892403 n-d-791506-11 devstack@placement-api.service[92967]: [pid: 92967|app: 0|req: 218/435] 10.222.0.42 () {60 vars in 1432 bytes} [Fri Jun 4 15:32:31 2021] GET /placement/resource_providers/cfb5ca08-f209-4018-8839-883f286bd1b6/aggregates => generated 54 bytes in 16 msecs (HTTP/1.1 200) 8 headers in 295 bytes (1 switches on core 0)
Jun 04 15:32:31.907319 n-d-791506-11 devstack@placement-api.service[92968]: DEBUG placement.requestlog [req-28f180db-38a6-49ad-ac8f-f4071d025f92 req-5b2908f8-eb62-4b3c-a63d-39f0ff5d1dd3 None None] Starting request: 10.222.0.42 "GET /placement/resource_providers/cfb5ca08-f209-4018-8839-883f286bd1b6/traits" {{(pid=92968) __call__ /opt/stack/placement/placement/requestlog.py:55}}
Jun 04 15:32:31.962299 n-d-791506-11 devstack@placement-api.service[92968]: INFO placement.requestlog [req-28f180db-38a6-49ad-ac8f-f4071d025f92 req-5b2908f8-eb62-4b3c-a63d-39f0ff5d1dd3 service placement] 10.222.0.42 "GET /placement/resource_providers/cfb5ca08-f209-4018-8839-883f286bd1b6/traits" status: 200 len: 212 microversion: 1.6
Jun 04 15:32:31.964478 n-d-791506-11 devstack@placement-api.service[92968]: [pid: 92968|app: 0|req: 218/436] 10.222.0.42 () {60 vars in 1419 bytes} [Fri Jun 4 15:32:31 2021] GET /placement/resource_providers/cfb5ca08-f209-4018-8839-883f286bd1b6/traits => generated 212 bytes in 57 msecs (HTTP/1.1 200) 6 headers in 224 bytes (1 switches on core 0)
Jun 04 15:32:36.224685 n-d-791506-11 devstack@placement-api.service[92967]: DEBUG placement.requestlog [req-30334a0f-0717-4ee9-83dc-b147b94490dd req-59ac7627-10a0-4654-864d-20c18226c69a None None] Starting request: 10.222.0.42 "GET /placement/resource_providers/cfb5ca08-f209-4018-8839-883f286bd1b6/allocations" {{(pid=92967) __call__ /opt/stack/placement/placement/requestlog.py:55}}
Jun 04 15:32:36.257761 n-d-791506-11 devstack@placement-api.service[92967]: INFO placement.requestlog [req-30334a0f-0717-4ee9-83dc-b147b94490dd req-59ac7627-10a0-4654-864d-20c18226c69a service placement] 10.222.0.42 "GET /placement/resource_providers/cfb5ca08-f209-4018-8839-883f286bd1b6/allocations" status: 200 len: 631 microversion: 1.0
Jun 04 15:32:36.258463 n-d-791506-11 devstack@placement-api.service[92967]: [pid: 92967|app: 0|req: 219/437] 10.222.0.42 () {58 vars in 1391 bytes} [Fri Jun 4 15:32:36 2021] GET /placement/resource_providers/cfb5ca08-f209-4018-8839-883f286bd1b6/allocations => generated 631 bytes in 34 msecs (HTTP/1.1 200) 6 headers in 224 bytes (1 switches on core 0)
Jun 04 15:32:36.724784 n-d-791506-11 devstack@placement-api.service[92968]: DEBUG placement.requestlog [req-30334a0f-0717-4ee9-83dc-b147b94490dd req-54afbc1a-7779-401a-9cc0-e06b1ac1b504 None None] Starting request: 10.222.0.42 "GET /placement/allocations/22099cab-45bb-45a6-9195-3c684c1f92e2" {{(pid=92968) __call__ /opt/stack/placement/placement/requestlog.py:55}}
Jun 04 15:32:36.761172 n-d-791506-11 devstack@placement-api.service[92968]: INFO placement.requestlog [req-30334a0f-0717-4ee9-83dc-b147b94490dd req-54afbc1a-7779-401a-9cc0-e06b1ac1b504 service placement] 10.222.0.42 "GET /placement/allocations/22099cab-45bb-45a6-9195-3c684c1f92e2" status: 200 len: 245 microversion: 1.28
Jun 04 15:32:36.761700 n-d-791506-11 devstack@placement-api.service[92968]: [pid: 92968|app: 0|req: 219/438] 10.222.0.42 () {60 vars in 1378 bytes} [Fri Jun 4 15:32:36 2021] GET /placement/allocations/22099cab-45bb-45a6-9195-3c684c1f92e2 => generated 245 bytes in 37 msecs (HTTP/1.1 200) 8 headers in 296 bytes (1 switches on core 0)
Jun 04 15:32:36.771234 n-d-791506-11 devstack@placement-api.service[92967]: DEBUG placement.requestlog [req-30334a0f-0717-4ee9-83dc-b147b94490dd req-2134242f-f072-4286-9fc3-3ae30c2052db None None] Starting request: 10.222.0.42 "PUT /placement/allocations/22099cab-45bb-45a6-9195-3c684c1f92e2" {{(pid=92967) __call__ /opt/stack/placement/placement/requestlog.py:55}}
Jun 04 15:32:36.907128 n-d-791506-11 devstack@placement-api.service[92967]: DEBUG placement.handlers.allocation [req-30334a0f-0717-4ee9-83dc-b147b94490dd req-2134242f-f072-4286-9fc3-3ae30c2052db service placement] Successfully wrote allocations [, ] {{(pid=92967) _create_allocations /opt/stack/placement/placement/handlers/allocation.py:435}}
Jun 04 15:32:36.908345 n-d-791506-11 devstack@placement-api.service[92967]: INFO placement.requestlog [req-30334a0f-0717-4ee9-83dc-b147b94490dd req-2134242f-f072-4286-9fc3-3ae30c2052db service placement] 10.222.0.42 "PUT /placement/allocations/22099cab-45bb-45a6-9195-3c684c1f92e2" status: 204 len: 0 microversion: 1.28
Jun 04 15:32:36.908970 n-d-791506-11 devstack@placement-api.service[92967]: [pid: 92967|app: 0|req: 220/439] 10.222.0.42 () {64 vars in 1431 bytes} [Fri Jun 4 15:32:36 2021] PUT /placement/allocations/22099cab-45bb-45a6-9195-3c684c1f92e2 => generated 0 bytes in 138 msecs (HTTP/1.1 204) 5 headers in 199 bytes (1 switches on core 0)
Jun 04 15:32:48.662123 n-d-791506-11 devstack@placement-api.service[92968]: DEBUG placement.requestlog [req-297637a8-388f-4335-840b-e35fa252cf6f req-911c1fd4-3152-486d-bb97-a29c7ade9b55 None None] Starting request: 10.222.0.61 "GET /placement/allocations/2ddccb50-4dca-487b-836d-ef34fc261f51" {{(pid=92968) __call__ /opt/stack/placement/placement/requestlog.py:55}}
Jun 04 15:32:48.759901 n-d-791506-11 devstack@placement-api.service[92968]: INFO placement.requestlog [req-297637a8-388f-4335-840b-e35fa252cf6f req-911c1fd4-3152-486d-bb97-a29c7ade9b55 service placement] 10.222.0.61 "GET /placement/allocations/2ddccb50-4dca-487b-836d-ef34fc261f51" status: 200 len: 245 microversion: 1.28
Jun 04 15:32:48.760344 n-d-791506-11 devstack@placement-api.service[92968]: [pid: 92968|app: 0|req: 220/440] 10.222.0.61 () {60 vars in 1378 bytes} [Fri Jun 4 15:32:48 2021] GET /placement/allocations/2ddccb50-4dca-487b-836d-ef34fc261f51 => generated 245 bytes in 99 msecs (HTTP/1.1 200) 8 headers in 296 bytes (2 switches on core 0)
Jun 04 15:32:48.773335 n-d-791506-11 devstack@placement-api.service[92967]: DEBUG placement.requestlog [req-297637a8-388f-4335-840b-e35fa252cf6f req-60ffe4cb-32be-4685-855c-2756d85b7636 None None] Starting request: 10.222.0.61 "PUT /placement/allocations/2ddccb50-4dca-487b-836d-ef34fc261f51" {{(pid=92967) __call__ /opt/stack/placement/placement/requestlog.py:55}}
Jun 04 15:32:48.959518 n-d-791506-11 devstack@placement-api.service[92967]: DEBUG placement.handlers.allocation [req-297637a8-388f-4335-840b-e35fa252cf6f req-60ffe4cb-32be-4685-855c-2756d85b7636 service placement] Successfully wrote allocations [, ] {{(pid=92967) _create_allocations /opt/stack/placement/placement/handlers/allocation.py:435}}
Jun 04 15:32:48.960302 n-d-791506-11 devstack@placement-api.service[92967]: INFO placement.requestlog [req-297637a8-388f-4335-840b-e35fa252cf6f req-60ffe4cb-32be-4685-855c-2756d85b7636 service placement] 10.222.0.61 "PUT /placement/allocations/2ddccb50-4dca-487b-836d-ef34fc261f51" status: 204 len: 0 microversion: 1.28
Jun 04 15:32:48.960615 n-d-791506-11 devstack@placement-api.service[92967]: [pid: 92967|app: 0|req: 221/441] 10.222.0.61 () {64 vars in 1431 bytes} [Fri Jun 4 15:32:48 2021] PUT /placement/allocations/2ddccb50-4dca-487b-836d-ef34fc261f51 => generated 0 bytes in 188 msecs (HTTP/1.1 204) 5 headers in 199 bytes (1 switches on core 0)
Jun 04 15:32:49.217746 n-d-791506-11 devstack@placement-api.service[92968]: DEBUG placement.requestlog [req-4c0ed0c1-1e7a-4002-b790-415a23d63e1c req-f91fb381-2096-422d-976b-d1a716268deb None None] Starting request: 10.222.0.20 "GET /placement/allocation_candidates?resources=DISK_GB%3A1%2CMEMORY_MB%3A1024%2CVCPU%3A1&root_required=%21COMPUTE_STATUS_DISABLED" {{(pid=92968) __call__ /opt/stack/placement/placement/requestlog.py:55}}
Jun 04 15:32:49.323647 n-d-791506-11 devstack@placement-api.service[92968]: DEBUG placement.objects.research_context [req-4c0ed0c1-1e7a-4002-b790-415a23d63e1c req-f91fb381-2096-422d-976b-d1a716268deb service placement] getting providers with 1 DISK_GB {{(pid=92968) __init__ /opt/stack/placement/placement/objects/research_context.py:126}}
Jun 04 15:32:49.345915 n-d-791506-11 devstack@placement-api.service[92968]: DEBUG placement.objects.research_context [req-4c0ed0c1-1e7a-4002-b790-415a23d63e1c req-f91fb381-2096-422d-976b-d1a716268deb service placement] getting providers with 1024 MEMORY_MB {{(pid=92968) __init__ /opt/stack/placement/placement/objects/research_context.py:126}}
Jun 04 15:32:49.364528 n-d-791506-11 devstack@placement-api.service[92968]: DEBUG placement.objects.research_context [req-4c0ed0c1-1e7a-4002-b790-415a23d63e1c req-f91fb381-2096-422d-976b-d1a716268deb service placement] getting providers with 1 VCPU {{(pid=92968) __init__ /opt/stack/placement/placement/objects/research_context.py:126}}
Jun 04 15:32:49.385589 n-d-791506-11 devstack@placement-api.service[92968]: DEBUG placement.objects.research_context [req-4c0ed0c1-1e7a-4002-b790-415a23d63e1c req-f91fb381-2096-422d-976b-d1a716268deb service placement] found 2 providers with available 1 DISK_GB {{(pid=92968) get_provider_ids_matching /opt/stack/placement/placement/objects/research_context.py:549}}
Jun 04 15:32:49.385589 n-d-791506-11 devstack@placement-api.service[92968]: DEBUG placement.objects.research_context [req-4c0ed0c1-1e7a-4002-b790-415a23d63e1c req-f91fb381-2096-422d-976b-d1a716268deb service placement] found 2 providers with available 1024 MEMORY_MB {{(pid=92968) get_provider_ids_matching /opt/stack/placement/placement/objects/research_context.py:549}}
Jun 04 15:32:49.385589 n-d-791506-11 devstack@placement-api.service[92968]: DEBUG placement.objects.research_context [req-4c0ed0c1-1e7a-4002-b790-415a23d63e1c req-f91fb381-2096-422d-976b-d1a716268deb service placement] found 2 providers after filtering by previous result {{(pid=92968) get_provider_ids_matching /opt/stack/placement/placement/objects/research_context.py:580}}
Jun 04 15:32:49.385933 n-d-791506-11 devstack@placement-api.service[92968]: DEBUG placement.objects.research_context [req-4c0ed0c1-1e7a-4002-b790-415a23d63e1c req-f91fb381-2096-422d-976b-d1a716268deb service placement] found 2 providers with available 1 VCPU {{(pid=92968) get_provider_ids_matching /opt/stack/placement/placement/objects/research_context.py:549}}
Jun 04 15:32:49.386028 n-d-791506-11 devstack@placement-api.service[92968]: DEBUG placement.objects.research_context [req-4c0ed0c1-1e7a-4002-b790-415a23d63e1c req-f91fb381-2096-422d-976b-d1a716268deb service placement] found 2 providers after filtering by previous result {{(pid=92968) get_provider_ids_matching /opt/stack/placement/placement/objects/research_context.py:580}}
Jun 04 15:32:49.427531 n-d-791506-11 devstack@placement-api.service[92968]: DEBUG placement.objects.allocation_candidate [req-4c0ed0c1-1e7a-4002-b790-415a23d63e1c req-f91fb381-2096-422d-976b-d1a716268deb service placement] RequestGroup(use_same_provider=False, resources={DISK_GB:1, MEMORY_MB:1024, VCPU:1}, traits=[], aggregates=[]) (suffix '') returned 2 matches {{(pid=92968) _get_by_requests /opt/stack/placement/placement/objects/allocation_candidate.py:145}}
Jun 04 15:32:49.428080 n-d-791506-11 devstack@placement-api.service[92968]: DEBUG placement.objects.allocation_candidate [req-4c0ed0c1-1e7a-4002-b790-415a23d63e1c req-f91fb381-2096-422d-976b-d1a716268deb service placement] Merging candidates yields 2 allocation requests and 2 provider summaries {{(pid=92968) _merge_candidates /opt/stack/placement/placement/objects/allocation_candidate.py:783}}
Jun 04 15:32:49.432141 n-d-791506-11 devstack@placement-api.service[92968]: INFO placement.requestlog [req-4c0ed0c1-1e7a-4002-b790-415a23d63e1c req-f91fb381-2096-422d-976b-d1a716268deb service placement] 10.222.0.20 "GET /placement/allocation_candidates?resources=DISK_GB%3A1%2CMEMORY_MB%3A1024%2CVCPU%3A1&root_required=%21COMPUTE_STATUS_DISABLED" status: 200 len: 1309 microversion: 1.36
Jun 04 15:32:49.432742 n-d-791506-11 devstack@placement-api.service[92968]: [pid: 92968|app: 0|req: 221/442] 10.222.0.20 () {60 vars in 1484 bytes} [Fri Jun 4 15:32:49 2021] GET /placement/allocation_candidates?resources=DISK_GB%3A1%2CMEMORY_MB%3A1024%2CVCPU%3A1&root_required=%21COMPUTE_STATUS_DISABLED => generated 1309 bytes in 215 msecs (HTTP/1.1 200) 8 headers in 297 bytes (1 switches on core 0)
Jun 04 15:32:49.550217 n-d-791506-11 devstack@placement-api.service[92967]: DEBUG placement.requestlog [req-4c0ed0c1-1e7a-4002-b790-415a23d63e1c req-93ac1a77-6a0b-4484-bd5a-7f32f000e04c None None] Starting request: 10.222.0.20 "GET /placement/allocations/00a126bf-adf3-42a0-9ce7-60c9894b39a9" {{(pid=92967) __call__ /opt/stack/placement/placement/requestlog.py:55}}
Jun 04 15:32:49.577691 n-d-791506-11 devstack@placement-api.service[92967]: INFO placement.requestlog [req-4c0ed0c1-1e7a-4002-b790-415a23d63e1c req-93ac1a77-6a0b-4484-bd5a-7f32f000e04c service placement] 10.222.0.20 "GET /placement/allocations/00a126bf-adf3-42a0-9ce7-60c9894b39a9" status: 200 len: 19 microversion: 1.28
Jun 04 15:32:49.580671 n-d-791506-11 devstack@placement-api.service[92967]: [pid: 92967|app: 0|req: 222/443] 10.222.0.20 () {60 vars in 1380 bytes} [Fri Jun 4 15:32:49 2021] GET /placement/allocations/00a126bf-adf3-42a0-9ce7-60c9894b39a9 => generated 19 bytes in 30 msecs (HTTP/1.1 200) 8 headers in 295 bytes (1 switches on core 0)
Jun 04 15:32:49.586657 n-d-791506-11 devstack@placement-api.service[92968]: DEBUG placement.requestlog [req-4c0ed0c1-1e7a-4002-b790-415a23d63e1c req-a8336928-ee7f-46e3-b0ce-5740b4a86dd6 None None] Starting request: 10.222.0.20 "PUT /placement/allocations/00a126bf-adf3-42a0-9ce7-60c9894b39a9" {{(pid=92968) __call__ /opt/stack/placement/placement/requestlog.py:55}}
Jun 04 15:32:49.705502 n-d-791506-11 devstack@placement-api.service[92968]: DEBUG placement.handlers.allocation [req-4c0ed0c1-1e7a-4002-b790-415a23d63e1c req-a8336928-ee7f-46e3-b0ce-5740b4a86dd6 service placement] Successfully wrote allocations [, , ] {{(pid=92968) _create_allocations /opt/stack/placement/placement/handlers/allocation.py:435}}
Jun 04 15:32:49.706268 n-d-791506-11 devstack@placement-api.service[92968]: INFO placement.requestlog [req-4c0ed0c1-1e7a-4002-b790-415a23d63e1c req-a8336928-ee7f-46e3-b0ce-5740b4a86dd6 service placement] 10.222.0.20 "PUT /placement/allocations/00a126bf-adf3-42a0-9ce7-60c9894b39a9" status: 204 len: 0 microversion: 1.36
Jun 04 15:32:49.730446 n-d-791506-11 devstack@placement-api.service[92968]: [pid: 92968|app: 0|req: 222/444] 10.222.0.20 () {64 vars in 1433 bytes} [Fri Jun 4 15:32:49 2021] PUT /placement/allocations/00a126bf-adf3-42a0-9ce7-60c9894b39a9 => generated 0 bytes in 121 msecs (HTTP/1.1 204) 5 headers in 199 bytes (2 switches on core 0)
Jun 04 15:32:50.367275 n-d-791506-11 devstack@placement-api.service[92967]: DEBUG placement.requestlog [req-4c0ed0c1-1e7a-4002-b790-415a23d63e1c req-7049b132-ca69-440c-9493-89a9468ed6ea None None] Starting request: 10.222.0.42 "GET /placement/allocations/00a126bf-adf3-42a0-9ce7-60c9894b39a9" {{(pid=92967) __call__ /opt/stack/placement/placement/requestlog.py:55}}
Jun 04 15:32:50.396167 n-d-791506-11 devstack@placement-api.service[92967]: INFO placement.requestlog [req-4c0ed0c1-1e7a-4002-b790-415a23d63e1c req-7049b132-ca69-440c-9493-89a9468ed6ea service placement] 10.222.0.42 "GET /placement/allocations/00a126bf-adf3-42a0-9ce7-60c9894b39a9" status: 200 len: 259 microversion: 1.28
Jun 04 15:32:50.398656 n-d-791506-11 devstack@placement-api.service[92967]: [pid: 92967|app: 0|req: 223/445] 10.222.0.42 () {60 vars in 1378 bytes} [Fri Jun 4 15:32:50 2021] GET /placement/allocations/00a126bf-adf3-42a0-9ce7-60c9894b39a9 => generated 259 bytes in 31 msecs (HTTP/1.1 200) 8 headers in 296 bytes (1 switches on core 0)
Jun 04 15:32:52.364640 n-d-791506-11 devstack@placement-api.service[92968]: DEBUG placement.requestlog [req-673ca767-a0ad-4c4a-9bf9-7923cbfe3384 req-14f7f612-c9aa-457e-9b62-b6c6ccb6a59e None None] Starting request: 10.222.0.20 "GET /placement/allocation_candidates?resources=DISK_GB%3A1%2CMEMORY_MB%3A1024%2CVCPU%3A1&root_required=%21COMPUTE_STATUS_DISABLED" {{(pid=92968) __call__ /opt/stack/placement/placement/requestlog.py:55}}
Jun 04 15:32:52.402000 n-d-791506-11 devstack@placement-api.service[92967]: DEBUG placement.requestlog [req-bc9e802b-8267-4bbd-bfdd-a82d47c2cee3 req-1e29c001-5f00-4929-9d34-75cbfb7b0451 None None] Starting request: 10.222.0.61 "GET /placement/resource_providers/f428b681-652a-486e-af1e-d294cfcc75f3/allocations" {{(pid=92967) __call__ /opt/stack/placement/placement/requestlog.py:55}}
Jun 04 15:32:52.404854 n-d-791506-11 devstack@placement-api.service[92968]: DEBUG placement.objects.research_context [req-673ca767-a0ad-4c4a-9bf9-7923cbfe3384 req-14f7f612-c9aa-457e-9b62-b6c6ccb6a59e service placement] getting providers with 1 DISK_GB {{(pid=92968) __init__ /opt/stack/placement/placement/objects/research_context.py:126}}
Jun 04 15:32:52.412119 n-d-791506-11 devstack@placement-api.service[92968]: DEBUG placement.objects.research_context [req-673ca767-a0ad-4c4a-9bf9-7923cbfe3384 req-14f7f612-c9aa-457e-9b62-b6c6ccb6a59e service placement] getting providers with 1024 MEMORY_MB {{(pid=92968) __init__ /opt/stack/placement/placement/objects/research_context.py:126}}
Jun 04 15:32:52.426763 n-d-791506-11 devstack@placement-api.service[92968]: DEBUG placement.objects.research_context [req-673ca767-a0ad-4c4a-9bf9-7923cbfe3384 req-14f7f612-c9aa-457e-9b62-b6c6ccb6a59e service placement] getting providers with 1 VCPU {{(pid=92968) __init__ /opt/stack/placement/placement/objects/research_context.py:126}}
Jun 04 15:32:52.438345 n-d-791506-11 devstack@placement-api.service[92967]: INFO placement.requestlog [req-bc9e802b-8267-4bbd-bfdd-a82d47c2cee3 req-1e29c001-5f00-4929-9d34-75cbfb7b0451 service placement] 10.222.0.61 "GET /placement/resource_providers/f428b681-652a-486e-af1e-d294cfcc75f3/allocations" status: 200 len: 746 microversion: 1.0
Jun 04 15:32:52.441348 n-d-791506-11 devstack@placement-api.service[92967]: [pid: 92967|app: 0|req: 224/446] 10.222.0.61 () {58 vars in 1391 bytes} [Fri Jun 4 15:32:52 2021] GET /placement/resource_providers/f428b681-652a-486e-af1e-d294cfcc75f3/allocations => generated 746 bytes in 39 msecs (HTTP/1.1 200) 6 headers in 224 bytes (1 switches on core 0)
Jun 04 15:32:52.442302 n-d-791506-11 devstack@placement-api.service[92968]: DEBUG placement.objects.research_context [req-673ca767-a0ad-4c4a-9bf9-7923cbfe3384 req-14f7f612-c9aa-457e-9b62-b6c6ccb6a59e service placement] found 2 providers with available 1 DISK_GB {{(pid=92968) get_provider_ids_matching /opt/stack/placement/placement/objects/research_context.py:549}}
Jun 04 15:32:52.442826 n-d-791506-11 devstack@placement-api.service[92968]: DEBUG placement.objects.research_context [req-673ca767-a0ad-4c4a-9bf9-7923cbfe3384 req-14f7f612-c9aa-457e-9b62-b6c6ccb6a59e service placement] found 2 providers with available 1024 MEMORY_MB {{(pid=92968) get_provider_ids_matching /opt/stack/placement/placement/objects/research_context.py:549}}
Jun 04 15:32:52.443272 n-d-791506-11 devstack@placement-api.service[92968]: DEBUG placement.objects.research_context [req-673ca767-a0ad-4c4a-9bf9-7923cbfe3384 req-14f7f612-c9aa-457e-9b62-b6c6ccb6a59e service placement] found 2 providers after filtering by previous result {{(pid=92968) get_provider_ids_matching /opt/stack/placement/placement/objects/research_context.py:580}}
Jun 04 15:32:52.443701 n-d-791506-11 devstack@placement-api.service[92968]: DEBUG placement.objects.research_context [req-673ca767-a0ad-4c4a-9bf9-7923cbfe3384 req-14f7f612-c9aa-457e-9b62-b6c6ccb6a59e service placement] found 2 providers with available 1 VCPU {{(pid=92968) get_provider_ids_matching /opt/stack/placement/placement/objects/research_context.py:549}}
Jun 04 15:32:52.445129 n-d-791506-11 devstack@placement-api.service[92968]: DEBUG placement.objects.research_context [req-673ca767-a0ad-4c4a-9bf9-7923cbfe3384 req-14f7f612-c9aa-457e-9b62-b6c6ccb6a59e service placement] found 2 providers after filtering by previous result {{(pid=92968) get_provider_ids_matching /opt/stack/placement/placement/objects/research_context.py:580}}
Jun 04 15:32:52.472461 n-d-791506-11 devstack@placement-api.service[92968]: DEBUG placement.objects.allocation_candidate [req-673ca767-a0ad-4c4a-9bf9-7923cbfe3384 req-14f7f612-c9aa-457e-9b62-b6c6ccb6a59e service placement] RequestGroup(use_same_provider=False, resources={DISK_GB:1, MEMORY_MB:1024, VCPU:1}, traits=[], aggregates=[]) (suffix '') returned 2 matches {{(pid=92968) _get_by_requests /opt/stack/placement/placement/objects/allocation_candidate.py:145}}
Jun 04 15:32:52.473105 n-d-791506-11 devstack@placement-api.service[92968]: DEBUG placement.objects.allocation_candidate [req-673ca767-a0ad-4c4a-9bf9-7923cbfe3384 req-14f7f612-c9aa-457e-9b62-b6c6ccb6a59e service placement] Merging candidates yields 2 allocation requests and 2 provider summaries {{(pid=92968) _merge_candidates /opt/stack/placement/placement/objects/allocation_candidate.py:783}}
Jun 04 15:32:52.474899 n-d-791506-11 devstack@placement-api.service[92968]: INFO placement.requestlog [req-673ca767-a0ad-4c4a-9bf9-7923cbfe3384 req-14f7f612-c9aa-457e-9b62-b6c6ccb6a59e service placement] 10.222.0.20 "GET /placement/allocation_candidates?resources=DISK_GB%3A1%2CMEMORY_MB%3A1024%2CVCPU%3A1&root_required=%21COMPUTE_STATUS_DISABLED" status: 200 len: 1309 microversion: 1.36
Jun 04 15:32:52.481606 n-d-791506-11 devstack@placement-api.service[92968]: [pid: 92968|app: 0|req: 223/447] 10.222.0.20 () {60 vars in 1484 bytes} [Fri Jun 4 15:32:52 2021] GET /placement/allocation_candidates?resources=DISK_GB%3A1%2CMEMORY_MB%3A1024%2CVCPU%3A1&root_required=%21COMPUTE_STATUS_DISABLED => generated 1309 bytes in 117 msecs (HTTP/1.1 200) 8 headers in 297 bytes (1 switches on core 0)
Jun 04 15:32:52.498503 n-d-791506-11 devstack@placement-api.service[92967]: DEBUG placement.requestlog [req-bc9e802b-8267-4bbd-bfdd-a82d47c2cee3 req-404135ae-cd6d-494a-944e-d68ca90c00fe None None] Starting request: 10.222.0.61 "GET /placement/resource_providers?in_tree=f428b681-652a-486e-af1e-d294cfcc75f3" {{(pid=92967) __call__ /opt/stack/placement/placement/requestlog.py:55}}
Jun 04 15:32:52.560683 n-d-791506-11 devstack@placement-api.service[92967]: INFO placement.requestlog [req-bc9e802b-8267-4bbd-bfdd-a82d47c2cee3 req-404135ae-cd6d-494a-944e-d68ca90c00fe service placement] 10.222.0.61 "GET /placement/resource_providers?in_tree=f428b681-652a-486e-af1e-d294cfcc75f3" status: 200 len: 864 microversion: 1.14
Jun 04 15:32:52.566369 n-d-791506-11 devstack@placement-api.service[92967]: [pid: 92967|app: 0|req: 225/448] 10.222.0.61 () {60 vars in 1377 bytes} [Fri Jun 4 15:32:52 2021] GET /placement/resource_providers?in_tree=f428b681-652a-486e-af1e-d294cfcc75f3 => generated 864 bytes in 68 msecs (HTTP/1.1 200) 6 headers in 225 bytes (1 switches on core 0)
Jun 04 15:32:52.578476 n-d-791506-11 devstack@placement-api.service[92968]: DEBUG placement.requestlog [req-bc9e802b-8267-4bbd-bfdd-a82d47c2cee3 req-10ff5f7f-ac25-4379-9edc-7d1d04dbb9fa None None] Starting request: 10.222.0.61 "GET /placement/resource_providers/f428b681-652a-486e-af1e-d294cfcc75f3/inventories" {{(pid=92968) __call__ /opt/stack/placement/placement/requestlog.py:55}}
Jun 04 15:32:52.614875 n-d-791506-11 devstack@placement-api.service[92968]: INFO placement.requestlog [req-bc9e802b-8267-4bbd-bfdd-a82d47c2cee3 req-10ff5f7f-ac25-4379-9edc-7d1d04dbb9fa service placement] 10.222.0.61 "GET /placement/resource_providers/f428b681-652a-486e-af1e-d294cfcc75f3/inventories" status: 200 len: 398 microversion: 1.0
Jun 04 15:32:52.618296 n-d-791506-11 devstack@placement-api.service[92968]: [pid: 92968|app: 0|req: 224/449] 10.222.0.61 () {58 vars in 1391 bytes} [Fri Jun 4 15:32:52 2021] GET /placement/resource_providers/f428b681-652a-486e-af1e-d294cfcc75f3/inventories => generated 398 bytes in 37 msecs (HTTP/1.1 200) 6 headers in 224 bytes (1 switches on core 0)
Jun 04 15:32:52.635920 n-d-791506-11 devstack@placement-api.service[92967]: DEBUG placement.requestlog [req-bc9e802b-8267-4bbd-bfdd-a82d47c2cee3 req-cb6e9248-53fa-469b-a607-3c2cfa86465e None None] Starting request: 10.222.0.61 "GET /placement/resource_providers/f428b681-652a-486e-af1e-d294cfcc75f3/aggregates" {{(pid=92967) __call__ /opt/stack/placement/placement/requestlog.py:55}}
Jun 04 15:32:52.648968 n-d-791506-11 devstack@placement-api.service[92968]: DEBUG placement.requestlog [req-673ca767-a0ad-4c4a-9bf9-7923cbfe3384 req-aef25a33-592d-42d9-8cd3-198178ed90f7 None None] Starting request: 10.222.0.20 "GET /placement/allocations/83cbaeaa-4a8d-46e1-893c-22ccb212592c" {{(pid=92968) __call__ /opt/stack/placement/placement/requestlog.py:55}}
Jun 04 15:32:52.669608 n-d-791506-11 devstack@placement-api.service[92968]: INFO placement.requestlog [req-673ca767-a0ad-4c4a-9bf9-7923cbfe3384 req-aef25a33-592d-42d9-8cd3-198178ed90f7 service placement] 10.222.0.20 "GET /placement/allocations/83cbaeaa-4a8d-46e1-893c-22ccb212592c" status: 200 len: 19 microversion: 1.28
Jun 04 15:32:52.670784 n-d-791506-11 devstack@placement-api.service[92967]: INFO placement.requestlog [req-bc9e802b-8267-4bbd-bfdd-a82d47c2cee3 req-cb6e9248-53fa-469b-a607-3c2cfa86465e service placement] 10.222.0.61 "GET /placement/resource_providers/f428b681-652a-486e-af1e-d294cfcc75f3/aggregates" status: 200 len: 54 microversion: 1.19
Jun 04 15:32:52.671572 n-d-791506-11 devstack@placement-api.service[92968]: [pid: 92968|app: 0|req: 225/450] 10.222.0.20 () {60 vars in 1380 bytes} [Fri Jun 4 15:32:52 2021] GET /placement/allocations/83cbaeaa-4a8d-46e1-893c-22ccb212592c => generated 19 bytes in 23 msecs (HTTP/1.1 200) 8 headers in 295 bytes (2 switches on core 0)
Jun 04 15:32:52.672305 n-d-791506-11 devstack@placement-api.service[92967]: [pid: 92967|app: 0|req: 226/451] 10.222.0.61 () {60 vars in 1432 bytes} [Fri Jun 4 15:32:52 2021] GET /placement/resource_providers/f428b681-652a-486e-af1e-d294cfcc75f3/aggregates => generated 54 bytes in 37 msecs (HTTP/1.1 200) 8 headers in 295 bytes (1 switches on core 0)
Jun 04 15:32:52.676728 n-d-791506-11 devstack@placement-api.service[92968]: DEBUG placement.requestlog [req-673ca767-a0ad-4c4a-9bf9-7923cbfe3384 req-0617bd33-cd9f-4d10-aa83-850457b67649 None None] Starting request: 10.222.0.20 "PUT /placement/allocations/83cbaeaa-4a8d-46e1-893c-22ccb212592c" {{(pid=92968) __call__ /opt/stack/placement/placement/requestlog.py:55}}
Jun 04 15:32:52.688294 n-d-791506-11 devstack@placement-api.service[92967]: DEBUG placement.requestlog [req-bc9e802b-8267-4bbd-bfdd-a82d47c2cee3 req-cfc22e87-a47a-4920-940f-577cad0f4cd3 None None] Starting request: 10.222.0.61 "GET /placement/resource_providers/f428b681-652a-486e-af1e-d294cfcc75f3/traits" {{(pid=92967) __call__ /opt/stack/placement/placement/requestlog.py:55}}
Jun 04 15:32:52.802269 n-d-791506-11 devstack@placement-api.service[92967]: INFO placement.requestlog [req-bc9e802b-8267-4bbd-bfdd-a82d47c2cee3 req-cfc22e87-a47a-4920-940f-577cad0f4cd3 service placement] 10.222.0.61 "GET /placement/resource_providers/f428b681-652a-486e-af1e-d294cfcc75f3/traits" status: 200 len: 212 microversion: 1.6
Jun 04 15:32:52.805040 n-d-791506-11 devstack@placement-api.service[92967]: [pid: 92967|app: 0|req: 227/452] 10.222.0.61 () {60 vars in 1419 bytes} [Fri Jun 4 15:32:52 2021] GET /placement/resource_providers/f428b681-652a-486e-af1e-d294cfcc75f3/traits => generated 212 bytes in 117 msecs (HTTP/1.1 200) 6 headers in 224 bytes (1 switches on core 0)
Jun 04 15:32:52.845651 n-d-791506-11 devstack@placement-api.service[92968]: DEBUG placement.handlers.allocation [req-673ca767-a0ad-4c4a-9bf9-7923cbfe3384 req-0617bd33-cd9f-4d10-aa83-850457b67649 service placement] Successfully wrote allocations [, , ] {{(pid=92968) _create_allocations /opt/stack/placement/placement/handlers/allocation.py:435}}
Jun 04 15:32:52.848106 n-d-791506-11 devstack@placement-api.service[92968]: INFO placement.requestlog [req-673ca767-a0ad-4c4a-9bf9-7923cbfe3384 req-0617bd33-cd9f-4d10-aa83-850457b67649 service placement] 10.222.0.20 "PUT /placement/allocations/83cbaeaa-4a8d-46e1-893c-22ccb212592c" status: 204 len: 0 microversion: 1.36
Jun 04 15:32:52.848106 n-d-791506-11 devstack@placement-api.service[92968]: [pid: 92968|app: 0|req: 226/453] 10.222.0.20 () {64 vars in 1433 bytes} [Fri Jun 4 15:32:52 2021] PUT /placement/allocations/83cbaeaa-4a8d-46e1-893c-22ccb212592c => generated 0 bytes in 170 msecs (HTTP/1.1 204) 5 headers in 199 bytes (2 switches on core 0)
Jun 04 15:32:53.701445 n-d-791506-11 devstack@placement-api.service[92967]: DEBUG placement.requestlog [req-673ca767-a0ad-4c4a-9bf9-7923cbfe3384 req-ce2153a1-87d2-4be5-88ea-fcb54936cddc None None] Starting request: 10.222.0.42 "GET /placement/allocations/83cbaeaa-4a8d-46e1-893c-22ccb212592c" {{(pid=92967) __call__ /opt/stack/placement/placement/requestlog.py:55}}
Jun 04 15:32:53.736732 n-d-791506-11 devstack@placement-api.service[92967]: INFO placement.requestlog [req-673ca767-a0ad-4c4a-9bf9-7923cbfe3384 req-ce2153a1-87d2-4be5-88ea-fcb54936cddc service placement] 10.222.0.42 "GET /placement/allocations/83cbaeaa-4a8d-46e1-893c-22ccb212592c" status: 200 len: 259 microversion: 1.28
Jun 04 15:32:53.737557 n-d-791506-11 devstack@placement-api.service[92967]: [pid: 92967|app: 0|req: 228/454] 10.222.0.42 () {60 vars in 1378 bytes} [Fri Jun 4 15:32:53 2021] GET /placement/allocations/83cbaeaa-4a8d-46e1-893c-22ccb212592c => generated 259 bytes in 36 msecs (HTTP/1.1 200) 8 headers in 296 bytes (2 switches on core 0)
Jun 04 15:32:58.167583 n-d-791506-11 devstack@placement-api.service[92968]: DEBUG placement.requestlog [req-e70b9770-bdbe-4f02-a36f-29139dc0a4fd req-34cd678f-f987-40d9-b227-83e5f9e051f6 None None] Starting request: 10.222.0.20 "GET /placement/allocation_candidates?limit=1000&resources=DISK_GB%3A1%2CMEMORY_MB%3A1024%2CVCPU%3A1&root_required=%21COMPUTE_STATUS_DISABLED" {{(pid=92968) __call__ /opt/stack/placement/placement/requestlog.py:55}}
Jun 04 15:32:58.231567 n-d-791506-11 devstack@placement-api.service[92968]: DEBUG placement.objects.research_context [req-e70b9770-bdbe-4f02-a36f-29139dc0a4fd req-34cd678f-f987-40d9-b227-83e5f9e051f6 service placement] getting providers with 1 DISK_GB {{(pid=92968) __init__ /opt/stack/placement/placement/objects/research_context.py:126}}
Jun 04 15:32:58.238129 n-d-791506-11 devstack@placement-api.service[92968]: DEBUG placement.objects.research_context [req-e70b9770-bdbe-4f02-a36f-29139dc0a4fd req-34cd678f-f987-40d9-b227-83e5f9e051f6 service placement] getting providers with 1024 MEMORY_MB {{(pid=92968) __init__ /opt/stack/placement/placement/objects/research_context.py:126}}
Jun 04 15:32:58.245968 n-d-791506-11 devstack@placement-api.service[92968]: DEBUG placement.objects.research_context [req-e70b9770-bdbe-4f02-a36f-29139dc0a4fd req-34cd678f-f987-40d9-b227-83e5f9e051f6 service placement] getting providers with 1 VCPU {{(pid=92968) __init__ /opt/stack/placement/placement/objects/research_context.py:126}}
Jun 04 15:32:58.253432 n-d-791506-11 devstack@placement-api.service[92968]: DEBUG placement.objects.research_context [req-e70b9770-bdbe-4f02-a36f-29139dc0a4fd req-34cd678f-f987-40d9-b227-83e5f9e051f6 service placement] found 2 providers with available 1 DISK_GB {{(pid=92968) get_provider_ids_matching /opt/stack/placement/placement/objects/research_context.py:549}}
Jun 04 15:32:58.254715 n-d-791506-11 devstack@placement-api.service[92968]: DEBUG placement.objects.research_context [req-e70b9770-bdbe-4f02-a36f-29139dc0a4fd req-34cd678f-f987-40d9-b227-83e5f9e051f6 service placement] found 2 providers with available 1024 MEMORY_MB {{(pid=92968) get_provider_ids_matching /opt/stack/placement/placement/objects/research_context.py:549}}
Jun 04 15:32:58.256246 n-d-791506-11 devstack@placement-api.service[92968]: DEBUG placement.objects.research_context [req-e70b9770-bdbe-4f02-a36f-29139dc0a4fd req-34cd678f-f987-40d9-b227-83e5f9e051f6 service placement] found 2 providers after filtering by previous result {{(pid=92968) get_provider_ids_matching /opt/stack/placement/placement/objects/research_context.py:580}}
Jun 04 15:32:58.257496 n-d-791506-11 devstack@placement-api.service[92968]: DEBUG placement.objects.research_context [req-e70b9770-bdbe-4f02-a36f-29139dc0a4fd req-34cd678f-f987-40d9-b227-83e5f9e051f6 service placement] found 2 providers with available 1 VCPU {{(pid=92968) get_provider_ids_matching /opt/stack/placement/placement/objects/research_context.py:549}}
Jun 04 15:32:58.261913 n-d-791506-11 devstack@placement-api.service[92968]: DEBUG placement.objects.research_context [req-e70b9770-bdbe-4f02-a36f-29139dc0a4fd req-34cd678f-f987-40d9-b227-83e5f9e051f6 service placement] found 2 providers after filtering by previous result {{(pid=92968) get_provider_ids_matching /opt/stack/placement/placement/objects/research_context.py:580}}
Jun 04 15:32:58.285327 n-d-791506-11 devstack@placement-api.service[92968]: DEBUG placement.objects.allocation_candidate [req-e70b9770-bdbe-4f02-a36f-29139dc0a4fd req-34cd678f-f987-40d9-b227-83e5f9e051f6 service placement] RequestGroup(use_same_provider=False, resources={DISK_GB:1, MEMORY_MB:1024, VCPU:1}, traits=[], aggregates=[]) (suffix '') returned 2 matches {{(pid=92968) _get_by_requests /opt/stack/placement/placement/objects/allocation_candidate.py:145}}
Jun 04 15:32:58.285844 n-d-791506-11 devstack@placement-api.service[92968]: DEBUG placement.objects.allocation_candidate [req-e70b9770-bdbe-4f02-a36f-29139dc0a4fd req-34cd678f-f987-40d9-b227-83e5f9e051f6 service placement] Merging candidates yields 2 allocation requests and 2 provider summaries {{(pid=92968) _merge_candidates /opt/stack/placement/placement/objects/allocation_candidate.py:783}}
Jun 04 15:32:58.287326 n-d-791506-11 devstack@placement-api.service[92968]: INFO placement.requestlog [req-e70b9770-bdbe-4f02-a36f-29139dc0a4fd req-34cd678f-f987-40d9-b227-83e5f9e051f6 service placement] 10.222.0.20 "GET /placement/allocation_candidates?limit=1000&resources=DISK_GB%3A1%2CMEMORY_MB%3A1024%2CVCPU%3A1&root_required=%21COMPUTE_STATUS_DISABLED" status: 200 len: 1309 microversion: 1.36
Jun 04 15:32:58.311192 n-d-791506-11 devstack@placement-api.service[92968]: [pid: 92968|app: 0|req: 227/455] 10.222.0.20 () {60 vars in 1506 bytes} [Fri Jun 4 15:32:58 2021] GET /placement/allocation_candidates?limit=1000&resources=DISK_GB%3A1%2CMEMORY_MB%3A1024%2CVCPU%3A1&root_required=%21COMPUTE_STATUS_DISABLED => generated 1309 bytes in 144 msecs (HTTP/1.1 200) 8 headers in 297 bytes (1 switches on core 0)
Jun 04 15:32:58.386611 n-d-791506-11 devstack@placement-api.service[92967]: DEBUG placement.requestlog [req-e70b9770-bdbe-4f02-a36f-29139dc0a4fd req-2b823917-fa18-48d0-b52b-e3dfab63c825 None None] Starting request: 10.222.0.20 "GET /placement/allocations/8179a94f-301d-4920-a978-9d55882f4ad6" {{(pid=92967) __call__ /opt/stack/placement/placement/requestlog.py:55}}
Jun 04 15:32:58.416212 n-d-791506-11 devstack@placement-api.service[92967]: INFO placement.requestlog [req-e70b9770-bdbe-4f02-a36f-29139dc0a4fd req-2b823917-fa18-48d0-b52b-e3dfab63c825 service placement] 10.222.0.20 "GET /placement/allocations/8179a94f-301d-4920-a978-9d55882f4ad6" status: 200 len: 19 microversion: 1.28
Jun 04 15:32:58.417268 n-d-791506-11 devstack@placement-api.service[92967]: [pid: 92967|app: 0|req: 229/456] 10.222.0.20 () {60 vars in 1380 bytes} [Fri Jun 4 15:32:58 2021] GET /placement/allocations/8179a94f-301d-4920-a978-9d55882f4ad6 => generated 19 bytes in 32 msecs (HTTP/1.1 200) 8 headers in 295 bytes (1 switches on core 0)
Jun 04 15:32:58.433255 n-d-791506-11 devstack@placement-api.service[92968]: DEBUG placement.requestlog [req-e70b9770-bdbe-4f02-a36f-29139dc0a4fd req-816b0d98-47de-4b3b-88bd-19acaf78fa7e None None] Starting request: 10.222.0.20 "PUT /placement/allocations/8179a94f-301d-4920-a978-9d55882f4ad6" {{(pid=92968) __call__ /opt/stack/placement/placement/requestlog.py:55}}
Jun 04 15:32:58.546451 n-d-791506-11 devstack@placement-api.service[92968]: DEBUG placement.handlers.allocation [req-e70b9770-bdbe-4f02-a36f-29139dc0a4fd req-816b0d98-47de-4b3b-88bd-19acaf78fa7e service placement] Successfully wrote allocations [, , ] {{(pid=92968) _create_allocations /opt/stack/placement/placement/handlers/allocation.py:435}}
Jun 04 15:32:58.547437 n-d-791506-11 devstack@placement-api.service[92968]: INFO placement.requestlog [req-e70b9770-bdbe-4f02-a36f-29139dc0a4fd req-816b0d98-47de-4b3b-88bd-19acaf78fa7e service placement] 10.222.0.20 "PUT /placement/allocations/8179a94f-301d-4920-a978-9d55882f4ad6" status: 204 len: 0 microversion: 1.36
Jun 04 15:32:58.547812 n-d-791506-11 devstack@placement-api.service[92968]: [pid: 92968|app: 0|req: 228/457] 10.222.0.20 () {64 vars in 1433 bytes} [Fri Jun 4 15:32:58 2021] PUT /placement/allocations/8179a94f-301d-4920-a978-9d55882f4ad6 => generated 0 bytes in 115 msecs (HTTP/1.1 204) 5 headers in 199 bytes (1 switches on core 0)
Jun 04 15:32:59.212330 n-d-791506-11 devstack@placement-api.service[92967]: DEBUG placement.requestlog [req-e70b9770-bdbe-4f02-a36f-29139dc0a4fd req-068484b3-a5e2-48ea-9ad3-5c198127c6b2 None None] Starting request: 10.222.0.61 "GET /placement/allocations/8179a94f-301d-4920-a978-9d55882f4ad6" {{(pid=92967) __call__ /opt/stack/placement/placement/requestlog.py:55}}
Jun 04 15:32:59.249654 n-d-791506-11 devstack@placement-api.service[92967]: INFO placement.requestlog [req-e70b9770-bdbe-4f02-a36f-29139dc0a4fd req-068484b3-a5e2-48ea-9ad3-5c198127c6b2 service placement] 10.222.0.61 "GET /placement/allocations/8179a94f-301d-4920-a978-9d55882f4ad6" status: 200 len: 259 microversion: 1.28
Jun 04 15:32:59.250485 n-d-791506-11 devstack@placement-api.service[92967]: [pid: 92967|app: 0|req: 230/458] 10.222.0.61 () {60 vars in 1378 bytes} [Fri Jun 4 15:32:59 2021] GET /placement/allocations/8179a94f-301d-4920-a978-9d55882f4ad6 => generated 259 bytes in 39 msecs (HTTP/1.1 200) 8 headers in 296 bytes (1 switches on core 0)
Jun 04 15:33:05.890033 n-d-791506-11 devstack@placement-api.service[92968]: DEBUG placement.requestlog [req-e9e04b16-e932-4408-a02c-3f706399a5e2 req-69d9871b-4bfc-4dfd-8a02-69fbf8b60484 None None] Starting request: 10.222.0.61 "GET /placement/allocations/976a4ce5-c1d6-4c42-aa3f-d4fef0abb367" {{(pid=92968) __call__ /opt/stack/placement/placement/requestlog.py:55}}
Jun 04 15:33:05.917526 n-d-791506-11 devstack@placement-api.service[92968]: INFO placement.requestlog [req-e9e04b16-e932-4408-a02c-3f706399a5e2 req-69d9871b-4bfc-4dfd-8a02-69fbf8b60484 service placement] 10.222.0.61 "GET /placement/allocations/976a4ce5-c1d6-4c42-aa3f-d4fef0abb367" status: 200 len: 259 microversion: 1.28
Jun 04 15:33:05.918448 n-d-791506-11 devstack@placement-api.service[92968]: [pid: 92968|app: 0|req: 229/459] 10.222.0.61 () {60 vars in 1378 bytes} [Fri Jun 4 15:33:05 2021] GET /placement/allocations/976a4ce5-c1d6-4c42-aa3f-d4fef0abb367 => generated 259 bytes in 29 msecs (HTTP/1.1 200) 8 headers in 296 bytes (1 switches on core 0)
Jun 04 15:33:05.929608 n-d-791506-11 devstack@placement-api.service[92967]: DEBUG placement.requestlog [req-e9e04b16-e932-4408-a02c-3f706399a5e2 req-7be42f5b-c47b-49a3-adb9-b342391bacfe None None] Starting request: 10.222.0.61 "PUT /placement/allocations/976a4ce5-c1d6-4c42-aa3f-d4fef0abb367" {{(pid=92967) __call__ /opt/stack/placement/placement/requestlog.py:55}}
Jun 04 15:33:06.027372 n-d-791506-11 devstack@placement-api.service[92967]: DEBUG placement.handlers.allocation [req-e9e04b16-e932-4408-a02c-3f706399a5e2 req-7be42f5b-c47b-49a3-adb9-b342391bacfe service placement] Successfully wrote allocations [, , ] {{(pid=92967) _create_allocations /opt/stack/placement/placement/handlers/allocation.py:435}}
Jun 04 15:33:06.028074 n-d-791506-11 devstack@placement-api.service[92967]: INFO placement.requestlog [req-e9e04b16-e932-4408-a02c-3f706399a5e2 req-7be42f5b-c47b-49a3-adb9-b342391bacfe service placement] 10.222.0.61 "PUT /placement/allocations/976a4ce5-c1d6-4c42-aa3f-d4fef0abb367" status: 204 len: 0 microversion: 1.28
Jun 04 15:33:06.028961 n-d-791506-11 devstack@placement-api.service[92967]: [pid: 92967|app: 0|req: 231/460] 10.222.0.61 () {64 vars in 1431 bytes} [Fri Jun 4 15:33:05 2021] PUT /placement/allocations/976a4ce5-c1d6-4c42-aa3f-d4fef0abb367 => generated 0 bytes in 99 msecs (HTTP/1.1 204) 5 headers in 199 bytes (1 switches on core 0)
Jun 04 15:33:12.157494 n-d-791506-11 devstack@placement-api.service[92968]: DEBUG placement.requestlog [req-1e25f8a1-9755-450f-ba2d-60db63722812 req-1926b86d-9a7a-41a9-bb7f-22d41fa02134 None None] Starting request: 10.222.0.61 "GET /placement/allocations/84ccb70f-541d-4aa1-bdfa-082f3a911b98" {{(pid=92968) __call__ /opt/stack/placement/placement/requestlog.py:55}}
Jun 04 15:33:12.185263 n-d-791506-11 devstack@placement-api.service[92968]: INFO placement.requestlog [req-1e25f8a1-9755-450f-ba2d-60db63722812 req-1926b86d-9a7a-41a9-bb7f-22d41fa02134 service placement] 10.222.0.61 "GET /placement/allocations/84ccb70f-541d-4aa1-bdfa-082f3a911b98" status: 200 len: 259 microversion: 1.28
Jun 04 15:33:12.185787 n-d-791506-11 devstack@placement-api.service[92968]: [pid: 92968|app: 0|req: 230/461] 10.222.0.61 () {60 vars in 1378 bytes} [Fri Jun 4 15:33:12 2021] GET /placement/allocations/84ccb70f-541d-4aa1-bdfa-082f3a911b98 => generated 259 bytes in 28 msecs (HTTP/1.1 200) 8 headers in 296 bytes (1 switches on core 0)
Jun 04 15:33:12.196023 n-d-791506-11 devstack@placement-api.service[92967]: DEBUG placement.requestlog [req-1e25f8a1-9755-450f-ba2d-60db63722812 req-3c2d1d39-984d-4e7d-b29d-6591a1fea4d3 None None] Starting request: 10.222.0.61 "PUT /placement/allocations/84ccb70f-541d-4aa1-bdfa-082f3a911b98" {{(pid=92967) __call__ /opt/stack/placement/placement/requestlog.py:55}}
Jun 04 15:33:12.297644 n-d-791506-11 devstack@placement-api.service[92967]: DEBUG placement.handlers.allocation [req-1e25f8a1-9755-450f-ba2d-60db63722812 req-3c2d1d39-984d-4e7d-b29d-6591a1fea4d3 service placement] Successfully wrote allocations [, , ] {{(pid=92967) _create_allocations /opt/stack/placement/placement/handlers/allocation.py:435}}
Jun 04 15:33:12.298165 n-d-791506-11 devstack@placement-api.service[92967]: INFO placement.requestlog [req-1e25f8a1-9755-450f-ba2d-60db63722812 req-3c2d1d39-984d-4e7d-b29d-6591a1fea4d3 service placement] 10.222.0.61 "PUT /placement/allocations/84ccb70f-541d-4aa1-bdfa-082f3a911b98" status: 204 len: 0 microversion: 1.28
Jun 04 15:33:12.298767 n-d-791506-11 devstack@placement-api.service[92967]: [pid: 92967|app: 0|req: 232/462] 10.222.0.61 () {64 vars in 1431 bytes} [Fri Jun 4 15:33:12 2021] PUT /placement/allocations/84ccb70f-541d-4aa1-bdfa-082f3a911b98 => generated 0 bytes in 103 msecs (HTTP/1.1 204) 5 headers in 199 bytes (1 switches on core 0)
