Jun 02 18:53:12.927596 n-d-791505-7 devstack@placement-api.service[100177]: DEBUG placement.handlers.allocation [req-bda15198-6a1e-4c1a-9c6d-2d359fc06cf9 req-bb6a50ec-efa3-47cb-b04c-30db7fd26d83 service placement] Successfully wrote allocations [, , ] {{(pid=100177) _create_allocations /opt/stack/placement/placement/handlers/allocation.py:435}}
Jun 02 18:53:12.928013 n-d-791505-7 devstack@placement-api.service[100177]: INFO placement.requestlog [req-bda15198-6a1e-4c1a-9c6d-2d359fc06cf9 req-bb6a50ec-efa3-47cb-b04c-30db7fd26d83 service placement] 10.222.0.79 "PUT /placement/allocations/ecd34ed5-0269-473b-8e05-a2914d7af079" status: 204 len: 0 microversion: 1.28
Jun 02 18:53:12.928262 n-d-791505-7 devstack@placement-api.service[100177]: [pid: 100177|app: 0|req: 255/496] 10.222.0.79 () {64 vars in 1431 bytes} [Wed Jun 2 18:53:12 2021] PUT /placement/allocations/ecd34ed5-0269-473b-8e05-a2914d7af079 => generated 0 bytes in 118 msecs (HTTP/1.1 204) 5 headers in 199 bytes (1 switches on core 0)
Jun 02 18:53:17.997536 n-d-791505-7 devstack@placement-api.service[100178]: DEBUG placement.requestlog [req-53facc14-42fc-4e90-ae67-3b2ec4ed10de req-005f62f0-0893-4f36-a5bb-a76bcc244937 None None] Starting request: 10.222.0.46 "GET /placement/allocation_candidates?limit=1000&resources=DISK_GB%3A1%2CMEMORY_MB%3A1024%2CVCPU%3A1&root_required=%21COMPUTE_STATUS_DISABLED" {{(pid=100178) __call__ /opt/stack/placement/placement/requestlog.py:55}}
Jun 02 18:53:18.055642 n-d-791505-7 devstack@placement-api.service[100178]: DEBUG placement.objects.research_context [req-53facc14-42fc-4e90-ae67-3b2ec4ed10de req-005f62f0-0893-4f36-a5bb-a76bcc244937 service placement] getting providers with 1 DISK_GB {{(pid=100178) __init__ /opt/stack/placement/placement/objects/research_context.py:126}}
Jun 02 18:53:18.065478 n-d-791505-7 devstack@placement-api.service[100178]: DEBUG placement.objects.research_context [req-53facc14-42fc-4e90-ae67-3b2ec4ed10de req-005f62f0-0893-4f36-a5bb-a76bcc244937 service placement] getting providers with 1024 MEMORY_MB {{(pid=100178) __init__ /opt/stack/placement/placement/objects/research_context.py:126}}
Jun 02 18:53:18.078084 n-d-791505-7 devstack@placement-api.service[100178]: DEBUG placement.objects.research_context [req-53facc14-42fc-4e90-ae67-3b2ec4ed10de req-005f62f0-0893-4f36-a5bb-a76bcc244937 service placement] getting providers with 1 VCPU {{(pid=100178) __init__ /opt/stack/placement/placement/objects/research_context.py:126}}
Jun 02 18:53:18.094913 n-d-791505-7 devstack@placement-api.service[100178]: DEBUG placement.objects.research_context [req-53facc14-42fc-4e90-ae67-3b2ec4ed10de req-005f62f0-0893-4f36-a5bb-a76bcc244937 service placement] found 2 providers with available 1 DISK_GB {{(pid=100178) get_provider_ids_matching /opt/stack/placement/placement/objects/research_context.py:549}}
Jun 02 18:53:18.095779 n-d-791505-7 devstack@placement-api.service[100178]: DEBUG placement.objects.research_context [req-53facc14-42fc-4e90-ae67-3b2ec4ed10de req-005f62f0-0893-4f36-a5bb-a76bcc244937 service placement] found 2 providers with available 1024 MEMORY_MB {{(pid=100178) get_provider_ids_matching /opt/stack/placement/placement/objects/research_context.py:549}}
Jun 02 18:53:18.096475 n-d-791505-7 devstack@placement-api.service[100178]: DEBUG placement.objects.research_context [req-53facc14-42fc-4e90-ae67-3b2ec4ed10de req-005f62f0-0893-4f36-a5bb-a76bcc244937 service placement] found 2 providers after filtering by previous result {{(pid=100178) get_provider_ids_matching /opt/stack/placement/placement/objects/research_context.py:580}}
Jun 02 18:53:18.097011 n-d-791505-7 devstack@placement-api.service[100178]: DEBUG placement.objects.research_context [req-53facc14-42fc-4e90-ae67-3b2ec4ed10de req-005f62f0-0893-4f36-a5bb-a76bcc244937 service placement] found 2 providers with available 1 VCPU {{(pid=100178) get_provider_ids_matching /opt/stack/placement/placement/objects/research_context.py:549}}
Jun 02 18:53:18.097469 n-d-791505-7 devstack@placement-api.service[100178]: DEBUG placement.objects.research_context [req-53facc14-42fc-4e90-ae67-3b2ec4ed10de req-005f62f0-0893-4f36-a5bb-a76bcc244937 service placement] found 2 providers after filtering by previous result {{(pid=100178) get_provider_ids_matching /opt/stack/placement/placement/objects/research_context.py:580}}
Jun 02 18:53:18.142131 n-d-791505-7 devstack@placement-api.service[100178]: DEBUG placement.objects.allocation_candidate [req-53facc14-42fc-4e90-ae67-3b2ec4ed10de req-005f62f0-0893-4f36-a5bb-a76bcc244937 service placement] RequestGroup(use_same_provider=False, resources={DISK_GB:1, MEMORY_MB:1024, VCPU:1}, traits=[], aggregates=[]) (suffix '') returned 2 matches {{(pid=100178) _get_by_requests /opt/stack/placement/placement/objects/allocation_candidate.py:145}}
Jun 02 18:53:18.143981 n-d-791505-7 devstack@placement-api.service[100178]: DEBUG placement.objects.allocation_candidate [req-53facc14-42fc-4e90-ae67-3b2ec4ed10de req-005f62f0-0893-4f36-a5bb-a76bcc244937 service placement] Merging candidates yields 2 allocation requests and 2 provider summaries {{(pid=100178) _merge_candidates /opt/stack/placement/placement/objects/allocation_candidate.py:783}}
Jun 02 18:53:18.148417 n-d-791505-7 devstack@placement-api.service[100178]: INFO placement.requestlog [req-53facc14-42fc-4e90-ae67-3b2ec4ed10de req-005f62f0-0893-4f36-a5bb-a76bcc244937 service placement] 10.222.0.46 "GET /placement/allocation_candidates?limit=1000&resources=DISK_GB%3A1%2CMEMORY_MB%3A1024%2CVCPU%3A1&root_required=%21COMPUTE_STATUS_DISABLED" status: 200 len: 1306 microversion: 1.35
Jun 02 18:53:18.149279 n-d-791505-7 devstack@placement-api.service[100178]: [pid: 100178|app: 0|req: 242/497] 10.222.0.46 () {60 vars in 1506 bytes} [Wed Jun 2 18:53:17 2021] GET /placement/allocation_candidates?limit=1000&resources=DISK_GB%3A1%2CMEMORY_MB%3A1024%2CVCPU%3A1&root_required=%21COMPUTE_STATUS_DISABLED => generated 1306 bytes in 152 msecs (HTTP/1.1 200) 8 headers in 297 bytes (1 switches on core 0)
Jun 02 18:53:18.269180 n-d-791505-7 devstack@placement-api.service[100177]: DEBUG placement.requestlog [req-53facc14-42fc-4e90-ae67-3b2ec4ed10de req-499babfa-5288-48be-807e-2ed3ffab9ce4 None None] Starting request: 10.222.0.46 "GET /placement/allocations/72542122-134a-4d09-bdf7-541ee3ee0840" {{(pid=100177) __call__ /opt/stack/placement/placement/requestlog.py:55}}
Jun 02 18:53:18.305790 n-d-791505-7 devstack@placement-api.service[100177]: INFO placement.requestlog [req-53facc14-42fc-4e90-ae67-3b2ec4ed10de req-499babfa-5288-48be-807e-2ed3ffab9ce4 service placement] 10.222.0.46 "GET /placement/allocations/72542122-134a-4d09-bdf7-541ee3ee0840" status: 200 len: 19 microversion: 1.28
Jun 02 18:53:18.313867 n-d-791505-7 devstack@placement-api.service[100178]: DEBUG placement.requestlog [req-53facc14-42fc-4e90-ae67-3b2ec4ed10de req-9b75f915-c523-4384-837a-8db4396fba44 None None] Starting request: 10.222.0.46 "PUT /placement/allocations/72542122-134a-4d09-bdf7-541ee3ee0840" {{(pid=100178) __call__ /opt/stack/placement/placement/requestlog.py:55}}
Jun 02 18:53:18.314180 n-d-791505-7 devstack@placement-api.service[100177]: [pid: 100177|app: 0|req: 256/498] 10.222.0.46 () {60 vars in 1380 bytes} [Wed Jun 2 18:53:18 2021] GET /placement/allocations/72542122-134a-4d09-bdf7-541ee3ee0840 => generated 19 bytes in 44 msecs (HTTP/1.1 200) 8 headers in 295 bytes (1 switches on core 0)
Jun 02 18:53:18.818459 n-d-791505-7 devstack@placement-api.service[100178]: DEBUG placement.handlers.allocation [req-53facc14-42fc-4e90-ae67-3b2ec4ed10de req-9b75f915-c523-4384-837a-8db4396fba44 service placement] Successfully wrote allocations [, , ] {{(pid=100178) _create_allocations /opt/stack/placement/placement/handlers/allocation.py:435}}
Jun 02 18:53:18.818977 n-d-791505-7 devstack@placement-api.service[100178]: INFO placement.requestlog [req-53facc14-42fc-4e90-ae67-3b2ec4ed10de req-9b75f915-c523-4384-837a-8db4396fba44 service placement] 10.222.0.46 "PUT /placement/allocations/72542122-134a-4d09-bdf7-541ee3ee0840" status: 204 len: 0 microversion: 1.35
Jun 02 18:53:18.822167 n-d-791505-7 devstack@placement-api.service[100178]: [pid: 100178|app: 0|req: 243/499] 10.222.0.46 () {64 vars in 1433 bytes} [Wed Jun 2 18:53:18 2021] PUT /placement/allocations/72542122-134a-4d09-bdf7-541ee3ee0840 => generated 0 bytes in 506 msecs (HTTP/1.1 204) 5 headers in 199 bytes (1 switches on core 0)
Jun 02 18:53:20.171812 n-d-791505-7 devstack@placement-api.service[100177]: DEBUG placement.requestlog [req-53facc14-42fc-4e90-ae67-3b2ec4ed10de req-077e63ae-c7da-4047-a111-ac64f7ee12e7 None None] Starting request: 10.222.0.13 "GET /placement/allocations/72542122-134a-4d09-bdf7-541ee3ee0840" {{(pid=100177) __call__ /opt/stack/placement/placement/requestlog.py:55}}
Jun 02 18:53:20.219710 n-d-791505-7 devstack@placement-api.service[100177]: INFO placement.requestlog [req-53facc14-42fc-4e90-ae67-3b2ec4ed10de req-077e63ae-c7da-4047-a111-ac64f7ee12e7 service placement] 10.222.0.13 "GET /placement/allocations/72542122-134a-4d09-bdf7-541ee3ee0840" status: 200 len: 259 microversion: 1.28
Jun 02 18:53:20.223820 n-d-791505-7 devstack@placement-api.service[100177]: [pid: 100177|app: 0|req: 257/500] 10.222.0.13 () {60 vars in 1378 bytes} [Wed Jun 2 18:53:20 2021] GET /placement/allocations/72542122-134a-4d09-bdf7-541ee3ee0840 => generated 259 bytes in 82 msecs (HTTP/1.1 200) 8 headers in 296 bytes (2 switches on core 0)
Jun 02 18:53:42.338093 n-d-791505-7 devstack@placement-api.service[100178]: DEBUG placement.requestlog [req-825c1bb1-dbf7-470b-b1cb-69f485fd5aef req-48621177-2f60-41ac-9da8-d952279aba68 None None] Starting request: 10.222.0.79 "GET /placement/allocations/dd0f7831-4ca3-4c72-a43e-8c08b223a482" {{(pid=100178) __call__ /opt/stack/placement/placement/requestlog.py:55}}
Jun 02 18:53:42.371542 n-d-791505-7 devstack@placement-api.service[100178]: INFO placement.requestlog [req-825c1bb1-dbf7-470b-b1cb-69f485fd5aef req-48621177-2f60-41ac-9da8-d952279aba68 service placement] 10.222.0.79 "GET /placement/allocations/dd0f7831-4ca3-4c72-a43e-8c08b223a482" status: 200 len: 259 microversion: 1.28
Jun 02 18:53:42.372343 n-d-791505-7 devstack@placement-api.service[100178]: [pid: 100178|app: 0|req: 244/501] 10.222.0.79 () {60 vars in 1378 bytes} [Wed Jun 2 18:53:42 2021] GET /placement/allocations/dd0f7831-4ca3-4c72-a43e-8c08b223a482 => generated 259 bytes in 35 msecs (HTTP/1.1 200) 8 headers in 296 bytes (1 switches on core 0)
Jun 02 18:53:42.388383 n-d-791505-7 devstack@placement-api.service[100177]: DEBUG placement.requestlog [req-825c1bb1-dbf7-470b-b1cb-69f485fd5aef req-82726147-bb87-4c55-aeb4-fa53e9674047 None None] Starting request: 10.222.0.79 "PUT /placement/allocations/dd0f7831-4ca3-4c72-a43e-8c08b223a482" {{(pid=100177) __call__ /opt/stack/placement/placement/requestlog.py:55}}
Jun 02 18:53:42.587025 n-d-791505-7 devstack@placement-api.service[100177]: DEBUG placement.handlers.allocation [req-825c1bb1-dbf7-470b-b1cb-69f485fd5aef req-82726147-bb87-4c55-aeb4-fa53e9674047 service placement] Successfully wrote allocations [, , ] {{(pid=100177) _create_allocations /opt/stack/placement/placement/handlers/allocation.py:435}}
Jun 02 18:53:42.587953 n-d-791505-7 devstack@placement-api.service[100177]: INFO placement.requestlog [req-825c1bb1-dbf7-470b-b1cb-69f485fd5aef req-82726147-bb87-4c55-aeb4-fa53e9674047 service placement] 10.222.0.79 "PUT /placement/allocations/dd0f7831-4ca3-4c72-a43e-8c08b223a482" status: 204 len: 0 microversion: 1.28
Jun 02 18:53:42.588210 n-d-791505-7 devstack@placement-api.service[100177]: [pid: 100177|app: 0|req: 258/502] 10.222.0.79 () {64 vars in 1431 bytes} [Wed Jun 2 18:53:42 2021] PUT /placement/allocations/dd0f7831-4ca3-4c72-a43e-8c08b223a482 => generated 0 bytes in 207 msecs (HTTP/1.1 204) 5 headers in 199 bytes (1 switches on core 0)
Jun 02 18:53:43.565472 n-d-791505-7 devstack@placement-api.service[100178]: DEBUG placement.requestlog [req-2dcb6a18-36a1-417a-b4f4-2bb5d7c70487 req-a3401b08-4c90-449d-b260-7a3abb75dc7a None None] Starting request: 10.222.0.46 "GET /placement/allocation_candidates?limit=1000&resources=DISK_GB%3A1%2CMEMORY_MB%3A1024%2CVCPU%3A1&root_required=%21COMPUTE_STATUS_DISABLED" {{(pid=100178) __call__ /opt/stack/placement/placement/requestlog.py:55}}
Jun 02 18:53:43.620627 n-d-791505-7 devstack@placement-api.service[100178]: DEBUG placement.objects.research_context [req-2dcb6a18-36a1-417a-b4f4-2bb5d7c70487 req-a3401b08-4c90-449d-b260-7a3abb75dc7a service placement] getting providers with 1 DISK_GB {{(pid=100178) __init__ /opt/stack/placement/placement/objects/research_context.py:126}}
Jun 02 18:53:43.631233 n-d-791505-7 devstack@placement-api.service[100178]: DEBUG placement.objects.research_context [req-2dcb6a18-36a1-417a-b4f4-2bb5d7c70487 req-a3401b08-4c90-449d-b260-7a3abb75dc7a service placement] getting providers with 1024 MEMORY_MB {{(pid=100178) __init__ /opt/stack/placement/placement/objects/research_context.py:126}}
Jun 02 18:53:43.642035 n-d-791505-7 devstack@placement-api.service[100178]: DEBUG placement.objects.research_context [req-2dcb6a18-36a1-417a-b4f4-2bb5d7c70487 req-a3401b08-4c90-449d-b260-7a3abb75dc7a service placement] getting providers with 1 VCPU {{(pid=100178) __init__ /opt/stack/placement/placement/objects/research_context.py:126}}
Jun 02 18:53:43.648597 n-d-791505-7 devstack@placement-api.service[100178]: DEBUG placement.objects.research_context [req-2dcb6a18-36a1-417a-b4f4-2bb5d7c70487 req-a3401b08-4c90-449d-b260-7a3abb75dc7a service placement] found 2 providers with available 1 DISK_GB {{(pid=100178) get_provider_ids_matching /opt/stack/placement/placement/objects/research_context.py:549}}
Jun 02 18:53:43.648869 n-d-791505-7 devstack@placement-api.service[100178]: DEBUG placement.objects.research_context [req-2dcb6a18-36a1-417a-b4f4-2bb5d7c70487 req-a3401b08-4c90-449d-b260-7a3abb75dc7a service placement] found 2 providers with available 1024 MEMORY_MB {{(pid=100178) get_provider_ids_matching /opt/stack/placement/placement/objects/research_context.py:549}}
Jun 02 18:53:43.649142 n-d-791505-7 devstack@placement-api.service[100178]: DEBUG placement.objects.research_context [req-2dcb6a18-36a1-417a-b4f4-2bb5d7c70487 req-a3401b08-4c90-449d-b260-7a3abb75dc7a service placement] found 2 providers after filtering by previous result {{(pid=100178) get_provider_ids_matching /opt/stack/placement/placement/objects/research_context.py:580}}
Jun 02 18:53:43.649398 n-d-791505-7 devstack@placement-api.service[100178]: DEBUG placement.objects.research_context [req-2dcb6a18-36a1-417a-b4f4-2bb5d7c70487 req-a3401b08-4c90-449d-b260-7a3abb75dc7a service placement] found 2 providers with available 1 VCPU {{(pid=100178) get_provider_ids_matching /opt/stack/placement/placement/objects/research_context.py:549}}
Jun 02 18:53:43.649662 n-d-791505-7 devstack@placement-api.service[100178]: DEBUG placement.objects.research_context [req-2dcb6a18-36a1-417a-b4f4-2bb5d7c70487 req-a3401b08-4c90-449d-b260-7a3abb75dc7a service placement] found 2 providers after filtering by previous result {{(pid=100178) get_provider_ids_matching /opt/stack/placement/placement/objects/research_context.py:580}}
Jun 02 18:53:43.662503 n-d-791505-7 devstack@placement-api.service[100178]: DEBUG placement.objects.allocation_candidate [req-2dcb6a18-36a1-417a-b4f4-2bb5d7c70487 req-a3401b08-4c90-449d-b260-7a3abb75dc7a service placement] RequestGroup(use_same_provider=False, resources={DISK_GB:1, MEMORY_MB:1024, VCPU:1}, traits=[], aggregates=[]) (suffix '') returned 2 matches {{(pid=100178) _get_by_requests /opt/stack/placement/placement/objects/allocation_candidate.py:145}}
Jun 02 18:53:43.662927 n-d-791505-7 devstack@placement-api.service[100178]: DEBUG placement.objects.allocation_candidate [req-2dcb6a18-36a1-417a-b4f4-2bb5d7c70487 req-a3401b08-4c90-449d-b260-7a3abb75dc7a service placement] Merging candidates yields 2 allocation requests and 2 provider summaries {{(pid=100178) _merge_candidates /opt/stack/placement/placement/objects/allocation_candidate.py:783}}
Jun 02 18:53:43.664844 n-d-791505-7 devstack@placement-api.service[100178]: INFO placement.requestlog [req-2dcb6a18-36a1-417a-b4f4-2bb5d7c70487 req-a3401b08-4c90-449d-b260-7a3abb75dc7a service placement] 10.222.0.46 "GET /placement/allocation_candidates?limit=1000&resources=DISK_GB%3A1%2CMEMORY_MB%3A1024%2CVCPU%3A1&root_required=%21COMPUTE_STATUS_DISABLED" status: 200 len: 1309 microversion: 1.35
Jun 02 18:53:43.666277 n-d-791505-7 devstack@placement-api.service[100178]: [pid: 100178|app: 0|req: 245/503] 10.222.0.46 () {60 vars in 1506 bytes} [Wed Jun 2 18:53:43 2021] GET /placement/allocation_candidates?limit=1000&resources=DISK_GB%3A1%2CMEMORY_MB%3A1024%2CVCPU%3A1&root_required=%21COMPUTE_STATUS_DISABLED => generated 1309 bytes in 100 msecs (HTTP/1.1 200) 8 headers in 297 bytes (1 switches on core 0)
Jun 02 18:53:43.734646 n-d-791505-7 devstack@placement-api.service[100177]: DEBUG placement.requestlog [req-2dcb6a18-36a1-417a-b4f4-2bb5d7c70487 req-852f680a-3110-4059-af64-fcac3ae05ab8 None None] Starting request: 10.222.0.46 "GET /placement/allocations/542fe150-a015-4a73-bbf4-2efcfa75e996" {{(pid=100177) __call__ /opt/stack/placement/placement/requestlog.py:55}}
Jun 02 18:53:43.746176 n-d-791505-7 devstack@placement-api.service[100177]: INFO placement.requestlog [req-2dcb6a18-36a1-417a-b4f4-2bb5d7c70487 req-852f680a-3110-4059-af64-fcac3ae05ab8 service placement] 10.222.0.46 "GET /placement/allocations/542fe150-a015-4a73-bbf4-2efcfa75e996" status: 200 len: 19 microversion: 1.28
Jun 02 18:53:43.750027 n-d-791505-7 devstack@placement-api.service[100177]: [pid: 100177|app: 0|req: 259/504] 10.222.0.46 () {60 vars in 1380 bytes} [Wed Jun 2 18:53:43 2021] GET /placement/allocations/542fe150-a015-4a73-bbf4-2efcfa75e996 => generated 19 bytes in 15 msecs (HTTP/1.1 200) 8 headers in 295 bytes (1 switches on core 0)
Jun 02 18:53:43.752779 n-d-791505-7 devstack@placement-api.service[100178]: DEBUG placement.requestlog [req-2dcb6a18-36a1-417a-b4f4-2bb5d7c70487 req-2c4699eb-2f33-474f-b34d-dd0f35fc1d70 None None] Starting request: 10.222.0.46 "PUT /placement/allocations/542fe150-a015-4a73-bbf4-2efcfa75e996" {{(pid=100178) __call__ /opt/stack/placement/placement/requestlog.py:55}}
Jun 02 18:53:43.786355 n-d-791505-7 devstack@placement-api.service[100177]: DEBUG placement.requestlog [req-603cfe8b-7563-49b0-bf2a-732383a7fc20 req-585132bf-5fc3-41e9-ac46-abffea9ca4a4 None None] Starting request: 10.222.0.46 "GET /placement/allocation_candidates?limit=1000&resources=DISK_GB%3A1%2CMEMORY_MB%3A1024%2CVCPU%3A1&root_required=%21COMPUTE_STATUS_DISABLED" {{(pid=100177) __call__ /opt/stack/placement/placement/requestlog.py:55}}
Jun 02 18:53:43.832405 n-d-791505-7 devstack@placement-api.service[100177]: DEBUG placement.objects.research_context [req-603cfe8b-7563-49b0-bf2a-732383a7fc20 req-585132bf-5fc3-41e9-ac46-abffea9ca4a4 service placement] getting providers with 1 DISK_GB {{(pid=100177) __init__ /opt/stack/placement/placement/objects/research_context.py:126}}
Jun 02 18:53:43.841766 n-d-791505-7 devstack@placement-api.service[100177]: DEBUG placement.objects.research_context [req-603cfe8b-7563-49b0-bf2a-732383a7fc20 req-585132bf-5fc3-41e9-ac46-abffea9ca4a4 service placement] getting providers with 1024 MEMORY_MB {{(pid=100177) __init__ /opt/stack/placement/placement/objects/research_context.py:126}}
Jun 02 18:53:43.848520 n-d-791505-7 devstack@placement-api.service[100177]: DEBUG placement.objects.research_context [req-603cfe8b-7563-49b0-bf2a-732383a7fc20 req-585132bf-5fc3-41e9-ac46-abffea9ca4a4 service placement] getting providers with 1 VCPU {{(pid=100177) __init__ /opt/stack/placement/placement/objects/research_context.py:126}}
Jun 02 18:53:43.855212 n-d-791505-7 devstack@placement-api.service[100177]: DEBUG placement.objects.research_context [req-603cfe8b-7563-49b0-bf2a-732383a7fc20 req-585132bf-5fc3-41e9-ac46-abffea9ca4a4 service placement] found 2 providers with available 1 DISK_GB {{(pid=100177) get_provider_ids_matching /opt/stack/placement/placement/objects/research_context.py:549}}
Jun 02 18:53:43.855987 n-d-791505-7 devstack@placement-api.service[100177]: DEBUG placement.objects.research_context [req-603cfe8b-7563-49b0-bf2a-732383a7fc20 req-585132bf-5fc3-41e9-ac46-abffea9ca4a4 service placement] found 2 providers with available 1024 MEMORY_MB {{(pid=100177) get_provider_ids_matching /opt/stack/placement/placement/objects/research_context.py:549}}
Jun 02 18:53:43.856482 n-d-791505-7 devstack@placement-api.service[100177]: DEBUG placement.objects.research_context [req-603cfe8b-7563-49b0-bf2a-732383a7fc20 req-585132bf-5fc3-41e9-ac46-abffea9ca4a4 service placement] found 2 providers after filtering by previous result {{(pid=100177) get_provider_ids_matching /opt/stack/placement/placement/objects/research_context.py:580}}
Jun 02 18:53:43.857070 n-d-791505-7 devstack@placement-api.service[100177]: DEBUG placement.objects.research_context [req-603cfe8b-7563-49b0-bf2a-732383a7fc20 req-585132bf-5fc3-41e9-ac46-abffea9ca4a4 service placement] found 2 providers with available 1 VCPU {{(pid=100177) get_provider_ids_matching /opt/stack/placement/placement/objects/research_context.py:549}}
Jun 02 18:53:43.857539 n-d-791505-7 devstack@placement-api.service[100177]: DEBUG placement.objects.research_context [req-603cfe8b-7563-49b0-bf2a-732383a7fc20 req-585132bf-5fc3-41e9-ac46-abffea9ca4a4 service placement] found 2 providers after filtering by previous result {{(pid=100177) get_provider_ids_matching /opt/stack/placement/placement/objects/research_context.py:580}}
Jun 02 18:53:43.872235 n-d-791505-7 devstack@placement-api.service[100177]: DEBUG placement.objects.allocation_candidate [req-603cfe8b-7563-49b0-bf2a-732383a7fc20 req-585132bf-5fc3-41e9-ac46-abffea9ca4a4 service placement] RequestGroup(use_same_provider=False, resources={DISK_GB:1, MEMORY_MB:1024, VCPU:1}, traits=[], aggregates=[]) (suffix '') returned 2 matches {{(pid=100177) _get_by_requests /opt/stack/placement/placement/objects/allocation_candidate.py:145}}
Jun 02 18:53:43.872829 n-d-791505-7 devstack@placement-api.service[100177]: DEBUG placement.objects.allocation_candidate [req-603cfe8b-7563-49b0-bf2a-732383a7fc20 req-585132bf-5fc3-41e9-ac46-abffea9ca4a4 service placement] Merging candidates yields 2 allocation requests and 2 provider summaries {{(pid=100177) _merge_candidates /opt/stack/placement/placement/objects/allocation_candidate.py:783}}
Jun 02 18:53:43.874714 n-d-791505-7 devstack@placement-api.service[100177]: INFO placement.requestlog [req-603cfe8b-7563-49b0-bf2a-732383a7fc20 req-585132bf-5fc3-41e9-ac46-abffea9ca4a4 service placement] 10.222.0.46 "GET /placement/allocation_candidates?limit=1000&resources=DISK_GB%3A1%2CMEMORY_MB%3A1024%2CVCPU%3A1&root_required=%21COMPUTE_STATUS_DISABLED" status: 200 len: 1309 microversion: 1.35
Jun 02 18:53:43.875467 n-d-791505-7 devstack@placement-api.service[100177]: [pid: 100177|app: 0|req: 260/505] 10.222.0.46 () {60 vars in 1506 bytes} [Wed Jun 2 18:53:43 2021] GET /placement/allocation_candidates?limit=1000&resources=DISK_GB%3A1%2CMEMORY_MB%3A1024%2CVCPU%3A1&root_required=%21COMPUTE_STATUS_DISABLED => generated 1309 bytes in 89 msecs (HTTP/1.1 200) 8 headers in 297 bytes (2 switches on core 0)
Jun 02 18:53:43.948169 n-d-791505-7 devstack@placement-api.service[100177]: DEBUG placement.requestlog [req-603cfe8b-7563-49b0-bf2a-732383a7fc20 req-b2061320-8cae-4aec-b098-cf941130790f None None] Starting request: 10.222.0.46 "GET /placement/allocations/f65749d1-6cf9-4a7e-9faa-53b039539e28" {{(pid=100177) __call__ /opt/stack/placement/placement/requestlog.py:55}}
Jun 02 18:53:43.970397 n-d-791505-7 devstack@placement-api.service[100177]: INFO placement.requestlog [req-603cfe8b-7563-49b0-bf2a-732383a7fc20 req-b2061320-8cae-4aec-b098-cf941130790f service placement] 10.222.0.46 "GET /placement/allocations/f65749d1-6cf9-4a7e-9faa-53b039539e28" status: 200 len: 19 microversion: 1.28
Jun 02 18:53:43.971160 n-d-791505-7 devstack@placement-api.service[100177]: [pid: 100177|app: 0|req: 261/506] 10.222.0.46 () {60 vars in 1380 bytes} [Wed Jun 2 18:53:43 2021] GET /placement/allocations/f65749d1-6cf9-4a7e-9faa-53b039539e28 => generated 19 bytes in 23 msecs (HTTP/1.1 200) 8 headers in 295 bytes (2 switches on core 0)
Jun 02 18:53:43.984722 n-d-791505-7 devstack@placement-api.service[100177]: DEBUG placement.requestlog [req-603cfe8b-7563-49b0-bf2a-732383a7fc20 req-b530d3a7-474f-4be2-a848-40b4d91cfa44 None None] Starting request: 10.222.0.46 "PUT /placement/allocations/f65749d1-6cf9-4a7e-9faa-53b039539e28" {{(pid=100177) __call__ /opt/stack/placement/placement/requestlog.py:55}}
Jun 02 18:53:44.224857 n-d-791505-7 devstack@placement-api.service[100178]: DEBUG placement.handlers.allocation [req-2dcb6a18-36a1-417a-b4f4-2bb5d7c70487 req-2c4699eb-2f33-474f-b34d-dd0f35fc1d70 service placement] Successfully wrote allocations [, , ] {{(pid=100178) _create_allocations /opt/stack/placement/placement/handlers/allocation.py:435}}
Jun 02 18:53:44.225623 n-d-791505-7 devstack@placement-api.service[100178]: INFO placement.requestlog [req-2dcb6a18-36a1-417a-b4f4-2bb5d7c70487 req-2c4699eb-2f33-474f-b34d-dd0f35fc1d70 service placement] 10.222.0.46 "PUT /placement/allocations/542fe150-a015-4a73-bbf4-2efcfa75e996" status: 204 len: 0 microversion: 1.35
Jun 02 18:53:44.226383 n-d-791505-7 devstack@placement-api.service[100178]: [pid: 100178|app: 0|req: 246/507] 10.222.0.46 () {64 vars in 1433 bytes} [Wed Jun 2 18:53:43 2021] PUT /placement/allocations/542fe150-a015-4a73-bbf4-2efcfa75e996 => generated 0 bytes in 474 msecs (HTTP/1.1 204) 5 headers in 199 bytes (1 switches on core 0)
Jun 02 18:53:44.256547 n-d-791505-7 devstack@placement-api.service[100177]: DEBUG placement.objects.allocation [req-603cfe8b-7563-49b0-bf2a-732383a7fc20 req-b530d3a7-474f-4be2-a848-40b4d91cfa44 service placement] Retrying allocations write on resource provider generation conflict {{(pid=100177) replace_all /opt/stack/placement/placement/objects/allocation.py:505}}
Jun 02 18:53:44.453121 n-d-791505-7 devstack@placement-api.service[100177]: DEBUG placement.handlers.allocation [req-603cfe8b-7563-49b0-bf2a-732383a7fc20 req-b530d3a7-474f-4be2-a848-40b4d91cfa44 service placement] Successfully wrote allocations [, , ] {{(pid=100177) _create_allocations /opt/stack/placement/placement/handlers/allocation.py:435}}
Jun 02 18:53:44.457141 n-d-791505-7 devstack@placement-api.service[100177]: INFO placement.requestlog [req-603cfe8b-7563-49b0-bf2a-732383a7fc20 req-b530d3a7-474f-4be2-a848-40b4d91cfa44 service placement] 10.222.0.46 "PUT /placement/allocations/f65749d1-6cf9-4a7e-9faa-53b039539e28" status: 204 len: 0 microversion: 1.35
Jun 02 18:53:44.466703 n-d-791505-7 devstack@placement-api.service[100177]: [pid: 100177|app: 0|req: 262/508] 10.222.0.46 () {64 vars in 1433 bytes} [Wed Jun 2 18:53:43 2021] PUT /placement/allocations/f65749d1-6cf9-4a7e-9faa-53b039539e28 => generated 0 bytes in 482 msecs (HTTP/1.1 204) 5 headers in 199 bytes (2 switches on core 0)
Jun 02 18:53:45.197748 n-d-791505-7 devstack@placement-api.service[100178]: DEBUG placement.requestlog [req-5bf6c106-2bc8-4b81-84df-1dfed8ed564e req-f783f5ec-c304-4715-9045-825b322b2608 None None] Starting request: 10.222.0.46 "GET /placement/allocation_candidates?limit=1000&resources=DISK_GB%3A1%2CMEMORY_MB%3A1024%2CVCPU%3A1&root_required=%21COMPUTE_STATUS_DISABLED" {{(pid=100178) __call__ /opt/stack/placement/placement/requestlog.py:55}}
Jun 02 18:53:45.244050 n-d-791505-7 devstack@placement-api.service[100178]: DEBUG placement.objects.research_context [req-5bf6c106-2bc8-4b81-84df-1dfed8ed564e req-f783f5ec-c304-4715-9045-825b322b2608 service placement] getting providers with 1 DISK_GB {{(pid=100178) __init__ /opt/stack/placement/placement/objects/research_context.py:126}}
Jun 02 18:53:45.254515 n-d-791505-7 devstack@placement-api.service[100178]: DEBUG placement.objects.research_context [req-5bf6c106-2bc8-4b81-84df-1dfed8ed564e req-f783f5ec-c304-4715-9045-825b322b2608 service placement] getting providers with 1024 MEMORY_MB {{(pid=100178) __init__ /opt/stack/placement/placement/objects/research_context.py:126}}
Jun 02 18:53:45.264771 n-d-791505-7 devstack@placement-api.service[100178]: DEBUG placement.objects.research_context [req-5bf6c106-2bc8-4b81-84df-1dfed8ed564e req-f783f5ec-c304-4715-9045-825b322b2608 service placement] getting providers with 1 VCPU {{(pid=100178) __init__ /opt/stack/placement/placement/objects/research_context.py:126}}
Jun 02 18:53:45.272638 n-d-791505-7 devstack@placement-api.service[100178]: DEBUG placement.objects.research_context [req-5bf6c106-2bc8-4b81-84df-1dfed8ed564e req-f783f5ec-c304-4715-9045-825b322b2608 service placement] found 2 providers with available 1 DISK_GB {{(pid=100178) get_provider_ids_matching /opt/stack/placement/placement/objects/research_context.py:549}}
Jun 02 18:53:45.273303 n-d-791505-7 devstack@placement-api.service[100178]: DEBUG placement.objects.research_context [req-5bf6c106-2bc8-4b81-84df-1dfed8ed564e req-f783f5ec-c304-4715-9045-825b322b2608 service placement] found 2 providers with available 1024 MEMORY_MB {{(pid=100178) get_provider_ids_matching /opt/stack/placement/placement/objects/research_context.py:549}}
Jun 02 18:53:45.273816 n-d-791505-7 devstack@placement-api.service[100178]: DEBUG placement.objects.research_context [req-5bf6c106-2bc8-4b81-84df-1dfed8ed564e req-f783f5ec-c304-4715-9045-825b322b2608 service placement] found 2 providers after filtering by previous result {{(pid=100178) get_provider_ids_matching /opt/stack/placement/placement/objects/research_context.py:580}}
Jun 02 18:53:45.274293 n-d-791505-7 devstack@placement-api.service[100178]: DEBUG placement.objects.research_context [req-5bf6c106-2bc8-4b81-84df-1dfed8ed564e req-f783f5ec-c304-4715-9045-825b322b2608 service placement] found 2 providers with available 1 VCPU {{(pid=100178) get_provider_ids_matching /opt/stack/placement/placement/objects/research_context.py:549}}
Jun 02 18:53:45.274958 n-d-791505-7 devstack@placement-api.service[100178]: DEBUG placement.objects.research_context [req-5bf6c106-2bc8-4b81-84df-1dfed8ed564e req-f783f5ec-c304-4715-9045-825b322b2608 service placement] found 2 providers after filtering by previous result {{(pid=100178) get_provider_ids_matching /opt/stack/placement/placement/objects/research_context.py:580}}
Jun 02 18:53:45.290062 n-d-791505-7 devstack@placement-api.service[100178]: DEBUG placement.objects.allocation_candidate [req-5bf6c106-2bc8-4b81-84df-1dfed8ed564e req-f783f5ec-c304-4715-9045-825b322b2608 service placement] RequestGroup(use_same_provider=False, resources={DISK_GB:1, MEMORY_MB:1024, VCPU:1}, traits=[], aggregates=[]) (suffix '') returned 2 matches {{(pid=100178) _get_by_requests /opt/stack/placement/placement/objects/allocation_candidate.py:145}}
Jun 02 18:53:45.290867 n-d-791505-7 devstack@placement-api.service[100178]: DEBUG placement.objects.allocation_candidate [req-5bf6c106-2bc8-4b81-84df-1dfed8ed564e req-f783f5ec-c304-4715-9045-825b322b2608 service placement] Merging candidates yields 2 allocation requests and 2 provider summaries {{(pid=100178) _merge_candidates /opt/stack/placement/placement/objects/allocation_candidate.py:783}}
Jun 02 18:53:45.293110 n-d-791505-7 devstack@placement-api.service[100178]: INFO placement.requestlog [req-5bf6c106-2bc8-4b81-84df-1dfed8ed564e req-f783f5ec-c304-4715-9045-825b322b2608 service placement] 10.222.0.46 "GET /placement/allocation_candidates?limit=1000&resources=DISK_GB%3A1%2CMEMORY_MB%3A1024%2CVCPU%3A1&root_required=%21COMPUTE_STATUS_DISABLED" status: 200 len: 1309 microversion: 1.35
Jun 02 18:53:45.294229 n-d-791505-7 devstack@placement-api.service[100178]: [pid: 100178|app: 0|req: 247/509] 10.222.0.46 () {60 vars in 1506 bytes} [Wed Jun 2 18:53:45 2021] GET /placement/allocation_candidates?limit=1000&resources=DISK_GB%3A1%2CMEMORY_MB%3A1024%2CVCPU%3A1&root_required=%21COMPUTE_STATUS_DISABLED => generated 1309 bytes in 97 msecs (HTTP/1.1 200) 8 headers in 297 bytes (1 switches on core 0)
Jun 02 18:53:45.449915 n-d-791505-7 devstack@placement-api.service[100177]: DEBUG placement.requestlog [req-5bf6c106-2bc8-4b81-84df-1dfed8ed564e req-d44bdcca-73cd-4bb3-9773-e6c5b3c5c454 None None] Starting request: 10.222.0.46 "GET /placement/allocations/869b44d0-b705-4f88-9145-4ab2d4b4a691" {{(pid=100177) __call__ /opt/stack/placement/placement/requestlog.py:55}}
Jun 02 18:53:45.463011 n-d-791505-7 devstack@placement-api.service[100177]: INFO placement.requestlog [req-5bf6c106-2bc8-4b81-84df-1dfed8ed564e req-d44bdcca-73cd-4bb3-9773-e6c5b3c5c454 service placement] 10.222.0.46 "GET /placement/allocations/869b44d0-b705-4f88-9145-4ab2d4b4a691" status: 200 len: 19 microversion: 1.28
Jun 02 18:53:45.464112 n-d-791505-7 devstack@placement-api.service[100177]: [pid: 100177|app: 0|req: 263/510] 10.222.0.46 () {60 vars in 1380 bytes} [Wed Jun 2 18:53:45 2021] GET /placement/allocations/869b44d0-b705-4f88-9145-4ab2d4b4a691 => generated 19 bytes in 15 msecs (HTTP/1.1 200) 8 headers in 295 bytes (1 switches on core 0)
Jun 02 18:53:45.469851 n-d-791505-7 devstack@placement-api.service[100178]: DEBUG placement.requestlog [req-5bf6c106-2bc8-4b81-84df-1dfed8ed564e req-3e5d2c14-7c04-4885-baec-089619be056f None None] Starting request: 10.222.0.46 "PUT /placement/allocations/869b44d0-b705-4f88-9145-4ab2d4b4a691" {{(pid=100178) __call__ /opt/stack/placement/placement/requestlog.py:55}}
Jun 02 18:53:45.524778 n-d-791505-7 devstack@placement-api.service[100177]: DEBUG placement.requestlog [req-2dcb6a18-36a1-417a-b4f4-2bb5d7c70487 req-89301ecc-4c1f-4f8a-be07-c2c5fe6dccd7 None None] Starting request: 10.222.0.13 "GET /placement/allocations/542fe150-a015-4a73-bbf4-2efcfa75e996" {{(pid=100177) __call__ /opt/stack/placement/placement/requestlog.py:55}}
Jun 02 18:53:45.550613 n-d-791505-7 devstack@placement-api.service[100177]: INFO placement.requestlog [req-2dcb6a18-36a1-417a-b4f4-2bb5d7c70487 req-89301ecc-4c1f-4f8a-be07-c2c5fe6dccd7 service placement] 10.222.0.13 "GET /placement/allocations/542fe150-a015-4a73-bbf4-2efcfa75e996" status: 200 len: 259 microversion: 1.28
Jun 02 18:53:45.552006 n-d-791505-7 devstack@placement-api.service[100177]: [pid: 100177|app: 0|req: 264/511] 10.222.0.13 () {60 vars in 1378 bytes} [Wed Jun 2 18:53:45 2021] GET /placement/allocations/542fe150-a015-4a73-bbf4-2efcfa75e996 => generated 259 bytes in 27 msecs (HTTP/1.1 200) 8 headers in 296 bytes (1 switches on core 0)
Jun 02 18:53:45.781469 n-d-791505-7 devstack@placement-api.service[100178]: DEBUG placement.handlers.allocation [req-5bf6c106-2bc8-4b81-84df-1dfed8ed564e req-3e5d2c14-7c04-4885-baec-089619be056f service placement] Successfully wrote allocations [, , ] {{(pid=100178) _create_allocations /opt/stack/placement/placement/handlers/allocation.py:435}}
Jun 02 18:53:45.784683 n-d-791505-7 devstack@placement-api.service[100178]: INFO placement.requestlog [req-5bf6c106-2bc8-4b81-84df-1dfed8ed564e req-3e5d2c14-7c04-4885-baec-089619be056f service placement] 10.222.0.46 "PUT /placement/allocations/869b44d0-b705-4f88-9145-4ab2d4b4a691" status: 204 len: 0 microversion: 1.35
Jun 02 18:53:45.784683 n-d-791505-7 devstack@placement-api.service[100178]: [pid: 100178|app: 0|req: 248/512] 10.222.0.46 () {64 vars in 1433 bytes} [Wed Jun 2 18:53:45 2021] PUT /placement/allocations/869b44d0-b705-4f88-9145-4ab2d4b4a691 => generated 0 bytes in 313 msecs (HTTP/1.1 204) 5 headers in 199 bytes (1 switches on core 0)
Jun 02 18:53:45.904416 n-d-791505-7 devstack@placement-api.service[100177]: DEBUG placement.requestlog [req-603cfe8b-7563-49b0-bf2a-732383a7fc20 req-18c8ad35-1d6f-4464-acb8-073a1fa71e98 None None] Starting request: 10.222.0.13 "GET /placement/allocations/f65749d1-6cf9-4a7e-9faa-53b039539e28" {{(pid=100177) __call__ /opt/stack/placement/placement/requestlog.py:55}}
Jun 02 18:53:45.932431 n-d-791505-7 devstack@placement-api.service[100177]: INFO placement.requestlog [req-603cfe8b-7563-49b0-bf2a-732383a7fc20 req-18c8ad35-1d6f-4464-acb8-073a1fa71e98 service placement] 10.222.0.13 "GET /placement/allocations/f65749d1-6cf9-4a7e-9faa-53b039539e28" status: 200 len: 259 microversion: 1.28
Jun 02 18:53:45.933837 n-d-791505-7 devstack@placement-api.service[100177]: [pid: 100177|app: 0|req: 265/513] 10.222.0.13 () {60 vars in 1378 bytes} [Wed Jun 2 18:53:45 2021] GET /placement/allocations/f65749d1-6cf9-4a7e-9faa-53b039539e28 => generated 259 bytes in 31 msecs (HTTP/1.1 200) 8 headers in 296 bytes (1 switches on core 0)
Jun 02 18:53:47.436117 n-d-791505-7 devstack@placement-api.service[100178]: DEBUG placement.requestlog [req-fe4c542f-d5f1-425d-9c79-07197fbc60a5 req-380f3938-e201-4e19-8584-71b6d0e603c1 None None] Starting request: 10.222.0.79 "GET /placement/allocations/61d4f7b7-76e3-4923-a41d-618fa9387a68" {{(pid=100178) __call__ /opt/stack/placement/placement/requestlog.py:55}}
Jun 02 18:53:47.470766 n-d-791505-7 devstack@placement-api.service[100178]: INFO placement.requestlog [req-fe4c542f-d5f1-425d-9c79-07197fbc60a5 req-380f3938-e201-4e19-8584-71b6d0e603c1 service placement] 10.222.0.79 "GET /placement/allocations/61d4f7b7-76e3-4923-a41d-618fa9387a68" status: 200 len: 259 microversion: 1.28
Jun 02 18:53:47.470766 n-d-791505-7 devstack@placement-api.service[100178]: [pid: 100178|app: 0|req: 249/514] 10.222.0.79 () {60 vars in 1378 bytes} [Wed Jun 2 18:53:47 2021] GET /placement/allocations/61d4f7b7-76e3-4923-a41d-618fa9387a68 => generated 259 bytes in 36 msecs (HTTP/1.1 200) 8 headers in 296 bytes (1 switches on core 0)
Jun 02 18:53:47.478429 n-d-791505-7 devstack@placement-api.service[100177]: DEBUG placement.requestlog [req-fe4c542f-d5f1-425d-9c79-07197fbc60a5 req-b6c2d09b-534d-46cb-83c8-16802b54f6e5 None None] Starting request: 10.222.0.79 "PUT /placement/allocations/61d4f7b7-76e3-4923-a41d-618fa9387a68" {{(pid=100177) __call__ /opt/stack/placement/placement/requestlog.py:55}}
Jun 02 18:53:47.621625 n-d-791505-7 devstack@placement-api.service[100178]: DEBUG placement.requestlog [req-5bf6c106-2bc8-4b81-84df-1dfed8ed564e req-563e82c2-337d-4348-a96e-f82cfac9bf33 None None] Starting request: 10.222.0.13 "GET /placement/allocations/869b44d0-b705-4f88-9145-4ab2d4b4a691" {{(pid=100178) __call__ /opt/stack/placement/placement/requestlog.py:55}}
Jun 02 18:53:47.650120 n-d-791505-7 devstack@placement-api.service[100177]: DEBUG placement.handlers.allocation [req-fe4c542f-d5f1-425d-9c79-07197fbc60a5 req-b6c2d09b-534d-46cb-83c8-16802b54f6e5 service placement] Successfully wrote allocations [, , ] {{(pid=100177) _create_allocations /opt/stack/placement/placement/handlers/allocation.py:435}}
Jun 02 18:53:47.650725 n-d-791505-7 devstack@placement-api.service[100177]: INFO placement.requestlog [req-fe4c542f-d5f1-425d-9c79-07197fbc60a5 req-b6c2d09b-534d-46cb-83c8-16802b54f6e5 service placement] 10.222.0.79 "PUT /placement/allocations/61d4f7b7-76e3-4923-a41d-618fa9387a68" status: 204 len: 0 microversion: 1.28
Jun 02 18:53:47.651126 n-d-791505-7 devstack@placement-api.service[100177]: [pid: 100177|app: 0|req: 266/515] 10.222.0.79 () {64 vars in 1431 bytes} [Wed Jun 2 18:53:47 2021] PUT /placement/allocations/61d4f7b7-76e3-4923-a41d-618fa9387a68 => generated 0 bytes in 173 msecs (HTTP/1.1 204) 5 headers in 199 bytes (1 switches on core 0)
Jun 02 18:53:47.652561 n-d-791505-7 devstack@placement-api.service[100178]: INFO placement.requestlog [req-5bf6c106-2bc8-4b81-84df-1dfed8ed564e req-563e82c2-337d-4348-a96e-f82cfac9bf33 service placement] 10.222.0.13 "GET /placement/allocations/869b44d0-b705-4f88-9145-4ab2d4b4a691" status: 200 len: 259 microversion: 1.28
Jun 02 18:53:47.652826 n-d-791505-7 devstack@placement-api.service[100178]: [pid: 100178|app: 0|req: 250/516] 10.222.0.13 () {60 vars in 1378 bytes} [Wed Jun 2 18:53:47 2021] GET /placement/allocations/869b44d0-b705-4f88-9145-4ab2d4b4a691 => generated 259 bytes in 32 msecs (HTTP/1.1 200) 8 headers in 296 bytes (2 switches on core 0)
Jun 02 18:53:48.751284 n-d-791505-7 devstack@placement-api.service[100177]: DEBUG placement.requestlog [None req-dd65ed26-2563-4c0f-af3a-7e1dbdd97a15 None None] Starting request: 10.222.0.46 "GET /placement/" {{(pid=100177) __call__ /opt/stack/placement/placement/requestlog.py:55}}
Jun 02 18:53:48.754897 n-d-791505-7 devstack@placement-api.service[100177]: INFO placement.requestlog [None req-dd65ed26-2563-4c0f-af3a-7e1dbdd97a15 None None] 10.222.0.46 "GET /placement/" status: 200 len: 136 microversion: 1.0
Jun 02 18:53:48.755539 n-d-791505-7 devstack@placement-api.service[100177]: [pid: 100177|app: 0|req: 267/517] 10.222.0.46 () {54 vars in 906 bytes} [Wed Jun 2 18:53:48 2021] GET /placement => generated 136 bytes in 5 msecs (HTTP/1.1 200) 6 headers in 224 bytes (1 switches on core 0)
Jun 02 18:53:48.770681 n-d-791505-7 devstack@placement-api.service[100178]: DEBUG placement.requestlog [req-af5f546e-1f67-42f7-a034-cc5b2ad6eafc req-508375e4-eeb1-4daa-9949-0716c121a37b None None] Starting request: 10.222.0.46 "GET /placement/allocations/dd0f7831-4ca3-4c72-a43e-8c08b223a482" {{(pid=100178) __call__ /opt/stack/placement/placement/requestlog.py:55}}
Jun 02 18:53:48.846085 n-d-791505-7 devstack@placement-api.service[100178]: INFO placement.requestlog [req-af5f546e-1f67-42f7-a034-cc5b2ad6eafc req-508375e4-eeb1-4daa-9949-0716c121a37b service placement] 10.222.0.46 "GET /placement/allocations/dd0f7831-4ca3-4c72-a43e-8c08b223a482" status: 200 len: 19 microversion: 1.28
Jun 02 18:53:48.846085 n-d-791505-7 devstack@placement-api.service[100178]: [pid: 100178|app: 0|req: 251/518] 10.222.0.46 () {60 vars in 1371 bytes} [Wed Jun 2 18:53:48 2021] GET /placement/allocations/dd0f7831-4ca3-4c72-a43e-8c08b223a482 => generated 19 bytes in 76 msecs (HTTP/1.1 200) 8 headers in 295 bytes (1 switches on core 0)
Jun 02 18:53:50.256972 n-d-791505-7 devstack@placement-api.service[100177]: DEBUG placement.requestlog [req-9bdb77bc-a02e-4f62-a555-e0ae08f58c81 req-89b310e2-88e4-4910-be50-577802995862 None None] Starting request: 10.222.0.13 "GET /placement/allocations/72542122-134a-4d09-bdf7-541ee3ee0840" {{(pid=100177) __call__ /opt/stack/placement/placement/requestlog.py:55}}
Jun 02 18:53:50.278093 n-d-791505-7 devstack@placement-api.service[100177]: INFO placement.requestlog [req-9bdb77bc-a02e-4f62-a555-e0ae08f58c81 req-89b310e2-88e4-4910-be50-577802995862 service placement] 10.222.0.13 "GET /placement/allocations/72542122-134a-4d09-bdf7-541ee3ee0840" status: 200 len: 259 microversion: 1.28
Jun 02 18:53:50.278710 n-d-791505-7 devstack@placement-api.service[100177]: [pid: 100177|app: 0|req: 268/519] 10.222.0.13 () {60 vars in 1378 bytes} [Wed Jun 2 18:53:50 2021] GET /placement/allocations/72542122-134a-4d09-bdf7-541ee3ee0840 => generated 259 bytes in 22 msecs (HTTP/1.1 200) 8 headers in 296 bytes (1 switches on core 0)
Jun 02 18:53:50.286691 n-d-791505-7 devstack@placement-api.service[100178]: DEBUG placement.requestlog [req-9bdb77bc-a02e-4f62-a555-e0ae08f58c81 req-977ef541-04a1-4aea-81fc-c37b2e8ef83a None None] Starting request: 10.222.0.13 "PUT /placement/allocations/72542122-134a-4d09-bdf7-541ee3ee0840" {{(pid=100178) __call__ /opt/stack/placement/placement/requestlog.py:55}}
Jun 02 18:53:50.447304 n-d-791505-7 devstack@placement-api.service[100178]: DEBUG placement.handlers.allocation [req-9bdb77bc-a02e-4f62-a555-e0ae08f58c81 req-977ef541-04a1-4aea-81fc-c37b2e8ef83a service placement] Successfully wrote allocations [, , ] {{(pid=100178) _create_allocations /opt/stack/placement/placement/handlers/allocation.py:435}}
Jun 02 18:53:50.448081 n-d-791505-7 devstack@placement-api.service[100178]: INFO placement.requestlog [req-9bdb77bc-a02e-4f62-a555-e0ae08f58c81 req-977ef541-04a1-4aea-81fc-c37b2e8ef83a service placement] 10.222.0.13 "PUT /placement/allocations/72542122-134a-4d09-bdf7-541ee3ee0840" status: 204 len: 0 microversion: 1.28
Jun 02 18:53:50.448811 n-d-791505-7 devstack@placement-api.service[100178]: [pid: 100178|app: 0|req: 252/520] 10.222.0.13 () {64 vars in 1431 bytes} [Wed Jun 2 18:53:50 2021] PUT /placement/allocations/72542122-134a-4d09-bdf7-541ee3ee0840 => generated 0 bytes in 162 msecs (HTTP/1.1 204) 5 headers in 199 bytes (2 switches on core 0)
Jun 02 18:53:52.807555 n-d-791505-7 devstack@placement-api.service[100177]: DEBUG placement.requestlog [req-c8d64249-3f18-4124-9d9a-bc876ad1a33a req-4ad1ca79-f8d0-449c-ac59-239947224b6f None None] Starting request: 10.222.0.46 "GET /placement/allocation_candidates?limit=1000&resources=DISK_GB%3A1%2CMEMORY_MB%3A1024%2CVCPU%3A1&root_required=%21COMPUTE_STATUS_DISABLED" {{(pid=100177) __call__ /opt/stack/placement/placement/requestlog.py:55}}
Jun 02 18:53:52.905047 n-d-791505-7 devstack@placement-api.service[100177]: DEBUG placement.objects.research_context [req-c8d64249-3f18-4124-9d9a-bc876ad1a33a req-4ad1ca79-f8d0-449c-ac59-239947224b6f service placement] getting providers with 1 DISK_GB {{(pid=100177) __init__ /opt/stack/placement/placement/objects/research_context.py:126}}
Jun 02 18:53:52.923009 n-d-791505-7 devstack@placement-api.service[100177]: DEBUG placement.objects.research_context [req-c8d64249-3f18-4124-9d9a-bc876ad1a33a req-4ad1ca79-f8d0-449c-ac59-239947224b6f service placement] getting providers with 1024 MEMORY_MB {{(pid=100177) __init__ /opt/stack/placement/placement/objects/research_context.py:126}}
Jun 02 18:53:52.931097 n-d-791505-7 devstack@placement-api.service[100177]: DEBUG placement.objects.research_context [req-c8d64249-3f18-4124-9d9a-bc876ad1a33a req-4ad1ca79-f8d0-449c-ac59-239947224b6f service placement] getting providers with 1 VCPU {{(pid=100177) __init__ /opt/stack/placement/placement/objects/research_context.py:126}}
Jun 02 18:53:52.944752 n-d-791505-7 devstack@placement-api.service[100177]: DEBUG placement.objects.research_context [req-c8d64249-3f18-4124-9d9a-bc876ad1a33a req-4ad1ca79-f8d0-449c-ac59-239947224b6f service placement] found 2 providers with available 1 DISK_GB {{(pid=100177) get_provider_ids_matching /opt/stack/placement/placement/objects/research_context.py:549}}
Jun 02 18:53:52.945035 n-d-791505-7 devstack@placement-api.service[100177]: DEBUG placement.objects.research_context [req-c8d64249-3f18-4124-9d9a-bc876ad1a33a req-4ad1ca79-f8d0-449c-ac59-239947224b6f service placement] found 2 providers with available 1024 MEMORY_MB {{(pid=100177) get_provider_ids_matching /opt/stack/placement/placement/objects/research_context.py:549}}
Jun 02 18:53:52.945309 n-d-791505-7 devstack@placement-api.service[100177]: DEBUG placement.objects.research_context [req-c8d64249-3f18-4124-9d9a-bc876ad1a33a req-4ad1ca79-f8d0-449c-ac59-239947224b6f service placement] found 2 providers after filtering by previous result {{(pid=100177) get_provider_ids_matching /opt/stack/placement/placement/objects/research_context.py:580}}
Jun 02 18:53:52.946939 n-d-791505-7 devstack@placement-api.service[100177]: DEBUG placement.objects.research_context [req-c8d64249-3f18-4124-9d9a-bc876ad1a33a req-4ad1ca79-f8d0-449c-ac59-239947224b6f service placement] found 2 providers with available 1 VCPU {{(pid=100177) get_provider_ids_matching /opt/stack/placement/placement/objects/research_context.py:549}}
Jun 02 18:53:52.947400 n-d-791505-7 devstack@placement-api.service[100177]: DEBUG placement.objects.research_context [req-c8d64249-3f18-4124-9d9a-bc876ad1a33a req-4ad1ca79-f8d0-449c-ac59-239947224b6f service placement] found 2 providers after filtering by previous result {{(pid=100177) get_provider_ids_matching /opt/stack/placement/placement/objects/research_context.py:580}}
Jun 02 18:53:52.984695 n-d-791505-7 devstack@placement-api.service[100177]: DEBUG placement.objects.allocation_candidate [req-c8d64249-3f18-4124-9d9a-bc876ad1a33a req-4ad1ca79-f8d0-449c-ac59-239947224b6f service placement] RequestGroup(use_same_provider=False, resources={DISK_GB:1, MEMORY_MB:1024, VCPU:1}, traits=[], aggregates=[]) (suffix '') returned 2 matches {{(pid=100177) _get_by_requests /opt/stack/placement/placement/objects/allocation_candidate.py:145}}
Jun 02 18:53:52.989028 n-d-791505-7 devstack@placement-api.service[100177]: DEBUG placement.objects.allocation_candidate [req-c8d64249-3f18-4124-9d9a-bc876ad1a33a req-4ad1ca79-f8d0-449c-ac59-239947224b6f service placement] Merging candidates yields 2 allocation requests and 2 provider summaries {{(pid=100177) _merge_candidates /opt/stack/placement/placement/objects/allocation_candidate.py:783}}
Jun 02 18:53:52.989484 n-d-791505-7 devstack@placement-api.service[100177]: INFO placement.requestlog [req-c8d64249-3f18-4124-9d9a-bc876ad1a33a req-4ad1ca79-f8d0-449c-ac59-239947224b6f service placement] 10.222.0.46 "GET /placement/allocation_candidates?limit=1000&resources=DISK_GB%3A1%2CMEMORY_MB%3A1024%2CVCPU%3A1&root_required=%21COMPUTE_STATUS_DISABLED" status: 200 len: 1309 microversion: 1.35
Jun 02 18:53:52.991655 n-d-791505-7 devstack@placement-api.service[100177]: [pid: 100177|app: 0|req: 269/521] 10.222.0.46 () {60 vars in 1506 bytes} [Wed Jun 2 18:53:52 2021] GET /placement/allocation_candidates?limit=1000&resources=DISK_GB%3A1%2CMEMORY_MB%3A1024%2CVCPU%3A1&root_required=%21COMPUTE_STATUS_DISABLED => generated 1309 bytes in 184 msecs (HTTP/1.1 200) 8 headers in 297 bytes (1 switches on core 0)
Jun 02 18:53:53.131059 n-d-791505-7 devstack@placement-api.service[100178]: DEBUG placement.requestlog [req-c8d64249-3f18-4124-9d9a-bc876ad1a33a req-c05603b2-f6dc-4e9b-8007-8f330127431b None None] Starting request: 10.222.0.46 "GET /placement/allocations/c05d7464-0e60-4292-8992-9ef053105400" {{(pid=100178) __call__ /opt/stack/placement/placement/requestlog.py:55}}
Jun 02 18:53:53.155582 n-d-791505-7 devstack@placement-api.service[100178]: INFO placement.requestlog [req-c8d64249-3f18-4124-9d9a-bc876ad1a33a req-c05603b2-f6dc-4e9b-8007-8f330127431b service placement] 10.222.0.46 "GET /placement/allocations/c05d7464-0e60-4292-8992-9ef053105400" status: 200 len: 19 microversion: 1.28
