Aug 28 12:37:50.586937 n-d-791505-21 neutron-server[94878]: DEBUG neutron.plugins.ml2.db [req-b7fe74d1-6a38-414f-8675-2c769ffd8a39 req-653ce784-5422-4c3a-8ef7-ad8571a633f8 service neutron] For port a0756b1b-4bbd-4eda-9bd0-bb83481a16e5, host n-h1-791505-21, set binding levels [PortBindingLevel(driver='hyperv',host='n-h1-791505-21',level=0,port_id=a0756b1b-4bbd-4eda-9bd0-bb83481a16e5,segment=NetworkSegment(45631a01-ddba-4845-b00e-49ccb138b1ff),segment_id=45631a01-ddba-4845-b00e-49ccb138b1ff)] {{(pid=94878) set_binding_levels /opt/stack/neutron/neutron/plugins/ml2/db.py:59}}
Aug 28 12:37:50.592557 n-d-791505-21 neutron-server[94878]: DEBUG neutron_lib.callbacks.manager [req-b7fe74d1-6a38-414f-8675-2c769ffd8a39 req-653ce784-5422-4c3a-8ef7-ad8571a633f8 service neutron] Notify callbacks ['neutron.plugins.ml2.plugin.SecurityGroupServerNotifierRpcMixin._notify_sg_on_port_change-937009', 'neutron.plugins.ml2.ovo_rpc._ObjectChangeHandler.handle_event-508184', 'neutron.api.rpc.agentnotifiers.dhcp_rpc_agent_api.DhcpAgentNotifyAPI._native_event_send_dhcp_notification-3734666', 'neutron.db.l3_db.L3RpcNotifierMixin._notify_gateway_port_ip_changed-8760091561939', 'neutron.db.l3_dvrscheduler_db._notify_l3_agent_port_update-8760090998330', 'neutron.db.l3_hascheduler_db._notify_l3_agent_ha_port_update-8760090998348'] for port, after_update {{(pid=94878) _notify_loop /usr/local/lib/python3.8/dist-packages/neutron_lib/callbacks/manager.py:192}}
Aug 28 12:37:50.685308 n-d-791505-21 neutron-server[94880]: DEBUG neutron.db.l3_dvr_db [None req-ae1b2932-fd82-4fee-b44e-7adeb8843ae0 None None] Set router ab9507af-2c43-48d1-9a9f-8d21b4f6ca82 gateway port host: n-d-791505-21 {{(pid=94880) _build_routers_list /opt/stack/neutron/neutron/db/l3_dvr_db.py:906}}
Aug 28 12:37:50.691476 n-d-791505-21 neutron-server[94877]: DEBUG neutron.plugins.ml2.plugin [req-a3f79149-340c-46ca-b089-537404493999 req-19a9322c-9c2f-4c4f-950d-92e2e3e8222e tempest-DeleteServersAdminTestJSON-1092873841 tempest-DeleteServersAdminTestJSON-1092873841-project] Deleting port b0f40b95-0422-4998-bda7-1644d1a53d37 {{(pid=94877) _pre_delete_port /opt/stack/neutron/neutron/plugins/ml2/plugin.py:1917}}
Aug 28 12:37:50.691890 n-d-791505-21 neutron-server[94877]: DEBUG neutron_lib.callbacks.manager [req-a3f79149-340c-46ca-b089-537404493999 req-19a9322c-9c2f-4c4f-950d-92e2e3e8222e tempest-DeleteServersAdminTestJSON-1092873841 tempest-DeleteServersAdminTestJSON-1092873841-project] Notify callbacks ['neutron.db.l3_db.L3_NAT_dbonly_mixin._prevent_l3_port_delete_callback-8760091560726'] for port, before_delete {{(pid=94877) _notify_loop /usr/local/lib/python3.8/dist-packages/neutron_lib/callbacks/manager.py:192}}
Aug 28 12:37:50.711551 n-d-791505-21 neutron-server[94878]: DEBUG neutron.api.v2.base [req-2c68577c-39ca-45f5-ab7d-ee006be15dea req-941e0c61-ff0e-4cd1-bded-79725a075d52 tempest-SecurityGroupsTestAdminJSON-518910177 tempest-SecurityGroupsTestAdminJSON-518910177-project-admin] Request body: {'security_group': {'name': 'tempest-securitygroup-1283442560', 'description': 'tempest-description-1910336781'}} {{(pid=94878) prepare_request_body /opt/stack/neutron/neutron/api/v2/base.py:730}}
Aug 28 12:37:50.756091 n-d-791505-21 neutron-server[94878]: DEBUG neutron.pecan_wsgi.hooks.policy_enforcement [req-b7fe74d1-6a38-414f-8675-2c769ffd8a39 req-653ce784-5422-4c3a-8ef7-ad8571a633f8 service neutron] Attributes excluded by policy engine: ['standard_attr_id'] {{(pid=94878) _exclude_attributes_by_policy /opt/stack/neutron/neutron/pecan_wsgi/hooks/policy_enforcement.py:255}}
Aug 28 12:37:50.756915 n-d-791505-21 neutron-server[94878]: DEBUG neutron_lib.callbacks.manager [req-b7fe74d1-6a38-414f-8675-2c769ffd8a39 req-653ce784-5422-4c3a-8ef7-ad8571a633f8 service neutron] Notify callbacks ['neutron.notifiers.nova.Notifier._send_nova_notification-65863'] for port, before_response {{(pid=94878) _notify_loop /usr/local/lib/python3.8/dist-packages/neutron_lib/callbacks/manager.py:192}}
Aug 28 12:37:50.759323 n-d-791505-21 neutron-server[94878]: INFO neutron.wsgi [req-b7fe74d1-6a38-414f-8675-2c769ffd8a39 req-653ce784-5422-4c3a-8ef7-ad8571a633f8 service neutron] 10.222.0.11 "PUT /v2.0/ports/a0756b1b-4bbd-4eda-9bd0-bb83481a16e5 HTTP/1.1" status: 200 len: 1093 time: 1.1255982
Aug 28 12:37:50.778949 n-d-791505-21 neutron-server[94878]: DEBUG neutron.notifiers.nova [-] Sending events: [{'name': 'network-changed', 'server_uuid': '93577238-0224-48f5-8e8c-4a60995f8c94', 'tag': 'a0756b1b-4bbd-4eda-9bd0-bb83481a16e5'}] {{(pid=94878) send_events /opt/stack/neutron/neutron/notifiers/nova.py:262}}
Aug 28 12:37:50.787312 n-d-791505-21 neutron-server[94878]: DEBUG novaclient.v2.client [-] REQ: curl -g -i --cacert "/opt/stack/data/ca-bundle.pem" -X POST http://10.222.0.20/compute/v2.1/os-server-external-events -H "Accept: application/json" -H "Content-Type: application/json" -H "User-Agent: python-novaclient" -H "X-Auth-Token: {SHA256}929f8c9b2ef147fb83f59cb889a89c8e882b5456c6a41d6421a674681928c9ef" -H "X-OpenStack-Nova-API-Version: 2.1" -H "X-OpenStack-Request-ID: req-e8cf7568-4235-4716-844a-7d694b6f0b8a" -d '{"events": [{"name": "network-changed", "server_uuid": "93577238-0224-48f5-8e8c-4a60995f8c94", "tag": "a0756b1b-4bbd-4eda-9bd0-bb83481a16e5"}]}' {{(pid=94878) _http_log_request /usr/local/lib/python3.8/dist-packages/keystoneauth1/session.py:519}}
Aug 28 12:37:50.864946 n-d-791505-21 neutron-server[94877]: DEBUG neutron.plugins.ml2.db [req-a3f79149-340c-46ca-b089-537404493999 req-19a9322c-9c2f-4c4f-950d-92e2e3e8222e tempest-DeleteServersAdminTestJSON-1092873841 tempest-DeleteServersAdminTestJSON-1092873841-project] For port b0f40b95-0422-4998-bda7-1644d1a53d37, host n-h1-791505-21, got binding levels [PortBindingLevel(driver='hyperv',host='n-h1-791505-21',level=0,port_id=b0f40b95-0422-4998-bda7-1644d1a53d37,segment=NetworkSegment(16d0d3da-d9c9-47bb-9e29-aceba5750ac2),segment_id=16d0d3da-d9c9-47bb-9e29-aceba5750ac2)] {{(pid=94877) get_binding_level_objs /opt/stack/neutron/neutron/plugins/ml2/db.py:74}}
Aug 28 12:37:50.865700 n-d-791505-21 neutron-server[94877]: DEBUG neutron_lib.callbacks.manager [req-a3f79149-340c-46ca-b089-537404493999 req-19a9322c-9c2f-4c4f-950d-92e2e3e8222e tempest-DeleteServersAdminTestJSON-1092873841 tempest-DeleteServersAdminTestJSON-1092873841-project] Notify callbacks ['neutron.services.l3_router.l3_router_plugin.L3_NAT_dbonly_mixin._precommit_delete_port_callback-3743824'] for port, precommit_delete {{(pid=94877) _notify_loop /usr/local/lib/python3.8/dist-packages/neutron_lib/callbacks/manager.py:192}}
Aug 28 12:37:50.887266 n-d-791505-21 neutron-server[94877]: DEBUG neutron.plugins.ml2.plugin [req-a3f79149-340c-46ca-b089-537404493999 req-19a9322c-9c2f-4c4f-950d-92e2e3e8222e tempest-DeleteServersAdminTestJSON-1092873841 tempest-DeleteServersAdminTestJSON-1092873841-project] Calling delete_port for b0f40b95-0422-4998-bda7-1644d1a53d37 owned by compute:nova {{(pid=94877) delete_port /opt/stack/neutron/neutron/plugins/ml2/plugin.py:1995}}
Aug 28 12:37:50.911416 n-d-791505-21 neutron-server[94878]: DEBUG neutron.api.rpc.handlers.resources_rpc [None req-653ce784-5422-4c3a-8ef7-ad8571a633f8 service neutron] Pushing event updated for resources: {'Port': ['ID=a0756b1b-4bbd-4eda-9bd0-bb83481a16e5,revision_number=3']} {{(pid=94878) push /opt/stack/neutron/neutron/api/rpc/handlers/resources_rpc.py:237}}
Aug 28 12:37:50.917723 n-d-791505-21 neutron-server[94878]: DEBUG neutron_lib.callbacks.manager [req-2c68577c-39ca-45f5-ab7d-ee006be15dea req-941e0c61-ff0e-4cd1-bded-79725a075d52 tempest-SecurityGroupsTestAdminJSON-518910177 tempest-SecurityGroupsTestAdminJSON-518910177-project-admin] Notify callbacks [] for security_group, before_create {{(pid=94878) _notify_loop /usr/local/lib/python3.8/dist-packages/neutron_lib/callbacks/manager.py:192}}
Aug 28 12:37:50.927865 n-d-791505-21 neutron-server[94878]: DEBUG neutron.api.rpc.callbacks.version_manager [None req-653ce784-5422-4c3a-8ef7-ad8571a633f8 service neutron] Version for resource type AddressGroup changed None to 1.2 on consumer Open vSwitch agent@n-d-791505-21 {{(pid=94878) _set_version /opt/stack/neutron/neutron/api/rpc/callbacks/version_manager.py:113}}
Aug 28 12:37:50.928213 n-d-791505-21 neutron-server[94878]: DEBUG neutron.api.rpc.callbacks.version_manager [None req-653ce784-5422-4c3a-8ef7-ad8571a633f8 service neutron] Version for resource type ConntrackHelper changed None to 1.0 on consumer Open vSwitch agent@n-d-791505-21 {{(pid=94878) _set_version /opt/stack/neutron/neutron/api/rpc/callbacks/version_manager.py:113}}
Aug 28 12:37:50.928585 n-d-791505-21 neutron-server[94878]: DEBUG neutron.api.rpc.callbacks.version_manager [None req-653ce784-5422-4c3a-8ef7-ad8571a633f8 service neutron] Version for resource type Log changed None to 1.0 on consumer Open vSwitch agent@n-d-791505-21 {{(pid=94878) _set_version /opt/stack/neutron/neutron/api/rpc/callbacks/version_manager.py:113}}
Aug 28 12:37:50.928937 n-d-791505-21 neutron-server[94878]: DEBUG neutron.api.rpc.callbacks.version_manager [None req-653ce784-5422-4c3a-8ef7-ad8571a633f8 service neutron] Version for resource type Network changed None to 1.1 on consumer Open vSwitch agent@n-d-791505-21 {{(pid=94878) _set_version /opt/stack/neutron/neutron/api/rpc/callbacks/version_manager.py:113}}
Aug 28 12:37:50.929270 n-d-791505-21 neutron-server[94878]: DEBUG neutron.api.rpc.callbacks.version_manager [None req-653ce784-5422-4c3a-8ef7-ad8571a633f8 service neutron] Version for resource type Port changed None to 1.7 on consumer Open vSwitch agent@n-d-791505-21 {{(pid=94878) _set_version /opt/stack/neutron/neutron/api/rpc/callbacks/version_manager.py:113}}
Aug 28 12:37:50.929603 n-d-791505-21 neutron-server[94878]: DEBUG neutron.api.rpc.callbacks.version_manager [None req-653ce784-5422-4c3a-8ef7-ad8571a633f8 service neutron] Version for resource type PortForwarding changed None to 1.2 on consumer Open vSwitch agent@n-d-791505-21 {{(pid=94878) _set_version /opt/stack/neutron/neutron/api/rpc/callbacks/version_manager.py:113}}
Aug 28 12:37:50.929921 n-d-791505-21 neutron-server[94878]: DEBUG neutron.api.rpc.callbacks.version_manager [None req-653ce784-5422-4c3a-8ef7-ad8571a633f8 service neutron] Version for resource type QosPolicy changed None to 1.9 on consumer Open vSwitch agent@n-d-791505-21 {{(pid=94878) _set_version /opt/stack/neutron/neutron/api/rpc/callbacks/version_manager.py:113}}
Aug 28 12:37:50.931017 n-d-791505-21 neutron-server[94878]: DEBUG neutron.api.rpc.callbacks.version_manager [None req-653ce784-5422-4c3a-8ef7-ad8571a633f8 service neutron] Version for resource type SecurityGroup changed None to 1.4 on consumer Open vSwitch agent@n-d-791505-21 {{(pid=94878) _set_version /opt/stack/neutron/neutron/api/rpc/callbacks/version_manager.py:113}}
Aug 28 12:37:50.931017 n-d-791505-21 neutron-server[94878]: DEBUG neutron.api.rpc.callbacks.version_manager [None req-653ce784-5422-4c3a-8ef7-ad8571a633f8 service neutron] Version for resource type SecurityGroupRule changed None to 1.2 on consumer Open vSwitch agent@n-d-791505-21 {{(pid=94878) _set_version /opt/stack/neutron/neutron/api/rpc/callbacks/version_manager.py:113}}
Aug 28 12:37:50.931017 n-d-791505-21 neutron-server[94878]: DEBUG neutron.api.rpc.callbacks.version_manager [None req-653ce784-5422-4c3a-8ef7-ad8571a633f8 service neutron] Version for resource type SubPort changed None to 1.0 on consumer Open vSwitch agent@n-d-791505-21 {{(pid=94878) _set_version /opt/stack/neutron/neutron/api/rpc/callbacks/version_manager.py:113}}
Aug 28 12:37:50.931406 n-d-791505-21 neutron-server[94878]: DEBUG neutron.api.rpc.callbacks.version_manager [None req-653ce784-5422-4c3a-8ef7-ad8571a633f8 service neutron] Version for resource type Subnet changed None to 1.1 on consumer Open vSwitch agent@n-d-791505-21 {{(pid=94878) _set_version /opt/stack/neutron/neutron/api/rpc/callbacks/version_manager.py:113}}
Aug 28 12:37:50.931573 n-d-791505-21 neutron-server[94878]: DEBUG neutron.api.rpc.callbacks.version_manager [None req-653ce784-5422-4c3a-8ef7-ad8571a633f8 service neutron] Version for resource type Trunk changed None to 1.1 on consumer Open vSwitch agent@n-d-791505-21 {{(pid=94878) _set_version /opt/stack/neutron/neutron/api/rpc/callbacks/version_manager.py:113}}
Aug 28 12:37:50.945300 n-d-791505-21 neutron-server[94878]: DEBUG neutron_lib.callbacks.manager [req-2c68577c-39ca-45f5-ab7d-ee006be15dea req-941e0c61-ff0e-4cd1-bded-79725a075d52 tempest-SecurityGroupsTestAdminJSON-518910177 tempest-SecurityGroupsTestAdminJSON-518910177-project-admin] Notify callbacks [] for security_group, before_create {{(pid=94878) _notify_loop /usr/local/lib/python3.8/dist-packages/neutron_lib/callbacks/manager.py:192}}
Aug 28 12:37:50.960545 n-d-791505-21 neutron-server[94878]: DEBUG neutron.pecan_wsgi.hooks.policy_enforcement [req-b7fe74d1-6a38-414f-8675-2c769ffd8a39 req-a0095e33-f666-46de-bc1f-a125a5d1adb8 service neutron] Attributes excluded by policy engine: ['standard_attr_id'] {{(pid=94878) _exclude_attributes_by_policy /opt/stack/neutron/neutron/pecan_wsgi/hooks/policy_enforcement.py:255}}
Aug 28 12:37:50.962052 n-d-791505-21 neutron-server[94878]: INFO neutron.wsgi [req-b7fe74d1-6a38-414f-8675-2c769ffd8a39 req-a0095e33-f666-46de-bc1f-a125a5d1adb8 service neutron] 10.222.0.11 "GET /v2.0/ports?tenant_id=496525a693484993be30a45f3dec82a7&device_id=93577238-0224-48f5-8e8c-4a60995f8c94 HTTP/1.1" status: 200 len: 1096 time: 0.1458898
Aug 28 12:37:51.073598 n-d-791505-21 neutron-server[94878]: INFO neutron.wsgi [req-b7fe74d1-6a38-414f-8675-2c769ffd8a39 req-a232ffdc-cff6-4980-8599-2242b2e9b37e service neutron] 10.222.0.11 "GET /v2.0/floatingips?fixed_ip_address=172.20.0.12&port_id=a0756b1b-4bbd-4eda-9bd0-bb83481a16e5 HTTP/1.1" status: 200 len: 217 time: 0.0921960
Aug 28 12:37:51.119504 n-d-791505-21 neutron-server[94880]: DEBUG neutron.db.l3_hamode_db [None req-ae1b2932-fd82-4fee-b44e-7adeb8843ae0 None None] neutron.services.l3_router.l3_router_plugin.L3RouterPlugin method _process_sync_ha_data called with arguments (, [{'id': 'ab9507af-2c43-48d1-9a9f-8d21b4f6ca82', 'name': 'tempest-ServersWithSpecificFlavorTestJSON-1957191907-router', 'tenant_id': '83337d60d57f4fdc939f5ecaedf1b2a7', 'admin_state_up': True, 'status': 'ACTIVE', 'external_gateway_info': {'network_id': '928ba25c-1dc8-49dd-a081-eedc1cee77c3', 'external_fixed_ips': [{'subnet_id': '19ea258d-26ce-49a1-a950-e529e87b4468', 'ip_address': '172.25.1.251'}], 'enable_snat': True}, 'gw_port_id': '76adedc2-2c46-4487-b602-e58698a35df8', 'description': '', 'availability_zones': ['nova'], 'distributed': False, 'ha': False, 'ha_vr_id': 0, 'availability_zone_hints': [], 'routes': [], 'flavor_id': None, 'tags': [], 'created_at': '2021-08-28T12:36:51Z', 'updated_at': '2021-08-28T12:36:55Z', 'revision_number': 4, 'project_id': '83337d60d57f4fdc939f5ecaedf1b2a7', 'gw_port': {'id': '76adedc2-2c46-4487-b602-e58698a35df8', 'name': '', 'network_id': '928ba25c-1dc8-49dd-a081-eedc1cee77c3', 'tenant_id': '', 'mac_address': 'fa:16:3e:eb:f1:65', 'admin_state_up': True, 'status': 'ACTIVE', 'device_id': 'ab9507af-2c43-48d1-9a9f-8d21b4f6ca82', 'device_owner': 'network:router_gateway', 'standard_attr_id': 41, 'fixed_ips': [{'subnet_id': '19ea258d-26ce-49a1-a950-e529e87b4468', 'ip_address': '172.25.1.251', 'prefixlen': 24}], 'allowed_address_pairs': [], 'extra_dhcp_opts': [], 'security_groups': [], 'description': '', 'binding:vnic_type': 'normal', 'binding:profile': {}, 'binding:host_id': 'n-d-791505-21', 'binding:vif_type': 'ovs', 'binding:vif_details': {'connectivity': 'l2', 'port_filter': True, 'ovs_hybrid_plug': False, 'datapath_type': 'system', 'bridge_name': 'br-int'}, 'port_security_enabled': False, 'tags': [], 'created_at': '2021-08-28T12:36:52Z', 'updated_at': '2021-08-28T12:36:57Z', 'revision_number': 4, 'project_id': '', 'subnets': [{'id': '19ea258d-26ce-49a1-a950-e529e87b4468', 'cidr': '172.25.1.0/24', 'gateway_ip': '172.25.1.1', 'dns_nameservers': [], 'ipv6_ra_mode': None, 'subnetpool_id': None}], 'extra_subnets': [], 'address_scopes': {4: None, 6: None}, 'mtu': 1500}, 'enable_snat': True, 'gw_port_host': 'n-d-791505-21', '_floatingips': [{'id': '9fff87c2-a957-4f81-af61-59985af863cb', 'tenant_id': '83337d60d57f4fdc939f5ecaedf1b2a7', 'floating_ip_address': '172.25.1.158', 'floating_network_id': '928ba25c-1dc8-49dd-a081-eedc1cee77c3', 'router_id': 'ab9507af-2c43-48d1-9a9f-8d21b4f6ca82', 'port_id': '32379d9f-3b48-4cc7-b49b-682e60444d55', 'fixed_ip_address': '172.20.0.13', 'status': 'DOWN', 'standard_attr_id': 153, 'description': '', 'qos_policy_id': None, 'port_details': {'name': '', 'network_id': 'a03c9b71-7c51-4af0-ad11-1d5b2280ced4', 'mac_address': 'fa:16:3e:b1:60:5c', 'admin_state_up': True, 'status': 'ACTIVE', 'device_id': '74a7b421-b65b-457d-9f75-78d76b179569', 'device_owner': 'compute:nova'}, 'dns_domain': '', 'dns_name': '', 'tags': [], 'created_at': '2021-08-28T12:37:18Z', 'updated_at': '2021-08-28T12:37:48Z', 'revision_number': 1, 'project_id': '83337d60d57f4fdc939f5ecaedf1b2a7', 'fixed_ip_address_scope': None}], '_interfaces': [{'id': '73b91ddc-eb37-4129-8384-6ca9c82d88ad', 'name': '', 'network_id': 'a03c9b71-7c51-4af0-ad11-1d5b2280ced4', 'tenant_id': '83337d60d57f4fdc939f5ecaedf1b2a7', 'mac_address': 'fa:16:3e:71:a0:98', 'admin_state_up': True, 'status': 'ACTIVE', 'device_id': 'ab9507af-2c43-48d1-9a9f-8d21b4f6ca82', 'device_owner': 'network:router_interface', 'standard_attr_id': 42, 'fixed_ips': [{'subnet_id': '2fcfd29c-4f31-4b94-b976-9b055b77b757', 'ip_address': '172.20.0.1', 'prefixlen': 28}], 'allowed_address_pairs': [], 'extra_dhcp_opts': [], 'security_groups': [], 'description': '', 'binding:vnic_type': 'normal', 'binding:profile': {}, 'binding:host_id': 'n-d-791505-21', 'binding:vif_type': 'ovs', 'binding:vif_details': {'connectivity': 'l2', 'port_filter': True, 'ovs_hybrid_plug': False, 'datapath_type': 'system', 'bridge_name': 'br-int'}, 'port_security_enabled': False, 'tags': [], 'created_at': '2021-08-28T12:36:54Z', 'updated_at': '2021-08-28T12:37:04Z', 'revision_number': 5, 'project_id': '83337d60d57f4fdc939f5ecaedf1b2a7', 'subnets': [{'id': '2fcfd29c-4f31-4b94-b976-9b055b77b757', 'cidr': '172.20.0.0/28', 'gateway_ip': '172.20.0.1', 'dns_nameservers': [], 'ipv6_ra_mode': None, 'subnetpool_id': None}], 'extra_subnets': [], 'address_scopes': {4: None, 6: None}, 'mtu': 1500}]}], 'n-d-791505-21', False) {} {{(pid=94880) wrapper /usr/local/lib/python3.8/dist-packages/oslo_log/helpers.py:65}}
Aug 28 12:37:51.149175 n-d-791505-21 neutron-server[94877]: DEBUG neutron_lib.callbacks.manager [req-a3f79149-340c-46ca-b089-537404493999 req-19a9322c-9c2f-4c4f-950d-92e2e3e8222e tempest-DeleteServersAdminTestJSON-1092873841 tempest-DeleteServersAdminTestJSON-1092873841-project] Notify callbacks ['neutron.plugins.ml2.plugin.SecurityGroupServerNotifierRpcMixin._notify_sg_on_port_change-937009', 'neutron.plugins.ml2.ovo_rpc._ObjectChangeHandler.handle_event-508184', 'neutron.api.rpc.agentnotifiers.dhcp_rpc_agent_api.DhcpAgentNotifyAPI._native_event_send_dhcp_notification-3734666', 'neutron.db.l3_db.L3RpcNotifierMixin._notify_routers_callback-8760091561957', 'neutron.db.l3_dvrscheduler_db._notify_port_delete-8760090998321'] for port, after_delete {{(pid=94877) _notify_loop /usr/local/lib/python3.8/dist-packages/neutron_lib/callbacks/manager.py:192}}
Aug 28 12:37:51.153507 n-d-791505-21 neutron-server[94878]: DEBUG neutron.pecan_wsgi.hooks.policy_enforcement [req-b7fe74d1-6a38-414f-8675-2c769ffd8a39 req-3eae8ea3-ba72-4717-811d-d76b596eb051 service neutron] Attributes excluded by policy engine: ['standard_attr_id', 'shared'] {{(pid=94878) _exclude_attributes_by_policy /opt/stack/neutron/neutron/pecan_wsgi/hooks/policy_enforcement.py:255}}
Aug 28 12:37:51.154583 n-d-791505-21 neutron-server[94877]: DEBUG neutron.wsgi [-] (94877) accepted ('10.222.0.11', 53338) {{(pid=94877) server /usr/local/lib/python3.8/dist-packages/eventlet/wsgi.py:982}}
Aug 28 12:37:51.155131 n-d-791505-21 neutron-server[94878]: INFO neutron.wsgi [req-b7fe74d1-6a38-414f-8675-2c769ffd8a39 req-3eae8ea3-ba72-4717-811d-d76b596eb051 service neutron] 10.222.0.11 "GET /v2.0/subnets?id=7e4a0be6-71b9-4bdb-9795-f2ece63793e5 HTTP/1.1" status: 200 len: 845 time: 0.0758822
Aug 28 12:37:51.165777 n-d-791505-21 neutron-server[94879]: DEBUG neutron.plugins.ml2.db [None req-553aa706-fcaa-4d8c-9bee-c9e15b145eae None None] get_ports_and_sgs() called for port_ids ['b0f40b95-0422-4998-bda7-1644d1a53d37'] {{(pid=94879) get_ports_and_sgs /opt/stack/neutron/neutron/plugins/ml2/db.py:156}}
Aug 28 12:37:51.199500 n-d-791505-21 neutron-server[94880]: DEBUG neutron.api.rpc.handlers.l3_rpc [None req-ae1b2932-fd82-4fee-b44e-7adeb8843ae0 None None] The sync data for ids ['ab9507af-2c43-48d1-9a9f-8d21b4f6ca82'] in n-d-791505-21 is: [{'id': 'ab9507af-2c43-48d1-9a9f-8d21b4f6ca82', 'name': 'tempest-ServersWithSpecificFlavorTestJSON-1957191907-router', 'tenant_id': '83337d60d57f4fdc939f5ecaedf1b2a7', 'admin_state_up': True, 'status': 'ACTIVE', 'external_gateway_info': {'network_id': '928ba25c-1dc8-49dd-a081-eedc1cee77c3', 'external_fixed_ips': [{'subnet_id': '19ea258d-26ce-49a1-a950-e529e87b4468', 'ip_address': '172.25.1.251'}], 'enable_snat': True}, 'gw_port_id': '76adedc2-2c46-4487-b602-e58698a35df8', 'description': '', 'availability_zones': ['nova'], 'distributed': False, 'ha': False, 'ha_vr_id': 0, 'availability_zone_hints': [], 'routes': [], 'flavor_id': None, 'tags': [], 'created_at': '2021-08-28T12:36:51Z', 'updated_at': '2021-08-28T12:36:55Z', 'revision_number': 4, 'project_id': '83337d60d57f4fdc939f5ecaedf1b2a7', 'gw_port': {'id': '76adedc2-2c46-4487-b602-e58698a35df8', 'name': '', 'network_id': '928ba25c-1dc8-49dd-a081-eedc1cee77c3', 'tenant_id': '', 'mac_address': 'fa:16:3e:eb:f1:65', 'admin_state_up': True, 'status': 'ACTIVE', 'device_id': 'ab9507af-2c43-48d1-9a9f-8d21b4f6ca82', 'device_owner': 'network:router_gateway', 'standard_attr_id': 41, 'fixed_ips': [{'subnet_id': '19ea258d-26ce-49a1-a950-e529e87b4468', 'ip_address': '172.25.1.251', 'prefixlen': 24}], 'allowed_address_pairs': [], 'extra_dhcp_opts': [], 'security_groups': [], 'description': '', 'binding:vnic_type': 'normal', 'binding:profile': {}, 'binding:host_id': 'n-d-791505-21', 'binding:vif_type': 'ovs', 'binding:vif_details': {'connectivity': 'l2', 'port_filter': True, 'ovs_hybrid_plug': False, 'datapath_type': 'system', 'bridge_name': 'br-int'}, 'port_security_enabled': False, 'tags': [], 'created_at': '2021-08-28T12:36:52Z', 'updated_at': '2021-08-28T12:36:57Z', 'revision_number': 4, 'project_id': '', 'subnets': [{'id': '19ea258d-26ce-49a1-a950-e529e87b4468', 'cidr': '172.25.1.0/24', 'gateway_ip': '172.25.1.1', 'dns_nameservers': [], 'ipv6_ra_mode': None, 'subnetpool_id': None}], 'extra_subnets': [], 'address_scopes': {4: None, 6: None}, 'mtu': 1500}, 'enable_snat': True, 'gw_port_host': 'n-d-791505-21', '_floatingips': [{'id': '9fff87c2-a957-4f81-af61-59985af863cb', 'tenant_id': '83337d60d57f4fdc939f5ecaedf1b2a7', 'floating_ip_address': '172.25.1.158', 'floating_network_id': '928ba25c-1dc8-49dd-a081-eedc1cee77c3', 'router_id': 'ab9507af-2c43-48d1-9a9f-8d21b4f6ca82', 'port_id': '32379d9f-3b48-4cc7-b49b-682e60444d55', 'fixed_ip_address': '172.20.0.13', 'status': 'DOWN', 'standard_attr_id': 153, 'description': '', 'qos_policy_id': None, 'port_details': {'name': '', 'network_id': 'a03c9b71-7c51-4af0-ad11-1d5b2280ced4', 'mac_address': 'fa:16:3e:b1:60:5c', 'admin_state_up': True, 'status': 'ACTIVE', 'device_id': '74a7b421-b65b-457d-9f75-78d76b179569', 'device_owner': 'compute:nova'}, 'dns_domain': '', 'dns_name': '', 'tags': [], 'created_at': '2021-08-28T12:37:18Z', 'updated_at': '2021-08-28T12:37:48Z', 'revision_number': 1, 'project_id': '83337d60d57f4fdc939f5ecaedf1b2a7', 'fixed_ip_address_scope': None}], '_interfaces': [{'id': '73b91ddc-eb37-4129-8384-6ca9c82d88ad', 'name': '', 'network_id': 'a03c9b71-7c51-4af0-ad11-1d5b2280ced4', 'tenant_id': '83337d60d57f4fdc939f5ecaedf1b2a7', 'mac_address': 'fa:16:3e:71:a0:98', 'admin_state_up': True, 'status': 'ACTIVE', 'device_id': 'ab9507af-2c43-48d1-9a9f-8d21b4f6ca82', 'device_owner': 'network:router_interface', 'standard_attr_id': 42, 'fixed_ips': [{'subnet_id': '2fcfd29c-4f31-4b94-b976-9b055b77b757', 'ip_address': '172.20.0.1', 'prefixlen': 28}], 'allowed_address_pairs': [], 'extra_dhcp_opts': [], 'security_groups': [], 'description': '', 'binding:vnic_type': 'normal', 'binding:profile': {}, 'binding:host_id': 'n-d-791505-21', 'binding:vif_type': 'ovs', 'binding:vif_details': {'connectivity': 'l2', 'port_filter': True, 'ovs_hybrid_plug': False, 'datapath_type': 'system', 'bridge_name': 'br-int'}, 'port_security_enabled': False, 'tags': [], 'created_at': '2021-08-28T12:36:54Z', 'updated_at': '2021-08-28T12:37:04Z', 'revision_number': 5, 'project_id': '83337d60d57f4fdc939f5ecaedf1b2a7', 'subnets': [{'id': '2fcfd29c-4f31-4b94-b976-9b055b77b757', 'cidr': '172.20.0.0/28', 'gateway_ip': '172.20.0.1', 'dns_nameservers': [], 'ipv6_ra_mode': None, 'subnetpool_id': None}], 'extra_subnets': [], 'address_scopes': {4: None, 6: None}, 'mtu': 1500}]}] {{(pid=94880) sync_routers /opt/stack/neutron/neutron/api/rpc/handlers/l3_rpc.py:137}}
Aug 28 12:37:51.237109 n-d-791505-21 neutron-server[94878]: INFO neutron.wsgi [req-b7fe74d1-6a38-414f-8675-2c769ffd8a39 req-26cef8e0-34a7-44c0-b901-68a36f546eda service neutron] 10.222.0.11 "GET /v2.0/ports?network_id=19af1b57-4b24-4ce0-b71d-3dff69a93547&device_owner=network%3Adhcp HTTP/1.1" status: 200 len: 210 time: 0.0590999
Aug 28 12:37:51.334090 n-d-791505-21 neutron-server[94877]: DEBUG neutron.api.rpc.handlers.resources_rpc [None req-19a9322c-9c2f-4c4f-950d-92e2e3e8222e tempest-DeleteServersAdminTestJSON-1092873841 tempest-DeleteServersAdminTestJSON-1092873841-project] Pushing event deleted for resources: {'Port': ['ID=b0f40b95-0422-4998-bda7-1644d1a53d37,revision_number=None']} {{(pid=94877) push /opt/stack/neutron/neutron/api/rpc/handlers/resources_rpc.py:237}}
Aug 28 12:37:51.347489 n-d-791505-21 neutron-server[94877]: INFO neutron.wsgi [req-1ea3e146-e9d5-470c-990f-03ae549f6343 req-62fe1e77-1394-40f4-acf3-7573ea78dd75 tempest-LiveMigrationNegativeTest-1606160846 tempest-LiveMigrationNegativeTest-1606160846-project] 10.222.0.11 "GET /v2.0/networks?tenant_id=de901b464d624b77a5cb3d2eca91937d&shared=False HTTP/1.1" status: 200 len: 213 time: 0.1883421
Aug 28 12:37:51.360421 n-d-791505-21 neutron-server[94878]: DEBUG neutron_lib.callbacks.manager [req-2c68577c-39ca-45f5-ab7d-ee006be15dea req-941e0c61-ff0e-4cd1-bded-79725a075d52 tempest-SecurityGroupsTestAdminJSON-518910177 tempest-SecurityGroupsTestAdminJSON-518910177-project-admin] Notify callbacks [] for security_group, precommit_create {{(pid=94878) _notify_loop /usr/local/lib/python3.8/dist-packages/neutron_lib/callbacks/manager.py:192}}
Aug 28 12:37:51.377501 n-d-791505-21 neutron-server[94878]: DEBUG neutron_lib.callbacks.manager [req-2c68577c-39ca-45f5-ab7d-ee006be15dea req-941e0c61-ff0e-4cd1-bded-79725a075d52 tempest-SecurityGroupsTestAdminJSON-518910177 tempest-SecurityGroupsTestAdminJSON-518910177-project-admin] Notify callbacks ['neutron.plugins.ml2.ovo_rpc._ObjectChangeHandler.handle_event-3799254'] for security_group, after_create {{(pid=94878) _notify_loop /usr/local/lib/python3.8/dist-packages/neutron_lib/callbacks/manager.py:192}}
Aug 28 12:37:51.433853 n-d-791505-21 neutron-server[94877]: DEBUG neutron.db.l3_dvrscheduler_db [req-a3f79149-340c-46ca-b089-537404493999 req-19a9322c-9c2f-4c4f-950d-92e2e3e8222e tempest-DeleteServersAdminTestJSON-1092873841 tempest-DeleteServersAdminTestJSON-1092873841-project] No DVR routers for this DVR port b0f40b95-0422-4998-bda7-1644d1a53d37 on host n-h1-791505-21 {{(pid=94877) get_dvr_routers_to_remove /opt/stack/neutron/neutron/db/l3_dvrscheduler_db.py:214}}
Aug 28 12:37:51.446453 n-d-791505-21 neutron-server[94877]: INFO neutron.wsgi [req-fadf8825-c028-4ed2-865a-769dfe25ef59 req-3e612d4d-df1f-44df-aa6f-958d934b0826 tempest-LiveMigrationNegativeTest-1606160846 tempest-LiveMigrationNegativeTest-1606160846-project] 10.222.0.20 "GET /v2.0/ports?device_id=5e89ba65-e269-4b61-a415-763f69000296 HTTP/1.1" status: 200 len: 210 time: 0.1078768
Aug 28 12:37:51.447689 n-d-791505-21 neutron-server[94877]: DEBUG neutron_lib.callbacks.manager [req-a3f79149-340c-46ca-b089-537404493999 req-19a9322c-9c2f-4c4f-950d-92e2e3e8222e tempest-DeleteServersAdminTestJSON-1092873841 tempest-DeleteServersAdminTestJSON-1092873841-project] Notify callbacks ['neutron.notifiers.nova.Notifier._send_nova_notification-65863'] for port, before_response {{(pid=94877) _notify_loop /usr/local/lib/python3.8/dist-packages/neutron_lib/callbacks/manager.py:192}}
Aug 28 12:37:51.449820 n-d-791505-21 neutron-server[94877]: INFO neutron.wsgi [req-a3f79149-340c-46ca-b089-537404493999 req-19a9322c-9c2f-4c4f-950d-92e2e3e8222e tempest-DeleteServersAdminTestJSON-1092873841 tempest-DeleteServersAdminTestJSON-1092873841-project] 10.222.0.11 "DELETE /v2.0/ports/b0f40b95-0422-4998-bda7-1644d1a53d37 HTTP/1.1" status: 204 len: 173 time: 0.9159703
Aug 28 12:37:51.638735 n-d-791505-21 neutron-server[94878]: DEBUG neutron.api.rpc.handlers.resources_rpc [None req-941e0c61-ff0e-4cd1-bded-79725a075d52 tempest-SecurityGroupsTestAdminJSON-518910177 tempest-SecurityGroupsTestAdminJSON-518910177-project-admin] Pushing event updated for resources: {'SecurityGroup': ['ID=88821fac-05e5-43bd-9ea8-a37603573184,revision_number=1']} {{(pid=94878) push /opt/stack/neutron/neutron/api/rpc/handlers/resources_rpc.py:237}}
Aug 28 12:37:51.705800 n-d-791505-21 neutron-server[94877]: DEBUG neutron.pecan_wsgi.hooks.policy_enforcement [req-1ea3e146-e9d5-470c-990f-03ae549f6343 req-931dae9a-7be3-491f-b28f-ca7565873a09 tempest-LiveMigrationNegativeTest-1606160846 tempest-LiveMigrationNegativeTest-1606160846-project] Attributes excluded by policy engine: ['standard_attr_id', 'vlan_transparent', 'provider:network_type', 'provider:physical_network', 'provider:segmentation_id'] {{(pid=94877) _exclude_attributes_by_policy /opt/stack/neutron/neutron/pecan_wsgi/hooks/policy_enforcement.py:255}}
Aug 28 12:37:51.707378 n-d-791505-21 neutron-server[94877]: INFO neutron.wsgi [req-1ea3e146-e9d5-470c-990f-03ae549f6343 req-931dae9a-7be3-491f-b28f-ca7565873a09 tempest-LiveMigrationNegativeTest-1606160846 tempest-LiveMigrationNegativeTest-1606160846-project] 10.222.0.11 "GET /v2.0/networks?shared=True HTTP/1.1" status: 200 len: 769 time: 0.3392897
Aug 28 12:37:51.722671 n-d-791505-21 neutron-server[94877]: DEBUG neutron.api.v2.base [req-1ea3e146-e9d5-470c-990f-03ae549f6343 req-82bd1882-01f9-4a65-916a-a7e135e6417e tempest-LiveMigrationNegativeTest-1606160846 tempest-LiveMigrationNegativeTest-1606160846-project] Request body: {'port': {'device_id': '5e89ba65-e269-4b61-a415-763f69000296', 'network_id': '76920957-8ca0-444c-bad4-23fe4163b573', 'admin_state_up': True, 'tenant_id': 'de901b464d624b77a5cb3d2eca91937d'}} {{(pid=94877) prepare_request_body /opt/stack/neutron/neutron/api/v2/base.py:730}}
Aug 28 12:37:51.728631 n-d-791505-21 neutron-server[94878]: INFO neutron.wsgi [req-b7fe74d1-6a38-414f-8675-2c769ffd8a39 req-44d8b753-be0c-43af-89cb-c23d3f47ace8 service neutron] 10.222.0.11 "GET /v2.0/networks/19af1b57-4b24-4ce0-b71d-3dff69a93547?fields=segments HTTP/1.1" status: 200 len: 212 time: 0.4814930
Aug 28 12:37:51.739819 n-d-791505-21 neutron-server[94879]: DEBUG neutron.api.rpc.handlers.l3_rpc [None req-f4d4af38-4a92-4747-ba85-99619f5def1e None None] New status for floating IP 9fff87c2-a957-4f81-af61-59985af863cb: ACTIVE {{(pid=94879) update_floatingip_statuses /opt/stack/neutron/neutron/api/rpc/handlers/l3_rpc.py:270}}
Aug 28 12:37:51.802203 n-d-791505-21 neutron-server[94878]: DEBUG neutron_lib.callbacks.manager [req-2c68577c-39ca-45f5-ab7d-ee006be15dea req-941e0c61-ff0e-4cd1-bded-79725a075d52 tempest-SecurityGroupsTestAdminJSON-518910177 tempest-SecurityGroupsTestAdminJSON-518910177-project-admin] Notify callbacks [] for security_group, precommit_create {{(pid=94878) _notify_loop /usr/local/lib/python3.8/dist-packages/neutron_lib/callbacks/manager.py:192}}
Aug 28 12:37:51.807830 n-d-791505-21 neutron-server[94878]: DEBUG neutron_lib.callbacks.manager [req-2c68577c-39ca-45f5-ab7d-ee006be15dea req-941e0c61-ff0e-4cd1-bded-79725a075d52 tempest-SecurityGroupsTestAdminJSON-518910177 tempest-SecurityGroupsTestAdminJSON-518910177-project-admin] Notify callbacks ['neutron.plugins.ml2.ovo_rpc._ObjectChangeHandler.handle_event-3799254'] for security_group, after_create {{(pid=94878) _notify_loop /usr/local/lib/python3.8/dist-packages/neutron_lib/callbacks/manager.py:192}}
Aug 28 12:37:51.850066 n-d-791505-21 neutron-server[94878]: DEBUG neutron_lib.callbacks.manager [req-2c68577c-39ca-45f5-ab7d-ee006be15dea req-941e0c61-ff0e-4cd1-bded-79725a075d52 tempest-SecurityGroupsTestAdminJSON-518910177 tempest-SecurityGroupsTestAdminJSON-518910177-project-admin] Notify callbacks [] for security_group, before_response {{(pid=94878) _notify_loop /usr/local/lib/python3.8/dist-packages/neutron_lib/callbacks/manager.py:192}}
Aug 28 12:37:51.858997 n-d-791505-21 neutron-server[94878]: INFO neutron.wsgi [req-2c68577c-39ca-45f5-ab7d-ee006be15dea req-941e0c61-ff0e-4cd1-bded-79725a075d52 tempest-SecurityGroupsTestAdminJSON-518910177 tempest-SecurityGroupsTestAdminJSON-518910177-project-admin] 10.222.0.20 "POST /v2.0/security-groups HTTP/1.1" status: 201 len: 1783 time: 1.1885500
Aug 28 12:37:51.894957 n-d-791505-21 neutron-server[94878]: DEBUG neutron.api.rpc.handlers.resources_rpc [None req-941e0c61-ff0e-4cd1-bded-79725a075d52 tempest-SecurityGroupsTestAdminJSON-518910177 tempest-SecurityGroupsTestAdminJSON-518910177-project-admin] Pushing event updated for resources: {'SecurityGroup': ['ID=bddbd1d5-f394-4d2f-92d9-418b9ee84932,revision_number=1']} {{(pid=94878) push /opt/stack/neutron/neutron/api/rpc/handlers/resources_rpc.py:237}}
Aug 28 12:37:51.915067 n-d-791505-21 neutron-server[94878]: INFO neutron.wsgi [req-b7fe74d1-6a38-414f-8675-2c769ffd8a39 req-0e706951-4394-49e1-94f6-691c05e8a650 service neutron] 10.222.0.11 "GET /v2.0/networks/19af1b57-4b24-4ce0-b71d-3dff69a93547?fields=provider%3Aphysical_network&fields=provider%3Anetwork_type HTTP/1.1" status: 200 len: 281 time: 0.1715124
Aug 28 12:37:51.974002 n-d-791505-21 neutron-server[94877]: DEBUG neutron.pecan_wsgi.hooks.quota_enforcement [req-1ea3e146-e9d5-470c-990f-03ae549f6343 req-82bd1882-01f9-4a65-916a-a7e135e6417e tempest-LiveMigrationNegativeTest-1606160846 tempest-LiveMigrationNegativeTest-1606160846-project] Made reservation on behalf of de901b464d624b77a5cb3d2eca91937d for: {'port': 1} {{(pid=94877) before /opt/stack/neutron/neutron/pecan_wsgi/hooks/quota_enforcement.py:53}}
Aug 28 12:37:51.974002 n-d-791505-21 neutron-server[94877]: DEBUG neutron_lib.callbacks.manager [req-1ea3e146-e9d5-470c-990f-03ae549f6343 req-82bd1882-01f9-4a65-916a-a7e135e6417e tempest-LiveMigrationNegativeTest-1606160846 tempest-LiveMigrationNegativeTest-1606160846-project] Notify callbacks ['neutron.plugins.ml2.plugin.SecurityGroupDbMixin._ensure_default_security_group_handler-937078'] for port, before_create {{(pid=94877) _notify_loop /usr/local/lib/python3.8/dist-packages/neutron_lib/callbacks/manager.py:192}}
Aug 28 12:37:52.089726 n-d-791505-21 neutron-server[94877]: DEBUG novaclient.v2.client [-] RESP: [200] Connection: close Content-Length: 179 Content-Type: application/json Date: Sat, 28 Aug 2021 12:37:49 GMT OpenStack-API-Version: compute 2.1 Server: Apache/2.4.41 (Ubuntu) Vary: OpenStack-API-Version,X-OpenStack-Nova-API-Version X-OpenStack-Nova-API-Version: 2.1 x-compute-request-id: req-4d7f385d-defa-4aef-a356-a73b7120cf95 x-openstack-request-id: req-4d7f385d-defa-4aef-a356-a73b7120cf95 {{(pid=94877) _http_log_response /usr/local/lib/python3.8/dist-packages/keystoneauth1/session.py:550}}
Aug 28 12:37:52.090065 n-d-791505-21 neutron-server[94877]: DEBUG novaclient.v2.client [-] RESP BODY: {"events": [{"name": "network-changed", "server_uuid": "74a7b421-b65b-457d-9f75-78d76b179569", "tag": "32379d9f-3b48-4cc7-b49b-682e60444d55", "status": "completed", "code": 200}]} {{(pid=94877) _http_log_response /usr/local/lib/python3.8/dist-packages/keystoneauth1/session.py:582}}
Aug 28 12:37:52.090385 n-d-791505-21 neutron-server[94877]: DEBUG novaclient.v2.client [-] POST call to compute for http://10.222.0.20/compute/v2.1/os-server-external-events used request id req-4d7f385d-defa-4aef-a356-a73b7120cf95 {{(pid=94877) request /usr/local/lib/python3.8/dist-packages/keystoneauth1/session.py:954}}
Aug 28 12:37:52.090714 n-d-791505-21 neutron-server[94877]: INFO neutron.notifiers.nova [-] Nova event response: {'name': 'network-changed', 'server_uuid': '74a7b421-b65b-457d-9f75-78d76b179569', 'tag': '32379d9f-3b48-4cc7-b49b-682e60444d55', 'status': 'completed', 'code': 200}
Aug 28 12:37:52.097731 n-d-791505-21 neutron-server[94878]: DEBUG novaclient.v2.client [-] RESP: [200] Connection: close Content-Length: 179 Content-Type: application/json Date: Sat, 28 Aug 2021 12:37:50 GMT OpenStack-API-Version: compute 2.1 Server: Apache/2.4.41 (Ubuntu) Vary: OpenStack-API-Version,X-OpenStack-Nova-API-Version X-OpenStack-Nova-API-Version: 2.1 x-compute-request-id: req-481e8d2a-e260-4c7f-a63e-32f8b71c161e x-openstack-request-id: req-481e8d2a-e260-4c7f-a63e-32f8b71c161e {{(pid=94878) _http_log_response /usr/local/lib/python3.8/dist-packages/keystoneauth1/session.py:550}}
Aug 28 12:37:52.098015 n-d-791505-21 neutron-server[94878]: DEBUG novaclient.v2.client [-] RESP BODY: {"events": [{"name": "network-changed", "server_uuid": "93577238-0224-48f5-8e8c-4a60995f8c94", "tag": "a0756b1b-4bbd-4eda-9bd0-bb83481a16e5", "status": "completed", "code": 200}]} {{(pid=94878) _http_log_response /usr/local/lib/python3.8/dist-packages/keystoneauth1/session.py:582}}
Aug 28 12:37:52.098267 n-d-791505-21 neutron-server[94878]: DEBUG novaclient.v2.client [-] POST call to compute for http://10.222.0.20/compute/v2.1/os-server-external-events used request id req-481e8d2a-e260-4c7f-a63e-32f8b71c161e {{(pid=94878) request /usr/local/lib/python3.8/dist-packages/keystoneauth1/session.py:954}}
Aug 28 12:37:52.098687 n-d-791505-21 neutron-server[94878]: INFO neutron.notifiers.nova [-] Nova event response: {'name': 'network-changed', 'server_uuid': '93577238-0224-48f5-8e8c-4a60995f8c94', 'tag': 'a0756b1b-4bbd-4eda-9bd0-bb83481a16e5', 'status': 'completed', 'code': 200}
Aug 28 12:37:52.219638 n-d-791505-21 neutron-server[94878]: DEBUG neutron.pecan_wsgi.hooks.policy_enforcement [req-e8cf7568-4235-4716-844a-7d694b6f0b8a req-9454a720-4d71-498d-abfa-d2768a5ca939 service neutron] Attributes excluded by policy engine: ['standard_attr_id'] {{(pid=94878) _exclude_attributes_by_policy /opt/stack/neutron/neutron/pecan_wsgi/hooks/policy_enforcement.py:255}}
Aug 28 12:37:52.221809 n-d-791505-21 neutron-server[94878]: INFO neutron.wsgi [req-e8cf7568-4235-4716-844a-7d694b6f0b8a req-9454a720-4d71-498d-abfa-d2768a5ca939 service neutron] 10.222.0.11 "GET /v2.0/ports?tenant_id=496525a693484993be30a45f3dec82a7&device_id=93577238-0224-48f5-8e8c-4a60995f8c94 HTTP/1.1" status: 200 len: 1096 time: 0.0713227
Aug 28 12:37:52.256631 n-d-791505-21 neutron-server[94877]: DEBUG neutron.pecan_wsgi.hooks.policy_enforcement [req-1386f761-238b-4887-9dea-90f439f6186a req-bc33811f-c9d6-408c-818d-26689637207a service neutron] Attributes excluded by policy engine: ['standard_attr_id'] {{(pid=94877) _exclude_attributes_by_policy /opt/stack/neutron/neutron/pecan_wsgi/hooks/policy_enforcement.py:255}}
Aug 28 12:37:52.258153 n-d-791505-21 neutron-server[94877]: INFO neutron.wsgi [req-1386f761-238b-4887-9dea-90f439f6186a req-bc33811f-c9d6-408c-818d-26689637207a service neutron] 10.222.0.10 "GET /v2.0/ports?tenant_id=83337d60d57f4fdc939f5ecaedf1b2a7&device_id=74a7b421-b65b-457d-9f75-78d76b179569 HTTP/1.1" status: 200 len: 1098 time: 0.1704018
Aug 28 12:37:52.311749 n-d-791505-21 neutron-server[94877]: DEBUG neutron.pecan_wsgi.hooks.policy_enforcement [req-7ad0beb3-a8ef-49f6-befe-2bffba96c017 req-14d88fa1-6f9c-4b87-8983-7aa78ab1628d tempest-ImagesTestJSON-1781126221 tempest-ImagesTestJSON-1781126221-project] Attributes excluded by policy engine: ['standard_attr_id', 'binding:profile', 'binding:host_id', 'binding:vif_type', 'binding:vif_details'] {{(pid=94877) _exclude_attributes_by_policy /opt/stack/neutron/neutron/pecan_wsgi/hooks/policy_enforcement.py:255}}
Aug 28 12:37:52.319715 n-d-791505-21 neutron-server[94877]: INFO neutron.wsgi [req-7ad0beb3-a8ef-49f6-befe-2bffba96c017 req-14d88fa1-6f9c-4b87-8983-7aa78ab1628d tempest-ImagesTestJSON-1781126221 tempest-ImagesTestJSON-1781126221-project] 10.222.0.20 "GET /v2.0/ports?device_id=93577238-0224-48f5-8e8c-4a60995f8c94 HTTP/1.1" status: 200 len: 944 time: 0.1733944
Aug 28 12:37:52.383996 n-d-791505-21 neutron-server[94877]: DEBUG neutron.db.db_base_plugin_common [req-1ea3e146-e9d5-470c-990f-03ae549f6343 req-82bd1882-01f9-4a65-916a-a7e135e6417e tempest-LiveMigrationNegativeTest-1606160846 tempest-LiveMigrationNegativeTest-1606160846-project] Allocated IP 192.168.233.204 (76920957-8ca0-444c-bad4-23fe4163b573/725b4ce1-2e11-4ba0-9825-37d2d89c312f/207354af-923b-44fb-9141-0b65dfa6ecfd) {{(pid=94877) _store_ip_allocation /opt/stack/neutron/neutron/db/db_base_plugin_common.py:131}}
Aug 28 12:37:52.438437 n-d-791505-21 neutron-server[94878]: DEBUG neutron.pecan_wsgi.hooks.policy_enforcement [req-e8cf7568-4235-4716-844a-7d694b6f0b8a req-4d0d6585-8fca-474a-96ba-0f8d60225170 service neutron] Attributes excluded by policy engine: ['standard_attr_id', 'vlan_transparent'] {{(pid=94878) _exclude_attributes_by_policy /opt/stack/neutron/neutron/pecan_wsgi/hooks/policy_enforcement.py:255}}
Aug 28 12:37:52.440349 n-d-791505-21 neutron-server[94878]: INFO neutron.wsgi [req-e8cf7568-4235-4716-844a-7d694b6f0b8a req-4d0d6585-8fca-474a-96ba-0f8d60225170 service neutron] 10.222.0.11 "GET /v2.0/networks?id=19af1b57-4b24-4ce0-b71d-3dff69a93547 HTTP/1.1" status: 200 len: 905 time: 0.1999605
Aug 28 12:37:52.459119 n-d-791505-21 neutron-server[94878]: INFO neutron.wsgi [req-25ea222b-3b0b-49b3-927a-2cb543bf17c6 req-608fd8de-efcd-4531-aa24-ea1688884267 tempest-DeleteServersAdminTestJSON-1092873841 tempest-DeleteServersAdminTestJSON-1092873841-project] 10.222.0.20 "GET /v2.0/ports?device_id=7c884970-3dea-4b13-b72b-34f6c7d7ddfd HTTP/1.1" status: 200 len: 210 time: 0.0422597
Aug 28 12:37:52.497198 n-d-791505-21 neutron-server[94878]: INFO neutron.wsgi [req-e8cf7568-4235-4716-844a-7d694b6f0b8a req-8b99c252-235a-428e-9c0a-23d53f775184 service neutron] 10.222.0.11 "GET /v2.0/floatingips?fixed_ip_address=172.20.0.12&port_id=a0756b1b-4bbd-4eda-9bd0-bb83481a16e5 HTTP/1.1" status: 200 len: 217 time: 0.0408156
Aug 28 12:37:52.498849 n-d-791505-21 neutron-server[94877]: INFO neutron.wsgi [req-7ad0beb3-a8ef-49f6-befe-2bffba96c017 req-344c539f-2ec2-4fcb-9ceb-3e8ad126e2f2 tempest-ImagesTestJSON-1781126221 tempest-ImagesTestJSON-1781126221-project] 10.222.0.20 "GET /v2.0/security-groups?id=13a3e283-ff54-4f18-8ce9-1e9974eb0547&fields=id&fields=name HTTP/1.1" status: 200 len: 286 time: 0.1782990
Aug 28 12:37:52.506246 n-d-791505-21 neutron-server[94878]: DEBUG neutron.api.v2.base [req-7134bc55-c913-469c-944d-5ec34418f040 req-4d3a00b4-83f4-4cc0-9a28-8786345ab4fd tempest-SecurityGroupsTestAdminJSON-518910177 tempest-SecurityGroupsTestAdminJSON-518910177-project-admin] Request body: {'security_group': {'name': 'tempest-securitygroup-1592021790', 'description': 'tempest-description-1271140585'}} {{(pid=94878) prepare_request_body /opt/stack/neutron/neutron/api/v2/base.py:730}}
Aug 28 12:37:52.540821 n-d-791505-21 neutron-server[94877]: DEBUG neutron.pecan_wsgi.hooks.policy_enforcement [req-1386f761-238b-4887-9dea-90f439f6186a req-3d8b02e6-ff35-42c8-ab03-4f79ca6ec69c service neutron] Attributes excluded by policy engine: ['standard_attr_id', 'vlan_transparent'] {{(pid=94877) _exclude_attributes_by_policy /opt/stack/neutron/neutron/pecan_wsgi/hooks/policy_enforcement.py:255}}
Aug 28 12:37:52.542483 n-d-791505-21 neutron-server[94877]: INFO neutron.wsgi [req-1386f761-238b-4887-9dea-90f439f6186a req-3d8b02e6-ff35-42c8-ab03-4f79ca6ec69c service neutron] 10.222.0.10 "GET /v2.0/networks?id=a03c9b71-7c51-4af0-ad11-1d5b2280ced4 HTTP/1.1" status: 200 len: 924 time: 0.2731478
Aug 28 12:37:52.598552 n-d-791505-21 neutron-server[94878]: DEBUG neutron_lib.callbacks.manager [req-7134bc55-c913-469c-944d-5ec34418f040 req-4d3a00b4-83f4-4cc0-9a28-8786345ab4fd tempest-SecurityGroupsTestAdminJSON-518910177 tempest-SecurityGroupsTestAdminJSON-518910177-project-admin] Notify callbacks [] for security_group, before_create {{(pid=94878) _notify_loop /usr/local/lib/python3.8/dist-packages/neutron_lib/callbacks/manager.py:192}}
Aug 28 12:37:52.619291 n-d-791505-21 neutron-server[94878]: DEBUG neutron.pecan_wsgi.hooks.policy_enforcement [req-e8cf7568-4235-4716-844a-7d694b6f0b8a req-f31882c2-c2bf-4e57-86a6-35f8d09b69fc service neutron] Attributes excluded by policy engine: ['standard_attr_id', 'shared'] {{(pid=94878) _exclude_attributes_by_policy /opt/stack/neutron/neutron/pecan_wsgi/hooks/policy_enforcement.py:255}}
Aug 28 12:37:52.621979 n-d-791505-21 neutron-server[94878]: INFO neutron.wsgi [req-e8cf7568-4235-4716-844a-7d694b6f0b8a req-f31882c2-c2bf-4e57-86a6-35f8d09b69fc service neutron] 10.222.0.11 "GET /v2.0/subnets?id=7e4a0be6-71b9-4bdb-9795-f2ece63793e5 HTTP/1.1" status: 200 len: 845 time: 0.1103666
Aug 28 12:37:52.690928 n-d-791505-21 neutron-server[94878]: INFO neutron.wsgi [req-e8cf7568-4235-4716-844a-7d694b6f0b8a req-5bd39577-dac0-4171-b35f-057640c40051 service neutron] 10.222.0.11 "GET /v2.0/ports?network_id=19af1b57-4b24-4ce0-b71d-3dff69a93547&device_owner=network%3Adhcp HTTP/1.1" status: 200 len: 210 time: 0.0606194
Aug 28 12:37:52.710440 n-d-791505-21 neutron-server[94877]: INFO neutron.wsgi [req-1386f761-238b-4887-9dea-90f439f6186a req-462ce91f-f6d9-43a0-941b-c451ff006a49 service neutron] 10.222.0.10 "GET /v2.0/floatingips?fixed_ip_address=172.20.0.13&port_id=32379d9f-3b48-4cc7-b49b-682e60444d55 HTTP/1.1" status: 200 len: 1002 time: 0.1362050
Aug 28 12:37:52.777677 n-d-791505-21 neutron-server[94877]: DEBUG neutron_lib.callbacks.manager [req-1ea3e146-e9d5-470c-990f-03ae549f6343 req-82bd1882-01f9-4a65-916a-a7e135e6417e tempest-LiveMigrationNegativeTest-1606160846 tempest-LiveMigrationNegativeTest-1606160846-project] Notify callbacks [] for port, precommit_create {{(pid=94877) _notify_loop /usr/local/lib/python3.8/dist-packages/neutron_lib/callbacks/manager.py:192}}
Aug 28 12:37:52.816180 n-d-791505-21 neutron-server[94877]: INFO neutron.wsgi [req-d16be794-f3fa-4ab6-ac73-61b2a95f41c7 req-f3ed1495-a808-49d4-90aa-3603c3e02970 tempest-LiveMigrationNegativeTest-1606160846 tempest-LiveMigrationNegativeTest-1606160846-project] 10.222.0.20 "GET /v2.0/ports?device_id=5e89ba65-e269-4b61-a415-763f69000296 HTTP/1.1" status: 200 len: 210 time: 0.0361001
Aug 28 12:37:52.826197 n-d-791505-21 neutron-server[94877]: DEBUG neutron.pecan_wsgi.hooks.policy_enforcement [req-1386f761-238b-4887-9dea-90f439f6186a req-36dcfa3f-edba-40aa-9903-77b1dee0fc6f service neutron] Attributes excluded by policy engine: ['standard_attr_id', 'shared'] {{(pid=94877) _exclude_attributes_by_policy /opt/stack/neutron/neutron/pecan_wsgi/hooks/policy_enforcement.py:255}}
Aug 28 12:37:52.828349 n-d-791505-21 neutron-server[94877]: INFO neutron.wsgi [req-1386f761-238b-4887-9dea-90f439f6186a req-36dcfa3f-edba-40aa-9903-77b1dee0fc6f service neutron] 10.222.0.10 "GET /v2.0/subnets?id=2fcfd29c-4f31-4b94-b976-9b055b77b757 HTTP/1.1" status: 200 len: 863 time: 0.1041191
Aug 28 12:37:52.829499 n-d-791505-21 neutron-server[94877]: DEBUG neutron.db.provisioning_blocks [req-1ea3e146-e9d5-470c-990f-03ae549f6343 req-82bd1882-01f9-4a65-916a-a7e135e6417e tempest-LiveMigrationNegativeTest-1606160846 tempest-LiveMigrationNegativeTest-1606160846-project] Transition to ACTIVE for port object 207354af-923b-44fb-9141-0b65dfa6ecfd will not be triggered until provisioned by entity DHCP. {{(pid=94877) add_provisioning_component /opt/stack/neutron/neutron/db/provisioning_blocks.py:73}}
Aug 28 12:37:52.857937 n-d-791505-21 neutron-server[94878]: DEBUG neutron_lib.callbacks.manager [req-7134bc55-c913-469c-944d-5ec34418f040 req-4d3a00b4-83f4-4cc0-9a28-8786345ab4fd tempest-SecurityGroupsTestAdminJSON-518910177 tempest-SecurityGroupsTestAdminJSON-518910177-project-admin] Notify callbacks [] for security_group, precommit_create {{(pid=94878) _notify_loop /usr/local/lib/python3.8/dist-packages/neutron_lib/callbacks/manager.py:192}}
Aug 28 12:37:52.861445 n-d-791505-21 neutron-server[94878]: INFO neutron.wsgi [req-e8cf7568-4235-4716-844a-7d694b6f0b8a req-c46379de-5568-4a57-a747-0ad51605cc7c service neutron] 10.222.0.11 "GET /v2.0/networks/19af1b57-4b24-4ce0-b71d-3dff69a93547?fields=segments HTTP/1.1" status: 200 len: 212 time: 0.1614356
Aug 28 12:37:52.862700 n-d-791505-21 neutron-server[94878]: DEBUG neutron_lib.callbacks.manager [req-7134bc55-c913-469c-944d-5ec34418f040 req-4d3a00b4-83f4-4cc0-9a28-8786345ab4fd tempest-SecurityGroupsTestAdminJSON-518910177 tempest-SecurityGroupsTestAdminJSON-518910177-project-admin] Notify callbacks ['neutron.plugins.ml2.ovo_rpc._ObjectChangeHandler.handle_event-3799254'] for security_group, after_create {{(pid=94878) _notify_loop /usr/local/lib/python3.8/dist-packages/neutron_lib/callbacks/manager.py:192}}
Aug 28 12:37:52.900579 n-d-791505-21 neutron-server[94877]: DEBUG neutron.pecan_wsgi.hooks.policy_enforcement [req-1386f761-238b-4887-9dea-90f439f6186a req-9a498e17-64fb-49a2-a03c-357e6cc1bc72 service neutron] Attributes excluded by policy engine: ['standard_attr_id'] {{(pid=94877) _exclude_attributes_by_policy /opt/stack/neutron/neutron/pecan_wsgi/hooks/policy_enforcement.py:255}}
Aug 28 12:37:52.902111 n-d-791505-21 neutron-server[94877]: INFO neutron.wsgi [req-1386f761-238b-4887-9dea-90f439f6186a req-9a498e17-64fb-49a2-a03c-357e6cc1bc72 service neutron] 10.222.0.10 "GET /v2.0/ports?network_id=a03c9b71-7c51-4af0-ad11-1d5b2280ced4&device_owner=network%3Adhcp HTTP/1.1" status: 200 len: 1164 time: 0.0662932
