Aug 16 22:06:57.959090 n-d-791505-20 devstack@n-api.service[109859]: DEBUG oslo_concurrency.lockutils [None req-4fc3018e-49b7-4029-a41f-6172742f218a tempest-AggregatesAdminTestJSON-168720244 tempest-AggregatesAdminTestJSON-168720244-project] Lock "17e96d54-5c77-4b51-bde3-4455eec527d9" acquired by "nova.context.set_target_cell..get_or_set_cached_cell_and_set_connections" :: waited 0.000s {{(pid=109859) inner /usr/local/lib/python3.8/dist-packages/oslo_concurrency/lockutils.py:355}}
Aug 16 22:06:57.959563 n-d-791505-20 devstack@n-api.service[109859]: DEBUG oslo_concurrency.lockutils [None req-4fc3018e-49b7-4029-a41f-6172742f218a tempest-AggregatesAdminTestJSON-168720244 tempest-AggregatesAdminTestJSON-168720244-project] Lock "17e96d54-5c77-4b51-bde3-4455eec527d9" released by "nova.context.set_target_cell..get_or_set_cached_cell_and_set_connections" :: held 0.001s {{(pid=109859) inner /usr/local/lib/python3.8/dist-packages/oslo_concurrency/lockutils.py:367}}
Aug 16 22:06:58.157691 n-d-791505-20 devstack@n-api.service[109859]: DEBUG nova.policy [None req-4fc3018e-49b7-4029-a41f-6172742f218a tempest-AggregatesAdminTestJSON-168720244 tempest-AggregatesAdminTestJSON-168720244-project] Policy check for os_compute_api:os-extended-server-attributes failed with credentials {'is_admin': False, 'user_id': '39d980ac2f544fcd954b39382dc1b40b', 'user_domain_id': 'default', 'system_scope': None, 'domain_id': None, 'project_id': 'f92380d005764334832a4628b954eccd', 'project_domain_id': 'default', 'roles': ['member', 'reader'], 'is_admin_project': True, 'service_user_id': None, 'service_user_domain_id': None, 'service_project_id': None, 'service_project_domain_id': None, 'service_roles': []} {{(pid=109859) authorize /opt/stack/nova/nova/policy.py:199}}
Aug 16 22:06:58.167253 n-d-791505-20 devstack@n-api.service[109858]: INFO nova.api.openstack.requestlog [None req-741fe694-bf7f-4285-9b56-d88f5ea273d3 tempest-SecurityGroupsTestAdminJSON-1268305466 tempest-SecurityGroupsTestAdminJSON-1268305466-project-admin] 10.222.0.22 "GET /compute/v2.1/os-security-groups?all_tenants=true" status: 200 len: 7004 microversion: 2.1 time: 1.652840
Aug 16 22:06:58.167835 n-d-791505-20 devstack@n-api.service[109858]: [pid: 109858|app: 0|req: 99/199] 10.222.0.22 () {58 vars in 1191 bytes} [Mon Aug 16 22:06:56 2021] GET /compute/v2.1/os-security-groups?all_tenants=true => generated 7004 bytes in 1654 msecs (HTTP/1.1 200) 9 headers in 358 bytes (2 switches on core 0)
Aug 16 22:06:58.174896 n-d-791505-20 devstack@n-api.service[109859]: INFO nova.api.openstack.requestlog [None req-4fc3018e-49b7-4029-a41f-6172742f218a tempest-AggregatesAdminTestJSON-168720244 tempest-AggregatesAdminTestJSON-168720244-project] 10.222.0.22 "GET /compute/v2.1/servers/689e4b1b-b936-425e-9a9a-31a899fe27f0" status: 200 len: 1337 microversion: 2.1 time: 0.230653
Aug 16 22:06:58.176048 n-d-791505-20 devstack@n-api.service[109859]: [pid: 109859|app: 0|req: 101/200] 10.222.0.22 () {58 vars in 1236 bytes} [Mon Aug 16 22:06:57 2021] GET /compute/v2.1/servers/689e4b1b-b936-425e-9a9a-31a899fe27f0 => generated 1337 bytes in 233 msecs (HTTP/1.1 200) 9 headers in 358 bytes (2 switches on core 0)
Aug 16 22:06:58.186922 n-d-791505-20 devstack@n-api.service[109858]: DEBUG nova.api.openstack.wsgi [None req-3a0fd96b-a6e1-4edb-b83c-85b50222849c tempest-SecurityGroupsTestAdminJSON-262727508 tempest-SecurityGroupsTestAdminJSON-262727508-project] Calling method '.version_select at 0x7fa3a9190ee0>' {{(pid=109858) _process_stack /opt/stack/nova/nova/api/openstack/wsgi.py:513}}
Aug 16 22:06:58.273942 n-d-791505-20 devstack@n-api.service[109859]: DEBUG nova.api.openstack.wsgi [None req-b0e7b331-7669-4739-810e-3ac84c220957 tempest-LiveMigrationTest-1293990947 tempest-LiveMigrationTest-1293990947-project] Calling method '>' {{(pid=109859) _process_stack /opt/stack/nova/nova/api/openstack/wsgi.py:513}}
Aug 16 22:06:58.274547 n-d-791505-20 devstack@n-api.service[109859]: DEBUG nova.compute.api [None req-b0e7b331-7669-4739-810e-3ac84c220957 tempest-LiveMigrationTest-1293990947 tempest-LiveMigrationTest-1293990947-project] [instance: 2449fad3-c4ab-4034-a604-5d776459056b] Fetching instance by UUID {{(pid=109859) get /opt/stack/nova/nova/compute/api.py:2791}}
Aug 16 22:06:58.281759 n-d-791505-20 devstack@n-api.service[109859]: DEBUG oslo_concurrency.lockutils [None req-b0e7b331-7669-4739-810e-3ac84c220957 tempest-LiveMigrationTest-1293990947 tempest-LiveMigrationTest-1293990947-project] Lock "17e96d54-5c77-4b51-bde3-4455eec527d9" acquired by "nova.context.set_target_cell..get_or_set_cached_cell_and_set_connections" :: waited 0.000s {{(pid=109859) inner /usr/local/lib/python3.8/dist-packages/oslo_concurrency/lockutils.py:355}}
Aug 16 22:06:58.282370 n-d-791505-20 devstack@n-api.service[109859]: DEBUG oslo_concurrency.lockutils [None req-b0e7b331-7669-4739-810e-3ac84c220957 tempest-LiveMigrationTest-1293990947 tempest-LiveMigrationTest-1293990947-project] Lock "17e96d54-5c77-4b51-bde3-4455eec527d9" released by "nova.context.set_target_cell..get_or_set_cached_cell_and_set_connections" :: held 0.001s {{(pid=109859) inner /usr/local/lib/python3.8/dist-packages/oslo_concurrency/lockutils.py:367}}
Aug 16 22:06:58.289622 n-d-791505-20 devstack@n-api.service[109859]: DEBUG oslo_concurrency.lockutils [None req-b0e7b331-7669-4739-810e-3ac84c220957 tempest-LiveMigrationTest-1293990947 tempest-LiveMigrationTest-1293990947-project] Lock "17e96d54-5c77-4b51-bde3-4455eec527d9" acquired by "nova.context.set_target_cell..get_or_set_cached_cell_and_set_connections" :: waited 0.000s {{(pid=109859) inner /usr/local/lib/python3.8/dist-packages/oslo_concurrency/lockutils.py:355}}
Aug 16 22:06:58.290227 n-d-791505-20 devstack@n-api.service[109859]: DEBUG oslo_concurrency.lockutils [None req-b0e7b331-7669-4739-810e-3ac84c220957 tempest-LiveMigrationTest-1293990947 tempest-LiveMigrationTest-1293990947-project] Lock "17e96d54-5c77-4b51-bde3-4455eec527d9" released by "nova.context.set_target_cell..get_or_set_cached_cell_and_set_connections" :: held 0.001s {{(pid=109859) inner /usr/local/lib/python3.8/dist-packages/oslo_concurrency/lockutils.py:367}}
Aug 16 22:06:58.509649 n-d-791505-20 devstack@n-api.service[109858]: INFO nova.api.openstack.requestlog [None req-3a0fd96b-a6e1-4edb-b83c-85b50222849c tempest-SecurityGroupsTestAdminJSON-262727508 tempest-SecurityGroupsTestAdminJSON-262727508-project] 10.222.0.22 "GET /compute/v2.1/os-security-groups?all_tenants=true" status: 200 len: 1110 microversion: 2.1 time: 0.327046
Aug 16 22:06:58.510299 n-d-791505-20 devstack@n-api.service[109858]: [pid: 109858|app: 0|req: 100/201] 10.222.0.22 () {58 vars in 1191 bytes} [Mon Aug 16 22:06:58 2021] GET /compute/v2.1/os-security-groups?all_tenants=true => generated 1110 bytes in 328 msecs (HTTP/1.1 200) 9 headers in 358 bytes (2 switches on core 0)
Aug 16 22:06:58.522473 n-d-791505-20 devstack@n-api.service[109858]: DEBUG nova.api.openstack.wsgi [None req-dc0b0594-d475-4ad7-aa1f-dafe7ce553ee tempest-SecurityGroupsTestAdminJSON-1268305466 tempest-SecurityGroupsTestAdminJSON-1268305466-project-admin] Calling method '.version_select at 0x7fa3a9190c10>' {{(pid=109858) _process_stack /opt/stack/nova/nova/api/openstack/wsgi.py:513}}
Aug 16 22:06:58.529880 n-d-791505-20 devstack@n-api.service[109859]: DEBUG nova.policy [None req-b0e7b331-7669-4739-810e-3ac84c220957 tempest-LiveMigrationTest-1293990947 tempest-LiveMigrationTest-1293990947-project] Policy check for os_compute_api:os-extended-server-attributes failed with credentials {'is_admin': False, 'user_id': 'a9056164cb2a4b53a7bcf6d58c74d823', 'user_domain_id': 'default', 'system_scope': None, 'domain_id': None, 'project_id': '5624b35132d2479889cc6371835d2c04', 'project_domain_id': 'default', 'roles': ['member', 'reader'], 'is_admin_project': True, 'service_user_id': None, 'service_user_domain_id': None, 'service_project_id': None, 'service_project_domain_id': None, 'service_roles': []} {{(pid=109859) authorize /opt/stack/nova/nova/policy.py:199}}
Aug 16 22:06:58.537786 n-d-791505-20 devstack@n-api.service[109859]: INFO nova.api.openstack.requestlog [None req-b0e7b331-7669-4739-810e-3ac84c220957 tempest-LiveMigrationTest-1293990947 tempest-LiveMigrationTest-1293990947-project] 10.222.0.22 "GET /compute/v2.1/servers/2449fad3-c4ab-4034-a604-5d776459056b" status: 200 len: 1311 microversion: 2.1 time: 0.268491
Aug 16 22:06:58.538631 n-d-791505-20 devstack@n-api.service[109859]: [pid: 109859|app: 0|req: 102/202] 10.222.0.22 () {58 vars in 1236 bytes} [Mon Aug 16 22:06:58 2021] GET /compute/v2.1/servers/2449fad3-c4ab-4034-a604-5d776459056b => generated 1311 bytes in 270 msecs (HTTP/1.1 200) 9 headers in 358 bytes (2 switches on core 0)
Aug 16 22:06:58.693946 n-d-791505-20 devstack@n-api.service[109859]: DEBUG nova.api.openstack.wsgi [None req-7f674090-b2b1-4dd1-8189-815a91f85772 tempest-DeleteServersAdminTestJSON-314285174 tempest-DeleteServersAdminTestJSON-314285174-project] Calling method '>' {{(pid=109859) _process_stack /opt/stack/nova/nova/api/openstack/wsgi.py:513}}
Aug 16 22:06:58.695085 n-d-791505-20 devstack@n-api.service[109859]: DEBUG nova.compute.api [None req-7f674090-b2b1-4dd1-8189-815a91f85772 tempest-DeleteServersAdminTestJSON-314285174 tempest-DeleteServersAdminTestJSON-314285174-project] [instance: 4a626475-f590-4cd7-816a-755d13acb6d3] Fetching instance by UUID {{(pid=109859) get /opt/stack/nova/nova/compute/api.py:2791}}
Aug 16 22:06:58.706037 n-d-791505-20 devstack@n-api.service[109859]: DEBUG oslo_concurrency.lockutils [None req-7f674090-b2b1-4dd1-8189-815a91f85772 tempest-DeleteServersAdminTestJSON-314285174 tempest-DeleteServersAdminTestJSON-314285174-project] Lock "17e96d54-5c77-4b51-bde3-4455eec527d9" acquired by "nova.context.set_target_cell..get_or_set_cached_cell_and_set_connections" :: waited 0.000s {{(pid=109859) inner /usr/local/lib/python3.8/dist-packages/oslo_concurrency/lockutils.py:355}}
Aug 16 22:06:58.706577 n-d-791505-20 devstack@n-api.service[109859]: DEBUG oslo_concurrency.lockutils [None req-7f674090-b2b1-4dd1-8189-815a91f85772 tempest-DeleteServersAdminTestJSON-314285174 tempest-DeleteServersAdminTestJSON-314285174-project] Lock "17e96d54-5c77-4b51-bde3-4455eec527d9" released by "nova.context.set_target_cell..get_or_set_cached_cell_and_set_connections" :: held 0.001s {{(pid=109859) inner /usr/local/lib/python3.8/dist-packages/oslo_concurrency/lockutils.py:367}}
Aug 16 22:06:58.707501 n-d-791505-20 devstack@n-api.service[109859]: DEBUG oslo_concurrency.lockutils [None req-7f674090-b2b1-4dd1-8189-815a91f85772 tempest-DeleteServersAdminTestJSON-314285174 tempest-DeleteServersAdminTestJSON-314285174-project] Lock "17e96d54-5c77-4b51-bde3-4455eec527d9" acquired by "nova.context.set_target_cell..get_or_set_cached_cell_and_set_connections" :: waited 0.000s {{(pid=109859) inner /usr/local/lib/python3.8/dist-packages/oslo_concurrency/lockutils.py:355}}
Aug 16 22:06:58.710160 n-d-791505-20 devstack@n-api.service[109859]: DEBUG oslo_concurrency.lockutils [None req-7f674090-b2b1-4dd1-8189-815a91f85772 tempest-DeleteServersAdminTestJSON-314285174 tempest-DeleteServersAdminTestJSON-314285174-project] Lock "17e96d54-5c77-4b51-bde3-4455eec527d9" released by "nova.context.set_target_cell..get_or_set_cached_cell_and_set_connections" :: held 0.003s {{(pid=109859) inner /usr/local/lib/python3.8/dist-packages/oslo_concurrency/lockutils.py:367}}
Aug 16 22:06:58.959925 n-d-791505-20 devstack@n-api.service[109858]: INFO nova.api.openstack.requestlog [None req-dc0b0594-d475-4ad7-aa1f-dafe7ce553ee tempest-SecurityGroupsTestAdminJSON-1268305466 tempest-SecurityGroupsTestAdminJSON-1268305466-project-admin] 10.222.0.22 "DELETE /compute/v2.1/os-security-groups/4ce9c2d0-6ef7-4912-a867-f9275ccc7893" status: 202 len: 0 microversion: 2.1 time: 0.439895
Aug 16 22:06:58.965157 n-d-791505-20 devstack@n-api.service[109858]: [pid: 109858|app: 0|req: 101/203] 10.222.0.22 () {58 vars in 1272 bytes} [Mon Aug 16 22:06:58 2021] DELETE /compute/v2.1/os-security-groups/4ce9c2d0-6ef7-4912-a867-f9275ccc7893 => generated 0 bytes in 446 msecs (HTTP/1.1 202) 9 headers in 361 bytes (1 switches on core 0)
Aug 16 22:06:58.974691 n-d-791505-20 devstack@n-api.service[109858]: DEBUG nova.api.openstack.wsgi [None req-0bc54447-f65a-4295-9946-39d5f8a43a41 tempest-SecurityGroupsTestAdminJSON-1268305466 tempest-SecurityGroupsTestAdminJSON-1268305466-project-admin] Calling method '.version_select at 0x7fa3a91d8e50>' {{(pid=109858) _process_stack /opt/stack/nova/nova/api/openstack/wsgi.py:513}}
Aug 16 22:06:59.063696 n-d-791505-20 devstack@n-api.service[109859]: DEBUG nova.policy [None req-7f674090-b2b1-4dd1-8189-815a91f85772 tempest-DeleteServersAdminTestJSON-314285174 tempest-DeleteServersAdminTestJSON-314285174-project] Policy check for os_compute_api:os-extended-server-attributes failed with credentials {'is_admin': False, 'user_id': 'c0ac6829009046139cd572e5671342c6', 'user_domain_id': 'default', 'system_scope': None, 'domain_id': None, 'project_id': 'f86f73fad28647bf84c4dc8a1c5a0a2c', 'project_domain_id': 'default', 'roles': ['member', 'reader'], 'is_admin_project': True, 'service_user_id': None, 'service_user_domain_id': None, 'service_project_id': None, 'service_project_domain_id': None, 'service_roles': []} {{(pid=109859) authorize /opt/stack/nova/nova/policy.py:199}}
Aug 16 22:06:59.070994 n-d-791505-20 devstack@n-api.service[109859]: INFO nova.api.openstack.requestlog [None req-7f674090-b2b1-4dd1-8189-815a91f85772 tempest-DeleteServersAdminTestJSON-314285174 tempest-DeleteServersAdminTestJSON-314285174-project] 10.222.0.22 "GET /compute/v2.1/servers/4a626475-f590-4cd7-816a-755d13acb6d3" status: 200 len: 1319 microversion: 2.1 time: 0.381247
Aug 16 22:06:59.072081 n-d-791505-20 devstack@n-api.service[109859]: [pid: 109859|app: 0|req: 103/204] 10.222.0.22 () {58 vars in 1236 bytes} [Mon Aug 16 22:06:58 2021] GET /compute/v2.1/servers/4a626475-f590-4cd7-816a-755d13acb6d3 => generated 1319 bytes in 383 msecs (HTTP/1.1 200) 9 headers in 358 bytes (2 switches on core 0)
Aug 16 22:06:59.190062 n-d-791505-20 devstack@n-api.service[109858]: INFO nova.api.openstack.requestlog [None req-0bc54447-f65a-4295-9946-39d5f8a43a41 tempest-SecurityGroupsTestAdminJSON-1268305466 tempest-SecurityGroupsTestAdminJSON-1268305466-project-admin] 10.222.0.22 "DELETE /compute/v2.1/os-security-groups/a12160c3-88a8-402a-a9f7-5ce281cf784f" status: 202 len: 0 microversion: 2.1 time: 0.223110
Aug 16 22:06:59.195015 n-d-791505-20 devstack@n-api.service[109858]: [pid: 109858|app: 0|req: 102/205] 10.222.0.22 () {58 vars in 1272 bytes} [Mon Aug 16 22:06:58 2021] DELETE /compute/v2.1/os-security-groups/a12160c3-88a8-402a-a9f7-5ce281cf784f => generated 0 bytes in 228 msecs (HTTP/1.1 202) 9 headers in 361 bytes (1 switches on core 0)
Aug 16 22:06:59.200370 n-d-791505-20 devstack@n-api.service[109858]: DEBUG nova.api.openstack.wsgi [None req-908b6835-2811-4ede-8d47-098175e51a13 tempest-AggregatesAdminTestJSON-168720244 tempest-AggregatesAdminTestJSON-168720244-project] Calling method '>' {{(pid=109858) _process_stack /opt/stack/nova/nova/api/openstack/wsgi.py:513}}
Aug 16 22:06:59.201586 n-d-791505-20 devstack@n-api.service[109858]: DEBUG nova.compute.api [None req-908b6835-2811-4ede-8d47-098175e51a13 tempest-AggregatesAdminTestJSON-168720244 tempest-AggregatesAdminTestJSON-168720244-project] [instance: 689e4b1b-b936-425e-9a9a-31a899fe27f0] Fetching instance by UUID {{(pid=109858) get /opt/stack/nova/nova/compute/api.py:2791}}
Aug 16 22:06:59.210807 n-d-791505-20 devstack@n-api.service[109858]: DEBUG oslo_concurrency.lockutils [None req-908b6835-2811-4ede-8d47-098175e51a13 tempest-AggregatesAdminTestJSON-168720244 tempest-AggregatesAdminTestJSON-168720244-project] Lock "17e96d54-5c77-4b51-bde3-4455eec527d9" acquired by "nova.context.set_target_cell..get_or_set_cached_cell_and_set_connections" :: waited 0.000s {{(pid=109858) inner /usr/local/lib/python3.8/dist-packages/oslo_concurrency/lockutils.py:355}}
Aug 16 22:06:59.211681 n-d-791505-20 devstack@n-api.service[109858]: DEBUG oslo_concurrency.lockutils [None req-908b6835-2811-4ede-8d47-098175e51a13 tempest-AggregatesAdminTestJSON-168720244 tempest-AggregatesAdminTestJSON-168720244-project] Lock "17e96d54-5c77-4b51-bde3-4455eec527d9" released by "nova.context.set_target_cell..get_or_set_cached_cell_and_set_connections" :: held 0.001s {{(pid=109858) inner /usr/local/lib/python3.8/dist-packages/oslo_concurrency/lockutils.py:367}}
Aug 16 22:06:59.212608 n-d-791505-20 devstack@n-api.service[109858]: DEBUG oslo_concurrency.lockutils [None req-908b6835-2811-4ede-8d47-098175e51a13 tempest-AggregatesAdminTestJSON-168720244 tempest-AggregatesAdminTestJSON-168720244-project] Lock "17e96d54-5c77-4b51-bde3-4455eec527d9" acquired by "nova.context.set_target_cell..get_or_set_cached_cell_and_set_connections" :: waited 0.000s {{(pid=109858) inner /usr/local/lib/python3.8/dist-packages/oslo_concurrency/lockutils.py:355}}
Aug 16 22:06:59.213226 n-d-791505-20 devstack@n-api.service[109858]: DEBUG oslo_concurrency.lockutils [None req-908b6835-2811-4ede-8d47-098175e51a13 tempest-AggregatesAdminTestJSON-168720244 tempest-AggregatesAdminTestJSON-168720244-project] Lock "17e96d54-5c77-4b51-bde3-4455eec527d9" released by "nova.context.set_target_cell..get_or_set_cached_cell_and_set_connections" :: held 0.001s {{(pid=109858) inner /usr/local/lib/python3.8/dist-packages/oslo_concurrency/lockutils.py:367}}
Aug 16 22:06:59.310035 n-d-791505-20 devstack@n-api.service[109859]: DEBUG nova.api.openstack.wsgi [None req-71fe730c-7039-4eb3-b658-973952d69568 tempest-NetworksTest-1304539013 tempest-NetworksTest-1304539013-project-admin] Calling method '.version_select at 0x7fa3a9ab6040>' {{(pid=109859) _process_stack /opt/stack/nova/nova/api/openstack/wsgi.py:513}}
Aug 16 22:06:59.399985 n-d-791505-20 devstack@n-api.service[109858]: DEBUG nova.policy [None req-908b6835-2811-4ede-8d47-098175e51a13 tempest-AggregatesAdminTestJSON-168720244 tempest-AggregatesAdminTestJSON-168720244-project] Policy check for os_compute_api:os-extended-server-attributes failed with credentials {'is_admin': False, 'user_id': '39d980ac2f544fcd954b39382dc1b40b', 'user_domain_id': 'default', 'system_scope': None, 'domain_id': None, 'project_id': 'f92380d005764334832a4628b954eccd', 'project_domain_id': 'default', 'roles': ['member', 'reader'], 'is_admin_project': True, 'service_user_id': None, 'service_user_domain_id': None, 'service_project_id': None, 'service_project_domain_id': None, 'service_roles': []} {{(pid=109858) authorize /opt/stack/nova/nova/policy.py:199}}
Aug 16 22:06:59.413520 n-d-791505-20 devstack@n-api.service[109858]: INFO nova.api.openstack.requestlog [None req-908b6835-2811-4ede-8d47-098175e51a13 tempest-AggregatesAdminTestJSON-168720244 tempest-AggregatesAdminTestJSON-168720244-project] 10.222.0.22 "GET /compute/v2.1/servers/689e4b1b-b936-425e-9a9a-31a899fe27f0" status: 200 len: 1337 microversion: 2.1 time: 0.216643
Aug 16 22:06:59.414328 n-d-791505-20 devstack@n-api.service[109858]: [pid: 109858|app: 0|req: 103/206] 10.222.0.22 () {58 vars in 1236 bytes} [Mon Aug 16 22:06:59 2021] GET /compute/v2.1/servers/689e4b1b-b936-425e-9a9a-31a899fe27f0 => generated 1337 bytes in 219 msecs (HTTP/1.1 200) 9 headers in 358 bytes (1 switches on core 0)
Aug 16 22:06:59.435045 n-d-791505-20 devstack@n-api.service[109858]: DEBUG nova.api.openstack.wsgi [None req-a2a5ba33-8807-444c-b389-86c0be66f046 tempest-SecurityGroupsTestAdminJSON-262727508 tempest-SecurityGroupsTestAdminJSON-262727508-project] Calling method '.version_select at 0x7fa3a919ed30>' {{(pid=109858) _process_stack /opt/stack/nova/nova/api/openstack/wsgi.py:513}}
Aug 16 22:06:59.489621 n-d-791505-20 devstack@n-api.service[109859]: INFO nova.api.openstack.requestlog [None req-71fe730c-7039-4eb3-b658-973952d69568 tempest-NetworksTest-1304539013 tempest-NetworksTest-1304539013-project-admin] 10.222.0.22 "GET /compute/v2.1/os-networks" status: 200 len: 3294 microversion: 2.1 time: 0.380131
Aug 16 22:06:59.490374 n-d-791505-20 devstack@n-api.service[109859]: [pid: 109859|app: 0|req: 104/207] 10.222.0.22 () {58 vars in 1137 bytes} [Mon Aug 16 22:06:59 2021] GET /compute/v2.1/os-networks => generated 3294 bytes in 382 msecs (HTTP/1.1 200) 9 headers in 358 bytes (2 switches on core 0)
Aug 16 22:06:59.499860 n-d-791505-20 devstack@n-api.service[109859]: DEBUG nova.api.openstack.wsgi [None req-c77088ea-10bb-4c6a-9065-a2639525f5fd tempest-NetworksTest-1304539013 tempest-NetworksTest-1304539013-project-admin] Calling method '.version_select at 0x7fa3a9bbd280>' {{(pid=109859) _process_stack /opt/stack/nova/nova/api/openstack/wsgi.py:513}}
Aug 16 22:06:59.652455 n-d-791505-20 devstack@n-api.service[109859]: INFO nova.api.openstack.requestlog [None req-c77088ea-10bb-4c6a-9065-a2639525f5fd tempest-NetworksTest-1304539013 tempest-NetworksTest-1304539013-project-admin] 10.222.0.22 "GET /compute/v2.1/os-networks/2c68faa2-37e1-488f-8bee-283f1cd173a3" status: 200 len: 652 microversion: 2.1 time: 0.156358
Aug 16 22:06:59.653597 n-d-791505-20 devstack@n-api.service[109859]: [pid: 109859|app: 0|req: 105/208] 10.222.0.22 () {58 vars in 1248 bytes} [Mon Aug 16 22:06:59 2021] GET /compute/v2.1/os-networks/2c68faa2-37e1-488f-8bee-283f1cd173a3 => generated 652 bytes in 159 msecs (HTTP/1.1 200) 9 headers in 357 bytes (2 switches on core 0)
Aug 16 22:06:59.660623 n-d-791505-20 devstack@n-api.service[109859]: DEBUG nova.api.openstack.wsgi [None req-b9ae16fd-a391-4af6-8b8a-ca4d23400012 tempest-LiveMigrationTest-1293990947 tempest-LiveMigrationTest-1293990947-project] Calling method '>' {{(pid=109859) _process_stack /opt/stack/nova/nova/api/openstack/wsgi.py:513}}
Aug 16 22:06:59.661277 n-d-791505-20 devstack@n-api.service[109859]: DEBUG nova.compute.api [None req-b9ae16fd-a391-4af6-8b8a-ca4d23400012 tempest-LiveMigrationTest-1293990947 tempest-LiveMigrationTest-1293990947-project] [instance: 2449fad3-c4ab-4034-a604-5d776459056b] Fetching instance by UUID {{(pid=109859) get /opt/stack/nova/nova/compute/api.py:2791}}
Aug 16 22:06:59.667827 n-d-791505-20 devstack@n-api.service[109859]: DEBUG oslo_concurrency.lockutils [None req-b9ae16fd-a391-4af6-8b8a-ca4d23400012 tempest-LiveMigrationTest-1293990947 tempest-LiveMigrationTest-1293990947-project] Lock "17e96d54-5c77-4b51-bde3-4455eec527d9" acquired by "nova.context.set_target_cell..get_or_set_cached_cell_and_set_connections" :: waited 0.000s {{(pid=109859) inner /usr/local/lib/python3.8/dist-packages/oslo_concurrency/lockutils.py:355}}
Aug 16 22:06:59.668479 n-d-791505-20 devstack@n-api.service[109859]: DEBUG oslo_concurrency.lockutils [None req-b9ae16fd-a391-4af6-8b8a-ca4d23400012 tempest-LiveMigrationTest-1293990947 tempest-LiveMigrationTest-1293990947-project] Lock "17e96d54-5c77-4b51-bde3-4455eec527d9" released by "nova.context.set_target_cell..get_or_set_cached_cell_and_set_connections" :: held 0.001s {{(pid=109859) inner /usr/local/lib/python3.8/dist-packages/oslo_concurrency/lockutils.py:367}}
Aug 16 22:06:59.669296 n-d-791505-20 devstack@n-api.service[109859]: DEBUG oslo_concurrency.lockutils [None req-b9ae16fd-a391-4af6-8b8a-ca4d23400012 tempest-LiveMigrationTest-1293990947 tempest-LiveMigrationTest-1293990947-project] Lock "17e96d54-5c77-4b51-bde3-4455eec527d9" acquired by "nova.context.set_target_cell..get_or_set_cached_cell_and_set_connections" :: waited 0.000s {{(pid=109859) inner /usr/local/lib/python3.8/dist-packages/oslo_concurrency/lockutils.py:355}}
Aug 16 22:06:59.670044 n-d-791505-20 devstack@n-api.service[109859]: DEBUG oslo_concurrency.lockutils [None req-b9ae16fd-a391-4af6-8b8a-ca4d23400012 tempest-LiveMigrationTest-1293990947 tempest-LiveMigrationTest-1293990947-project] Lock "17e96d54-5c77-4b51-bde3-4455eec527d9" released by "nova.context.set_target_cell..get_or_set_cached_cell_and_set_connections" :: held 0.001s {{(pid=109859) inner /usr/local/lib/python3.8/dist-packages/oslo_concurrency/lockutils.py:367}}
Aug 16 22:06:59.739323 n-d-791505-20 devstack@n-api.service[109858]: INFO nova.api.openstack.requestlog [None req-a2a5ba33-8807-444c-b389-86c0be66f046 tempest-SecurityGroupsTestAdminJSON-262727508 tempest-SecurityGroupsTestAdminJSON-262727508-project] 10.222.0.22 "DELETE /compute/v2.1/os-security-groups/e82cb455-7b6d-467d-a01a-5e3b24a64db8" status: 202 len: 0 microversion: 2.1 time: 0.308133
Aug 16 22:06:59.740380 n-d-791505-20 devstack@n-api.service[109858]: [pid: 109858|app: 0|req: 104/209] 10.222.0.22 () {58 vars in 1272 bytes} [Mon Aug 16 22:06:59 2021] DELETE /compute/v2.1/os-security-groups/e82cb455-7b6d-467d-a01a-5e3b24a64db8 => generated 0 bytes in 325 msecs (HTTP/1.1 202) 9 headers in 361 bytes (1 switches on core 0)
Aug 16 22:06:59.745717 n-d-791505-20 devstack@n-api.service[109858]: DEBUG nova.api.openstack.wsgi [None req-cc72ce08-728f-41b5-9612-ce66dbc5611a tempest-NetworksTest-1304539013 tempest-NetworksTest-1304539013-project-admin] Calling method '.version_select at 0x7fa3a919e8b0>' {{(pid=109858) _process_stack /opt/stack/nova/nova/api/openstack/wsgi.py:513}}
Aug 16 22:06:59.865482 n-d-791505-20 devstack@n-api.service[109859]: DEBUG nova.policy [None req-b9ae16fd-a391-4af6-8b8a-ca4d23400012 tempest-LiveMigrationTest-1293990947 tempest-LiveMigrationTest-1293990947-project] Policy check for os_compute_api:os-extended-server-attributes failed with credentials {'is_admin': False, 'user_id': 'a9056164cb2a4b53a7bcf6d58c74d823', 'user_domain_id': 'default', 'system_scope': None, 'domain_id': None, 'project_id': '5624b35132d2479889cc6371835d2c04', 'project_domain_id': 'default', 'roles': ['member', 'reader'], 'is_admin_project': True, 'service_user_id': None, 'service_user_domain_id': None, 'service_project_id': None, 'service_project_domain_id': None, 'service_roles': []} {{(pid=109859) authorize /opt/stack/nova/nova/policy.py:199}}
Aug 16 22:06:59.872942 n-d-791505-20 devstack@n-api.service[109859]: INFO nova.api.openstack.requestlog [None req-b9ae16fd-a391-4af6-8b8a-ca4d23400012 tempest-LiveMigrationTest-1293990947 tempest-LiveMigrationTest-1293990947-project] 10.222.0.22 "GET /compute/v2.1/servers/2449fad3-c4ab-4034-a604-5d776459056b" status: 200 len: 1311 microversion: 2.1 time: 0.218296
Aug 16 22:06:59.873546 n-d-791505-20 devstack@n-api.service[109859]: [pid: 109859|app: 0|req: 106/210] 10.222.0.22 () {58 vars in 1236 bytes} [Mon Aug 16 22:06:59 2021] GET /compute/v2.1/servers/2449fad3-c4ab-4034-a604-5d776459056b => generated 1311 bytes in 219 msecs (HTTP/1.1 200) 9 headers in 358 bytes (1 switches on core 0)
Aug 16 22:06:59.878566 n-d-791505-20 devstack@n-api.service[109859]: DEBUG nova.api.openstack.wsgi [None req-110461d1-da0b-447a-bc62-1e4644175773 tempest-SecurityGroupsTestAdminJSON-262727508 tempest-SecurityGroupsTestAdminJSON-262727508-project] Calling method '.version_select at 0x7fa3a9ab6af0>' {{(pid=109859) _process_stack /opt/stack/nova/nova/api/openstack/wsgi.py:513}}
Aug 16 22:06:59.919944 n-d-791505-20 devstack@n-api.service[109858]: INFO nova.api.openstack.requestlog [None req-cc72ce08-728f-41b5-9612-ce66dbc5611a tempest-NetworksTest-1304539013 tempest-NetworksTest-1304539013-project-admin] 10.222.0.22 "GET /compute/v2.1/os-networks" status: 200 len: 3294 microversion: 2.1 time: 0.178195
Aug 16 22:06:59.920552 n-d-791505-20 devstack@n-api.service[109858]: [pid: 109858|app: 0|req: 105/211] 10.222.0.22 () {58 vars in 1137 bytes} [Mon Aug 16 22:06:59 2021] GET /compute/v2.1/os-networks => generated 3294 bytes in 179 msecs (HTTP/1.1 200) 9 headers in 358 bytes (1 switches on core 0)
Aug 16 22:07:00.088060 n-d-791505-20 devstack@n-api.service[109858]: DEBUG nova.api.openstack.wsgi [None req-7ef4a118-8602-4e36-b2ae-e6b0e7b900f6 tempest-DeleteServersAdminTestJSON-314285174 tempest-DeleteServersAdminTestJSON-314285174-project] Calling method '>' {{(pid=109858) _process_stack /opt/stack/nova/nova/api/openstack/wsgi.py:513}}
Aug 16 22:07:00.088669 n-d-791505-20 devstack@n-api.service[109858]: DEBUG nova.compute.api [None req-7ef4a118-8602-4e36-b2ae-e6b0e7b900f6 tempest-DeleteServersAdminTestJSON-314285174 tempest-DeleteServersAdminTestJSON-314285174-project] [instance: 4a626475-f590-4cd7-816a-755d13acb6d3] Fetching instance by UUID {{(pid=109858) get /opt/stack/nova/nova/compute/api.py:2791}}
Aug 16 22:07:00.095659 n-d-791505-20 devstack@n-api.service[109858]: DEBUG oslo_concurrency.lockutils [None req-7ef4a118-8602-4e36-b2ae-e6b0e7b900f6 tempest-DeleteServersAdminTestJSON-314285174 tempest-DeleteServersAdminTestJSON-314285174-project] Lock "17e96d54-5c77-4b51-bde3-4455eec527d9" acquired by "nova.context.set_target_cell..get_or_set_cached_cell_and_set_connections" :: waited 0.000s {{(pid=109858) inner /usr/local/lib/python3.8/dist-packages/oslo_concurrency/lockutils.py:355}}
Aug 16 22:07:00.096365 n-d-791505-20 devstack@n-api.service[109858]: DEBUG oslo_concurrency.lockutils [None req-7ef4a118-8602-4e36-b2ae-e6b0e7b900f6 tempest-DeleteServersAdminTestJSON-314285174 tempest-DeleteServersAdminTestJSON-314285174-project] Lock "17e96d54-5c77-4b51-bde3-4455eec527d9" released by "nova.context.set_target_cell..get_or_set_cached_cell_and_set_connections" :: held 0.001s {{(pid=109858) inner /usr/local/lib/python3.8/dist-packages/oslo_concurrency/lockutils.py:367}}
Aug 16 22:07:00.097374 n-d-791505-20 devstack@n-api.service[109858]: DEBUG oslo_concurrency.lockutils [None req-7ef4a118-8602-4e36-b2ae-e6b0e7b900f6 tempest-DeleteServersAdminTestJSON-314285174 tempest-DeleteServersAdminTestJSON-314285174-project] Lock "17e96d54-5c77-4b51-bde3-4455eec527d9" acquired by "nova.context.set_target_cell..get_or_set_cached_cell_and_set_connections" :: waited 0.000s {{(pid=109858) inner /usr/local/lib/python3.8/dist-packages/oslo_concurrency/lockutils.py:355}}
Aug 16 22:07:00.097870 n-d-791505-20 devstack@n-api.service[109858]: DEBUG oslo_concurrency.lockutils [None req-7ef4a118-8602-4e36-b2ae-e6b0e7b900f6 tempest-DeleteServersAdminTestJSON-314285174 tempest-DeleteServersAdminTestJSON-314285174-project] Lock "17e96d54-5c77-4b51-bde3-4455eec527d9" released by "nova.context.set_target_cell..get_or_set_cached_cell_and_set_connections" :: held 0.001s {{(pid=109858) inner /usr/local/lib/python3.8/dist-packages/oslo_concurrency/lockutils.py:367}}
Aug 16 22:07:00.282045 n-d-791505-20 devstack@n-api.service[109859]: INFO nova.api.openstack.requestlog [None req-110461d1-da0b-447a-bc62-1e4644175773 tempest-SecurityGroupsTestAdminJSON-262727508 tempest-SecurityGroupsTestAdminJSON-262727508-project] 10.222.0.22 "DELETE /compute/v2.1/os-security-groups/85e98768-35ce-4b95-adf8-69867b396db1" status: 202 len: 0 microversion: 2.1 time: 0.406697
Aug 16 22:07:00.282755 n-d-791505-20 devstack@n-api.service[109859]: [pid: 109859|app: 0|req: 107/212] 10.222.0.22 () {58 vars in 1272 bytes} [Mon Aug 16 22:06:59 2021] DELETE /compute/v2.1/os-security-groups/85e98768-35ce-4b95-adf8-69867b396db1 => generated 0 bytes in 408 msecs (HTTP/1.1 202) 9 headers in 361 bytes (1 switches on core 0)
Aug 16 22:07:00.408647 n-d-791505-20 devstack@n-api.service[109858]: DEBUG nova.policy [None req-7ef4a118-8602-4e36-b2ae-e6b0e7b900f6 tempest-DeleteServersAdminTestJSON-314285174 tempest-DeleteServersAdminTestJSON-314285174-project] Policy check for os_compute_api:os-extended-server-attributes failed with credentials {'is_admin': False, 'user_id': 'c0ac6829009046139cd572e5671342c6', 'user_domain_id': 'default', 'system_scope': None, 'domain_id': None, 'project_id': 'f86f73fad28647bf84c4dc8a1c5a0a2c', 'project_domain_id': 'default', 'roles': ['member', 'reader'], 'is_admin_project': True, 'service_user_id': None, 'service_user_domain_id': None, 'service_project_id': None, 'service_project_domain_id': None, 'service_roles': []} {{(pid=109858) authorize /opt/stack/nova/nova/policy.py:199}}
Aug 16 22:07:00.419359 n-d-791505-20 devstack@n-api.service[109858]: INFO nova.api.openstack.requestlog [None req-7ef4a118-8602-4e36-b2ae-e6b0e7b900f6 tempest-DeleteServersAdminTestJSON-314285174 tempest-DeleteServersAdminTestJSON-314285174-project] 10.222.0.22 "GET /compute/v2.1/servers/4a626475-f590-4cd7-816a-755d13acb6d3" status: 200 len: 1469 microversion: 2.1 time: 0.335032
Aug 16 22:07:00.419937 n-d-791505-20 devstack@n-api.service[109858]: [pid: 109858|app: 0|req: 106/213] 10.222.0.22 () {58 vars in 1236 bytes} [Mon Aug 16 22:07:00 2021] GET /compute/v2.1/servers/4a626475-f590-4cd7-816a-755d13acb6d3 => generated 1469 bytes in 336 msecs (HTTP/1.1 200) 9 headers in 358 bytes (2 switches on core 0)
Aug 16 22:07:00.435713 n-d-791505-20 devstack@n-api.service[109859]: DEBUG nova.api.openstack.wsgi [None req-b38d8c92-7b88-4d5d-b2bc-26285a700446 tempest-AggregatesAdminTestJSON-168720244 tempest-AggregatesAdminTestJSON-168720244-project] Calling method '>' {{(pid=109859) _process_stack /opt/stack/nova/nova/api/openstack/wsgi.py:513}}
Aug 16 22:07:00.436364 n-d-791505-20 devstack@n-api.service[109859]: DEBUG nova.compute.api [None req-b38d8c92-7b88-4d5d-b2bc-26285a700446 tempest-AggregatesAdminTestJSON-168720244 tempest-AggregatesAdminTestJSON-168720244-project] [instance: 689e4b1b-b936-425e-9a9a-31a899fe27f0] Fetching instance by UUID {{(pid=109859) get /opt/stack/nova/nova/compute/api.py:2791}}
Aug 16 22:07:00.447295 n-d-791505-20 devstack@n-api.service[109859]: DEBUG oslo_concurrency.lockutils [None req-b38d8c92-7b88-4d5d-b2bc-26285a700446 tempest-AggregatesAdminTestJSON-168720244 tempest-AggregatesAdminTestJSON-168720244-project] Lock "17e96d54-5c77-4b51-bde3-4455eec527d9" acquired by "nova.context.set_target_cell..get_or_set_cached_cell_and_set_connections" :: waited 0.000s {{(pid=109859) inner /usr/local/lib/python3.8/dist-packages/oslo_concurrency/lockutils.py:355}}
Aug 16 22:07:00.447747 n-d-791505-20 devstack@n-api.service[109859]: DEBUG oslo_concurrency.lockutils [None req-b38d8c92-7b88-4d5d-b2bc-26285a700446 tempest-AggregatesAdminTestJSON-168720244 tempest-AggregatesAdminTestJSON-168720244-project] Lock "17e96d54-5c77-4b51-bde3-4455eec527d9" released by "nova.context.set_target_cell..get_or_set_cached_cell_and_set_connections" :: held 0.001s {{(pid=109859) inner /usr/local/lib/python3.8/dist-packages/oslo_concurrency/lockutils.py:367}}
Aug 16 22:07:00.455980 n-d-791505-20 devstack@n-api.service[109859]: DEBUG oslo_concurrency.lockutils [None req-b38d8c92-7b88-4d5d-b2bc-26285a700446 tempest-AggregatesAdminTestJSON-168720244 tempest-AggregatesAdminTestJSON-168720244-project] Lock "17e96d54-5c77-4b51-bde3-4455eec527d9" acquired by "nova.context.set_target_cell..get_or_set_cached_cell_and_set_connections" :: waited 0.000s {{(pid=109859) inner /usr/local/lib/python3.8/dist-packages/oslo_concurrency/lockutils.py:355}}
Aug 16 22:07:00.456443 n-d-791505-20 devstack@n-api.service[109859]: DEBUG oslo_concurrency.lockutils [None req-b38d8c92-7b88-4d5d-b2bc-26285a700446 tempest-AggregatesAdminTestJSON-168720244 tempest-AggregatesAdminTestJSON-168720244-project] Lock "17e96d54-5c77-4b51-bde3-4455eec527d9" released by "nova.context.set_target_cell..get_or_set_cached_cell_and_set_connections" :: held 0.004s {{(pid=109859) inner /usr/local/lib/python3.8/dist-packages/oslo_concurrency/lockutils.py:367}}
Aug 16 22:07:00.690284 n-d-791505-20 devstack@n-api.service[109859]: DEBUG nova.policy [None req-b38d8c92-7b88-4d5d-b2bc-26285a700446 tempest-AggregatesAdminTestJSON-168720244 tempest-AggregatesAdminTestJSON-168720244-project] Policy check for os_compute_api:os-extended-server-attributes failed with credentials {'is_admin': False, 'user_id': '39d980ac2f544fcd954b39382dc1b40b', 'user_domain_id': 'default', 'system_scope': None, 'domain_id': None, 'project_id': 'f92380d005764334832a4628b954eccd', 'project_domain_id': 'default', 'roles': ['member', 'reader'], 'is_admin_project': True, 'service_user_id': None, 'service_user_domain_id': None, 'service_project_id': None, 'service_project_domain_id': None, 'service_roles': []} {{(pid=109859) authorize /opt/stack/nova/nova/policy.py:199}}
Aug 16 22:07:00.698128 n-d-791505-20 devstack@n-api.service[109859]: INFO nova.api.openstack.requestlog [None req-b38d8c92-7b88-4d5d-b2bc-26285a700446 tempest-AggregatesAdminTestJSON-168720244 tempest-AggregatesAdminTestJSON-168720244-project] 10.222.0.22 "GET /compute/v2.1/servers/689e4b1b-b936-425e-9a9a-31a899fe27f0" status: 200 len: 1337 microversion: 2.1 time: 0.270771
Aug 16 22:07:00.707825 n-d-791505-20 devstack@n-api.service[109859]: [pid: 109859|app: 0|req: 108/214] 10.222.0.22 () {58 vars in 1236 bytes} [Mon Aug 16 22:07:00 2021] GET /compute/v2.1/servers/689e4b1b-b936-425e-9a9a-31a899fe27f0 => generated 1337 bytes in 281 msecs (HTTP/1.1 200) 9 headers in 358 bytes (1 switches on core 0)
Aug 16 22:07:00.746173 n-d-791505-20 devstack@n-api.service[109858]: DEBUG nova.api.openstack.wsgi [None req-08690d9c-05bc-4eda-bac6-514ea31ab649 tempest-DeleteServersAdminTestJSON-56693087 tempest-DeleteServersAdminTestJSON-56693087-project-admin] Calling method '>' {{(pid=109858) _process_stack /opt/stack/nova/nova/api/openstack/wsgi.py:513}}
Aug 16 22:07:00.747787 n-d-791505-20 devstack@n-api.service[109858]: DEBUG nova.compute.api [None req-08690d9c-05bc-4eda-bac6-514ea31ab649 tempest-DeleteServersAdminTestJSON-56693087 tempest-DeleteServersAdminTestJSON-56693087-project-admin] [instance: 4a626475-f590-4cd7-816a-755d13acb6d3] Fetching instance by UUID {{(pid=109858) get /opt/stack/nova/nova/compute/api.py:2791}}
Aug 16 22:07:00.756288 n-d-791505-20 devstack@n-api.service[109858]: DEBUG oslo_concurrency.lockutils [None req-08690d9c-05bc-4eda-bac6-514ea31ab649 tempest-DeleteServersAdminTestJSON-56693087 tempest-DeleteServersAdminTestJSON-56693087-project-admin] Lock "17e96d54-5c77-4b51-bde3-4455eec527d9" acquired by "nova.context.set_target_cell..get_or_set_cached_cell_and_set_connections" :: waited 0.000s {{(pid=109858) inner /usr/local/lib/python3.8/dist-packages/oslo_concurrency/lockutils.py:355}}
Aug 16 22:07:00.757351 n-d-791505-20 devstack@n-api.service[109858]: DEBUG oslo_concurrency.lockutils [None req-08690d9c-05bc-4eda-bac6-514ea31ab649 tempest-DeleteServersAdminTestJSON-56693087 tempest-DeleteServersAdminTestJSON-56693087-project-admin] Lock "17e96d54-5c77-4b51-bde3-4455eec527d9" released by "nova.context.set_target_cell..get_or_set_cached_cell_and_set_connections" :: held 0.002s {{(pid=109858) inner /usr/local/lib/python3.8/dist-packages/oslo_concurrency/lockutils.py:367}}
Aug 16 22:07:00.759175 n-d-791505-20 devstack@n-api.service[109858]: DEBUG oslo_concurrency.lockutils [None req-08690d9c-05bc-4eda-bac6-514ea31ab649 tempest-DeleteServersAdminTestJSON-56693087 tempest-DeleteServersAdminTestJSON-56693087-project-admin] Lock "17e96d54-5c77-4b51-bde3-4455eec527d9" acquired by "nova.context.set_target_cell..get_or_set_cached_cell_and_set_connections" :: waited 0.000s {{(pid=109858) inner /usr/local/lib/python3.8/dist-packages/oslo_concurrency/lockutils.py:355}}
Aug 16 22:07:00.759887 n-d-791505-20 devstack@n-api.service[109858]: DEBUG oslo_concurrency.lockutils [None req-08690d9c-05bc-4eda-bac6-514ea31ab649 tempest-DeleteServersAdminTestJSON-56693087 tempest-DeleteServersAdminTestJSON-56693087-project-admin] Lock "17e96d54-5c77-4b51-bde3-4455eec527d9" released by "nova.context.set_target_cell..get_or_set_cached_cell_and_set_connections" :: held 0.001s {{(pid=109858) inner /usr/local/lib/python3.8/dist-packages/oslo_concurrency/lockutils.py:367}}
Aug 16 22:07:00.854459 n-d-791505-20 devstack@n-api.service[109858]: DEBUG nova.compute.api [None req-08690d9c-05bc-4eda-bac6-514ea31ab649 tempest-DeleteServersAdminTestJSON-56693087 tempest-DeleteServersAdminTestJSON-56693087-project-admin] [instance: 4a626475-f590-4cd7-816a-755d13acb6d3] Going to try to terminate instance {{(pid=109858) delete /opt/stack/nova/nova/compute/api.py:2540}}
Aug 16 22:07:00.891005 n-d-791505-20 devstack@n-api.service[109859]: DEBUG nova.api.openstack.wsgi [None req-b8a79272-918d-46ad-a8e9-66f67a3031c5 tempest-LiveMigrationTest-1293990947 tempest-LiveMigrationTest-1293990947-project] Calling method '>' {{(pid=109859) _process_stack /opt/stack/nova/nova/api/openstack/wsgi.py:513}}
Aug 16 22:07:00.891735 n-d-791505-20 devstack@n-api.service[109859]: DEBUG nova.compute.api [None req-b8a79272-918d-46ad-a8e9-66f67a3031c5 tempest-LiveMigrationTest-1293990947 tempest-LiveMigrationTest-1293990947-project] [instance: 2449fad3-c4ab-4034-a604-5d776459056b] Fetching instance by UUID {{(pid=109859) get /opt/stack/nova/nova/compute/api.py:2791}}
Aug 16 22:07:00.903868 n-d-791505-20 devstack@n-api.service[109859]: DEBUG oslo_concurrency.lockutils [None req-b8a79272-918d-46ad-a8e9-66f67a3031c5 tempest-LiveMigrationTest-1293990947 tempest-LiveMigrationTest-1293990947-project] Lock "17e96d54-5c77-4b51-bde3-4455eec527d9" acquired by "nova.context.set_target_cell..get_or_set_cached_cell_and_set_connections" :: waited 0.000s {{(pid=109859) inner /usr/local/lib/python3.8/dist-packages/oslo_concurrency/lockutils.py:355}}
Aug 16 22:07:00.905612 n-d-791505-20 devstack@n-api.service[109859]: DEBUG oslo_concurrency.lockutils [None req-b8a79272-918d-46ad-a8e9-66f67a3031c5 tempest-LiveMigrationTest-1293990947 tempest-LiveMigrationTest-1293990947-project] Lock "17e96d54-5c77-4b51-bde3-4455eec527d9" released by "nova.context.set_target_cell..get_or_set_cached_cell_and_set_connections" :: held 0.001s {{(pid=109859) inner /usr/local/lib/python3.8/dist-packages/oslo_concurrency/lockutils.py:367}}
Aug 16 22:07:00.909694 n-d-791505-20 devstack@n-api.service[109859]: DEBUG oslo_concurrency.lockutils [None req-b8a79272-918d-46ad-a8e9-66f67a3031c5 tempest-LiveMigrationTest-1293990947 tempest-LiveMigrationTest-1293990947-project] Lock "17e96d54-5c77-4b51-bde3-4455eec527d9" acquired by "nova.context.set_target_cell..get_or_set_cached_cell_and_set_connections" :: waited 0.000s {{(pid=109859) inner /usr/local/lib/python3.8/dist-packages/oslo_concurrency/lockutils.py:355}}
Aug 16 22:07:00.910175 n-d-791505-20 devstack@n-api.service[109859]: DEBUG oslo_concurrency.lockutils [None req-b8a79272-918d-46ad-a8e9-66f67a3031c5 tempest-LiveMigrationTest-1293990947 tempest-LiveMigrationTest-1293990947-project] Lock "17e96d54-5c77-4b51-bde3-4455eec527d9" released by "nova.context.set_target_cell..get_or_set_cached_cell_and_set_connections" :: held 0.004s {{(pid=109859) inner /usr/local/lib/python3.8/dist-packages/oslo_concurrency/lockutils.py:367}}
Aug 16 22:07:01.078688 n-d-791505-20 devstack@n-api.service[109858]: INFO nova.api.openstack.requestlog [None req-08690d9c-05bc-4eda-bac6-514ea31ab649 tempest-DeleteServersAdminTestJSON-56693087 tempest-DeleteServersAdminTestJSON-56693087-project-admin] 10.222.0.22 "DELETE /compute/v2.1/servers/4a626475-f590-4cd7-816a-755d13acb6d3" status: 204 len: 0 microversion: 2.1 time: 0.642746
Aug 16 22:07:01.080727 n-d-791505-20 devstack@n-api.service[109858]: [pid: 109858|app: 0|req: 107/215] 10.222.0.22 () {58 vars in 1239 bytes} [Mon Aug 16 22:07:00 2021] DELETE /compute/v2.1/servers/4a626475-f590-4cd7-816a-755d13acb6d3 => generated 0 bytes in 648 msecs (HTTP/1.1 204) 9 headers in 363 bytes (2 switches on core 0)
Aug 16 22:07:01.093683 n-d-791505-20 devstack@n-api.service[109858]: DEBUG nova.api.openstack.wsgi [None req-31a2d6b3-fda5-4683-b6e7-662b7da34e2d tempest-DeleteServersAdminTestJSON-314285174 tempest-DeleteServersAdminTestJSON-314285174-project] Calling method '>' {{(pid=109858) _process_stack /opt/stack/nova/nova/api/openstack/wsgi.py:513}}
Aug 16 22:07:01.095344 n-d-791505-20 devstack@n-api.service[109858]: DEBUG nova.compute.api [None req-31a2d6b3-fda5-4683-b6e7-662b7da34e2d tempest-DeleteServersAdminTestJSON-314285174 tempest-DeleteServersAdminTestJSON-314285174-project] [instance: 4a626475-f590-4cd7-816a-755d13acb6d3] Fetching instance by UUID {{(pid=109858) get /opt/stack/nova/nova/compute/api.py:2791}}
Aug 16 22:07:01.103891 n-d-791505-20 devstack@n-api.service[109858]: DEBUG oslo_concurrency.lockutils [None req-31a2d6b3-fda5-4683-b6e7-662b7da34e2d tempest-DeleteServersAdminTestJSON-314285174 tempest-DeleteServersAdminTestJSON-314285174-project] Lock "17e96d54-5c77-4b51-bde3-4455eec527d9" acquired by "nova.context.set_target_cell..get_or_set_cached_cell_and_set_connections" :: waited 0.000s {{(pid=109858) inner /usr/local/lib/python3.8/dist-packages/oslo_concurrency/lockutils.py:355}}
Aug 16 22:07:01.104740 n-d-791505-20 devstack@n-api.service[109858]: DEBUG oslo_concurrency.lockutils [None req-31a2d6b3-fda5-4683-b6e7-662b7da34e2d tempest-DeleteServersAdminTestJSON-314285174 tempest-DeleteServersAdminTestJSON-314285174-project] Lock "17e96d54-5c77-4b51-bde3-4455eec527d9" released by "nova.context.set_target_cell..get_or_set_cached_cell_and_set_connections" :: held 0.001s {{(pid=109858) inner /usr/local/lib/python3.8/dist-packages/oslo_concurrency/lockutils.py:367}}
Aug 16 22:07:01.108309 n-d-791505-20 devstack@n-api.service[109858]: DEBUG oslo_concurrency.lockutils [None req-31a2d6b3-fda5-4683-b6e7-662b7da34e2d tempest-DeleteServersAdminTestJSON-314285174 tempest-DeleteServersAdminTestJSON-314285174-project] Lock "17e96d54-5c77-4b51-bde3-4455eec527d9" acquired by "nova.context.set_target_cell..get_or_set_cached_cell_and_set_connections" :: waited 0.000s {{(pid=109858) inner /usr/local/lib/python3.8/dist-packages/oslo_concurrency/lockutils.py:355}}
Aug 16 22:07:01.111128 n-d-791505-20 devstack@n-api.service[109858]: DEBUG oslo_concurrency.lockutils [None req-31a2d6b3-fda5-4683-b6e7-662b7da34e2d tempest-DeleteServersAdminTestJSON-314285174 tempest-DeleteServersAdminTestJSON-314285174-project] Lock "17e96d54-5c77-4b51-bde3-4455eec527d9" released by "nova.context.set_target_cell..get_or_set_cached_cell_and_set_connections" :: held 0.002s {{(pid=109858) inner /usr/local/lib/python3.8/dist-packages/oslo_concurrency/lockutils.py:367}}
Aug 16 22:07:01.164644 n-d-791505-20 devstack@n-api.service[109859]: DEBUG nova.policy [None req-b8a79272-918d-46ad-a8e9-66f67a3031c5 tempest-LiveMigrationTest-1293990947 tempest-LiveMigrationTest-1293990947-project] Policy check for os_compute_api:os-extended-server-attributes failed with credentials {'is_admin': False, 'user_id': 'a9056164cb2a4b53a7bcf6d58c74d823', 'user_domain_id': 'default', 'system_scope': None, 'domain_id': None, 'project_id': '5624b35132d2479889cc6371835d2c04', 'project_domain_id': 'default', 'roles': ['member', 'reader'], 'is_admin_project': True, 'service_user_id': None, 'service_user_domain_id': None, 'service_project_id': None, 'service_project_domain_id': None, 'service_roles': []} {{(pid=109859) authorize /opt/stack/nova/nova/policy.py:199}}
Aug 16 22:07:01.172267 n-d-791505-20 devstack@n-api.service[109859]: INFO nova.api.openstack.requestlog [None req-b8a79272-918d-46ad-a8e9-66f67a3031c5 tempest-LiveMigrationTest-1293990947 tempest-LiveMigrationTest-1293990947-project] 10.222.0.22 "GET /compute/v2.1/servers/2449fad3-c4ab-4034-a604-5d776459056b" status: 200 len: 1311 microversion: 2.1 time: 0.286025
Aug 16 22:07:01.173061 n-d-791505-20 devstack@n-api.service[109859]: [pid: 109859|app: 0|req: 109/216] 10.222.0.22 () {58 vars in 1236 bytes} [Mon Aug 16 22:07:00 2021] GET /compute/v2.1/servers/2449fad3-c4ab-4034-a604-5d776459056b => generated 1311 bytes in 288 msecs (HTTP/1.1 200) 9 headers in 358 bytes (2 switches on core 0)
Aug 16 22:07:01.224497 n-d-791505-20 devstack@n-api.service[109859]: DEBUG nova.api.openstack.wsgi [req-3ab4aaa0-444f-408f-bb92-26f415bb73f9 req-f2f340c8-7d8f-4000-85f1-bf0bcf38ec53 service nova] Action: 'create', calling method: >, body: {"events": [{"server_uuid": "689e4b1b-b936-425e-9a9a-31a899fe27f0", "name": "network-vif-plugged", "status": "completed", "tag": "7cb1ee90-32b0-4285-a0f4-ef1f72686f0a"}]} {{(pid=109859) _process_stack /opt/stack/nova/nova/api/openstack/wsgi.py:511}}
Aug 16 22:07:01.226473 n-d-791505-20 devstack@n-api.service[109859]: /usr/local/lib/python3.8/dist-packages/oslo_policy/policy.py:1064: UserWarning: Policy os_compute_api:os-server-external-events:create failed scope check. The token used to make the request was project scoped but the policy requires ['system'] scope. This behavior may change in the future where using the intended scope is required
Aug 16 22:07:01.226473 n-d-791505-20 devstack@n-api.service[109859]: warnings.warn(msg)
Aug 16 22:07:01.234913 n-d-791505-20 devstack@n-api.service[109859]: DEBUG oslo_concurrency.lockutils [req-3ab4aaa0-444f-408f-bb92-26f415bb73f9 req-f2f340c8-7d8f-4000-85f1-bf0bcf38ec53 service nova] Lock "17e96d54-5c77-4b51-bde3-4455eec527d9" acquired by "nova.context.set_target_cell..get_or_set_cached_cell_and_set_connections" :: waited 0.000s {{(pid=109859) inner /usr/local/lib/python3.8/dist-packages/oslo_concurrency/lockutils.py:355}}
Aug 16 22:07:01.235484 n-d-791505-20 devstack@n-api.service[109859]: DEBUG oslo_concurrency.lockutils [req-3ab4aaa0-444f-408f-bb92-26f415bb73f9 req-f2f340c8-7d8f-4000-85f1-bf0bcf38ec53 service nova] Lock "17e96d54-5c77-4b51-bde3-4455eec527d9" released by "nova.context.set_target_cell..get_or_set_cached_cell_and_set_connections" :: held 0.001s {{(pid=109859) inner /usr/local/lib/python3.8/dist-packages/oslo_concurrency/lockutils.py:367}}
Aug 16 22:07:01.247877 n-d-791505-20 devstack@n-api.service[109859]: INFO nova.api.openstack.compute.server_external_events [req-3ab4aaa0-444f-408f-bb92-26f415bb73f9 req-f2f340c8-7d8f-4000-85f1-bf0bcf38ec53 service nova] Creating event network-vif-plugged:7cb1ee90-32b0-4285-a0f4-ef1f72686f0a for instance 689e4b1b-b936-425e-9a9a-31a899fe27f0 on n-h2-791505-20
Aug 16 22:07:01.255128 n-d-791505-20 devstack@n-api.service[109859]: INFO nova.api.openstack.requestlog [req-3ab4aaa0-444f-408f-bb92-26f415bb73f9 req-f2f340c8-7d8f-4000-85f1-bf0bcf38ec53 service nova] 10.222.0.22 "POST /compute/v2.1/os-server-external-events" status: 200 len: 183 microversion: 2.1 time: 0.035104
Aug 16 22:07:01.256805 n-d-791505-20 devstack@n-api.service[109859]: [pid: 109859|app: 0|req: 110/217] 10.222.0.22 () {64 vars in 1318 bytes} [Mon Aug 16 22:07:01 2021] POST /compute/v2.1/os-server-external-events => generated 183 bytes in 38 msecs (HTTP/1.1 200) 9 headers in 357 bytes (1 switches on core 0)
