Jul 23 21:09:48.698592 n-d-791505-18 devstack@placement-api.service[94537]: INFO placement.requestlog [req-dd5321df-fec3-417c-b8c6-01178fac8184 req-ecbad50c-d4fd-4ffa-8214-09296119a950 service placement] 10.222.0.15 "PUT /placement/allocations/3c51b99a-27b5-448d-8486-40a73238d0d7" status: 204 len: 0 microversion: 1.28
Jul 23 21:09:48.699530 n-d-791505-18 devstack@placement-api.service[94537]: [pid: 94537|app: 0|req: 164/323] 10.222.0.15 () {64 vars in 1431 bytes} [Fri Jul 23 21:09:48 2021] PUT /placement/allocations/3c51b99a-27b5-448d-8486-40a73238d0d7 => generated 0 bytes in 82 msecs (HTTP/1.1 204) 5 headers in 199 bytes (1 switches on core 0)
Jul 23 21:09:48.886103 n-d-791505-18 devstack@placement-api.service[94536]: DEBUG placement.requestlog [req-ba51924b-8cca-4972-b5e2-7edbea9e504d req-c6f8ef6b-df5b-43bd-bc2f-b72268d75458 None None] Starting request: 10.222.0.15 "GET /placement/allocations/b37e3f90-741c-4298-892c-4f4f87172ce1" {{(pid=94536) __call__ /opt/stack/placement/placement/requestlog.py:55}}
Jul 23 21:09:48.919590 n-d-791505-18 devstack@placement-api.service[94536]: INFO placement.requestlog [req-ba51924b-8cca-4972-b5e2-7edbea9e504d req-c6f8ef6b-df5b-43bd-bc2f-b72268d75458 service placement] 10.222.0.15 "GET /placement/allocations/b37e3f90-741c-4298-892c-4f4f87172ce1" status: 200 len: 259 microversion: 1.28
Jul 23 21:09:48.920110 n-d-791505-18 devstack@placement-api.service[94536]: [pid: 94536|app: 0|req: 160/324] 10.222.0.15 () {60 vars in 1378 bytes} [Fri Jul 23 21:09:48 2021] GET /placement/allocations/b37e3f90-741c-4298-892c-4f4f87172ce1 => generated 259 bytes in 35 msecs (HTTP/1.1 200) 8 headers in 296 bytes (1 switches on core 0)
Jul 23 21:09:48.934176 n-d-791505-18 devstack@placement-api.service[94537]: DEBUG placement.requestlog [req-ba51924b-8cca-4972-b5e2-7edbea9e504d req-72b6a2a7-eb40-4285-bfc3-0e18c78f9680 None None] Starting request: 10.222.0.15 "PUT /placement/allocations/b37e3f90-741c-4298-892c-4f4f87172ce1" {{(pid=94537) __call__ /opt/stack/placement/placement/requestlog.py:55}}
Jul 23 21:09:49.024861 n-d-791505-18 devstack@placement-api.service[94537]: DEBUG placement.handlers.allocation [req-ba51924b-8cca-4972-b5e2-7edbea9e504d req-72b6a2a7-eb40-4285-bfc3-0e18c78f9680 service placement] Successfully wrote allocations [, , ] {{(pid=94537) _create_allocations /opt/stack/placement/placement/handlers/allocation.py:435}}
Jul 23 21:09:49.025518 n-d-791505-18 devstack@placement-api.service[94537]: INFO placement.requestlog [req-ba51924b-8cca-4972-b5e2-7edbea9e504d req-72b6a2a7-eb40-4285-bfc3-0e18c78f9680 service placement] 10.222.0.15 "PUT /placement/allocations/b37e3f90-741c-4298-892c-4f4f87172ce1" status: 204 len: 0 microversion: 1.28
Jul 23 21:09:49.026104 n-d-791505-18 devstack@placement-api.service[94537]: [pid: 94537|app: 0|req: 165/325] 10.222.0.15 () {64 vars in 1431 bytes} [Fri Jul 23 21:09:48 2021] PUT /placement/allocations/b37e3f90-741c-4298-892c-4f4f87172ce1 => generated 0 bytes in 92 msecs (HTTP/1.1 204) 5 headers in 199 bytes (1 switches on core 0)
Jul 23 21:09:52.113539 n-d-791505-18 devstack@placement-api.service[94536]: DEBUG placement.requestlog [req-aff8455e-c984-41d2-ae79-d92c5e4d71f4 req-b4282f6e-6885-44d7-bd2f-a9c968e8cbdb None None] Starting request: 10.222.0.39 "GET /placement/allocation_candidates?limit=1000&resources=DISK_GB%3A1%2CMEMORY_MB%3A1024%2CVCPU%3A1&root_required=%21COMPUTE_STATUS_DISABLED" {{(pid=94536) __call__ /opt/stack/placement/placement/requestlog.py:55}}
Jul 23 21:09:52.146603 n-d-791505-18 devstack@placement-api.service[94536]: DEBUG placement.objects.research_context [req-aff8455e-c984-41d2-ae79-d92c5e4d71f4 req-b4282f6e-6885-44d7-bd2f-a9c968e8cbdb service placement] getting providers with 1 DISK_GB {{(pid=94536) __init__ /opt/stack/placement/placement/objects/research_context.py:126}}
Jul 23 21:09:52.153806 n-d-791505-18 devstack@placement-api.service[94536]: DEBUG placement.objects.research_context [req-aff8455e-c984-41d2-ae79-d92c5e4d71f4 req-b4282f6e-6885-44d7-bd2f-a9c968e8cbdb service placement] getting providers with 1024 MEMORY_MB {{(pid=94536) __init__ /opt/stack/placement/placement/objects/research_context.py:126}}
Jul 23 21:09:52.161075 n-d-791505-18 devstack@placement-api.service[94536]: DEBUG placement.objects.research_context [req-aff8455e-c984-41d2-ae79-d92c5e4d71f4 req-b4282f6e-6885-44d7-bd2f-a9c968e8cbdb service placement] getting providers with 1 VCPU {{(pid=94536) __init__ /opt/stack/placement/placement/objects/research_context.py:126}}
Jul 23 21:09:52.172513 n-d-791505-18 devstack@placement-api.service[94536]: DEBUG placement.objects.research_context [req-aff8455e-c984-41d2-ae79-d92c5e4d71f4 req-b4282f6e-6885-44d7-bd2f-a9c968e8cbdb service placement] found 2 providers with available 1 DISK_GB {{(pid=94536) get_provider_ids_matching /opt/stack/placement/placement/objects/research_context.py:549}}
Jul 23 21:09:52.172877 n-d-791505-18 devstack@placement-api.service[94536]: DEBUG placement.objects.research_context [req-aff8455e-c984-41d2-ae79-d92c5e4d71f4 req-b4282f6e-6885-44d7-bd2f-a9c968e8cbdb service placement] found 2 providers with available 1024 MEMORY_MB {{(pid=94536) get_provider_ids_matching /opt/stack/placement/placement/objects/research_context.py:549}}
Jul 23 21:09:52.173219 n-d-791505-18 devstack@placement-api.service[94536]: DEBUG placement.objects.research_context [req-aff8455e-c984-41d2-ae79-d92c5e4d71f4 req-b4282f6e-6885-44d7-bd2f-a9c968e8cbdb service placement] found 2 providers after filtering by previous result {{(pid=94536) get_provider_ids_matching /opt/stack/placement/placement/objects/research_context.py:580}}
Jul 23 21:09:52.173547 n-d-791505-18 devstack@placement-api.service[94536]: DEBUG placement.objects.research_context [req-aff8455e-c984-41d2-ae79-d92c5e4d71f4 req-b4282f6e-6885-44d7-bd2f-a9c968e8cbdb service placement] found 2 providers with available 1 VCPU {{(pid=94536) get_provider_ids_matching /opt/stack/placement/placement/objects/research_context.py:549}}
Jul 23 21:09:52.174101 n-d-791505-18 devstack@placement-api.service[94536]: DEBUG placement.objects.research_context [req-aff8455e-c984-41d2-ae79-d92c5e4d71f4 req-b4282f6e-6885-44d7-bd2f-a9c968e8cbdb service placement] found 2 providers after filtering by previous result {{(pid=94536) get_provider_ids_matching /opt/stack/placement/placement/objects/research_context.py:580}}
Jul 23 21:09:52.195896 n-d-791505-18 devstack@placement-api.service[94536]: DEBUG placement.objects.allocation_candidate [req-aff8455e-c984-41d2-ae79-d92c5e4d71f4 req-b4282f6e-6885-44d7-bd2f-a9c968e8cbdb service placement] RequestGroup(use_same_provider=False, resources={DISK_GB:1, MEMORY_MB:1024, VCPU:1}, traits=[], aggregates=[]) (suffix '') returned 2 matches {{(pid=94536) _get_by_requests /opt/stack/placement/placement/objects/allocation_candidate.py:145}}
Jul 23 21:09:52.196393 n-d-791505-18 devstack@placement-api.service[94536]: DEBUG placement.objects.allocation_candidate [req-aff8455e-c984-41d2-ae79-d92c5e4d71f4 req-b4282f6e-6885-44d7-bd2f-a9c968e8cbdb service placement] Merging candidates yields 2 allocation requests and 2 provider summaries {{(pid=94536) _merge_candidates /opt/stack/placement/placement/objects/allocation_candidate.py:783}}
Jul 23 21:09:52.199001 n-d-791505-18 devstack@placement-api.service[94536]: INFO placement.requestlog [req-aff8455e-c984-41d2-ae79-d92c5e4d71f4 req-b4282f6e-6885-44d7-bd2f-a9c968e8cbdb service placement] 10.222.0.39 "GET /placement/allocation_candidates?limit=1000&resources=DISK_GB%3A1%2CMEMORY_MB%3A1024%2CVCPU%3A1&root_required=%21COMPUTE_STATUS_DISABLED" status: 200 len: 1312 microversion: 1.36
Jul 23 21:09:52.200480 n-d-791505-18 devstack@placement-api.service[94536]: [pid: 94536|app: 0|req: 161/326] 10.222.0.39 () {60 vars in 1507 bytes} [Fri Jul 23 21:09:52 2021] GET /placement/allocation_candidates?limit=1000&resources=DISK_GB%3A1%2CMEMORY_MB%3A1024%2CVCPU%3A1&root_required=%21COMPUTE_STATUS_DISABLED => generated 1312 bytes in 87 msecs (HTTP/1.1 200) 8 headers in 297 bytes (1 switches on core 0)
Jul 23 21:09:52.321484 n-d-791505-18 devstack@placement-api.service[94537]: DEBUG placement.requestlog [req-aff8455e-c984-41d2-ae79-d92c5e4d71f4 req-f5d71110-beb0-4fc9-9978-6ad179f3dccc None None] Starting request: 10.222.0.39 "GET /placement/allocations/0349a0ae-8a3b-47ca-a56b-3d52f4cfcece" {{(pid=94537) __call__ /opt/stack/placement/placement/requestlog.py:55}}
Jul 23 21:09:52.341019 n-d-791505-18 devstack@placement-api.service[94537]: INFO placement.requestlog [req-aff8455e-c984-41d2-ae79-d92c5e4d71f4 req-f5d71110-beb0-4fc9-9978-6ad179f3dccc service placement] 10.222.0.39 "GET /placement/allocations/0349a0ae-8a3b-47ca-a56b-3d52f4cfcece" status: 200 len: 19 microversion: 1.28
Jul 23 21:09:52.350341 n-d-791505-18 devstack@placement-api.service[94537]: [pid: 94537|app: 0|req: 166/327] 10.222.0.39 () {60 vars in 1381 bytes} [Fri Jul 23 21:09:52 2021] GET /placement/allocations/0349a0ae-8a3b-47ca-a56b-3d52f4cfcece => generated 19 bytes in 29 msecs (HTTP/1.1 200) 8 headers in 295 bytes (1 switches on core 0)
Jul 23 21:09:52.353641 n-d-791505-18 devstack@placement-api.service[94536]: DEBUG placement.requestlog [req-aff8455e-c984-41d2-ae79-d92c5e4d71f4 req-4d186a31-ee99-400c-a8a9-986c2362ccaf None None] Starting request: 10.222.0.39 "PUT /placement/allocations/0349a0ae-8a3b-47ca-a56b-3d52f4cfcece" {{(pid=94536) __call__ /opt/stack/placement/placement/requestlog.py:55}}
Jul 23 21:09:52.485497 n-d-791505-18 devstack@placement-api.service[94536]: DEBUG placement.handlers.allocation [req-aff8455e-c984-41d2-ae79-d92c5e4d71f4 req-4d186a31-ee99-400c-a8a9-986c2362ccaf service placement] Successfully wrote allocations [, , ] {{(pid=94536) _create_allocations /opt/stack/placement/placement/handlers/allocation.py:435}}
Jul 23 21:09:52.486253 n-d-791505-18 devstack@placement-api.service[94536]: INFO placement.requestlog [req-aff8455e-c984-41d2-ae79-d92c5e4d71f4 req-4d186a31-ee99-400c-a8a9-986c2362ccaf service placement] 10.222.0.39 "PUT /placement/allocations/0349a0ae-8a3b-47ca-a56b-3d52f4cfcece" status: 204 len: 0 microversion: 1.36
Jul 23 21:09:52.486944 n-d-791505-18 devstack@placement-api.service[94536]: [pid: 94536|app: 0|req: 162/328] 10.222.0.39 () {64 vars in 1434 bytes} [Fri Jul 23 21:09:52 2021] PUT /placement/allocations/0349a0ae-8a3b-47ca-a56b-3d52f4cfcece => generated 0 bytes in 133 msecs (HTTP/1.1 204) 5 headers in 199 bytes (1 switches on core 0)
Jul 23 21:09:52.906471 n-d-791505-18 devstack@placement-api.service[94537]: DEBUG placement.requestlog [req-aff8455e-c984-41d2-ae79-d92c5e4d71f4 req-a443f62a-3fc0-4401-a1f4-d87cfec72cea None None] Starting request: 10.222.0.15 "GET /placement/allocations/0349a0ae-8a3b-47ca-a56b-3d52f4cfcece" {{(pid=94537) __call__ /opt/stack/placement/placement/requestlog.py:55}}
Jul 23 21:09:52.933578 n-d-791505-18 devstack@placement-api.service[94537]: INFO placement.requestlog [req-aff8455e-c984-41d2-ae79-d92c5e4d71f4 req-a443f62a-3fc0-4401-a1f4-d87cfec72cea service placement] 10.222.0.15 "GET /placement/allocations/0349a0ae-8a3b-47ca-a56b-3d52f4cfcece" status: 200 len: 259 microversion: 1.28
Jul 23 21:09:52.934384 n-d-791505-18 devstack@placement-api.service[94537]: [pid: 94537|app: 0|req: 167/329] 10.222.0.15 () {60 vars in 1378 bytes} [Fri Jul 23 21:09:52 2021] GET /placement/allocations/0349a0ae-8a3b-47ca-a56b-3d52f4cfcece => generated 259 bytes in 29 msecs (HTTP/1.1 200) 8 headers in 296 bytes (1 switches on core 0)
Jul 23 21:09:55.114692 n-d-791505-18 devstack@placement-api.service[94536]: DEBUG placement.requestlog [req-aff8455e-c984-41d2-ae79-d92c5e4d71f4 req-3513f5dc-88b8-4a25-922e-29d1ea4a5355 None None] Starting request: 10.222.0.15 "GET /placement/allocations/0349a0ae-8a3b-47ca-a56b-3d52f4cfcece" {{(pid=94536) __call__ /opt/stack/placement/placement/requestlog.py:55}}
Jul 23 21:09:55.137231 n-d-791505-18 devstack@placement-api.service[94536]: INFO placement.requestlog [req-aff8455e-c984-41d2-ae79-d92c5e4d71f4 req-3513f5dc-88b8-4a25-922e-29d1ea4a5355 service placement] 10.222.0.15 "GET /placement/allocations/0349a0ae-8a3b-47ca-a56b-3d52f4cfcece" status: 200 len: 259 microversion: 1.28
Jul 23 21:09:55.137989 n-d-791505-18 devstack@placement-api.service[94536]: [pid: 94536|app: 0|req: 163/330] 10.222.0.15 () {60 vars in 1378 bytes} [Fri Jul 23 21:09:55 2021] GET /placement/allocations/0349a0ae-8a3b-47ca-a56b-3d52f4cfcece => generated 259 bytes in 23 msecs (HTTP/1.1 200) 8 headers in 296 bytes (1 switches on core 0)
Jul 23 21:09:55.145472 n-d-791505-18 devstack@placement-api.service[94537]: DEBUG placement.requestlog [req-aff8455e-c984-41d2-ae79-d92c5e4d71f4 req-09533f86-0a4e-4251-a9fd-cebeca6b004b None None] Starting request: 10.222.0.15 "PUT /placement/allocations/0349a0ae-8a3b-47ca-a56b-3d52f4cfcece" {{(pid=94537) __call__ /opt/stack/placement/placement/requestlog.py:55}}
Jul 23 21:09:55.221731 n-d-791505-18 devstack@placement-api.service[94537]: DEBUG placement.handlers.allocation [req-aff8455e-c984-41d2-ae79-d92c5e4d71f4 req-09533f86-0a4e-4251-a9fd-cebeca6b004b service placement] Successfully wrote allocations [, , ] {{(pid=94537) _create_allocations /opt/stack/placement/placement/handlers/allocation.py:435}}
Jul 23 21:09:55.223037 n-d-791505-18 devstack@placement-api.service[94537]: INFO placement.requestlog [req-aff8455e-c984-41d2-ae79-d92c5e4d71f4 req-09533f86-0a4e-4251-a9fd-cebeca6b004b service placement] 10.222.0.15 "PUT /placement/allocations/0349a0ae-8a3b-47ca-a56b-3d52f4cfcece" status: 204 len: 0 microversion: 1.28
Jul 23 21:09:55.223946 n-d-791505-18 devstack@placement-api.service[94537]: [pid: 94537|app: 0|req: 168/331] 10.222.0.15 () {64 vars in 1431 bytes} [Fri Jul 23 21:09:55 2021] PUT /placement/allocations/0349a0ae-8a3b-47ca-a56b-3d52f4cfcece => generated 0 bytes in 79 msecs (HTTP/1.1 204) 5 headers in 199 bytes (1 switches on core 0)
Jul 23 21:09:55.815430 n-d-791505-18 devstack@placement-api.service[94536]: DEBUG placement.requestlog [req-34ca75d7-0147-4032-8b89-5c5ba739a394 req-f1d81429-0c5c-4144-b5af-cecad5ed10a6 None None] Starting request: 10.222.0.39 "GET /placement/allocation_candidates?resources=DISK_GB%3A1%2CMEMORY_MB%3A1024%2CVCPU%3A1&root_required=%21COMPUTE_STATUS_DISABLED" {{(pid=94536) __call__ /opt/stack/placement/placement/requestlog.py:55}}
Jul 23 21:09:55.917578 n-d-791505-18 devstack@placement-api.service[94536]: DEBUG placement.objects.research_context [req-34ca75d7-0147-4032-8b89-5c5ba739a394 req-f1d81429-0c5c-4144-b5af-cecad5ed10a6 service placement] getting providers with 1 DISK_GB {{(pid=94536) __init__ /opt/stack/placement/placement/objects/research_context.py:126}}
Jul 23 21:09:55.934508 n-d-791505-18 devstack@placement-api.service[94536]: DEBUG placement.objects.research_context [req-34ca75d7-0147-4032-8b89-5c5ba739a394 req-f1d81429-0c5c-4144-b5af-cecad5ed10a6 service placement] getting providers with 1024 MEMORY_MB {{(pid=94536) __init__ /opt/stack/placement/placement/objects/research_context.py:126}}
Jul 23 21:09:55.977082 n-d-791505-18 devstack@placement-api.service[94536]: DEBUG placement.objects.research_context [req-34ca75d7-0147-4032-8b89-5c5ba739a394 req-f1d81429-0c5c-4144-b5af-cecad5ed10a6 service placement] getting providers with 1 VCPU {{(pid=94536) __init__ /opt/stack/placement/placement/objects/research_context.py:126}}
Jul 23 21:09:55.998412 n-d-791505-18 devstack@placement-api.service[94536]: DEBUG placement.objects.research_context [req-34ca75d7-0147-4032-8b89-5c5ba739a394 req-f1d81429-0c5c-4144-b5af-cecad5ed10a6 service placement] found 2 providers with available 1 DISK_GB {{(pid=94536) get_provider_ids_matching /opt/stack/placement/placement/objects/research_context.py:549}}
Jul 23 21:09:55.998538 n-d-791505-18 devstack@placement-api.service[94536]: DEBUG placement.objects.research_context [req-34ca75d7-0147-4032-8b89-5c5ba739a394 req-f1d81429-0c5c-4144-b5af-cecad5ed10a6 service placement] found 2 providers with available 1024 MEMORY_MB {{(pid=94536) get_provider_ids_matching /opt/stack/placement/placement/objects/research_context.py:549}}
Jul 23 21:09:55.998707 n-d-791505-18 devstack@placement-api.service[94536]: DEBUG placement.objects.research_context [req-34ca75d7-0147-4032-8b89-5c5ba739a394 req-f1d81429-0c5c-4144-b5af-cecad5ed10a6 service placement] found 2 providers after filtering by previous result {{(pid=94536) get_provider_ids_matching /opt/stack/placement/placement/objects/research_context.py:580}}
Jul 23 21:09:55.998954 n-d-791505-18 devstack@placement-api.service[94536]: DEBUG placement.objects.research_context [req-34ca75d7-0147-4032-8b89-5c5ba739a394 req-f1d81429-0c5c-4144-b5af-cecad5ed10a6 service placement] found 2 providers with available 1 VCPU {{(pid=94536) get_provider_ids_matching /opt/stack/placement/placement/objects/research_context.py:549}}
Jul 23 21:09:56.003718 n-d-791505-18 devstack@placement-api.service[94536]: DEBUG placement.objects.research_context [req-34ca75d7-0147-4032-8b89-5c5ba739a394 req-f1d81429-0c5c-4144-b5af-cecad5ed10a6 service placement] found 2 providers after filtering by previous result {{(pid=94536) get_provider_ids_matching /opt/stack/placement/placement/objects/research_context.py:580}}
Jul 23 21:09:56.038813 n-d-791505-18 devstack@placement-api.service[94536]: DEBUG placement.objects.allocation_candidate [req-34ca75d7-0147-4032-8b89-5c5ba739a394 req-f1d81429-0c5c-4144-b5af-cecad5ed10a6 service placement] RequestGroup(use_same_provider=False, resources={DISK_GB:1, MEMORY_MB:1024, VCPU:1}, traits=[], aggregates=[]) (suffix '') returned 2 matches {{(pid=94536) _get_by_requests /opt/stack/placement/placement/objects/allocation_candidate.py:145}}
Jul 23 21:09:56.039196 n-d-791505-18 devstack@placement-api.service[94536]: DEBUG placement.objects.allocation_candidate [req-34ca75d7-0147-4032-8b89-5c5ba739a394 req-f1d81429-0c5c-4144-b5af-cecad5ed10a6 service placement] Merging candidates yields 2 allocation requests and 2 provider summaries {{(pid=94536) _merge_candidates /opt/stack/placement/placement/objects/allocation_candidate.py:783}}
Jul 23 21:09:56.043049 n-d-791505-18 devstack@placement-api.service[94536]: INFO placement.requestlog [req-34ca75d7-0147-4032-8b89-5c5ba739a394 req-f1d81429-0c5c-4144-b5af-cecad5ed10a6 service placement] 10.222.0.39 "GET /placement/allocation_candidates?resources=DISK_GB%3A1%2CMEMORY_MB%3A1024%2CVCPU%3A1&root_required=%21COMPUTE_STATUS_DISABLED" status: 200 len: 1312 microversion: 1.36
Jul 23 21:09:56.043282 n-d-791505-18 devstack@placement-api.service[94536]: [pid: 94536|app: 0|req: 164/332] 10.222.0.39 () {60 vars in 1485 bytes} [Fri Jul 23 21:09:55 2021] GET /placement/allocation_candidates?resources=DISK_GB%3A1%2CMEMORY_MB%3A1024%2CVCPU%3A1&root_required=%21COMPUTE_STATUS_DISABLED => generated 1312 bytes in 228 msecs (HTTP/1.1 200) 8 headers in 297 bytes (1 switches on core 0)
Jul 23 21:09:56.108038 n-d-791505-18 devstack@placement-api.service[94536]: DEBUG placement.requestlog [req-34ca75d7-0147-4032-8b89-5c5ba739a394 req-041b2b39-0096-4013-800e-bb251d5d2bb6 None None] Starting request: 10.222.0.39 "GET /placement/allocations/e7fd727f-8186-43fd-b79b-def6daca7209" {{(pid=94536) __call__ /opt/stack/placement/placement/requestlog.py:55}}
Jul 23 21:09:56.108894 n-d-791505-18 devstack@placement-api.service[94537]: DEBUG placement.requestlog [req-0926f93c-cf46-426c-be3a-47aaae1cd0d4 req-0e44bd77-d78a-4e6c-aade-10353499f425 None None] Starting request: 10.222.0.15 "GET /placement/allocations/0349a0ae-8a3b-47ca-a56b-3d52f4cfcece" {{(pid=94537) __call__ /opt/stack/placement/placement/requestlog.py:55}}
Jul 23 21:09:56.129115 n-d-791505-18 devstack@placement-api.service[94536]: INFO placement.requestlog [req-34ca75d7-0147-4032-8b89-5c5ba739a394 req-041b2b39-0096-4013-800e-bb251d5d2bb6 service placement] 10.222.0.39 "GET /placement/allocations/e7fd727f-8186-43fd-b79b-def6daca7209" status: 200 len: 19 microversion: 1.28
Jul 23 21:09:56.138337 n-d-791505-18 devstack@placement-api.service[94537]: INFO placement.requestlog [req-0926f93c-cf46-426c-be3a-47aaae1cd0d4 req-0e44bd77-d78a-4e6c-aade-10353499f425 service placement] 10.222.0.15 "GET /placement/allocations/0349a0ae-8a3b-47ca-a56b-3d52f4cfcece" status: 200 len: 19 microversion: 1.28
Jul 23 21:09:56.138878 n-d-791505-18 devstack@placement-api.service[94536]: [pid: 94536|app: 0|req: 165/333] 10.222.0.39 () {60 vars in 1381 bytes} [Fri Jul 23 21:09:56 2021] GET /placement/allocations/e7fd727f-8186-43fd-b79b-def6daca7209 => generated 19 bytes in 31 msecs (HTTP/1.1 200) 8 headers in 295 bytes (1 switches on core 0)
Jul 23 21:09:56.139552 n-d-791505-18 devstack@placement-api.service[94536]: DEBUG placement.requestlog [req-34ca75d7-0147-4032-8b89-5c5ba739a394 req-d48b4096-b75a-4932-9f58-7341bf08926a None None] Starting request: 10.222.0.39 "PUT /placement/allocations/e7fd727f-8186-43fd-b79b-def6daca7209" {{(pid=94536) __call__ /opt/stack/placement/placement/requestlog.py:55}}
Jul 23 21:09:56.140316 n-d-791505-18 devstack@placement-api.service[94537]: [pid: 94537|app: 0|req: 169/334] 10.222.0.15 () {60 vars in 1378 bytes} [Fri Jul 23 21:09:56 2021] GET /placement/allocations/0349a0ae-8a3b-47ca-a56b-3d52f4cfcece => generated 19 bytes in 33 msecs (HTTP/1.1 200) 8 headers in 295 bytes (1 switches on core 0)
Jul 23 21:09:56.217633 n-d-791505-18 devstack@placement-api.service[94536]: DEBUG placement.handlers.allocation [req-34ca75d7-0147-4032-8b89-5c5ba739a394 req-d48b4096-b75a-4932-9f58-7341bf08926a service placement] Successfully wrote allocations [, , ] {{(pid=94536) _create_allocations /opt/stack/placement/placement/handlers/allocation.py:435}}
Jul 23 21:09:56.218260 n-d-791505-18 devstack@placement-api.service[94536]: INFO placement.requestlog [req-34ca75d7-0147-4032-8b89-5c5ba739a394 req-d48b4096-b75a-4932-9f58-7341bf08926a service placement] 10.222.0.39 "PUT /placement/allocations/e7fd727f-8186-43fd-b79b-def6daca7209" status: 204 len: 0 microversion: 1.36
Jul 23 21:09:56.224753 n-d-791505-18 devstack@placement-api.service[94536]: [pid: 94536|app: 0|req: 166/335] 10.222.0.39 () {64 vars in 1434 bytes} [Fri Jul 23 21:09:56 2021] PUT /placement/allocations/e7fd727f-8186-43fd-b79b-def6daca7209 => generated 0 bytes in 79 msecs (HTTP/1.1 204) 5 headers in 199 bytes (2 switches on core 0)
Jul 23 21:09:56.960995 n-d-791505-18 devstack@placement-api.service[94537]: DEBUG placement.requestlog [req-34ca75d7-0147-4032-8b89-5c5ba739a394 req-1b5dfc14-4b45-4353-a430-8545249dce2c None None] Starting request: 10.222.0.15 "GET /placement/allocations/e7fd727f-8186-43fd-b79b-def6daca7209" {{(pid=94537) __call__ /opt/stack/placement/placement/requestlog.py:55}}
Jul 23 21:09:56.981172 n-d-791505-18 devstack@placement-api.service[94537]: INFO placement.requestlog [req-34ca75d7-0147-4032-8b89-5c5ba739a394 req-1b5dfc14-4b45-4353-a430-8545249dce2c service placement] 10.222.0.15 "GET /placement/allocations/e7fd727f-8186-43fd-b79b-def6daca7209" status: 200 len: 259 microversion: 1.28
Jul 23 21:09:56.982065 n-d-791505-18 devstack@placement-api.service[94537]: [pid: 94537|app: 0|req: 170/336] 10.222.0.15 () {60 vars in 1378 bytes} [Fri Jul 23 21:09:56 2021] GET /placement/allocations/e7fd727f-8186-43fd-b79b-def6daca7209 => generated 259 bytes in 22 msecs (HTTP/1.1 200) 8 headers in 296 bytes (1 switches on core 0)
Jul 23 21:09:58.323567 n-d-791505-18 devstack@placement-api.service[94536]: DEBUG placement.requestlog [req-3b3e2605-4c08-4c82-a6de-9e8096e48633 req-51217b6b-fdf1-48eb-a12b-ed674327b581 None None] Starting request: 10.222.0.39 "GET /placement/allocation_candidates?limit=1000&resources=DISK_GB%3A1%2CMEMORY_MB%3A1024%2CVCPU%3A1&root_required=%21COMPUTE_STATUS_DISABLED" {{(pid=94536) __call__ /opt/stack/placement/placement/requestlog.py:55}}
Jul 23 21:09:58.388448 n-d-791505-18 devstack@placement-api.service[94536]: DEBUG placement.objects.research_context [req-3b3e2605-4c08-4c82-a6de-9e8096e48633 req-51217b6b-fdf1-48eb-a12b-ed674327b581 service placement] getting providers with 1 DISK_GB {{(pid=94536) __init__ /opt/stack/placement/placement/objects/research_context.py:126}}
Jul 23 21:09:58.400382 n-d-791505-18 devstack@placement-api.service[94536]: DEBUG placement.objects.research_context [req-3b3e2605-4c08-4c82-a6de-9e8096e48633 req-51217b6b-fdf1-48eb-a12b-ed674327b581 service placement] getting providers with 1024 MEMORY_MB {{(pid=94536) __init__ /opt/stack/placement/placement/objects/research_context.py:126}}
Jul 23 21:09:58.414432 n-d-791505-18 devstack@placement-api.service[94536]: DEBUG placement.objects.research_context [req-3b3e2605-4c08-4c82-a6de-9e8096e48633 req-51217b6b-fdf1-48eb-a12b-ed674327b581 service placement] getting providers with 1 VCPU {{(pid=94536) __init__ /opt/stack/placement/placement/objects/research_context.py:126}}
Jul 23 21:09:58.436276 n-d-791505-18 devstack@placement-api.service[94536]: DEBUG placement.objects.research_context [req-3b3e2605-4c08-4c82-a6de-9e8096e48633 req-51217b6b-fdf1-48eb-a12b-ed674327b581 service placement] found 2 providers with available 1 DISK_GB {{(pid=94536) get_provider_ids_matching /opt/stack/placement/placement/objects/research_context.py:549}}
Jul 23 21:09:58.436592 n-d-791505-18 devstack@placement-api.service[94536]: DEBUG placement.objects.research_context [req-3b3e2605-4c08-4c82-a6de-9e8096e48633 req-51217b6b-fdf1-48eb-a12b-ed674327b581 service placement] found 2 providers with available 1024 MEMORY_MB {{(pid=94536) get_provider_ids_matching /opt/stack/placement/placement/objects/research_context.py:549}}
Jul 23 21:09:58.437045 n-d-791505-18 devstack@placement-api.service[94536]: DEBUG placement.objects.research_context [req-3b3e2605-4c08-4c82-a6de-9e8096e48633 req-51217b6b-fdf1-48eb-a12b-ed674327b581 service placement] found 2 providers after filtering by previous result {{(pid=94536) get_provider_ids_matching /opt/stack/placement/placement/objects/research_context.py:580}}
Jul 23 21:09:58.437462 n-d-791505-18 devstack@placement-api.service[94536]: DEBUG placement.objects.research_context [req-3b3e2605-4c08-4c82-a6de-9e8096e48633 req-51217b6b-fdf1-48eb-a12b-ed674327b581 service placement] found 2 providers with available 1 VCPU {{(pid=94536) get_provider_ids_matching /opt/stack/placement/placement/objects/research_context.py:549}}
Jul 23 21:09:58.437882 n-d-791505-18 devstack@placement-api.service[94536]: DEBUG placement.objects.research_context [req-3b3e2605-4c08-4c82-a6de-9e8096e48633 req-51217b6b-fdf1-48eb-a12b-ed674327b581 service placement] found 2 providers after filtering by previous result {{(pid=94536) get_provider_ids_matching /opt/stack/placement/placement/objects/research_context.py:580}}
Jul 23 21:09:58.458500 n-d-791505-18 devstack@placement-api.service[94536]: DEBUG placement.objects.allocation_candidate [req-3b3e2605-4c08-4c82-a6de-9e8096e48633 req-51217b6b-fdf1-48eb-a12b-ed674327b581 service placement] RequestGroup(use_same_provider=False, resources={DISK_GB:1, MEMORY_MB:1024, VCPU:1}, traits=[], aggregates=[]) (suffix '') returned 2 matches {{(pid=94536) _get_by_requests /opt/stack/placement/placement/objects/allocation_candidate.py:145}}
Jul 23 21:09:58.460274 n-d-791505-18 devstack@placement-api.service[94536]: DEBUG placement.objects.allocation_candidate [req-3b3e2605-4c08-4c82-a6de-9e8096e48633 req-51217b6b-fdf1-48eb-a12b-ed674327b581 service placement] Merging candidates yields 2 allocation requests and 2 provider summaries {{(pid=94536) _merge_candidates /opt/stack/placement/placement/objects/allocation_candidate.py:783}}
Jul 23 21:09:58.463190 n-d-791505-18 devstack@placement-api.service[94536]: INFO placement.requestlog [req-3b3e2605-4c08-4c82-a6de-9e8096e48633 req-51217b6b-fdf1-48eb-a12b-ed674327b581 service placement] 10.222.0.39 "GET /placement/allocation_candidates?limit=1000&resources=DISK_GB%3A1%2CMEMORY_MB%3A1024%2CVCPU%3A1&root_required=%21COMPUTE_STATUS_DISABLED" status: 200 len: 1312 microversion: 1.36
Jul 23 21:09:58.464738 n-d-791505-18 devstack@placement-api.service[94536]: [pid: 94536|app: 0|req: 167/337] 10.222.0.39 () {60 vars in 1507 bytes} [Fri Jul 23 21:09:58 2021] GET /placement/allocation_candidates?limit=1000&resources=DISK_GB%3A1%2CMEMORY_MB%3A1024%2CVCPU%3A1&root_required=%21COMPUTE_STATUS_DISABLED => generated 1312 bytes in 141 msecs (HTTP/1.1 200) 8 headers in 297 bytes (1 switches on core 0)
Jul 23 21:09:58.643851 n-d-791505-18 devstack@placement-api.service[94537]: DEBUG placement.requestlog [req-3b3e2605-4c08-4c82-a6de-9e8096e48633 req-2d05ecfa-6c9d-4da2-8865-74702ba2b10a None None] Starting request: 10.222.0.39 "GET /placement/allocations/ea09c33a-c839-4bf9-90c2-9289d8945792" {{(pid=94537) __call__ /opt/stack/placement/placement/requestlog.py:55}}
Jul 23 21:09:58.665659 n-d-791505-18 devstack@placement-api.service[94537]: INFO placement.requestlog [req-3b3e2605-4c08-4c82-a6de-9e8096e48633 req-2d05ecfa-6c9d-4da2-8865-74702ba2b10a service placement] 10.222.0.39 "GET /placement/allocations/ea09c33a-c839-4bf9-90c2-9289d8945792" status: 200 len: 19 microversion: 1.28
Jul 23 21:09:58.666560 n-d-791505-18 devstack@placement-api.service[94537]: [pid: 94537|app: 0|req: 171/338] 10.222.0.39 () {60 vars in 1381 bytes} [Fri Jul 23 21:09:58 2021] GET /placement/allocations/ea09c33a-c839-4bf9-90c2-9289d8945792 => generated 19 bytes in 23 msecs (HTTP/1.1 200) 8 headers in 295 bytes (1 switches on core 0)
Jul 23 21:09:58.674501 n-d-791505-18 devstack@placement-api.service[94536]: DEBUG placement.requestlog [req-3b3e2605-4c08-4c82-a6de-9e8096e48633 req-e2e09594-401c-44fd-83a6-0dc74cb1477b None None] Starting request: 10.222.0.39 "PUT /placement/allocations/ea09c33a-c839-4bf9-90c2-9289d8945792" {{(pid=94536) __call__ /opt/stack/placement/placement/requestlog.py:55}}
Jul 23 21:09:58.813791 n-d-791505-18 devstack@placement-api.service[94536]: DEBUG placement.handlers.allocation [req-3b3e2605-4c08-4c82-a6de-9e8096e48633 req-e2e09594-401c-44fd-83a6-0dc74cb1477b service placement] Successfully wrote allocations [, , ] {{(pid=94536) _create_allocations /opt/stack/placement/placement/handlers/allocation.py:435}}
Jul 23 21:09:58.814753 n-d-791505-18 devstack@placement-api.service[94536]: INFO placement.requestlog [req-3b3e2605-4c08-4c82-a6de-9e8096e48633 req-e2e09594-401c-44fd-83a6-0dc74cb1477b service placement] 10.222.0.39 "PUT /placement/allocations/ea09c33a-c839-4bf9-90c2-9289d8945792" status: 204 len: 0 microversion: 1.36
Jul 23 21:09:58.815880 n-d-791505-18 devstack@placement-api.service[94536]: [pid: 94536|app: 0|req: 168/339] 10.222.0.39 () {64 vars in 1434 bytes} [Fri Jul 23 21:09:58 2021] PUT /placement/allocations/ea09c33a-c839-4bf9-90c2-9289d8945792 => generated 0 bytes in 141 msecs (HTTP/1.1 204) 5 headers in 199 bytes (1 switches on core 0)
Jul 23 21:09:59.444822 n-d-791505-18 devstack@placement-api.service[94537]: DEBUG placement.requestlog [req-3b3e2605-4c08-4c82-a6de-9e8096e48633 req-062a50f9-f9f7-448f-8b66-5589cdf945e0 None None] Starting request: 10.222.0.26 "GET /placement/allocations/ea09c33a-c839-4bf9-90c2-9289d8945792" {{(pid=94537) __call__ /opt/stack/placement/placement/requestlog.py:55}}
Jul 23 21:09:59.498218 n-d-791505-18 devstack@placement-api.service[94537]: INFO placement.requestlog [req-3b3e2605-4c08-4c82-a6de-9e8096e48633 req-062a50f9-f9f7-448f-8b66-5589cdf945e0 service placement] 10.222.0.26 "GET /placement/allocations/ea09c33a-c839-4bf9-90c2-9289d8945792" status: 200 len: 259 microversion: 1.28
Jul 23 21:09:59.507395 n-d-791505-18 devstack@placement-api.service[94537]: [pid: 94537|app: 0|req: 172/340] 10.222.0.26 () {60 vars in 1378 bytes} [Fri Jul 23 21:09:59 2021] GET /placement/allocations/ea09c33a-c839-4bf9-90c2-9289d8945792 => generated 259 bytes in 63 msecs (HTTP/1.1 200) 8 headers in 296 bytes (1 switches on core 0)
Jul 23 21:10:08.707062 n-d-791505-18 devstack@placement-api.service[94536]: DEBUG placement.requestlog [req-e939c9c8-6707-4b5d-9a69-d43bbc4ea914 req-29ced442-ff51-42a2-bc42-3c38a857ce62 None None] Starting request: 10.222.0.15 "GET /placement/allocations/d658643c-b358-4637-97ab-019f7e04ecf0" {{(pid=94536) __call__ /opt/stack/placement/placement/requestlog.py:55}}
Jul 23 21:10:08.726875 n-d-791505-18 devstack@placement-api.service[94536]: INFO placement.requestlog [req-e939c9c8-6707-4b5d-9a69-d43bbc4ea914 req-29ced442-ff51-42a2-bc42-3c38a857ce62 service placement] 10.222.0.15 "GET /placement/allocations/d658643c-b358-4637-97ab-019f7e04ecf0" status: 200 len: 259 microversion: 1.28
Jul 23 21:10:08.727451 n-d-791505-18 devstack@placement-api.service[94536]: [pid: 94536|app: 0|req: 169/341] 10.222.0.15 () {60 vars in 1378 bytes} [Fri Jul 23 21:10:08 2021] GET /placement/allocations/d658643c-b358-4637-97ab-019f7e04ecf0 => generated 259 bytes in 20 msecs (HTTP/1.1 200) 8 headers in 296 bytes (1 switches on core 0)
Jul 23 21:10:08.752695 n-d-791505-18 devstack@placement-api.service[94537]: DEBUG placement.requestlog [req-e939c9c8-6707-4b5d-9a69-d43bbc4ea914 req-c29b1c69-9ad1-4791-8b79-4b8d90c9d944 None None] Starting request: 10.222.0.15 "PUT /placement/allocations/d658643c-b358-4637-97ab-019f7e04ecf0" {{(pid=94537) __call__ /opt/stack/placement/placement/requestlog.py:55}}
Jul 23 21:10:08.881057 n-d-791505-18 devstack@placement-api.service[94537]: DEBUG placement.handlers.allocation [req-e939c9c8-6707-4b5d-9a69-d43bbc4ea914 req-c29b1c69-9ad1-4791-8b79-4b8d90c9d944 service placement] Successfully wrote allocations [, , ] {{(pid=94537) _create_allocations /opt/stack/placement/placement/handlers/allocation.py:435}}
Jul 23 21:10:08.881593 n-d-791505-18 devstack@placement-api.service[94537]: INFO placement.requestlog [req-e939c9c8-6707-4b5d-9a69-d43bbc4ea914 req-c29b1c69-9ad1-4791-8b79-4b8d90c9d944 service placement] 10.222.0.15 "PUT /placement/allocations/d658643c-b358-4637-97ab-019f7e04ecf0" status: 204 len: 0 microversion: 1.28
Jul 23 21:10:08.889811 n-d-791505-18 devstack@placement-api.service[94537]: [pid: 94537|app: 0|req: 173/342] 10.222.0.15 () {64 vars in 1431 bytes} [Fri Jul 23 21:10:08 2021] PUT /placement/allocations/d658643c-b358-4637-97ab-019f7e04ecf0 => generated 0 bytes in 137 msecs (HTTP/1.1 204) 5 headers in 199 bytes (1 switches on core 0)
Jul 23 21:10:15.043592 n-d-791505-18 devstack@placement-api.service[94536]: DEBUG placement.requestlog [req-570c63e3-d28a-4828-8187-901c8327c0a0 req-df8ca33f-6b6a-4e75-84e3-44b118b7d4f2 None None] Starting request: 10.222.0.15 "GET /placement/resource_providers/1680e43b-0c4a-488d-9faf-5364a4f411b0/allocations" {{(pid=94536) __call__ /opt/stack/placement/placement/requestlog.py:55}}
Jul 23 21:10:15.096669 n-d-791505-18 devstack@placement-api.service[94536]: INFO placement.requestlog [req-570c63e3-d28a-4828-8187-901c8327c0a0 req-df8ca33f-6b6a-4e75-84e3-44b118b7d4f2 service placement] 10.222.0.15 "GET /placement/resource_providers/1680e43b-0c4a-488d-9faf-5364a4f411b0/allocations" status: 200 len: 544 microversion: 1.0
Jul 23 21:10:15.097272 n-d-791505-18 devstack@placement-api.service[94536]: [pid: 94536|app: 0|req: 170/343] 10.222.0.15 () {58 vars in 1391 bytes} [Fri Jul 23 21:10:15 2021] GET /placement/resource_providers/1680e43b-0c4a-488d-9faf-5364a4f411b0/allocations => generated 544 bytes in 54 msecs (HTTP/1.1 200) 6 headers in 224 bytes (1 switches on core 0)
Jul 23 21:10:20.393790 n-d-791505-18 devstack@placement-api.service[94537]: DEBUG placement.requestlog [req-2548624c-3fa7-4830-9d6e-f12408c8a9ea req-b4b1407f-61d4-433f-8e8f-824c7d23188f None None] Starting request: 10.222.0.26 "GET /placement/resource_providers/ffabdd48-e22d-4248-a5f8-462972c65362/allocations" {{(pid=94537) __call__ /opt/stack/placement/placement/requestlog.py:55}}
Jul 23 21:10:20.425455 n-d-791505-18 devstack@placement-api.service[94536]: DEBUG placement.requestlog [req-644c1b9f-36fd-4f1a-bbb6-882c1d91f5b4 req-5014a2d4-0315-447b-83c4-ed4e335e9735 None None] Starting request: 10.222.0.39 "GET /placement/allocation_candidates?limit=1000&resources=DISK_GB%3A1%2CMEMORY_MB%3A1024%2CVCPU%3A1&root_required=%21COMPUTE_STATUS_DISABLED" {{(pid=94536) __call__ /opt/stack/placement/placement/requestlog.py:55}}
Jul 23 21:10:20.496040 n-d-791505-18 devstack@placement-api.service[94537]: INFO placement.requestlog [req-2548624c-3fa7-4830-9d6e-f12408c8a9ea req-b4b1407f-61d4-433f-8e8f-824c7d23188f service placement] 10.222.0.26 "GET /placement/resource_providers/ffabdd48-e22d-4248-a5f8-462972c65362/allocations" status: 200 len: 1251 microversion: 1.0
Jul 23 21:10:20.499002 n-d-791505-18 devstack@placement-api.service[94537]: [pid: 94537|app: 0|req: 174/344] 10.222.0.26 () {58 vars in 1391 bytes} [Fri Jul 23 21:10:20 2021] GET /placement/resource_providers/ffabdd48-e22d-4248-a5f8-462972c65362/allocations => generated 1251 bytes in 105 msecs (HTTP/1.1 200) 6 headers in 225 bytes (1 switches on core 0)
Jul 23 21:10:20.519582 n-d-791505-18 devstack@placement-api.service[94536]: DEBUG placement.objects.research_context [req-644c1b9f-36fd-4f1a-bbb6-882c1d91f5b4 req-5014a2d4-0315-447b-83c4-ed4e335e9735 service placement] getting providers with 1 DISK_GB {{(pid=94536) __init__ /opt/stack/placement/placement/objects/research_context.py:126}}
Jul 23 21:10:20.547395 n-d-791505-18 devstack@placement-api.service[94536]: DEBUG placement.objects.research_context [req-644c1b9f-36fd-4f1a-bbb6-882c1d91f5b4 req-5014a2d4-0315-447b-83c4-ed4e335e9735 service placement] getting providers with 1024 MEMORY_MB {{(pid=94536) __init__ /opt/stack/placement/placement/objects/research_context.py:126}}
Jul 23 21:10:20.568039 n-d-791505-18 devstack@placement-api.service[94536]: DEBUG placement.objects.research_context [req-644c1b9f-36fd-4f1a-bbb6-882c1d91f5b4 req-5014a2d4-0315-447b-83c4-ed4e335e9735 service placement] getting providers with 1 VCPU {{(pid=94536) __init__ /opt/stack/placement/placement/objects/research_context.py:126}}
Jul 23 21:10:20.602010 n-d-791505-18 devstack@placement-api.service[94536]: DEBUG placement.objects.research_context [req-644c1b9f-36fd-4f1a-bbb6-882c1d91f5b4 req-5014a2d4-0315-447b-83c4-ed4e335e9735 service placement] found 2 providers with available 1 DISK_GB {{(pid=94536) get_provider_ids_matching /opt/stack/placement/placement/objects/research_context.py:549}}
Jul 23 21:10:20.603845 n-d-791505-18 devstack@placement-api.service[94536]: DEBUG placement.objects.research_context [req-644c1b9f-36fd-4f1a-bbb6-882c1d91f5b4 req-5014a2d4-0315-447b-83c4-ed4e335e9735 service placement] found 2 providers with available 1024 MEMORY_MB {{(pid=94536) get_provider_ids_matching /opt/stack/placement/placement/objects/research_context.py:549}}
Jul 23 21:10:20.604409 n-d-791505-18 devstack@placement-api.service[94536]: DEBUG placement.objects.research_context [req-644c1b9f-36fd-4f1a-bbb6-882c1d91f5b4 req-5014a2d4-0315-447b-83c4-ed4e335e9735 service placement] found 2 providers after filtering by previous result {{(pid=94536) get_provider_ids_matching /opt/stack/placement/placement/objects/research_context.py:580}}
Jul 23 21:10:20.604899 n-d-791505-18 devstack@placement-api.service[94536]: DEBUG placement.objects.research_context [req-644c1b9f-36fd-4f1a-bbb6-882c1d91f5b4 req-5014a2d4-0315-447b-83c4-ed4e335e9735 service placement] found 2 providers with available 1 VCPU {{(pid=94536) get_provider_ids_matching /opt/stack/placement/placement/objects/research_context.py:549}}
Jul 23 21:10:20.605503 n-d-791505-18 devstack@placement-api.service[94536]: DEBUG placement.objects.research_context [req-644c1b9f-36fd-4f1a-bbb6-882c1d91f5b4 req-5014a2d4-0315-447b-83c4-ed4e335e9735 service placement] found 2 providers after filtering by previous result {{(pid=94536) get_provider_ids_matching /opt/stack/placement/placement/objects/research_context.py:580}}
Jul 23 21:10:20.646471 n-d-791505-18 devstack@placement-api.service[94536]: DEBUG placement.objects.allocation_candidate [req-644c1b9f-36fd-4f1a-bbb6-882c1d91f5b4 req-5014a2d4-0315-447b-83c4-ed4e335e9735 service placement] RequestGroup(use_same_provider=False, resources={DISK_GB:1, MEMORY_MB:1024, VCPU:1}, traits=[], aggregates=[]) (suffix '') returned 2 matches {{(pid=94536) _get_by_requests /opt/stack/placement/placement/objects/allocation_candidate.py:145}}
Jul 23 21:10:20.647199 n-d-791505-18 devstack@placement-api.service[94536]: DEBUG placement.objects.allocation_candidate [req-644c1b9f-36fd-4f1a-bbb6-882c1d91f5b4 req-5014a2d4-0315-447b-83c4-ed4e335e9735 service placement] Merging candidates yields 2 allocation requests and 2 provider summaries {{(pid=94536) _merge_candidates /opt/stack/placement/placement/objects/allocation_candidate.py:783}}
Jul 23 21:10:20.649452 n-d-791505-18 devstack@placement-api.service[94536]: INFO placement.requestlog [req-644c1b9f-36fd-4f1a-bbb6-882c1d91f5b4 req-5014a2d4-0315-447b-83c4-ed4e335e9735 service placement] 10.222.0.39 "GET /placement/allocation_candidates?limit=1000&resources=DISK_GB%3A1%2CMEMORY_MB%3A1024%2CVCPU%3A1&root_required=%21COMPUTE_STATUS_DISABLED" status: 200 len: 1312 microversion: 1.36
Jul 23 21:10:20.649799 n-d-791505-18 devstack@placement-api.service[94536]: [pid: 94536|app: 0|req: 171/345] 10.222.0.39 () {60 vars in 1507 bytes} [Fri Jul 23 21:10:20 2021] GET /placement/allocation_candidates?limit=1000&resources=DISK_GB%3A1%2CMEMORY_MB%3A1024%2CVCPU%3A1&root_required=%21COMPUTE_STATUS_DISABLED => generated 1312 bytes in 225 msecs (HTTP/1.1 200) 8 headers in 297 bytes (2 switches on core 0)
Jul 23 21:10:20.862089 n-d-791505-18 devstack@placement-api.service[94537]: DEBUG placement.requestlog [req-644c1b9f-36fd-4f1a-bbb6-882c1d91f5b4 req-6deb1fe7-335a-40f6-abaf-416aa6c2587a None None] Starting request: 10.222.0.39 "GET /placement/allocations/0e1e773d-a68e-4100-ac26-5f10991a9a1b" {{(pid=94537) __call__ /opt/stack/placement/placement/requestlog.py:55}}
Jul 23 21:10:20.873694 n-d-791505-18 devstack@placement-api.service[94537]: INFO placement.requestlog [req-644c1b9f-36fd-4f1a-bbb6-882c1d91f5b4 req-6deb1fe7-335a-40f6-abaf-416aa6c2587a service placement] 10.222.0.39 "GET /placement/allocations/0e1e773d-a68e-4100-ac26-5f10991a9a1b" status: 200 len: 19 microversion: 1.28
Jul 23 21:10:20.877044 n-d-791505-18 devstack@placement-api.service[94537]: [pid: 94537|app: 0|req: 175/346] 10.222.0.39 () {60 vars in 1381 bytes} [Fri Jul 23 21:10:20 2021] GET /placement/allocations/0e1e773d-a68e-4100-ac26-5f10991a9a1b => generated 19 bytes in 15 msecs (HTTP/1.1 200) 8 headers in 295 bytes (1 switches on core 0)
Jul 23 21:10:20.880689 n-d-791505-18 devstack@placement-api.service[94536]: DEBUG placement.requestlog [req-644c1b9f-36fd-4f1a-bbb6-882c1d91f5b4 req-9db5c2de-5bc4-46e7-809d-8b2802cc3ac7 None None] Starting request: 10.222.0.39 "PUT /placement/allocations/0e1e773d-a68e-4100-ac26-5f10991a9a1b" {{(pid=94536) __call__ /opt/stack/placement/placement/requestlog.py:55}}
Jul 23 21:10:20.972871 n-d-791505-18 devstack@placement-api.service[94536]: DEBUG placement.handlers.allocation [req-644c1b9f-36fd-4f1a-bbb6-882c1d91f5b4 req-9db5c2de-5bc4-46e7-809d-8b2802cc3ac7 service placement] Successfully wrote allocations [, , ] {{(pid=94536) _create_allocations /opt/stack/placement/placement/handlers/allocation.py:435}}
Jul 23 21:10:20.973648 n-d-791505-18 devstack@placement-api.service[94536]: INFO placement.requestlog [req-644c1b9f-36fd-4f1a-bbb6-882c1d91f5b4 req-9db5c2de-5bc4-46e7-809d-8b2802cc3ac7 service placement] 10.222.0.39 "PUT /placement/allocations/0e1e773d-a68e-4100-ac26-5f10991a9a1b" status: 204 len: 0 microversion: 1.36
Jul 23 21:10:20.989618 n-d-791505-18 devstack@placement-api.service[94536]: [pid: 94536|app: 0|req: 172/347] 10.222.0.39 () {64 vars in 1434 bytes} [Fri Jul 23 21:10:20 2021] PUT /placement/allocations/0e1e773d-a68e-4100-ac26-5f10991a9a1b => generated 0 bytes in 94 msecs (HTTP/1.1 204) 5 headers in 199 bytes (1 switches on core 0)
Jul 23 21:10:21.862266 n-d-791505-18 devstack@placement-api.service[94537]: DEBUG placement.requestlog [req-644c1b9f-36fd-4f1a-bbb6-882c1d91f5b4 req-1fdac9b9-986f-413d-8655-a962a4d37278 None None] Starting request: 10.222.0.26 "GET /placement/allocations/0e1e773d-a68e-4100-ac26-5f10991a9a1b" {{(pid=94537) __call__ /opt/stack/placement/placement/requestlog.py:55}}
Jul 23 21:10:21.896215 n-d-791505-18 devstack@placement-api.service[94537]: INFO placement.requestlog [req-644c1b9f-36fd-4f1a-bbb6-882c1d91f5b4 req-1fdac9b9-986f-413d-8655-a962a4d37278 service placement] 10.222.0.26 "GET /placement/allocations/0e1e773d-a68e-4100-ac26-5f10991a9a1b" status: 200 len: 259 microversion: 1.28
Jul 23 21:10:21.896767 n-d-791505-18 devstack@placement-api.service[94537]: [pid: 94537|app: 0|req: 176/348] 10.222.0.26 () {60 vars in 1378 bytes} [Fri Jul 23 21:10:21 2021] GET /placement/allocations/0e1e773d-a68e-4100-ac26-5f10991a9a1b => generated 259 bytes in 35 msecs (HTTP/1.1 200) 8 headers in 296 bytes (1 switches on core 0)
Jul 23 21:10:22.941110 n-d-791505-18 devstack@placement-api.service[94536]: DEBUG placement.requestlog [req-afb55de1-4a51-4629-89da-2766436c05f1 req-7bc0ce55-8f88-4340-8931-4f3f9a07c1e7 None None] Starting request: 10.222.0.15 "GET /placement/resource_providers/1680e43b-0c4a-488d-9faf-5364a4f411b0/allocations" {{(pid=94536) __call__ /opt/stack/placement/placement/requestlog.py:55}}
Jul 23 21:10:23.054089 n-d-791505-18 devstack@placement-api.service[94536]: INFO placement.requestlog [req-afb55de1-4a51-4629-89da-2766436c05f1 req-7bc0ce55-8f88-4340-8931-4f3f9a07c1e7 service placement] 10.222.0.15 "GET /placement/resource_providers/1680e43b-0c4a-488d-9faf-5364a4f411b0/allocations" status: 200 len: 544 microversion: 1.0
Jul 23 21:10:23.054649 n-d-791505-18 devstack@placement-api.service[94536]: [pid: 94536|app: 0|req: 173/349] 10.222.0.15 () {58 vars in 1391 bytes} [Fri Jul 23 21:10:22 2021] GET /placement/resource_providers/1680e43b-0c4a-488d-9faf-5364a4f411b0/allocations => generated 544 bytes in 117 msecs (HTTP/1.1 200) 6 headers in 224 bytes (1 switches on core 0)
Jul 23 21:10:23.449235 n-d-791505-18 devstack@placement-api.service[94537]: DEBUG placement.requestlog [req-afb55de1-4a51-4629-89da-2766436c05f1 req-7008b224-28cd-43ae-bfd1-f4611b4b9456 None None] Starting request: 10.222.0.15 "GET /placement/allocations/48385c05-ace5-4f12-a3ec-ad9cf12e44aa" {{(pid=94537) __call__ /opt/stack/placement/placement/requestlog.py:55}}
Jul 23 21:10:23.499007 n-d-791505-18 devstack@placement-api.service[94537]: INFO placement.requestlog [req-afb55de1-4a51-4629-89da-2766436c05f1 req-7008b224-28cd-43ae-bfd1-f4611b4b9456 service placement] 10.222.0.15 "GET /placement/allocations/48385c05-ace5-4f12-a3ec-ad9cf12e44aa" status: 200 len: 245 microversion: 1.28
Jul 23 21:10:23.499765 n-d-791505-18 devstack@placement-api.service[94537]: [pid: 94537|app: 0|req: 177/350] 10.222.0.15 () {60 vars in 1378 bytes} [Fri Jul 23 21:10:23 2021] GET /placement/allocations/48385c05-ace5-4f12-a3ec-ad9cf12e44aa => generated 245 bytes in 51 msecs (HTTP/1.1 200) 8 headers in 296 bytes (1 switches on core 0)
Jul 23 21:10:23.518210 n-d-791505-18 devstack@placement-api.service[94536]: DEBUG placement.requestlog [req-afb55de1-4a51-4629-89da-2766436c05f1 req-60467afc-67c5-4da7-9f57-7d13707dcf36 None None] Starting request: 10.222.0.15 "PUT /placement/allocations/48385c05-ace5-4f12-a3ec-ad9cf12e44aa" {{(pid=94536) __call__ /opt/stack/placement/placement/requestlog.py:55}}
Jul 23 21:10:23.629709 n-d-791505-18 devstack@placement-api.service[94536]: DEBUG placement.handlers.allocation [req-afb55de1-4a51-4629-89da-2766436c05f1 req-60467afc-67c5-4da7-9f57-7d13707dcf36 service placement] Successfully wrote allocations [, ] {{(pid=94536) _create_allocations /opt/stack/placement/placement/handlers/allocation.py:435}}
Jul 23 21:10:23.633327 n-d-791505-18 devstack@placement-api.service[94536]: INFO placement.requestlog [req-afb55de1-4a51-4629-89da-2766436c05f1 req-60467afc-67c5-4da7-9f57-7d13707dcf36 service placement] 10.222.0.15 "PUT /placement/allocations/48385c05-ace5-4f12-a3ec-ad9cf12e44aa" status: 204 len: 0 microversion: 1.28
Jul 23 21:10:23.633860 n-d-791505-18 devstack@placement-api.service[94536]: [pid: 94536|app: 0|req: 174/351] 10.222.0.15 () {64 vars in 1431 bytes} [Fri Jul 23 21:10:23 2021] PUT /placement/allocations/48385c05-ace5-4f12-a3ec-ad9cf12e44aa => generated 0 bytes in 116 msecs (HTTP/1.1 204) 5 headers in 199 bytes (1 switches on core 0)
Jul 23 21:10:30.173967 n-d-791505-18 devstack@placement-api.service[94537]: DEBUG placement.requestlog [req-a112f282-b124-4587-8a73-52c94f07c939 req-42673bda-03a1-4749-a139-15a70958b70e None None] Starting request: 10.222.0.39 "GET /placement/allocation_candidates?limit=1000&resources=MEMORY_MB%3A1024%2CVCPU%3A1&root_required=%21COMPUTE_STATUS_DISABLED" {{(pid=94537) __call__ /opt/stack/placement/placement/requestlog.py:55}}
Jul 23 21:10:30.470987 n-d-791505-18 devstack@placement-api.service[94537]: DEBUG placement.objects.research_context [req-a112f282-b124-4587-8a73-52c94f07c939 req-42673bda-03a1-4749-a139-15a70958b70e service placement] getting providers with 1024 MEMORY_MB {{(pid=94537) __init__ /opt/stack/placement/placement/objects/research_context.py:126}}
Jul 23 21:10:30.480041 n-d-791505-18 devstack@placement-api.service[94537]: DEBUG placement.objects.research_context [req-a112f282-b124-4587-8a73-52c94f07c939 req-42673bda-03a1-4749-a139-15a70958b70e service placement] getting providers with 1 VCPU {{(pid=94537) __init__ /opt/stack/placement/placement/objects/research_context.py:126}}
Jul 23 21:10:30.488945 n-d-791505-18 devstack@placement-api.service[94537]: DEBUG placement.objects.research_context [req-a112f282-b124-4587-8a73-52c94f07c939 req-42673bda-03a1-4749-a139-15a70958b70e service placement] found 2 providers with available 1024 MEMORY_MB {{(pid=94537) get_provider_ids_matching /opt/stack/placement/placement/objects/research_context.py:549}}
Jul 23 21:10:30.489780 n-d-791505-18 devstack@placement-api.service[94537]: DEBUG placement.objects.research_context [req-a112f282-b124-4587-8a73-52c94f07c939 req-42673bda-03a1-4749-a139-15a70958b70e service placement] found 2 providers with available 1 VCPU {{(pid=94537) get_provider_ids_matching /opt/stack/placement/placement/objects/research_context.py:549}}
