Jul 16 19:50:00.252237 n-d-791505-15 devstack@n-api.service[115185]: /opt/stack/nova/nova/db/sqlalchemy/api.py:627: SAWarning: TypeDecorator SoftDeleteInteger() will not produce a cache key because the ``cache_ok`` flag is not set to True. Set this flag to True if this type object's state is safe to use in a cache key, or False to disable this warning.
Jul 16 19:50:00.252237 n-d-791505-15 devstack@n-api.service[115185]: results = conn.execute(select).fetchall()
Jul 16 19:50:00.375288 n-d-791505-15 devstack@n-api.service[115185]: INFO nova.api.openstack.requestlog [None req-a530fc80-4070-4081-99b2-7279f4711991 tempest-AggregatesAdminTestJSON-33679924 tempest-AggregatesAdminTestJSON-33679924-project-admin] 10.222.0.78 "POST /compute/v2.1/os-aggregates/5/action" status: 200 len: 243 microversion: 2.1 time: 0.170160
Jul 16 19:50:00.376239 n-d-791505-15 devstack@n-api.service[115185]: [pid: 115185|app: 0|req: 123/228] 10.222.0.78 () {60 vars in 1191 bytes} [Fri Jul 16 19:50:00 2021] POST /compute/v2.1/os-aggregates/5/action => generated 243 bytes in 172 msecs (HTTP/1.1 200) 9 headers in 357 bytes (1 switches on core 0)
Jul 16 19:50:00.386049 n-d-791505-15 devstack@n-api.service[115185]: DEBUG nova.api.openstack.wsgi [None req-0ffa6978-02d6-4565-8ea9-19d7633cab1a tempest-AggregatesAdminTestJSON-33679924 tempest-AggregatesAdminTestJSON-33679924-project-admin] Action: 'action', calling method: >, body: {"remove_host": {"host": "n-h2-791505-15"}} {{(pid=115185) _process_stack /opt/stack/nova/nova/api/openstack/wsgi.py:511}}
Jul 16 19:50:00.387805 n-d-791505-15 devstack@n-api.service[115185]: /usr/local/lib/python3.8/dist-packages/oslo_policy/policy.py:1064: UserWarning: Policy os_compute_api:os-aggregates:remove_host failed scope check. The token used to make the request was project scoped but the policy requires ['system'] scope. This behavior may change in the future where using the intended scope is required
Jul 16 19:50:00.387805 n-d-791505-15 devstack@n-api.service[115185]: warnings.warn(msg)
Jul 16 19:50:00.401858 n-d-791505-15 devstack@n-api.service[115185]: DEBUG oslo_concurrency.lockutils [None req-0ffa6978-02d6-4565-8ea9-19d7633cab1a tempest-AggregatesAdminTestJSON-33679924 tempest-AggregatesAdminTestJSON-33679924-project-admin] Lock "1ecbb8e0-2980-4146-a61f-8902ea8aa6b7" acquired by "nova.context.set_target_cell..get_or_set_cached_cell_and_set_connections" :: waited 0.000s {{(pid=115185) inner /usr/local/lib/python3.8/dist-packages/oslo_concurrency/lockutils.py:355}}
Jul 16 19:50:00.402303 n-d-791505-15 devstack@n-api.service[115185]: DEBUG oslo_concurrency.lockutils [None req-0ffa6978-02d6-4565-8ea9-19d7633cab1a tempest-AggregatesAdminTestJSON-33679924 tempest-AggregatesAdminTestJSON-33679924-project-admin] Lock "1ecbb8e0-2980-4146-a61f-8902ea8aa6b7" released by "nova.context.set_target_cell..get_or_set_cached_cell_and_set_connections" :: held 0.001s {{(pid=115185) inner /usr/local/lib/python3.8/dist-packages/oslo_concurrency/lockutils.py:367}}
Jul 16 19:50:00.411345 n-d-791505-15 devstack@n-api.service[115185]: /opt/stack/nova/nova/db/sqlalchemy/api.py:530: SAWarning: TypeDecorator SoftDeleteInteger() will not produce a cache key because the ``cache_ok`` flag is not set to True. Set this flag to True if this type object's state is safe to use in a cache key, or False to disable this warning.
Jul 16 19:50:00.411345 n-d-791505-15 devstack@n-api.service[115185]: result = model_query(context, models.Service, read_deleted="no").\
Jul 16 19:50:00.445524 n-d-791505-15 devstack@n-api.service[115185]: /opt/stack/nova/nova/db/sqlalchemy/api.py:627: SAWarning: TypeDecorator SoftDeleteInteger() will not produce a cache key because the ``cache_ok`` flag is not set to True. Set this flag to True if this type object's state is safe to use in a cache key, or False to disable this warning.
Jul 16 19:50:00.445524 n-d-791505-15 devstack@n-api.service[115185]: results = conn.execute(select).fetchall()
Jul 16 19:50:00.570475 n-d-791505-15 devstack@n-api.service[115185]: INFO nova.api.openstack.requestlog [None req-0ffa6978-02d6-4565-8ea9-19d7633cab1a tempest-AggregatesAdminTestJSON-33679924 tempest-AggregatesAdminTestJSON-33679924-project-admin] 10.222.0.78 "POST /compute/v2.1/os-aggregates/5/action" status: 200 len: 227 microversion: 2.1 time: 0.188052
Jul 16 19:50:00.571392 n-d-791505-15 devstack@n-api.service[115185]: [pid: 115185|app: 0|req: 124/229] 10.222.0.78 () {60 vars in 1191 bytes} [Fri Jul 16 19:50:00 2021] POST /compute/v2.1/os-aggregates/5/action => generated 227 bytes in 190 msecs (HTTP/1.1 200) 9 headers in 357 bytes (2 switches on core 0)
Jul 16 19:50:00.577867 n-d-791505-15 devstack@n-api.service[115186]: DEBUG nova.policy [None req-15ddef95-4ff7-4efb-96ad-8d20232a5dd5 tempest-ServersWithSpecificFlavorTestJSON-1026019759 tempest-ServersWithSpecificFlavorTestJSON-1026019759-project] Policy check for os_compute_api:os-extended-server-attributes failed with credentials {'is_admin': False, 'user_id': '052c026561be45cbb1da219088b17723', 'user_domain_id': 'default', 'system_scope': None, 'domain_id': None, 'project_id': '77091b115f7348a6b52abad28c79ae51', 'project_domain_id': 'default', 'roles': ['reader', 'member'], 'is_admin_project': True, 'service_user_id': None, 'service_user_domain_id': None, 'service_project_id': None, 'service_project_domain_id': None, 'service_roles': []} {{(pid=115186) authorize /opt/stack/nova/nova/policy.py:199}}
Jul 16 19:50:00.582146 n-d-791505-15 devstack@n-api.service[115186]: /opt/stack/nova/nova/db/sqlalchemy/api.py:3000: SAWarning: TypeDecorator SoftDeleteInteger() will not produce a cache key because the ``cache_ok`` flag is not set to True. Set this flag to True if this type object's state is safe to use in a cache key, or False to disable this warning.
Jul 16 19:50:00.582146 n-d-791505-15 devstack@n-api.service[115186]: return _block_device_mapping_get_query(context).filter(
Jul 16 19:50:00.583489 n-d-791505-15 devstack@n-api.service[115185]: DEBUG nova.api.openstack.wsgi [None req-ce23a40e-4de2-4c06-9f0d-0158ed969e0a tempest-AggregatesAdminTestJSON-33679924 tempest-AggregatesAdminTestJSON-33679924-project-admin] Calling method '>' {{(pid=115185) _process_stack /opt/stack/nova/nova/api/openstack/wsgi.py:513}}
Jul 16 19:50:00.584261 n-d-791505-15 devstack@n-api.service[115185]: /usr/local/lib/python3.8/dist-packages/oslo_policy/policy.py:1064: UserWarning: Policy os_compute_api:os-aggregates:delete failed scope check. The token used to make the request was project scoped but the policy requires ['system'] scope. This behavior may change in the future where using the intended scope is required
Jul 16 19:50:00.584261 n-d-791505-15 devstack@n-api.service[115185]: warnings.warn(msg)
Jul 16 19:50:00.591892 n-d-791505-15 devstack@n-api.service[115186]: INFO nova.api.openstack.requestlog [None req-15ddef95-4ff7-4efb-96ad-8d20232a5dd5 tempest-ServersWithSpecificFlavorTestJSON-1026019759 tempest-ServersWithSpecificFlavorTestJSON-1026019759-project] 10.222.0.78 "GET /compute/v2.1/servers/cb88ab09-a636-490f-b85d-df4f24424210" status: 200 len: 1389 microversion: 2.1 time: 0.416891
Jul 16 19:50:00.602882 n-d-791505-15 devstack@n-api.service[115186]: [pid: 115186|app: 0|req: 106/230] 10.222.0.78 () {58 vars in 1236 bytes} [Fri Jul 16 19:50:00 2021] GET /compute/v2.1/servers/cb88ab09-a636-490f-b85d-df4f24424210 => generated 1389 bytes in 437 msecs (HTTP/1.1 200) 9 headers in 358 bytes (1 switches on core 0)
Jul 16 19:50:00.625680 n-d-791505-15 devstack@n-api.service[115185]: INFO nova.api.openstack.requestlog [None req-ce23a40e-4de2-4c06-9f0d-0158ed969e0a tempest-AggregatesAdminTestJSON-33679924 tempest-AggregatesAdminTestJSON-33679924-project-admin] 10.222.0.78 "DELETE /compute/v2.1/os-aggregates/5" status: 200 len: 0 microversion: 2.1 time: 0.047522
Jul 16 19:50:00.633075 n-d-791505-15 devstack@n-api.service[115185]: [pid: 115185|app: 0|req: 125/231] 10.222.0.78 () {58 vars in 1152 bytes} [Fri Jul 16 19:50:00 2021] DELETE /compute/v2.1/os-aggregates/5 => generated 0 bytes in 49 msecs (HTTP/1.1 200) 9 headers in 355 bytes (1 switches on core 0)
Jul 16 19:50:00.640076 n-d-791505-15 devstack@n-api.service[115186]: DEBUG nova.api.openstack.wsgi [None req-3e017550-cecc-460d-b0c2-573420efad7e tempest-AggregatesAdminTestJSON-33679924 tempest-AggregatesAdminTestJSON-33679924-project-admin] Action: 'create', calling method: >, body: {"aggregate": {"name": "tempest-test_aggregate-2112182716"}} {{(pid=115186) _process_stack /opt/stack/nova/nova/api/openstack/wsgi.py:511}}
Jul 16 19:50:00.641914 n-d-791505-15 devstack@n-api.service[115186]: /usr/local/lib/python3.8/dist-packages/oslo_policy/policy.py:1064: UserWarning: Policy os_compute_api:os-aggregates:create failed scope check. The token used to make the request was project scoped but the policy requires ['system'] scope. This behavior may change in the future where using the intended scope is required
Jul 16 19:50:00.641914 n-d-791505-15 devstack@n-api.service[115186]: warnings.warn(msg)
Jul 16 19:50:00.644808 n-d-791505-15 devstack@n-api.service[115186]: DEBUG nova.objects.aggregate [None req-3e017550-cecc-460d-b0c2-573420efad7e tempest-AggregatesAdminTestJSON-33679924 tempest-AggregatesAdminTestJSON-33679924-project-admin] Generated uuid 22caadab-68ef-4761-8128-dd6ab0f4ce8c for aggregate {{(pid=115186) create /opt/stack/nova/nova/objects/aggregate.py:299}}
Jul 16 19:50:00.681609 n-d-791505-15 devstack@n-api.service[115185]: DEBUG nova.api.openstack.wsgi [None req-255a53a5-1728-44fe-a1cc-c5fcc1c98cf0 tempest-AggregatesAdminNegativeTestJSON-1141390869 tempest-AggregatesAdminNegativeTestJSON-1141390869-project-admin] Action: 'create', calling method: >, body: {"aggregate": {"name": "tempest-test_aggregate-1989678010"}} {{(pid=115185) _process_stack /opt/stack/nova/nova/api/openstack/wsgi.py:511}}
Jul 16 19:50:00.683204 n-d-791505-15 devstack@n-api.service[115185]: /usr/local/lib/python3.8/dist-packages/oslo_policy/policy.py:1064: UserWarning: Policy os_compute_api:os-aggregates:create failed scope check. The token used to make the request was project scoped but the policy requires ['system'] scope. This behavior may change in the future where using the intended scope is required
Jul 16 19:50:00.683204 n-d-791505-15 devstack@n-api.service[115185]: warnings.warn(msg)
Jul 16 19:50:00.684228 n-d-791505-15 devstack@n-api.service[115185]: DEBUG nova.objects.aggregate [None req-255a53a5-1728-44fe-a1cc-c5fcc1c98cf0 tempest-AggregatesAdminNegativeTestJSON-1141390869 tempest-AggregatesAdminNegativeTestJSON-1141390869-project-admin] Generated uuid b9021750-e70c-4a17-b357-3cef4b4502b3 for aggregate {{(pid=115185) create /opt/stack/nova/nova/objects/aggregate.py:299}}
Jul 16 19:50:00.699019 n-d-791505-15 devstack@n-api.service[115186]: INFO nova.api.openstack.requestlog [None req-3e017550-cecc-460d-b0c2-573420efad7e tempest-AggregatesAdminTestJSON-33679924 tempest-AggregatesAdminTestJSON-33679924-project-admin] 10.222.0.78 "POST /compute/v2.1/os-aggregates" status: 200 len: 198 microversion: 2.1 time: 0.063197
Jul 16 19:50:00.707409 n-d-791505-15 devstack@n-api.service[115186]: [pid: 115186|app: 0|req: 107/232] 10.222.0.78 () {60 vars in 1164 bytes} [Fri Jul 16 19:50:00 2021] POST /compute/v2.1/os-aggregates => generated 198 bytes in 72 msecs (HTTP/1.1 200) 9 headers in 357 bytes (1 switches on core 0)
Jul 16 19:50:00.713880 n-d-791505-15 devstack@n-api.service[115186]: DEBUG nova.api.openstack.wsgi [None req-3f42af1a-e84a-46dd-9506-19670c9e2154 tempest-AggregatesAdminTestJSON-33679924 tempest-AggregatesAdminTestJSON-33679924-project-admin] Calling method '>' {{(pid=115186) _process_stack /opt/stack/nova/nova/api/openstack/wsgi.py:513}}
Jul 16 19:50:00.716897 n-d-791505-15 devstack@n-api.service[115186]: /usr/local/lib/python3.8/dist-packages/oslo_policy/policy.py:1064: UserWarning: Policy os_compute_api:os-aggregates:delete failed scope check. The token used to make the request was project scoped but the policy requires ['system'] scope. This behavior may change in the future where using the intended scope is required
Jul 16 19:50:00.716897 n-d-791505-15 devstack@n-api.service[115186]: warnings.warn(msg)
Jul 16 19:50:00.725254 n-d-791505-15 devstack@n-api.service[115185]: INFO nova.api.openstack.requestlog [None req-255a53a5-1728-44fe-a1cc-c5fcc1c98cf0 tempest-AggregatesAdminNegativeTestJSON-1141390869 tempest-AggregatesAdminNegativeTestJSON-1141390869-project-admin] 10.222.0.78 "POST /compute/v2.1/os-aggregates" status: 200 len: 198 microversion: 2.1 time: 0.047948
Jul 16 19:50:00.732280 n-d-791505-15 devstack@n-api.service[115185]: [pid: 115185|app: 0|req: 126/233] 10.222.0.78 () {60 vars in 1164 bytes} [Fri Jul 16 19:50:00 2021] POST /compute/v2.1/os-aggregates => generated 198 bytes in 52 msecs (HTTP/1.1 200) 9 headers in 357 bytes (2 switches on core 0)
Jul 16 19:50:00.738893 n-d-791505-15 devstack@n-api.service[115185]: DEBUG nova.api.openstack.wsgi [None req-cf93a6e7-81b2-4ec9-a709-e4f2f7e3d815 tempest-AggregatesAdminNegativeTestJSON-1141390869 tempest-AggregatesAdminNegativeTestJSON-1141390869-project-admin] Action: 'action', calling method: >, body: {"add_host": {"host": "n-h2-791505-15"}} {{(pid=115185) _process_stack /opt/stack/nova/nova/api/openstack/wsgi.py:511}}
Jul 16 19:50:00.740312 n-d-791505-15 devstack@n-api.service[115185]: /usr/local/lib/python3.8/dist-packages/oslo_policy/policy.py:1064: UserWarning: Policy os_compute_api:os-aggregates:add_host failed scope check. The token used to make the request was project scoped but the policy requires ['system'] scope. This behavior may change in the future where using the intended scope is required
Jul 16 19:50:00.740312 n-d-791505-15 devstack@n-api.service[115185]: warnings.warn(msg)
Jul 16 19:50:00.753466 n-d-791505-15 devstack@n-api.service[115185]: DEBUG oslo_concurrency.lockutils [None req-cf93a6e7-81b2-4ec9-a709-e4f2f7e3d815 tempest-AggregatesAdminNegativeTestJSON-1141390869 tempest-AggregatesAdminNegativeTestJSON-1141390869-project-admin] Lock "1ecbb8e0-2980-4146-a61f-8902ea8aa6b7" acquired by "nova.context.set_target_cell..get_or_set_cached_cell_and_set_connections" :: waited 0.000s {{(pid=115185) inner /usr/local/lib/python3.8/dist-packages/oslo_concurrency/lockutils.py:355}}
Jul 16 19:50:00.754313 n-d-791505-15 devstack@n-api.service[115185]: DEBUG oslo_concurrency.lockutils [None req-cf93a6e7-81b2-4ec9-a709-e4f2f7e3d815 tempest-AggregatesAdminNegativeTestJSON-1141390869 tempest-AggregatesAdminNegativeTestJSON-1141390869-project-admin] Lock "1ecbb8e0-2980-4146-a61f-8902ea8aa6b7" released by "nova.context.set_target_cell..get_or_set_cached_cell_and_set_connections" :: held 0.002s {{(pid=115185) inner /usr/local/lib/python3.8/dist-packages/oslo_concurrency/lockutils.py:367}}
Jul 16 19:50:00.758218 n-d-791505-15 devstack@n-api.service[115185]: /opt/stack/nova/nova/db/sqlalchemy/api.py:530: SAWarning: TypeDecorator SoftDeleteInteger() will not produce a cache key because the ``cache_ok`` flag is not set to True. Set this flag to True if this type object's state is safe to use in a cache key, or False to disable this warning.
Jul 16 19:50:00.758218 n-d-791505-15 devstack@n-api.service[115185]: result = model_query(context, models.Service, read_deleted="no").\
Jul 16 19:50:00.778827 n-d-791505-15 devstack@n-api.service[115186]: INFO nova.api.openstack.requestlog [None req-3f42af1a-e84a-46dd-9506-19670c9e2154 tempest-AggregatesAdminTestJSON-33679924 tempest-AggregatesAdminTestJSON-33679924-project-admin] 10.222.0.78 "DELETE /compute/v2.1/os-aggregates/6" status: 200 len: 0 microversion: 2.1 time: 0.066900
Jul 16 19:50:00.780030 n-d-791505-15 devstack@n-api.service[115186]: [pid: 115186|app: 0|req: 108/234] 10.222.0.78 () {58 vars in 1152 bytes} [Fri Jul 16 19:50:00 2021] DELETE /compute/v2.1/os-aggregates/6 => generated 0 bytes in 72 msecs (HTTP/1.1 200) 9 headers in 355 bytes (1 switches on core 0)
Jul 16 19:50:00.795536 n-d-791505-15 devstack@n-api.service[115186]: DEBUG nova.api.openstack.wsgi [None req-7ede0dbc-fe79-45e8-a2e4-82b8d17f85ea tempest-AggregatesAdminTestJSON-33679924 tempest-AggregatesAdminTestJSON-33679924-project-admin] Calling method '>' {{(pid=115186) _process_stack /opt/stack/nova/nova/api/openstack/wsgi.py:513}}
Jul 16 19:50:00.806101 n-d-791505-15 devstack@n-api.service[115186]: /usr/local/lib/python3.8/dist-packages/oslo_policy/policy.py:1064: UserWarning: Policy os_compute_api:os-aggregates:show failed scope check. The token used to make the request was project scoped but the policy requires ['system'] scope. This behavior may change in the future where using the intended scope is required
Jul 16 19:50:00.806101 n-d-791505-15 devstack@n-api.service[115186]: warnings.warn(msg)
Jul 16 19:50:00.818413 n-d-791505-15 devstack@n-api.service[115185]: /opt/stack/nova/nova/db/sqlalchemy/api.py:627: SAWarning: TypeDecorator SoftDeleteInteger() will not produce a cache key because the ``cache_ok`` flag is not set to True. Set this flag to True if this type object's state is safe to use in a cache key, or False to disable this warning.
Jul 16 19:50:00.818413 n-d-791505-15 devstack@n-api.service[115185]: results = conn.execute(select).fetchall()
Jul 16 19:50:00.826416 n-d-791505-15 devstack@n-api.service[115186]: INFO nova.api.openstack.wsgi [None req-7ede0dbc-fe79-45e8-a2e4-82b8d17f85ea tempest-AggregatesAdminTestJSON-33679924 tempest-AggregatesAdminTestJSON-33679924-project-admin] HTTP exception thrown: Aggregate 6 could not be found.
Jul 16 19:50:00.828545 n-d-791505-15 devstack@n-api.service[115186]: DEBUG nova.api.openstack.wsgi [None req-7ede0dbc-fe79-45e8-a2e4-82b8d17f85ea tempest-AggregatesAdminTestJSON-33679924 tempest-AggregatesAdminTestJSON-33679924-project-admin] Returning 404 to user: Aggregate 6 could not be found. {{(pid=115186) __call__ /opt/stack/nova/nova/api/openstack/wsgi.py:927}}
Jul 16 19:50:00.831792 n-d-791505-15 devstack@n-api.service[115186]: INFO nova.api.openstack.requestlog [None req-7ede0dbc-fe79-45e8-a2e4-82b8d17f85ea tempest-AggregatesAdminTestJSON-33679924 tempest-AggregatesAdminTestJSON-33679924-project-admin] 10.222.0.78 "GET /compute/v2.1/os-aggregates/6" status: 404 len: 77 microversion: 2.1 time: 0.044404
Jul 16 19:50:00.833506 n-d-791505-15 devstack@n-api.service[115186]: [pid: 115186|app: 0|req: 109/235] 10.222.0.78 () {58 vars in 1149 bytes} [Fri Jul 16 19:50:00 2021] GET /compute/v2.1/os-aggregates/6 => generated 77 bytes in 47 msecs (HTTP/1.1 404) 9 headers in 378 bytes (1 switches on core 0)
Jul 16 19:50:00.847557 n-d-791505-15 devstack@n-api.service[115186]: DEBUG nova.api.openstack.wsgi [None req-4087ebf7-0fda-4e9d-bc49-657fafd15029 tempest-AggregatesAdminTestJSON-33679924 tempest-AggregatesAdminTestJSON-33679924-project-admin] Calling method '>' {{(pid=115186) _process_stack /opt/stack/nova/nova/api/openstack/wsgi.py:513}}
Jul 16 19:50:00.850726 n-d-791505-15 devstack@n-api.service[115186]: /usr/local/lib/python3.8/dist-packages/oslo_policy/policy.py:1064: UserWarning: Policy os_compute_api:os-aggregates:delete failed scope check. The token used to make the request was project scoped but the policy requires ['system'] scope. This behavior may change in the future where using the intended scope is required
Jul 16 19:50:00.850726 n-d-791505-15 devstack@n-api.service[115186]: warnings.warn(msg)
Jul 16 19:50:00.878648 n-d-791505-15 devstack@n-api.service[115186]: INFO nova.api.openstack.wsgi [None req-4087ebf7-0fda-4e9d-bc49-657fafd15029 tempest-AggregatesAdminTestJSON-33679924 tempest-AggregatesAdminTestJSON-33679924-project-admin] HTTP exception thrown: Aggregate 6 could not be found.
Jul 16 19:50:00.879937 n-d-791505-15 devstack@n-api.service[115186]: DEBUG nova.api.openstack.wsgi [None req-4087ebf7-0fda-4e9d-bc49-657fafd15029 tempest-AggregatesAdminTestJSON-33679924 tempest-AggregatesAdminTestJSON-33679924-project-admin] Returning 404 to user: Aggregate 6 could not be found. {{(pid=115186) __call__ /opt/stack/nova/nova/api/openstack/wsgi.py:927}}
Jul 16 19:50:00.881004 n-d-791505-15 devstack@n-api.service[115186]: INFO nova.api.openstack.requestlog [None req-4087ebf7-0fda-4e9d-bc49-657fafd15029 tempest-AggregatesAdminTestJSON-33679924 tempest-AggregatesAdminTestJSON-33679924-project-admin] 10.222.0.78 "DELETE /compute/v2.1/os-aggregates/6" status: 404 len: 77 microversion: 2.1 time: 0.043554
Jul 16 19:50:00.882014 n-d-791505-15 devstack@n-api.service[115186]: [pid: 115186|app: 0|req: 110/236] 10.222.0.78 () {58 vars in 1152 bytes} [Fri Jul 16 19:50:00 2021] DELETE /compute/v2.1/os-aggregates/6 => generated 77 bytes in 45 msecs (HTTP/1.1 404) 9 headers in 378 bytes (1 switches on core 0)
Jul 16 19:50:00.918971 n-d-791505-15 devstack@n-api.service[115186]: DEBUG nova.api.openstack.wsgi [None req-ba281df7-f6db-4a95-87ec-9a84b09b374c tempest-AggregatesAdminTestJSON-33679924 tempest-AggregatesAdminTestJSON-33679924-project-admin] Action: 'create', calling method: >, body: {"aggregate": {"availability_zone": "tempest-test_az-1792455169", "name": "tempest-test_aggregate-1435077261"}} {{(pid=115186) _process_stack /opt/stack/nova/nova/api/openstack/wsgi.py:511}}
Jul 16 19:50:00.959304 n-d-791505-15 devstack@n-api.service[115186]: /usr/local/lib/python3.8/dist-packages/oslo_policy/policy.py:1064: UserWarning: Policy os_compute_api:os-aggregates:create failed scope check. The token used to make the request was project scoped but the policy requires ['system'] scope. This behavior may change in the future where using the intended scope is required
Jul 16 19:50:00.959304 n-d-791505-15 devstack@n-api.service[115186]: warnings.warn(msg)
Jul 16 19:50:00.961242 n-d-791505-15 devstack@n-api.service[115186]: DEBUG nova.objects.aggregate [None req-ba281df7-f6db-4a95-87ec-9a84b09b374c tempest-AggregatesAdminTestJSON-33679924 tempest-AggregatesAdminTestJSON-33679924-project-admin] Generated uuid f9b214c3-0a49-4423-b05d-610ec637b5ee for aggregate {{(pid=115186) create /opt/stack/nova/nova/objects/aggregate.py:299}}
Jul 16 19:50:00.973500 n-d-791505-15 devstack@n-api.service[115185]: INFO nova.api.openstack.requestlog [None req-cf93a6e7-81b2-4ec9-a709-e4f2f7e3d815 tempest-AggregatesAdminNegativeTestJSON-1141390869 tempest-AggregatesAdminNegativeTestJSON-1141390869-project-admin] 10.222.0.78 "POST /compute/v2.1/os-aggregates/7/action" status: 200 len: 243 microversion: 2.1 time: 0.238671
Jul 16 19:50:00.974870 n-d-791505-15 devstack@n-api.service[115185]: [pid: 115185|app: 0|req: 127/237] 10.222.0.78 () {60 vars in 1191 bytes} [Fri Jul 16 19:50:00 2021] POST /compute/v2.1/os-aggregates/7/action => generated 243 bytes in 241 msecs (HTTP/1.1 200) 9 headers in 357 bytes (2 switches on core 0)
Jul 16 19:50:00.985162 n-d-791505-15 devstack@n-api.service[115185]: DEBUG nova.api.openstack.wsgi [None req-5a01c110-c298-4177-9697-4e8af48c6dbf tempest-AggregatesAdminNegativeTestJSON-1141390869 tempest-AggregatesAdminNegativeTestJSON-1141390869-project-admin] Action: 'action', calling method: >, body: {"add_host": {"host": "n-h2-791505-15"}} {{(pid=115185) _process_stack /opt/stack/nova/nova/api/openstack/wsgi.py:511}}
Jul 16 19:50:00.986814 n-d-791505-15 devstack@n-api.service[115185]: /usr/local/lib/python3.8/dist-packages/oslo_policy/policy.py:1064: UserWarning: Policy os_compute_api:os-aggregates:add_host failed scope check. The token used to make the request was project scoped but the policy requires ['system'] scope. This behavior may change in the future where using the intended scope is required
Jul 16 19:50:00.986814 n-d-791505-15 devstack@n-api.service[115185]: warnings.warn(msg)
Jul 16 19:50:01.007432 n-d-791505-15 devstack@n-api.service[115185]: DEBUG oslo_concurrency.lockutils [None req-5a01c110-c298-4177-9697-4e8af48c6dbf tempest-AggregatesAdminNegativeTestJSON-1141390869 tempest-AggregatesAdminNegativeTestJSON-1141390869-project-admin] Lock "1ecbb8e0-2980-4146-a61f-8902ea8aa6b7" acquired by "nova.context.set_target_cell..get_or_set_cached_cell_and_set_connections" :: waited 0.000s {{(pid=115185) inner /usr/local/lib/python3.8/dist-packages/oslo_concurrency/lockutils.py:355}}
Jul 16 19:50:01.008131 n-d-791505-15 devstack@n-api.service[115185]: DEBUG oslo_concurrency.lockutils [None req-5a01c110-c298-4177-9697-4e8af48c6dbf tempest-AggregatesAdminNegativeTestJSON-1141390869 tempest-AggregatesAdminNegativeTestJSON-1141390869-project-admin] Lock "1ecbb8e0-2980-4146-a61f-8902ea8aa6b7" released by "nova.context.set_target_cell..get_or_set_cached_cell_and_set_connections" :: held 0.001s {{(pid=115185) inner /usr/local/lib/python3.8/dist-packages/oslo_concurrency/lockutils.py:367}}
Jul 16 19:50:01.012899 n-d-791505-15 devstack@n-api.service[115185]: /opt/stack/nova/nova/db/sqlalchemy/api.py:530: SAWarning: TypeDecorator SoftDeleteInteger() will not produce a cache key because the ``cache_ok`` flag is not set to True. Set this flag to True if this type object's state is safe to use in a cache key, or False to disable this warning.
Jul 16 19:50:01.012899 n-d-791505-15 devstack@n-api.service[115185]: result = model_query(context, models.Service, read_deleted="no").\
Jul 16 19:50:01.045428 n-d-791505-15 devstack@n-api.service[115186]: INFO nova.api.openstack.requestlog [None req-ba281df7-f6db-4a95-87ec-9a84b09b374c tempest-AggregatesAdminTestJSON-33679924 tempest-AggregatesAdminTestJSON-33679924-project-admin] 10.222.0.78 "POST /compute/v2.1/os-aggregates" status: 200 len: 222 microversion: 2.1 time: 0.150965
Jul 16 19:50:01.051503 n-d-791505-15 devstack@n-api.service[115186]: [pid: 115186|app: 0|req: 111/238] 10.222.0.78 () {60 vars in 1165 bytes} [Fri Jul 16 19:50:00 2021] POST /compute/v2.1/os-aggregates => generated 222 bytes in 160 msecs (HTTP/1.1 200) 9 headers in 357 bytes (1 switches on core 0)
Jul 16 19:50:01.064918 n-d-791505-15 devstack@n-api.service[115186]: DEBUG nova.api.openstack.wsgi [None req-f31a43dc-341e-4731-a97d-3a82a3dedc9a tempest-AggregatesAdminTestJSON-33679924 tempest-AggregatesAdminTestJSON-33679924-project-admin] Calling method '>' {{(pid=115186) _process_stack /opt/stack/nova/nova/api/openstack/wsgi.py:513}}
Jul 16 19:50:01.067266 n-d-791505-15 devstack@n-api.service[115186]: /usr/local/lib/python3.8/dist-packages/oslo_policy/policy.py:1064: UserWarning: Policy os_compute_api:os-aggregates:delete failed scope check. The token used to make the request was project scoped but the policy requires ['system'] scope. This behavior may change in the future where using the intended scope is required
Jul 16 19:50:01.067266 n-d-791505-15 devstack@n-api.service[115186]: warnings.warn(msg)
Jul 16 19:50:01.081007 n-d-791505-15 devstack@n-api.service[115185]: INFO nova.api.openstack.wsgi [None req-5a01c110-c298-4177-9697-4e8af48c6dbf tempest-AggregatesAdminNegativeTestJSON-1141390869 tempest-AggregatesAdminNegativeTestJSON-1141390869-project-admin] HTTP exception thrown: Aggregate 7 already has host n-h2-791505-15.
Jul 16 19:50:01.081625 n-d-791505-15 devstack@n-api.service[115185]: DEBUG nova.api.openstack.wsgi [None req-5a01c110-c298-4177-9697-4e8af48c6dbf tempest-AggregatesAdminNegativeTestJSON-1141390869 tempest-AggregatesAdminNegativeTestJSON-1141390869-project-admin] Returning 409 to user: Aggregate 7 already has host n-h2-791505-15. {{(pid=115185) __call__ /opt/stack/nova/nova/api/openstack/wsgi.py:927}}
Jul 16 19:50:01.082464 n-d-791505-15 devstack@n-api.service[115185]: INFO nova.api.openstack.requestlog [None req-5a01c110-c298-4177-9697-4e8af48c6dbf tempest-AggregatesAdminNegativeTestJSON-1141390869 tempest-AggregatesAdminNegativeTestJSON-1141390869-project-admin] 10.222.0.78 "POST /compute/v2.1/os-aggregates/7/action" status: 409 len: 96 microversion: 2.1 time: 0.101074
Jul 16 19:50:01.083303 n-d-791505-15 devstack@n-api.service[115185]: [pid: 115185|app: 0|req: 128/239] 10.222.0.78 () {60 vars in 1191 bytes} [Fri Jul 16 19:50:00 2021] POST /compute/v2.1/os-aggregates/7/action => generated 96 bytes in 102 msecs (HTTP/1.1 409) 9 headers in 377 bytes (1 switches on core 0)
Jul 16 19:50:01.095389 n-d-791505-15 devstack@n-api.service[115185]: DEBUG nova.api.openstack.wsgi [None req-b34d95e1-2b54-4384-aa52-102cb7ecc6a3 tempest-AggregatesAdminNegativeTestJSON-1141390869 tempest-AggregatesAdminNegativeTestJSON-1141390869-project-admin] Action: 'action', calling method: >, body: {"remove_host": {"host": "n-h2-791505-15"}} {{(pid=115185) _process_stack /opt/stack/nova/nova/api/openstack/wsgi.py:511}}
Jul 16 19:50:01.100065 n-d-791505-15 devstack@n-api.service[115185]: /usr/local/lib/python3.8/dist-packages/oslo_policy/policy.py:1064: UserWarning: Policy os_compute_api:os-aggregates:remove_host failed scope check. The token used to make the request was project scoped but the policy requires ['system'] scope. This behavior may change in the future where using the intended scope is required
Jul 16 19:50:01.100065 n-d-791505-15 devstack@n-api.service[115185]: warnings.warn(msg)
Jul 16 19:50:01.108547 n-d-791505-15 devstack@n-api.service[115186]: INFO nova.api.openstack.requestlog [None req-f31a43dc-341e-4731-a97d-3a82a3dedc9a tempest-AggregatesAdminTestJSON-33679924 tempest-AggregatesAdminTestJSON-33679924-project-admin] 10.222.0.78 "DELETE /compute/v2.1/os-aggregates/8" status: 200 len: 0 microversion: 2.1 time: 0.054057
Jul 16 19:50:01.109377 n-d-791505-15 devstack@n-api.service[115186]: [pid: 115186|app: 0|req: 112/240] 10.222.0.78 () {58 vars in 1152 bytes} [Fri Jul 16 19:50:01 2021] DELETE /compute/v2.1/os-aggregates/8 => generated 0 bytes in 57 msecs (HTTP/1.1 200) 9 headers in 355 bytes (2 switches on core 0)
Jul 16 19:50:01.116952 n-d-791505-15 devstack@n-api.service[115185]: DEBUG oslo_concurrency.lockutils [None req-b34d95e1-2b54-4384-aa52-102cb7ecc6a3 tempest-AggregatesAdminNegativeTestJSON-1141390869 tempest-AggregatesAdminNegativeTestJSON-1141390869-project-admin] Lock "1ecbb8e0-2980-4146-a61f-8902ea8aa6b7" acquired by "nova.context.set_target_cell..get_or_set_cached_cell_and_set_connections" :: waited 0.000s {{(pid=115185) inner /usr/local/lib/python3.8/dist-packages/oslo_concurrency/lockutils.py:355}}
Jul 16 19:50:01.117657 n-d-791505-15 devstack@n-api.service[115185]: DEBUG oslo_concurrency.lockutils [None req-b34d95e1-2b54-4384-aa52-102cb7ecc6a3 tempest-AggregatesAdminNegativeTestJSON-1141390869 tempest-AggregatesAdminNegativeTestJSON-1141390869-project-admin] Lock "1ecbb8e0-2980-4146-a61f-8902ea8aa6b7" released by "nova.context.set_target_cell..get_or_set_cached_cell_and_set_connections" :: held 0.001s {{(pid=115185) inner /usr/local/lib/python3.8/dist-packages/oslo_concurrency/lockutils.py:367}}
Jul 16 19:50:01.119149 n-d-791505-15 devstack@n-api.service[115186]: DEBUG nova.api.openstack.wsgi [None req-4c54ae0f-fb9a-404e-8ffb-744d7177edfe tempest-AggregatesAdminTestJSON-33679924 tempest-AggregatesAdminTestJSON-33679924-project-admin] Calling method '>' {{(pid=115186) _process_stack /opt/stack/nova/nova/api/openstack/wsgi.py:513}}
Jul 16 19:50:01.120508 n-d-791505-15 devstack@n-api.service[115185]: /opt/stack/nova/nova/db/sqlalchemy/api.py:530: SAWarning: TypeDecorator SoftDeleteInteger() will not produce a cache key because the ``cache_ok`` flag is not set to True. Set this flag to True if this type object's state is safe to use in a cache key, or False to disable this warning.
Jul 16 19:50:01.120508 n-d-791505-15 devstack@n-api.service[115185]: result = model_query(context, models.Service, read_deleted="no").\
Jul 16 19:50:01.121185 n-d-791505-15 devstack@n-api.service[115186]: /usr/local/lib/python3.8/dist-packages/oslo_policy/policy.py:1064: UserWarning: Policy os_compute_api:os-aggregates:show failed scope check. The token used to make the request was project scoped but the policy requires ['system'] scope. This behavior may change in the future where using the intended scope is required
Jul 16 19:50:01.121185 n-d-791505-15 devstack@n-api.service[115186]: warnings.warn(msg)
Jul 16 19:50:01.131518 n-d-791505-15 devstack@n-api.service[115186]: INFO nova.api.openstack.wsgi [None req-4c54ae0f-fb9a-404e-8ffb-744d7177edfe tempest-AggregatesAdminTestJSON-33679924 tempest-AggregatesAdminTestJSON-33679924-project-admin] HTTP exception thrown: Aggregate 8 could not be found.
Jul 16 19:50:01.132451 n-d-791505-15 devstack@n-api.service[115186]: DEBUG nova.api.openstack.wsgi [None req-4c54ae0f-fb9a-404e-8ffb-744d7177edfe tempest-AggregatesAdminTestJSON-33679924 tempest-AggregatesAdminTestJSON-33679924-project-admin] Returning 404 to user: Aggregate 8 could not be found. {{(pid=115186) __call__ /opt/stack/nova/nova/api/openstack/wsgi.py:927}}
Jul 16 19:50:01.133611 n-d-791505-15 devstack@n-api.service[115186]: INFO nova.api.openstack.requestlog [None req-4c54ae0f-fb9a-404e-8ffb-744d7177edfe tempest-AggregatesAdminTestJSON-33679924 tempest-AggregatesAdminTestJSON-33679924-project-admin] 10.222.0.78 "GET /compute/v2.1/os-aggregates/8" status: 404 len: 77 microversion: 2.1 time: 0.018474
Jul 16 19:50:01.138204 n-d-791505-15 devstack@n-api.service[115186]: [pid: 115186|app: 0|req: 113/241] 10.222.0.78 () {58 vars in 1149 bytes} [Fri Jul 16 19:50:01 2021] GET /compute/v2.1/os-aggregates/8 => generated 77 bytes in 24 msecs (HTTP/1.1 404) 9 headers in 378 bytes (2 switches on core 0)
Jul 16 19:50:01.138973 n-d-791505-15 devstack@n-api.service[115185]: /opt/stack/nova/nova/db/sqlalchemy/api.py:627: SAWarning: TypeDecorator SoftDeleteInteger() will not produce a cache key because the ``cache_ok`` flag is not set to True. Set this flag to True if this type object's state is safe to use in a cache key, or False to disable this warning.
Jul 16 19:50:01.138973 n-d-791505-15 devstack@n-api.service[115185]: results = conn.execute(select).fetchall()
Jul 16 19:50:01.145101 n-d-791505-15 devstack@n-api.service[115186]: DEBUG nova.api.openstack.wsgi [None req-31f3846d-6e3c-4bd7-a6a2-b8d41e72450c tempest-AggregatesAdminTestJSON-33679924 tempest-AggregatesAdminTestJSON-33679924-project-admin] Calling method '>' {{(pid=115186) _process_stack /opt/stack/nova/nova/api/openstack/wsgi.py:513}}
Jul 16 19:50:01.146196 n-d-791505-15 devstack@n-api.service[115186]: /usr/local/lib/python3.8/dist-packages/oslo_policy/policy.py:1064: UserWarning: Policy os_compute_api:os-aggregates:delete failed scope check. The token used to make the request was project scoped but the policy requires ['system'] scope. This behavior may change in the future where using the intended scope is required
Jul 16 19:50:01.146196 n-d-791505-15 devstack@n-api.service[115186]: warnings.warn(msg)
Jul 16 19:50:01.159208 n-d-791505-15 devstack@n-api.service[115186]: INFO nova.api.openstack.wsgi [None req-31f3846d-6e3c-4bd7-a6a2-b8d41e72450c tempest-AggregatesAdminTestJSON-33679924 tempest-AggregatesAdminTestJSON-33679924-project-admin] HTTP exception thrown: Aggregate 8 could not be found.
Jul 16 19:50:01.160117 n-d-791505-15 devstack@n-api.service[115186]: DEBUG nova.api.openstack.wsgi [None req-31f3846d-6e3c-4bd7-a6a2-b8d41e72450c tempest-AggregatesAdminTestJSON-33679924 tempest-AggregatesAdminTestJSON-33679924-project-admin] Returning 404 to user: Aggregate 8 could not be found. {{(pid=115186) __call__ /opt/stack/nova/nova/api/openstack/wsgi.py:927}}
Jul 16 19:50:01.161334 n-d-791505-15 devstack@n-api.service[115186]: INFO nova.api.openstack.requestlog [None req-31f3846d-6e3c-4bd7-a6a2-b8d41e72450c tempest-AggregatesAdminTestJSON-33679924 tempest-AggregatesAdminTestJSON-33679924-project-admin] 10.222.0.78 "DELETE /compute/v2.1/os-aggregates/8" status: 404 len: 77 microversion: 2.1 time: 0.021880
Jul 16 19:50:01.168705 n-d-791505-15 devstack@n-api.service[115186]: [pid: 115186|app: 0|req: 114/242] 10.222.0.78 () {58 vars in 1152 bytes} [Fri Jul 16 19:50:01 2021] DELETE /compute/v2.1/os-aggregates/8 => generated 77 bytes in 30 msecs (HTTP/1.1 404) 9 headers in 378 bytes (1 switches on core 0)
Jul 16 19:50:01.175116 n-d-791505-15 devstack@n-api.service[115186]: DEBUG nova.api.openstack.wsgi [None req-543cfe22-aaf6-46ec-9ae9-c07796cbecf2 tempest-MigrationsAdminTest-1480613918 tempest-MigrationsAdminTest-1480613918-project] Calling method '>' {{(pid=115186) _process_stack /opt/stack/nova/nova/api/openstack/wsgi.py:513}}
Jul 16 19:50:01.175789 n-d-791505-15 devstack@n-api.service[115186]: DEBUG nova.compute.api [None req-543cfe22-aaf6-46ec-9ae9-c07796cbecf2 tempest-MigrationsAdminTest-1480613918 tempest-MigrationsAdminTest-1480613918-project] [instance: 0a8cdadc-aecd-4451-a9b6-ef139eff2467] Fetching instance by UUID {{(pid=115186) get /opt/stack/nova/nova/compute/api.py:2793}}
Jul 16 19:50:01.186019 n-d-791505-15 devstack@n-api.service[115186]: DEBUG oslo_concurrency.lockutils [None req-543cfe22-aaf6-46ec-9ae9-c07796cbecf2 tempest-MigrationsAdminTest-1480613918 tempest-MigrationsAdminTest-1480613918-project] Lock "1ecbb8e0-2980-4146-a61f-8902ea8aa6b7" acquired by "nova.context.set_target_cell..get_or_set_cached_cell_and_set_connections" :: waited 0.000s {{(pid=115186) inner /usr/local/lib/python3.8/dist-packages/oslo_concurrency/lockutils.py:355}}
Jul 16 19:50:01.187284 n-d-791505-15 devstack@n-api.service[115186]: DEBUG oslo_concurrency.lockutils [None req-543cfe22-aaf6-46ec-9ae9-c07796cbecf2 tempest-MigrationsAdminTest-1480613918 tempest-MigrationsAdminTest-1480613918-project] Lock "1ecbb8e0-2980-4146-a61f-8902ea8aa6b7" released by "nova.context.set_target_cell..get_or_set_cached_cell_and_set_connections" :: held 0.001s {{(pid=115186) inner /usr/local/lib/python3.8/dist-packages/oslo_concurrency/lockutils.py:367}}
Jul 16 19:50:01.188099 n-d-791505-15 devstack@n-api.service[115186]: DEBUG oslo_concurrency.lockutils [None req-543cfe22-aaf6-46ec-9ae9-c07796cbecf2 tempest-MigrationsAdminTest-1480613918 tempest-MigrationsAdminTest-1480613918-project] Lock "1ecbb8e0-2980-4146-a61f-8902ea8aa6b7" acquired by "nova.context.set_target_cell..get_or_set_cached_cell_and_set_connections" :: waited 0.000s {{(pid=115186) inner /usr/local/lib/python3.8/dist-packages/oslo_concurrency/lockutils.py:355}}
Jul 16 19:50:01.189655 n-d-791505-15 devstack@n-api.service[115186]: DEBUG oslo_concurrency.lockutils [None req-543cfe22-aaf6-46ec-9ae9-c07796cbecf2 tempest-MigrationsAdminTest-1480613918 tempest-MigrationsAdminTest-1480613918-project] Lock "1ecbb8e0-2980-4146-a61f-8902ea8aa6b7" released by "nova.context.set_target_cell..get_or_set_cached_cell_and_set_connections" :: held 0.000s {{(pid=115186) inner /usr/local/lib/python3.8/dist-packages/oslo_concurrency/lockutils.py:367}}
Jul 16 19:50:01.194563 n-d-791505-15 devstack@n-api.service[115186]: /opt/stack/nova/nova/db/sqlalchemy/api.py:1385: SAWarning: TypeDecorator SoftDeleteInteger() will not produce a cache key because the ``cache_ok`` flag is not set to True. Set this flag to True if this type object's state is safe to use in a cache key, or False to disable this warning.
Jul 16 19:50:01.194563 n-d-791505-15 devstack@n-api.service[115186]: result = _build_instance_get(context, columns_to_join=columns_to_join).\
Jul 16 19:50:01.287229 n-d-791505-15 devstack@n-api.service[115185]: INFO nova.api.openstack.requestlog [None req-b34d95e1-2b54-4384-aa52-102cb7ecc6a3 tempest-AggregatesAdminNegativeTestJSON-1141390869 tempest-AggregatesAdminNegativeTestJSON-1141390869-project-admin] 10.222.0.78 "POST /compute/v2.1/os-aggregates/7/action" status: 200 len: 227 microversion: 2.1 time: 0.198720
Jul 16 19:50:01.294110 n-d-791505-15 devstack@n-api.service[115185]: [pid: 115185|app: 0|req: 129/243] 10.222.0.78 () {60 vars in 1191 bytes} [Fri Jul 16 19:50:01 2021] POST /compute/v2.1/os-aggregates/7/action => generated 227 bytes in 206 msecs (HTTP/1.1 200) 9 headers in 357 bytes (1 switches on core 0)
Jul 16 19:50:01.300916 n-d-791505-15 devstack@n-api.service[115185]: DEBUG nova.api.openstack.wsgi [None req-8307690f-f671-41ba-8943-80297d01e4a6 tempest-AggregatesAdminTestJSON-33679924 tempest-AggregatesAdminTestJSON-33679924-project-admin] Action: 'create', calling method: >, body: {"aggregate": {"name": "tempest-test_aggregate-1414137242"}} {{(pid=115185) _process_stack /opt/stack/nova/nova/api/openstack/wsgi.py:511}}
Jul 16 19:50:01.302306 n-d-791505-15 devstack@n-api.service[115185]: /usr/local/lib/python3.8/dist-packages/oslo_policy/policy.py:1064: UserWarning: Policy os_compute_api:os-aggregates:create failed scope check. The token used to make the request was project scoped but the policy requires ['system'] scope. This behavior may change in the future where using the intended scope is required
Jul 16 19:50:01.302306 n-d-791505-15 devstack@n-api.service[115185]: warnings.warn(msg)
Jul 16 19:50:01.303512 n-d-791505-15 devstack@n-api.service[115185]: DEBUG nova.objects.aggregate [None req-8307690f-f671-41ba-8943-80297d01e4a6 tempest-AggregatesAdminTestJSON-33679924 tempest-AggregatesAdminTestJSON-33679924-project-admin] Generated uuid 5043fae5-b18b-45e2-a6c2-a340ca8b474e for aggregate {{(pid=115185) create /opt/stack/nova/nova/objects/aggregate.py:299}}
Jul 16 19:50:01.327073 n-d-791505-15 devstack@n-api.service[115185]: INFO nova.api.openstack.requestlog [None req-8307690f-f671-41ba-8943-80297d01e4a6 tempest-AggregatesAdminTestJSON-33679924 tempest-AggregatesAdminTestJSON-33679924-project-admin] 10.222.0.78 "POST /compute/v2.1/os-aggregates" status: 200 len: 198 microversion: 2.1 time: 0.031501
Jul 16 19:50:01.328192 n-d-791505-15 devstack@n-api.service[115185]: [pid: 115185|app: 0|req: 130/244] 10.222.0.78 () {60 vars in 1164 bytes} [Fri Jul 16 19:50:01 2021] POST /compute/v2.1/os-aggregates => generated 198 bytes in 33 msecs (HTTP/1.1 200) 9 headers in 357 bytes (1 switches on core 0)
Jul 16 19:50:01.333646 n-d-791505-15 devstack@n-api.service[115185]: DEBUG nova.api.openstack.wsgi [None req-ae2f2964-61b1-4f92-9ee0-d6886676b0db tempest-AggregatesAdminNegativeTestJSON-1141390869 tempest-AggregatesAdminNegativeTestJSON-1141390869-project-admin] Calling method '>' {{(pid=115185) _process_stack /opt/stack/nova/nova/api/openstack/wsgi.py:513}}
Jul 16 19:50:01.334870 n-d-791505-15 devstack@n-api.service[115185]: /usr/local/lib/python3.8/dist-packages/oslo_policy/policy.py:1064: UserWarning: Policy os_compute_api:os-aggregates:delete failed scope check. The token used to make the request was project scoped but the policy requires ['system'] scope. This behavior may change in the future where using the intended scope is required
Jul 16 19:50:01.334870 n-d-791505-15 devstack@n-api.service[115185]: warnings.warn(msg)
Jul 16 19:50:01.340642 n-d-791505-15 devstack@n-api.service[115186]: DEBUG nova.policy [None req-543cfe22-aaf6-46ec-9ae9-c07796cbecf2 tempest-MigrationsAdminTest-1480613918 tempest-MigrationsAdminTest-1480613918-project] Policy check for os_compute_api:os-extended-server-attributes failed with credentials {'is_admin': False, 'user_id': '55b477860c0c45b0bea8e44c88c1d03f', 'user_domain_id': 'default', 'system_scope': None, 'domain_id': None, 'project_id': '6fe27a832b7f42c9bc6c7c6b5bd1a11a', 'project_domain_id': 'default', 'roles': ['reader', 'member'], 'is_admin_project': True, 'service_user_id': None, 'service_user_domain_id': None, 'service_project_id': None, 'service_project_domain_id': None, 'service_roles': []} {{(pid=115186) authorize /opt/stack/nova/nova/policy.py:199}}
Jul 16 19:50:01.345836 n-d-791505-15 devstack@n-api.service[115186]: /opt/stack/nova/nova/db/sqlalchemy/api.py:3000: SAWarning: TypeDecorator SoftDeleteInteger() will not produce a cache key because the ``cache_ok`` flag is not set to True. Set this flag to True if this type object's state is safe to use in a cache key, or False to disable this warning.
Jul 16 19:50:01.345836 n-d-791505-15 devstack@n-api.service[115186]: return _block_device_mapping_get_query(context).filter(
Jul 16 19:50:01.359970 n-d-791505-15 devstack@n-api.service[115185]: INFO nova.api.openstack.requestlog [None req-ae2f2964-61b1-4f92-9ee0-d6886676b0db tempest-AggregatesAdminNegativeTestJSON-1141390869 tempest-AggregatesAdminNegativeTestJSON-1141390869-project-admin] 10.222.0.78 "DELETE /compute/v2.1/os-aggregates/7" status: 200 len: 0 microversion: 2.1 time: 0.030428
Jul 16 19:50:01.361317 n-d-791505-15 devstack@n-api.service[115185]: [pid: 115185|app: 0|req: 131/245] 10.222.0.78 () {58 vars in 1152 bytes} [Fri Jul 16 19:50:01 2021] DELETE /compute/v2.1/os-aggregates/7 => generated 0 bytes in 32 msecs (HTTP/1.1 200) 9 headers in 355 bytes (1 switches on core 0)
Jul 16 19:50:01.366064 n-d-791505-15 devstack@n-api.service[115186]: INFO nova.api.openstack.requestlog [None req-543cfe22-aaf6-46ec-9ae9-c07796cbecf2 tempest-MigrationsAdminTest-1480613918 tempest-MigrationsAdminTest-1480613918-project] 10.222.0.78 "GET /compute/v2.1/servers/0a8cdadc-aecd-4451-a9b6-ef139eff2467" status: 200 len: 1270 microversion: 2.1 time: 0.194560
Jul 16 19:50:01.366409 n-d-791505-15 devstack@n-api.service[115186]: [pid: 115186|app: 0|req: 115/246] 10.222.0.78 () {58 vars in 1236 bytes} [Fri Jul 16 19:50:01 2021] GET /compute/v2.1/servers/0a8cdadc-aecd-4451-a9b6-ef139eff2467 => generated 1270 bytes in 196 msecs (HTTP/1.1 200) 9 headers in 358 bytes (1 switches on core 0)
Jul 16 19:50:01.371113 n-d-791505-15 devstack@n-api.service[115185]: DEBUG nova.api.openstack.wsgi [None req-3e88635f-5ca8-4a49-80c1-ed74afd23ef5 tempest-AggregatesAdminTestJSON-33679924 tempest-AggregatesAdminTestJSON-33679924-project-admin] Calling method '>' {{(pid=115185) _process_stack /opt/stack/nova/nova/api/openstack/wsgi.py:513}}
Jul 16 19:50:01.372009 n-d-791505-15 devstack@n-api.service[115186]: DEBUG nova.api.openstack.wsgi [None req-c6ca362c-2223-4111-aa43-1315c3677dd7 tempest-AggregatesAdminNegativeTestJSON-1141390869 tempest-AggregatesAdminNegativeTestJSON-1141390869-project-admin] Action: 'create', calling method: >, body: {"aggregate": {"name": "tempest-test_aggregate-1224656444"}} {{(pid=115186) _process_stack /opt/stack/nova/nova/api/openstack/wsgi.py:511}}
Jul 16 19:50:01.372548 n-d-791505-15 devstack@n-api.service[115185]: /usr/local/lib/python3.8/dist-packages/oslo_policy/policy.py:1064: UserWarning: Policy os_compute_api:os-aggregates:show failed scope check. The token used to make the request was project scoped but the policy requires ['system'] scope. This behavior may change in the future where using the intended scope is required
Jul 16 19:50:01.372548 n-d-791505-15 devstack@n-api.service[115185]: warnings.warn(msg)
Jul 16 19:50:01.373303 n-d-791505-15 devstack@n-api.service[115186]: /usr/local/lib/python3.8/dist-packages/oslo_policy/policy.py:1064: UserWarning: Policy os_compute_api:os-aggregates:create failed scope check. The token used to make the request was project scoped but the policy requires ['system'] scope. This behavior may change in the future where using the intended scope is required
Jul 16 19:50:01.373303 n-d-791505-15 devstack@n-api.service[115186]: warnings.warn(msg)
Jul 16 19:50:01.375128 n-d-791505-15 devstack@n-api.service[115186]: DEBUG nova.objects.aggregate [None req-c6ca362c-2223-4111-aa43-1315c3677dd7 tempest-AggregatesAdminNegativeTestJSON-1141390869 tempest-AggregatesAdminNegativeTestJSON-1141390869-project-admin] Generated uuid 4c5ed257-69c2-4161-9ec5-e13931655be1 for aggregate {{(pid=115186) create /opt/stack/nova/nova/objects/aggregate.py:299}}
Jul 16 19:50:01.382159 n-d-791505-15 devstack@n-api.service[115185]: INFO nova.api.openstack.requestlog [None req-3e88635f-5ca8-4a49-80c1-ed74afd23ef5 tempest-AggregatesAdminTestJSON-33679924 tempest-AggregatesAdminTestJSON-33679924-project-admin] 10.222.0.78 "GET /compute/v2.1/os-aggregates/9" status: 200 len: 227 microversion: 2.1 time: 0.018420
Jul 16 19:50:01.383145 n-d-791505-15 devstack@n-api.service[115185]: [pid: 115185|app: 0|req: 132/247] 10.222.0.78 () {58 vars in 1149 bytes} [Fri Jul 16 19:50:01 2021] GET /compute/v2.1/os-aggregates/9 => generated 227 bytes in 21 msecs (HTTP/1.1 200) 9 headers in 357 bytes (1 switches on core 0)
Jul 16 19:50:01.394687 n-d-791505-15 devstack@n-api.service[115185]: DEBUG nova.api.openstack.wsgi [None req-bafe59ce-b4dc-4ba5-8651-ded352955d54 tempest-AggregatesAdminTestJSON-33679924 tempest-AggregatesAdminTestJSON-33679924-project-admin] Action: 'action', calling method: >, body: {"set_metadata": {"metadata": {"key": "value"}}} {{(pid=115185) _process_stack /opt/stack/nova/nova/api/openstack/wsgi.py:511}}
Jul 16 19:50:01.398247 n-d-791505-15 devstack@n-api.service[115186]: INFO nova.api.openstack.requestlog [None req-c6ca362c-2223-4111-aa43-1315c3677dd7 tempest-AggregatesAdminNegativeTestJSON-1141390869 tempest-AggregatesAdminNegativeTestJSON-1141390869-project-admin] 10.222.0.78 "POST /compute/v2.1/os-aggregates" status: 200 len: 199 microversion: 2.1 time: 0.029747
Jul 16 19:50:01.403831 n-d-791505-15 devstack@n-api.service[115186]: [pid: 115186|app: 0|req: 116/248] 10.222.0.78 () {60 vars in 1164 bytes} [Fri Jul 16 19:50:01 2021] POST /compute/v2.1/os-aggregates => generated 199 bytes in 32 msecs (HTTP/1.1 200) 9 headers in 357 bytes (1 switches on core 0)
Jul 16 19:50:01.404089 n-d-791505-15 devstack@n-api.service[115185]: /usr/local/lib/python3.8/dist-packages/oslo_policy/policy.py:1064: UserWarning: Policy os_compute_api:os-aggregates:set_metadata failed scope check. The token used to make the request was project scoped but the policy requires ['system'] scope. This behavior may change in the future where using the intended scope is required
Jul 16 19:50:01.404089 n-d-791505-15 devstack@n-api.service[115185]: warnings.warn(msg)
Jul 16 19:50:01.451769 n-d-791505-15 devstack@n-api.service[115185]: INFO nova.api.openstack.requestlog [None req-bafe59ce-b4dc-4ba5-8651-ded352955d54 tempest-AggregatesAdminTestJSON-33679924 tempest-AggregatesAdminTestJSON-33679924-project-admin] 10.222.0.78 "POST /compute/v2.1/os-aggregates/9/action" status: 200 len: 265 microversion: 2.1 time: 0.060045
