Jun 02 18:32:26.492819 n-d-791504-7 devstack@placement-api.service[93037]: DEBUG placement.requestlog [req-672e7043-4eae-4664-a1ab-6f1866dba196 req-18c414a2-d444-42f4-911d-e40ead7fa842 None None] Starting request: 10.222.0.50 "GET /placement/allocations/40d92d1e-e1b4-4de2-bd56-4eaae81a656e" {{(pid=93037) __call__ /opt/stack/placement/placement/requestlog.py:55}}
Jun 02 18:32:26.502384 n-d-791504-7 devstack@placement-api.service[93036]: DEBUG placement.requestlog [req-672e7043-4eae-4664-a1ab-6f1866dba196 req-6edffe8d-2115-4988-9300-bd7663658222 None None] Starting request: 10.222.0.52 "GET /placement/allocations/bed7c48a-298c-44d6-86bc-84b8691fd745" {{(pid=93036) __call__ /opt/stack/placement/placement/requestlog.py:55}}
Jun 02 18:32:26.550596 n-d-791504-7 devstack@placement-api.service[93036]: INFO placement.requestlog [req-672e7043-4eae-4664-a1ab-6f1866dba196 req-6edffe8d-2115-4988-9300-bd7663658222 service placement] 10.222.0.52 "GET /placement/allocations/bed7c48a-298c-44d6-86bc-84b8691fd745" status: 200 len: 259 microversion: 1.28
Jun 02 18:32:26.551483 n-d-791504-7 devstack@placement-api.service[93036]: [pid: 93036|app: 0|req: 146/293] 10.222.0.52 () {60 vars in 1378 bytes} [Wed Jun 2 18:32:26 2021] GET /placement/allocations/bed7c48a-298c-44d6-86bc-84b8691fd745 => generated 259 bytes in 49 msecs (HTTP/1.1 200) 8 headers in 296 bytes (2 switches on core 0)
Jun 02 18:32:26.571111 n-d-791504-7 devstack@placement-api.service[93037]: INFO placement.requestlog [req-672e7043-4eae-4664-a1ab-6f1866dba196 req-18c414a2-d444-42f4-911d-e40ead7fa842 service placement] 10.222.0.50 "GET /placement/allocations/40d92d1e-e1b4-4de2-bd56-4eaae81a656e" status: 200 len: 259 microversion: 1.28
Jun 02 18:32:26.575626 n-d-791504-7 devstack@placement-api.service[93037]: [pid: 93037|app: 0|req: 148/294] 10.222.0.50 () {60 vars in 1378 bytes} [Wed Jun 2 18:32:26 2021] GET /placement/allocations/40d92d1e-e1b4-4de2-bd56-4eaae81a656e => generated 259 bytes in 86 msecs (HTTP/1.1 200) 8 headers in 296 bytes (1 switches on core 0)
Jun 02 18:32:38.121526 n-d-791504-7 devstack@placement-api.service[93036]: DEBUG placement.requestlog [req-083acc05-2820-4bba-87a2-d0bdd0eec012 req-ad99a01c-416b-43e6-a19b-e26ddc4f72ed None None] Starting request: 10.222.0.52 "GET /placement/resource_providers/e62a10a8-c685-4787-a3cb-191c7fe0c1a5/allocations" {{(pid=93036) __call__ /opt/stack/placement/placement/requestlog.py:55}}
Jun 02 18:32:38.205955 n-d-791504-7 devstack@placement-api.service[93036]: INFO placement.requestlog [req-083acc05-2820-4bba-87a2-d0bdd0eec012 req-ad99a01c-416b-43e6-a19b-e26ddc4f72ed service placement] 10.222.0.52 "GET /placement/resource_providers/e62a10a8-c685-4787-a3cb-191c7fe0c1a5/allocations" status: 200 len: 847 microversion: 1.0
Jun 02 18:32:38.206883 n-d-791504-7 devstack@placement-api.service[93036]: [pid: 93036|app: 0|req: 147/295] 10.222.0.52 () {58 vars in 1391 bytes} [Wed Jun 2 18:32:38 2021] GET /placement/resource_providers/e62a10a8-c685-4787-a3cb-191c7fe0c1a5/allocations => generated 847 bytes in 92 msecs (HTTP/1.1 200) 6 headers in 224 bytes (1 switches on core 0)
Jun 02 18:32:39.114903 n-d-791504-7 devstack@placement-api.service[93037]: DEBUG placement.requestlog [None req-1fe7c080-233e-4bce-8d95-e66502dd8742 None None] Starting request: 10.222.0.74 "GET /placement/" {{(pid=93037) __call__ /opt/stack/placement/placement/requestlog.py:55}}
Jun 02 18:32:39.115891 n-d-791504-7 devstack@placement-api.service[93037]: INFO placement.requestlog [None req-1fe7c080-233e-4bce-8d95-e66502dd8742 None None] 10.222.0.74 "GET /placement/" status: 200 len: 136 microversion: 1.0
Jun 02 18:32:39.116080 n-d-791504-7 devstack@placement-api.service[93037]: [pid: 93037|app: 0|req: 149/296] 10.222.0.74 () {54 vars in 915 bytes} [Wed Jun 2 18:32:39 2021] GET /placement => generated 136 bytes in 1 msecs (HTTP/1.1 200) 6 headers in 224 bytes (1 switches on core 0)
Jun 02 18:32:39.126026 n-d-791504-7 devstack@placement-api.service[93036]: DEBUG placement.requestlog [req-e016863c-0cd3-435a-97c3-547ada2ce3be req-4ead3d0a-35ef-4be8-9c84-ded5166de15e None None] Starting request: 10.222.0.74 "GET /placement/allocations/ca2cc4e7-8d0b-4f29-9968-1b6e9683c6a6" {{(pid=93036) __call__ /opt/stack/placement/placement/requestlog.py:55}}
Jun 02 18:32:39.210969 n-d-791504-7 devstack@placement-api.service[93036]: INFO placement.requestlog [req-e016863c-0cd3-435a-97c3-547ada2ce3be req-4ead3d0a-35ef-4be8-9c84-ded5166de15e service placement] 10.222.0.74 "GET /placement/allocations/ca2cc4e7-8d0b-4f29-9968-1b6e9683c6a6" status: 200 len: 245 microversion: 1.28
Jun 02 18:32:39.211672 n-d-791504-7 devstack@placement-api.service[93036]: [pid: 93036|app: 0|req: 148/297] 10.222.0.74 () {60 vars in 1380 bytes} [Wed Jun 2 18:32:39 2021] GET /placement/allocations/ca2cc4e7-8d0b-4f29-9968-1b6e9683c6a6 => generated 245 bytes in 86 msecs (HTTP/1.1 200) 8 headers in 296 bytes (2 switches on core 0)
Jun 02 18:32:39.217627 n-d-791504-7 devstack@placement-api.service[93037]: DEBUG placement.requestlog [req-e016863c-0cd3-435a-97c3-547ada2ce3be req-de7d8b8a-b1dc-4374-b1a9-92f26b63d320 None None] Starting request: 10.222.0.74 "GET /placement/allocations/ca2cc4e7-8d0b-4f29-9968-1b6e9683c6a6" {{(pid=93037) __call__ /opt/stack/placement/placement/requestlog.py:55}}
Jun 02 18:32:39.240644 n-d-791504-7 devstack@placement-api.service[93037]: INFO placement.requestlog [req-e016863c-0cd3-435a-97c3-547ada2ce3be req-de7d8b8a-b1dc-4374-b1a9-92f26b63d320 service placement] 10.222.0.74 "GET /placement/allocations/ca2cc4e7-8d0b-4f29-9968-1b6e9683c6a6" status: 200 len: 245 microversion: 1.28
Jun 02 18:32:39.242110 n-d-791504-7 devstack@placement-api.service[93037]: [pid: 93037|app: 0|req: 150/298] 10.222.0.74 () {60 vars in 1380 bytes} [Wed Jun 2 18:32:39 2021] GET /placement/allocations/ca2cc4e7-8d0b-4f29-9968-1b6e9683c6a6 => generated 245 bytes in 25 msecs (HTTP/1.1 200) 8 headers in 296 bytes (2 switches on core 0)
Jun 02 18:32:39.248461 n-d-791504-7 devstack@placement-api.service[93036]: DEBUG placement.requestlog [req-e016863c-0cd3-435a-97c3-547ada2ce3be req-69c28407-3cf0-4375-9396-eb4408d082a9 None None] Starting request: 10.222.0.74 "GET /placement/allocations/1c3b3e2f-8489-42c2-aa2a-de33fb420069" {{(pid=93036) __call__ /opt/stack/placement/placement/requestlog.py:55}}
Jun 02 18:32:39.264202 n-d-791504-7 devstack@placement-api.service[93036]: INFO placement.requestlog [req-e016863c-0cd3-435a-97c3-547ada2ce3be req-69c28407-3cf0-4375-9396-eb4408d082a9 service placement] 10.222.0.74 "GET /placement/allocations/1c3b3e2f-8489-42c2-aa2a-de33fb420069" status: 200 len: 19 microversion: 1.28
Jun 02 18:32:39.265154 n-d-791504-7 devstack@placement-api.service[93036]: [pid: 93036|app: 0|req: 149/299] 10.222.0.74 () {60 vars in 1380 bytes} [Wed Jun 2 18:32:39 2021] GET /placement/allocations/1c3b3e2f-8489-42c2-aa2a-de33fb420069 => generated 19 bytes in 17 msecs (HTTP/1.1 200) 8 headers in 295 bytes (2 switches on core 0)
Jun 02 18:32:39.271245 n-d-791504-7 devstack@placement-api.service[93037]: DEBUG placement.requestlog [req-e016863c-0cd3-435a-97c3-547ada2ce3be req-6f698433-3008-4d96-a26b-ede6b45659ef None None] Starting request: 10.222.0.74 "POST /placement/allocations" {{(pid=93037) __call__ /opt/stack/placement/placement/requestlog.py:55}}
Jun 02 18:32:39.500754 n-d-791504-7 devstack@placement-api.service[93037]: DEBUG placement.handlers.allocation [req-e016863c-0cd3-435a-97c3-547ada2ce3be req-6f698433-3008-4d96-a26b-ede6b45659ef service placement] Successfully wrote allocations [, , , ] {{(pid=93037) _create_allocations /opt/stack/placement/placement/handlers/allocation.py:524}}
Jun 02 18:32:39.503075 n-d-791504-7 devstack@placement-api.service[93037]: INFO placement.requestlog [req-e016863c-0cd3-435a-97c3-547ada2ce3be req-6f698433-3008-4d96-a26b-ede6b45659ef service placement] 10.222.0.74 "POST /placement/allocations" status: 204 len: 0 microversion: 1.28
Jun 02 18:32:39.503934 n-d-791504-7 devstack@placement-api.service[93037]: [pid: 93037|app: 0|req: 151/300] 10.222.0.74 () {64 vars in 1323 bytes} [Wed Jun 2 18:32:39 2021] POST /placement/allocations => generated 0 bytes in 233 msecs (HTTP/1.1 204) 5 headers in 199 bytes (2 switches on core 0)
Jun 02 18:32:39.622367 n-d-791504-7 devstack@placement-api.service[93036]: DEBUG placement.requestlog [req-e016863c-0cd3-435a-97c3-547ada2ce3be req-4ad28751-e55d-402f-bd64-70508d08edd4 None None] Starting request: 10.222.0.74 "GET /placement/allocations/ca2cc4e7-8d0b-4f29-9968-1b6e9683c6a6" {{(pid=93036) __call__ /opt/stack/placement/placement/requestlog.py:55}}
Jun 02 18:32:39.746819 n-d-791504-7 devstack@placement-api.service[93036]: INFO placement.requestlog [req-e016863c-0cd3-435a-97c3-547ada2ce3be req-4ad28751-e55d-402f-bd64-70508d08edd4 service placement] 10.222.0.74 "GET /placement/allocations/ca2cc4e7-8d0b-4f29-9968-1b6e9683c6a6" status: 200 len: 19 microversion: 1.28
Jun 02 18:32:39.747337 n-d-791504-7 devstack@placement-api.service[93036]: [pid: 93036|app: 0|req: 150/301] 10.222.0.74 () {60 vars in 1380 bytes} [Wed Jun 2 18:32:39 2021] GET /placement/allocations/ca2cc4e7-8d0b-4f29-9968-1b6e9683c6a6 => generated 19 bytes in 125 msecs (HTTP/1.1 200) 8 headers in 295 bytes (1 switches on core 0)
Jun 02 18:32:39.753455 n-d-791504-7 devstack@placement-api.service[93037]: DEBUG placement.requestlog [req-e016863c-0cd3-435a-97c3-547ada2ce3be req-f6d72212-6278-4037-8252-1ecd8f6138b0 None None] Starting request: 10.222.0.74 "PUT /placement/allocations/ca2cc4e7-8d0b-4f29-9968-1b6e9683c6a6" {{(pid=93037) __call__ /opt/stack/placement/placement/requestlog.py:55}}
Jun 02 18:32:39.843428 n-d-791504-7 devstack@placement-api.service[93037]: DEBUG placement.handlers.allocation [req-e016863c-0cd3-435a-97c3-547ada2ce3be req-f6d72212-6278-4037-8252-1ecd8f6138b0 service placement] Successfully wrote allocations [, ] {{(pid=93037) _create_allocations /opt/stack/placement/placement/handlers/allocation.py:435}}
Jun 02 18:32:39.844498 n-d-791504-7 devstack@placement-api.service[93037]: INFO placement.requestlog [req-e016863c-0cd3-435a-97c3-547ada2ce3be req-f6d72212-6278-4037-8252-1ecd8f6138b0 service placement] 10.222.0.74 "PUT /placement/allocations/ca2cc4e7-8d0b-4f29-9968-1b6e9683c6a6" status: 204 len: 0 microversion: 1.28
Jun 02 18:32:39.845446 n-d-791504-7 devstack@placement-api.service[93037]: [pid: 93037|app: 0|req: 152/302] 10.222.0.74 () {64 vars in 1433 bytes} [Wed Jun 2 18:32:39 2021] PUT /placement/allocations/ca2cc4e7-8d0b-4f29-9968-1b6e9683c6a6 => generated 0 bytes in 92 msecs (HTTP/1.1 204) 5 headers in 199 bytes (2 switches on core 0)
Jun 02 18:32:39.991782 n-d-791504-7 devstack@placement-api.service[93036]: DEBUG placement.requestlog [req-e016863c-0cd3-435a-97c3-547ada2ce3be req-b9afe6ee-eb20-4380-b05f-2f0d6325efd8 None None] Starting request: 10.222.0.52 "GET /placement/allocations/ca2cc4e7-8d0b-4f29-9968-1b6e9683c6a6" {{(pid=93036) __call__ /opt/stack/placement/placement/requestlog.py:55}}
Jun 02 18:32:40.038507 n-d-791504-7 devstack@placement-api.service[93036]: INFO placement.requestlog [req-e016863c-0cd3-435a-97c3-547ada2ce3be req-b9afe6ee-eb20-4380-b05f-2f0d6325efd8 service placement] 10.222.0.52 "GET /placement/allocations/ca2cc4e7-8d0b-4f29-9968-1b6e9683c6a6" status: 200 len: 245 microversion: 1.28
Jun 02 18:32:40.044793 n-d-791504-7 devstack@placement-api.service[93036]: [pid: 93036|app: 0|req: 151/303] 10.222.0.52 () {60 vars in 1378 bytes} [Wed Jun 2 18:32:39 2021] GET /placement/allocations/ca2cc4e7-8d0b-4f29-9968-1b6e9683c6a6 => generated 245 bytes in 54 msecs (HTTP/1.1 200) 8 headers in 296 bytes (2 switches on core 0)
Jun 02 18:32:41.176500 n-d-791504-7 devstack@placement-api.service[93037]: DEBUG placement.requestlog [req-199fdf4c-dbbc-4444-ba7c-f1389cd1b3c1 req-61bd0604-5163-4cc6-acb7-eb1ddc8a24ae None None] Starting request: 10.222.0.50 "GET /placement/resource_providers/362fe92d-9468-4e30-8f64-69d248526a89/allocations" {{(pid=93037) __call__ /opt/stack/placement/placement/requestlog.py:55}}
Jun 02 18:32:41.202285 n-d-791504-7 devstack@placement-api.service[93037]: INFO placement.requestlog [req-199fdf4c-dbbc-4444-ba7c-f1389cd1b3c1 req-61bd0604-5163-4cc6-acb7-eb1ddc8a24ae service placement] 10.222.0.50 "GET /placement/resource_providers/362fe92d-9468-4e30-8f64-69d248526a89/allocations" status: 200 len: 948 microversion: 1.0
Jun 02 18:32:41.203138 n-d-791504-7 devstack@placement-api.service[93037]: [pid: 93037|app: 0|req: 153/304] 10.222.0.50 () {58 vars in 1391 bytes} [Wed Jun 2 18:32:41 2021] GET /placement/resource_providers/362fe92d-9468-4e30-8f64-69d248526a89/allocations => generated 948 bytes in 27 msecs (HTTP/1.1 200) 6 headers in 224 bytes (1 switches on core 0)
Jun 02 18:32:46.346741 n-d-791504-7 devstack@placement-api.service[93036]: DEBUG placement.requestlog [req-6feed5d3-5861-45b3-826b-657c7d4afda6 req-d816fe2c-0e48-4f01-ac1a-ee5c75dfc543 None None] Starting request: 10.222.0.74 "GET /placement/allocation_candidates?limit=1000&resources=DISK_GB%3A1%2CMEMORY_MB%3A1024%2CVCPU%3A1&root_required=%21COMPUTE_STATUS_DISABLED" {{(pid=93036) __call__ /opt/stack/placement/placement/requestlog.py:55}}
Jun 02 18:32:46.443923 n-d-791504-7 devstack@placement-api.service[93036]: DEBUG placement.objects.research_context [req-6feed5d3-5861-45b3-826b-657c7d4afda6 req-d816fe2c-0e48-4f01-ac1a-ee5c75dfc543 service placement] getting providers with 1 DISK_GB {{(pid=93036) __init__ /opt/stack/placement/placement/objects/research_context.py:126}}
Jun 02 18:32:46.457616 n-d-791504-7 devstack@placement-api.service[93036]: DEBUG placement.objects.research_context [req-6feed5d3-5861-45b3-826b-657c7d4afda6 req-d816fe2c-0e48-4f01-ac1a-ee5c75dfc543 service placement] getting providers with 1024 MEMORY_MB {{(pid=93036) __init__ /opt/stack/placement/placement/objects/research_context.py:126}}
Jun 02 18:32:46.470998 n-d-791504-7 devstack@placement-api.service[93036]: DEBUG placement.objects.research_context [req-6feed5d3-5861-45b3-826b-657c7d4afda6 req-d816fe2c-0e48-4f01-ac1a-ee5c75dfc543 service placement] getting providers with 1 VCPU {{(pid=93036) __init__ /opt/stack/placement/placement/objects/research_context.py:126}}
Jun 02 18:32:46.484120 n-d-791504-7 devstack@placement-api.service[93036]: DEBUG placement.objects.research_context [req-6feed5d3-5861-45b3-826b-657c7d4afda6 req-d816fe2c-0e48-4f01-ac1a-ee5c75dfc543 service placement] found 2 providers with available 1 DISK_GB {{(pid=93036) get_provider_ids_matching /opt/stack/placement/placement/objects/research_context.py:549}}
Jun 02 18:32:46.484667 n-d-791504-7 devstack@placement-api.service[93036]: DEBUG placement.objects.research_context [req-6feed5d3-5861-45b3-826b-657c7d4afda6 req-d816fe2c-0e48-4f01-ac1a-ee5c75dfc543 service placement] found 2 providers with available 1024 MEMORY_MB {{(pid=93036) get_provider_ids_matching /opt/stack/placement/placement/objects/research_context.py:549}}
Jun 02 18:32:46.485212 n-d-791504-7 devstack@placement-api.service[93036]: DEBUG placement.objects.research_context [req-6feed5d3-5861-45b3-826b-657c7d4afda6 req-d816fe2c-0e48-4f01-ac1a-ee5c75dfc543 service placement] found 2 providers after filtering by previous result {{(pid=93036) get_provider_ids_matching /opt/stack/placement/placement/objects/research_context.py:580}}
Jun 02 18:32:46.485896 n-d-791504-7 devstack@placement-api.service[93036]: DEBUG placement.objects.research_context [req-6feed5d3-5861-45b3-826b-657c7d4afda6 req-d816fe2c-0e48-4f01-ac1a-ee5c75dfc543 service placement] found 2 providers with available 1 VCPU {{(pid=93036) get_provider_ids_matching /opt/stack/placement/placement/objects/research_context.py:549}}
Jun 02 18:32:46.486669 n-d-791504-7 devstack@placement-api.service[93036]: DEBUG placement.objects.research_context [req-6feed5d3-5861-45b3-826b-657c7d4afda6 req-d816fe2c-0e48-4f01-ac1a-ee5c75dfc543 service placement] found 2 providers after filtering by previous result {{(pid=93036) get_provider_ids_matching /opt/stack/placement/placement/objects/research_context.py:580}}
Jun 02 18:32:46.526011 n-d-791504-7 devstack@placement-api.service[93036]: DEBUG placement.objects.allocation_candidate [req-6feed5d3-5861-45b3-826b-657c7d4afda6 req-d816fe2c-0e48-4f01-ac1a-ee5c75dfc543 service placement] RequestGroup(use_same_provider=False, resources={DISK_GB:1, MEMORY_MB:1024, VCPU:1}, traits=[], aggregates=[]) (suffix '') returned 2 matches {{(pid=93036) _get_by_requests /opt/stack/placement/placement/objects/allocation_candidate.py:145}}
Jun 02 18:32:46.526959 n-d-791504-7 devstack@placement-api.service[93036]: DEBUG placement.objects.allocation_candidate [req-6feed5d3-5861-45b3-826b-657c7d4afda6 req-d816fe2c-0e48-4f01-ac1a-ee5c75dfc543 service placement] Merging candidates yields 2 allocation requests and 2 provider summaries {{(pid=93036) _merge_candidates /opt/stack/placement/placement/objects/allocation_candidate.py:783}}
Jun 02 18:32:46.532500 n-d-791504-7 devstack@placement-api.service[93036]: INFO placement.requestlog [req-6feed5d3-5861-45b3-826b-657c7d4afda6 req-d816fe2c-0e48-4f01-ac1a-ee5c75dfc543 service placement] 10.222.0.74 "GET /placement/allocation_candidates?limit=1000&resources=DISK_GB%3A1%2CMEMORY_MB%3A1024%2CVCPU%3A1&root_required=%21COMPUTE_STATUS_DISABLED" status: 200 len: 1309 microversion: 1.35
Jun 02 18:32:46.548621 n-d-791504-7 devstack@placement-api.service[93036]: [pid: 93036|app: 0|req: 152/305] 10.222.0.74 () {60 vars in 1506 bytes} [Wed Jun 2 18:32:46 2021] GET /placement/allocation_candidates?limit=1000&resources=DISK_GB%3A1%2CMEMORY_MB%3A1024%2CVCPU%3A1&root_required=%21COMPUTE_STATUS_DISABLED => generated 1309 bytes in 202 msecs (HTTP/1.1 200) 8 headers in 297 bytes (1 switches on core 0)
Jun 02 18:32:46.632591 n-d-791504-7 devstack@placement-api.service[93037]: DEBUG placement.requestlog [req-6feed5d3-5861-45b3-826b-657c7d4afda6 req-d333c19c-69e2-4778-b712-d03525de58aa None None] Starting request: 10.222.0.74 "GET /placement/allocations/5dad8343-5c19-4bed-8651-7289f1f510c4" {{(pid=93037) __call__ /opt/stack/placement/placement/requestlog.py:55}}
Jun 02 18:32:46.657566 n-d-791504-7 devstack@placement-api.service[93037]: INFO placement.requestlog [req-6feed5d3-5861-45b3-826b-657c7d4afda6 req-d333c19c-69e2-4778-b712-d03525de58aa service placement] 10.222.0.74 "GET /placement/allocations/5dad8343-5c19-4bed-8651-7289f1f510c4" status: 200 len: 19 microversion: 1.28
Jun 02 18:32:46.658486 n-d-791504-7 devstack@placement-api.service[93037]: [pid: 93037|app: 0|req: 154/306] 10.222.0.74 () {60 vars in 1380 bytes} [Wed Jun 2 18:32:46 2021] GET /placement/allocations/5dad8343-5c19-4bed-8651-7289f1f510c4 => generated 19 bytes in 27 msecs (HTTP/1.1 200) 8 headers in 295 bytes (2 switches on core 0)
Jun 02 18:32:46.670872 n-d-791504-7 devstack@placement-api.service[93036]: DEBUG placement.requestlog [req-6feed5d3-5861-45b3-826b-657c7d4afda6 req-635fc34e-a365-4910-89a0-e8447083014e None None] Starting request: 10.222.0.74 "PUT /placement/allocations/5dad8343-5c19-4bed-8651-7289f1f510c4" {{(pid=93036) __call__ /opt/stack/placement/placement/requestlog.py:55}}
Jun 02 18:32:46.817083 n-d-791504-7 devstack@placement-api.service[93036]: DEBUG placement.handlers.allocation [req-6feed5d3-5861-45b3-826b-657c7d4afda6 req-635fc34e-a365-4910-89a0-e8447083014e service placement] Successfully wrote allocations [, , ] {{(pid=93036) _create_allocations /opt/stack/placement/placement/handlers/allocation.py:435}}
Jun 02 18:32:46.817987 n-d-791504-7 devstack@placement-api.service[93036]: INFO placement.requestlog [req-6feed5d3-5861-45b3-826b-657c7d4afda6 req-635fc34e-a365-4910-89a0-e8447083014e service placement] 10.222.0.74 "PUT /placement/allocations/5dad8343-5c19-4bed-8651-7289f1f510c4" status: 204 len: 0 microversion: 1.35
Jun 02 18:32:46.818912 n-d-791504-7 devstack@placement-api.service[93036]: [pid: 93036|app: 0|req: 153/307] 10.222.0.74 () {64 vars in 1433 bytes} [Wed Jun 2 18:32:46 2021] PUT /placement/allocations/5dad8343-5c19-4bed-8651-7289f1f510c4 => generated 0 bytes in 149 msecs (HTTP/1.1 204) 5 headers in 199 bytes (2 switches on core 0)
Jun 02 18:32:47.511891 n-d-791504-7 devstack@placement-api.service[93037]: DEBUG placement.requestlog [req-6feed5d3-5861-45b3-826b-657c7d4afda6 req-7cfc54e5-8980-49ec-a22a-5db23d2f4717 None None] Starting request: 10.222.0.50 "GET /placement/allocations/5dad8343-5c19-4bed-8651-7289f1f510c4" {{(pid=93037) __call__ /opt/stack/placement/placement/requestlog.py:55}}
Jun 02 18:32:47.578812 n-d-791504-7 devstack@placement-api.service[93037]: INFO placement.requestlog [req-6feed5d3-5861-45b3-826b-657c7d4afda6 req-7cfc54e5-8980-49ec-a22a-5db23d2f4717 service placement] 10.222.0.50 "GET /placement/allocations/5dad8343-5c19-4bed-8651-7289f1f510c4" status: 200 len: 259 microversion: 1.28
Jun 02 18:32:47.579616 n-d-791504-7 devstack@placement-api.service[93037]: [pid: 93037|app: 0|req: 155/308] 10.222.0.50 () {60 vars in 1378 bytes} [Wed Jun 2 18:32:47 2021] GET /placement/allocations/5dad8343-5c19-4bed-8651-7289f1f510c4 => generated 259 bytes in 69 msecs (HTTP/1.1 200) 8 headers in 296 bytes (1 switches on core 0)
Jun 02 18:33:04.809385 n-d-791504-7 devstack@placement-api.service[93036]: DEBUG placement.requestlog [req-2309ee0b-a02f-458e-9879-6536f2332bbb req-9f6e1c18-bfbe-4996-a55b-9576e7691d17 None None] Starting request: 10.222.0.52 "GET /placement/allocations/f1e448eb-68d7-4929-9661-bb8ce6aa2ac9" {{(pid=93036) __call__ /opt/stack/placement/placement/requestlog.py:55}}
Jun 02 18:33:04.840561 n-d-791504-7 devstack@placement-api.service[93036]: INFO placement.requestlog [req-2309ee0b-a02f-458e-9879-6536f2332bbb req-9f6e1c18-bfbe-4996-a55b-9576e7691d17 service placement] 10.222.0.52 "GET /placement/allocations/f1e448eb-68d7-4929-9661-bb8ce6aa2ac9" status: 200 len: 259 microversion: 1.28
Jun 02 18:33:04.840975 n-d-791504-7 devstack@placement-api.service[93036]: [pid: 93036|app: 0|req: 154/309] 10.222.0.52 () {60 vars in 1378 bytes} [Wed Jun 2 18:33:04 2021] GET /placement/allocations/f1e448eb-68d7-4929-9661-bb8ce6aa2ac9 => generated 259 bytes in 32 msecs (HTTP/1.1 200) 8 headers in 296 bytes (2 switches on core 0)
Jun 02 18:33:04.849028 n-d-791504-7 devstack@placement-api.service[93037]: DEBUG placement.requestlog [req-2309ee0b-a02f-458e-9879-6536f2332bbb req-49adea3e-6138-47a5-b1c2-6ca0bb8d0818 None None] Starting request: 10.222.0.52 "PUT /placement/allocations/f1e448eb-68d7-4929-9661-bb8ce6aa2ac9" {{(pid=93037) __call__ /opt/stack/placement/placement/requestlog.py:55}}
Jun 02 18:33:04.915783 n-d-791504-7 devstack@placement-api.service[93037]: DEBUG placement.handlers.allocation [req-2309ee0b-a02f-458e-9879-6536f2332bbb req-49adea3e-6138-47a5-b1c2-6ca0bb8d0818 service placement] Successfully wrote allocations [, , ] {{(pid=93037) _create_allocations /opt/stack/placement/placement/handlers/allocation.py:435}}
Jun 02 18:33:04.917886 n-d-791504-7 devstack@placement-api.service[93037]: INFO placement.requestlog [req-2309ee0b-a02f-458e-9879-6536f2332bbb req-49adea3e-6138-47a5-b1c2-6ca0bb8d0818 service placement] 10.222.0.52 "PUT /placement/allocations/f1e448eb-68d7-4929-9661-bb8ce6aa2ac9" status: 204 len: 0 microversion: 1.28
Jun 02 18:33:04.918720 n-d-791504-7 devstack@placement-api.service[93037]: [pid: 93037|app: 0|req: 156/310] 10.222.0.52 () {64 vars in 1431 bytes} [Wed Jun 2 18:33:04 2021] PUT /placement/allocations/f1e448eb-68d7-4929-9661-bb8ce6aa2ac9 => generated 0 bytes in 70 msecs (HTTP/1.1 204) 5 headers in 199 bytes (2 switches on core 0)
Jun 02 18:33:05.731638 n-d-791504-7 devstack@placement-api.service[93036]: DEBUG placement.requestlog [req-3ed2bc34-92d3-44eb-bfc8-d3a2ebdbdebc req-6a0d5789-d085-48a1-b9f6-fa6087cfb337 None None] Starting request: 10.222.0.52 "GET /placement/allocations/3eb7e248-4195-4dae-aa8d-f0ca866c82b8" {{(pid=93036) __call__ /opt/stack/placement/placement/requestlog.py:55}}
Jun 02 18:33:05.751616 n-d-791504-7 devstack@placement-api.service[93036]: INFO placement.requestlog [req-3ed2bc34-92d3-44eb-bfc8-d3a2ebdbdebc req-6a0d5789-d085-48a1-b9f6-fa6087cfb337 service placement] 10.222.0.52 "GET /placement/allocations/3eb7e248-4195-4dae-aa8d-f0ca866c82b8" status: 200 len: 259 microversion: 1.28
Jun 02 18:33:05.752011 n-d-791504-7 devstack@placement-api.service[93036]: [pid: 93036|app: 0|req: 155/311] 10.222.0.52 () {60 vars in 1378 bytes} [Wed Jun 2 18:33:05 2021] GET /placement/allocations/3eb7e248-4195-4dae-aa8d-f0ca866c82b8 => generated 259 bytes in 21 msecs (HTTP/1.1 200) 8 headers in 296 bytes (1 switches on core 0)
Jun 02 18:33:05.760951 n-d-791504-7 devstack@placement-api.service[93037]: DEBUG placement.requestlog [req-3ed2bc34-92d3-44eb-bfc8-d3a2ebdbdebc req-59f8adf1-e1b7-446a-8cf8-893c2be6b33a None None] Starting request: 10.222.0.52 "PUT /placement/allocations/3eb7e248-4195-4dae-aa8d-f0ca866c82b8" {{(pid=93037) __call__ /opt/stack/placement/placement/requestlog.py:55}}
Jun 02 18:33:05.818968 n-d-791504-7 devstack@placement-api.service[93037]: DEBUG placement.handlers.allocation [req-3ed2bc34-92d3-44eb-bfc8-d3a2ebdbdebc req-59f8adf1-e1b7-446a-8cf8-893c2be6b33a service placement] Successfully wrote allocations [, , ] {{(pid=93037) _create_allocations /opt/stack/placement/placement/handlers/allocation.py:435}}
Jun 02 18:33:05.820133 n-d-791504-7 devstack@placement-api.service[93037]: INFO placement.requestlog [req-3ed2bc34-92d3-44eb-bfc8-d3a2ebdbdebc req-59f8adf1-e1b7-446a-8cf8-893c2be6b33a service placement] 10.222.0.52 "PUT /placement/allocations/3eb7e248-4195-4dae-aa8d-f0ca866c82b8" status: 204 len: 0 microversion: 1.28
Jun 02 18:33:05.820558 n-d-791504-7 devstack@placement-api.service[93037]: [pid: 93037|app: 0|req: 157/312] 10.222.0.52 () {64 vars in 1431 bytes} [Wed Jun 2 18:33:05 2021] PUT /placement/allocations/3eb7e248-4195-4dae-aa8d-f0ca866c82b8 => generated 0 bytes in 61 msecs (HTTP/1.1 204) 5 headers in 199 bytes (1 switches on core 0)
Jun 02 18:33:15.493199 n-d-791504-7 devstack@placement-api.service[93036]: DEBUG placement.requestlog [req-01873cd7-4bef-486f-92c5-1ec8e32688c7 req-6756705d-9156-4b32-ba76-c80b4335f183 None None] Starting request: 10.222.0.50 "GET /placement/allocations/ad56dbea-538b-4e94-b98c-eee8ceb64241" {{(pid=93036) __call__ /opt/stack/placement/placement/requestlog.py:55}}
Jun 02 18:33:15.519481 n-d-791504-7 devstack@placement-api.service[93036]: INFO placement.requestlog [req-01873cd7-4bef-486f-92c5-1ec8e32688c7 req-6756705d-9156-4b32-ba76-c80b4335f183 service placement] 10.222.0.50 "GET /placement/allocations/ad56dbea-538b-4e94-b98c-eee8ceb64241" status: 200 len: 259 microversion: 1.28
Jun 02 18:33:15.520877 n-d-791504-7 devstack@placement-api.service[93036]: [pid: 93036|app: 0|req: 156/313] 10.222.0.50 () {60 vars in 1378 bytes} [Wed Jun 2 18:33:15 2021] GET /placement/allocations/ad56dbea-538b-4e94-b98c-eee8ceb64241 => generated 259 bytes in 28 msecs (HTTP/1.1 200) 8 headers in 296 bytes (1 switches on core 0)
Jun 02 18:33:15.532137 n-d-791504-7 devstack@placement-api.service[93037]: DEBUG placement.requestlog [req-01873cd7-4bef-486f-92c5-1ec8e32688c7 req-d9d20ece-6c24-4afc-aafa-76e870080d5b None None] Starting request: 10.222.0.50 "PUT /placement/allocations/ad56dbea-538b-4e94-b98c-eee8ceb64241" {{(pid=93037) __call__ /opt/stack/placement/placement/requestlog.py:55}}
Jun 02 18:33:15.550260 n-d-791504-7 devstack@placement-api.service[93036]: DEBUG placement.requestlog [req-ccd1baa5-04e9-4851-aa04-5882e00156d0 req-ade3f7d2-a10a-42ff-b5f7-552a9f2fecb2 None None] Starting request: 10.222.0.74 "GET /placement/allocation_candidates?limit=1000&resources=DISK_GB%3A1%2CMEMORY_MB%3A1024%2CVCPU%3A1&root_required=%21COMPUTE_STATUS_DISABLED" {{(pid=93036) __call__ /opt/stack/placement/placement/requestlog.py:55}}
Jun 02 18:33:15.593097 n-d-791504-7 devstack@placement-api.service[93037]: DEBUG placement.handlers.allocation [req-01873cd7-4bef-486f-92c5-1ec8e32688c7 req-d9d20ece-6c24-4afc-aafa-76e870080d5b service placement] Successfully wrote allocations [, , ] {{(pid=93037) _create_allocations /opt/stack/placement/placement/handlers/allocation.py:435}}
Jun 02 18:33:15.594264 n-d-791504-7 devstack@placement-api.service[93037]: INFO placement.requestlog [req-01873cd7-4bef-486f-92c5-1ec8e32688c7 req-d9d20ece-6c24-4afc-aafa-76e870080d5b service placement] 10.222.0.50 "PUT /placement/allocations/ad56dbea-538b-4e94-b98c-eee8ceb64241" status: 204 len: 0 microversion: 1.28
Jun 02 18:33:15.595016 n-d-791504-7 devstack@placement-api.service[93037]: [pid: 93037|app: 0|req: 158/314] 10.222.0.50 () {64 vars in 1431 bytes} [Wed Jun 2 18:33:15 2021] PUT /placement/allocations/ad56dbea-538b-4e94-b98c-eee8ceb64241 => generated 0 bytes in 63 msecs (HTTP/1.1 204) 5 headers in 199 bytes (1 switches on core 0)
Jun 02 18:33:15.620601 n-d-791504-7 devstack@placement-api.service[93036]: DEBUG placement.objects.research_context [req-ccd1baa5-04e9-4851-aa04-5882e00156d0 req-ade3f7d2-a10a-42ff-b5f7-552a9f2fecb2 service placement] getting providers with 1 DISK_GB {{(pid=93036) __init__ /opt/stack/placement/placement/objects/research_context.py:126}}
Jun 02 18:33:15.634759 n-d-791504-7 devstack@placement-api.service[93036]: DEBUG placement.objects.research_context [req-ccd1baa5-04e9-4851-aa04-5882e00156d0 req-ade3f7d2-a10a-42ff-b5f7-552a9f2fecb2 service placement] getting providers with 1024 MEMORY_MB {{(pid=93036) __init__ /opt/stack/placement/placement/objects/research_context.py:126}}
Jun 02 18:33:15.648299 n-d-791504-7 devstack@placement-api.service[93036]: DEBUG placement.objects.research_context [req-ccd1baa5-04e9-4851-aa04-5882e00156d0 req-ade3f7d2-a10a-42ff-b5f7-552a9f2fecb2 service placement] getting providers with 1 VCPU {{(pid=93036) __init__ /opt/stack/placement/placement/objects/research_context.py:126}}
Jun 02 18:33:15.663632 n-d-791504-7 devstack@placement-api.service[93036]: DEBUG placement.objects.research_context [req-ccd1baa5-04e9-4851-aa04-5882e00156d0 req-ade3f7d2-a10a-42ff-b5f7-552a9f2fecb2 service placement] found 2 providers with available 1 DISK_GB {{(pid=93036) get_provider_ids_matching /opt/stack/placement/placement/objects/research_context.py:549}}
Jun 02 18:33:15.664355 n-d-791504-7 devstack@placement-api.service[93036]: DEBUG placement.objects.research_context [req-ccd1baa5-04e9-4851-aa04-5882e00156d0 req-ade3f7d2-a10a-42ff-b5f7-552a9f2fecb2 service placement] found 2 providers with available 1024 MEMORY_MB {{(pid=93036) get_provider_ids_matching /opt/stack/placement/placement/objects/research_context.py:549}}
Jun 02 18:33:15.665091 n-d-791504-7 devstack@placement-api.service[93036]: DEBUG placement.objects.research_context [req-ccd1baa5-04e9-4851-aa04-5882e00156d0 req-ade3f7d2-a10a-42ff-b5f7-552a9f2fecb2 service placement] found 2 providers after filtering by previous result {{(pid=93036) get_provider_ids_matching /opt/stack/placement/placement/objects/research_context.py:580}}
Jun 02 18:33:15.666714 n-d-791504-7 devstack@placement-api.service[93036]: DEBUG placement.objects.research_context [req-ccd1baa5-04e9-4851-aa04-5882e00156d0 req-ade3f7d2-a10a-42ff-b5f7-552a9f2fecb2 service placement] found 2 providers with available 1 VCPU {{(pid=93036) get_provider_ids_matching /opt/stack/placement/placement/objects/research_context.py:549}}
Jun 02 18:33:15.667459 n-d-791504-7 devstack@placement-api.service[93036]: DEBUG placement.objects.research_context [req-ccd1baa5-04e9-4851-aa04-5882e00156d0 req-ade3f7d2-a10a-42ff-b5f7-552a9f2fecb2 service placement] found 2 providers after filtering by previous result {{(pid=93036) get_provider_ids_matching /opt/stack/placement/placement/objects/research_context.py:580}}
Jun 02 18:33:15.703603 n-d-791504-7 devstack@placement-api.service[93036]: DEBUG placement.objects.allocation_candidate [req-ccd1baa5-04e9-4851-aa04-5882e00156d0 req-ade3f7d2-a10a-42ff-b5f7-552a9f2fecb2 service placement] RequestGroup(use_same_provider=False, resources={DISK_GB:1, MEMORY_MB:1024, VCPU:1}, traits=[], aggregates=[]) (suffix '') returned 2 matches {{(pid=93036) _get_by_requests /opt/stack/placement/placement/objects/allocation_candidate.py:145}}
Jun 02 18:33:15.704996 n-d-791504-7 devstack@placement-api.service[93036]: DEBUG placement.objects.allocation_candidate [req-ccd1baa5-04e9-4851-aa04-5882e00156d0 req-ade3f7d2-a10a-42ff-b5f7-552a9f2fecb2 service placement] Merging candidates yields 2 allocation requests and 2 provider summaries {{(pid=93036) _merge_candidates /opt/stack/placement/placement/objects/allocation_candidate.py:783}}
Jun 02 18:33:15.707933 n-d-791504-7 devstack@placement-api.service[93036]: INFO placement.requestlog [req-ccd1baa5-04e9-4851-aa04-5882e00156d0 req-ade3f7d2-a10a-42ff-b5f7-552a9f2fecb2 service placement] 10.222.0.74 "GET /placement/allocation_candidates?limit=1000&resources=DISK_GB%3A1%2CMEMORY_MB%3A1024%2CVCPU%3A1&root_required=%21COMPUTE_STATUS_DISABLED" status: 200 len: 1311 microversion: 1.35
Jun 02 18:33:15.708666 n-d-791504-7 devstack@placement-api.service[93036]: [pid: 93036|app: 0|req: 157/315] 10.222.0.74 () {60 vars in 1506 bytes} [Wed Jun 2 18:33:15 2021] GET /placement/allocation_candidates?limit=1000&resources=DISK_GB%3A1%2CMEMORY_MB%3A1024%2CVCPU%3A1&root_required=%21COMPUTE_STATUS_DISABLED => generated 1311 bytes in 159 msecs (HTTP/1.1 200) 8 headers in 297 bytes (2 switches on core 0)
Jun 02 18:33:15.813558 n-d-791504-7 devstack@placement-api.service[93037]: DEBUG placement.requestlog [req-ccd1baa5-04e9-4851-aa04-5882e00156d0 req-b85b7964-22cb-4fce-a6a0-8773ce9cd57d None None] Starting request: 10.222.0.74 "GET /placement/allocations/4d9bd731-1018-47b7-b656-71174fd0b341" {{(pid=93037) __call__ /opt/stack/placement/placement/requestlog.py:55}}
Jun 02 18:33:15.828698 n-d-791504-7 devstack@placement-api.service[93037]: INFO placement.requestlog [req-ccd1baa5-04e9-4851-aa04-5882e00156d0 req-b85b7964-22cb-4fce-a6a0-8773ce9cd57d service placement] 10.222.0.74 "GET /placement/allocations/4d9bd731-1018-47b7-b656-71174fd0b341" status: 200 len: 19 microversion: 1.28
Jun 02 18:33:15.828951 n-d-791504-7 devstack@placement-api.service[93037]: [pid: 93037|app: 0|req: 159/316] 10.222.0.74 () {60 vars in 1380 bytes} [Wed Jun 2 18:33:15 2021] GET /placement/allocations/4d9bd731-1018-47b7-b656-71174fd0b341 => generated 19 bytes in 16 msecs (HTTP/1.1 200) 8 headers in 295 bytes (2 switches on core 0)
Jun 02 18:33:15.837195 n-d-791504-7 devstack@placement-api.service[93036]: DEBUG placement.requestlog [req-ccd1baa5-04e9-4851-aa04-5882e00156d0 req-2799818f-c1ea-409c-8d5b-dd3692672943 None None] Starting request: 10.222.0.74 "PUT /placement/allocations/4d9bd731-1018-47b7-b656-71174fd0b341" {{(pid=93036) __call__ /opt/stack/placement/placement/requestlog.py:55}}
Jun 02 18:33:15.919340 n-d-791504-7 devstack@placement-api.service[93036]: DEBUG placement.handlers.allocation [req-ccd1baa5-04e9-4851-aa04-5882e00156d0 req-2799818f-c1ea-409c-8d5b-dd3692672943 service placement] Successfully wrote allocations [, , ] {{(pid=93036) _create_allocations /opt/stack/placement/placement/handlers/allocation.py:435}}
Jun 02 18:33:15.920289 n-d-791504-7 devstack@placement-api.service[93036]: INFO placement.requestlog [req-ccd1baa5-04e9-4851-aa04-5882e00156d0 req-2799818f-c1ea-409c-8d5b-dd3692672943 service placement] 10.222.0.74 "PUT /placement/allocations/4d9bd731-1018-47b7-b656-71174fd0b341" status: 204 len: 0 microversion: 1.35
Jun 02 18:33:15.921090 n-d-791504-7 devstack@placement-api.service[93036]: [pid: 93036|app: 0|req: 158/317] 10.222.0.74 () {64 vars in 1433 bytes} [Wed Jun 2 18:33:15 2021] PUT /placement/allocations/4d9bd731-1018-47b7-b656-71174fd0b341 => generated 0 bytes in 84 msecs (HTTP/1.1 204) 5 headers in 199 bytes (1 switches on core 0)
Jun 02 18:33:15.940538 n-d-791504-7 devstack@placement-api.service[93037]: DEBUG placement.requestlog [req-ccd1baa5-04e9-4851-aa04-5882e00156d0 req-353f49a2-10b7-4f16-933c-1cb4bbd7ded1 None None] Starting request: 10.222.0.74 "GET /placement/allocations/aedebb82-e7d9-4e99-953b-c8c64b9a7cdd" {{(pid=93037) __call__ /opt/stack/placement/placement/requestlog.py:55}}
Jun 02 18:33:15.962927 n-d-791504-7 devstack@placement-api.service[93037]: INFO placement.requestlog [req-ccd1baa5-04e9-4851-aa04-5882e00156d0 req-353f49a2-10b7-4f16-933c-1cb4bbd7ded1 service placement] 10.222.0.74 "GET /placement/allocations/aedebb82-e7d9-4e99-953b-c8c64b9a7cdd" status: 200 len: 19 microversion: 1.28
Jun 02 18:33:15.972393 n-d-791504-7 devstack@placement-api.service[93037]: [pid: 93037|app: 0|req: 160/318] 10.222.0.74 () {60 vars in 1380 bytes} [Wed Jun 2 18:33:15 2021] GET /placement/allocations/aedebb82-e7d9-4e99-953b-c8c64b9a7cdd => generated 19 bytes in 32 msecs (HTTP/1.1 200) 8 headers in 295 bytes (2 switches on core 0)
Jun 02 18:33:15.973020 n-d-791504-7 devstack@placement-api.service[93036]: DEBUG placement.requestlog [req-ccd1baa5-04e9-4851-aa04-5882e00156d0 req-61fdee74-7ef9-4044-a69c-3fc515d80304 None None] Starting request: 10.222.0.74 "PUT /placement/allocations/aedebb82-e7d9-4e99-953b-c8c64b9a7cdd" {{(pid=93036) __call__ /opt/stack/placement/placement/requestlog.py:55}}
Jun 02 18:33:16.064502 n-d-791504-7 devstack@placement-api.service[93036]: DEBUG placement.handlers.allocation [req-ccd1baa5-04e9-4851-aa04-5882e00156d0 req-61fdee74-7ef9-4044-a69c-3fc515d80304 service placement] Successfully wrote allocations [, , ] {{(pid=93036) _create_allocations /opt/stack/placement/placement/handlers/allocation.py:435}}
Jun 02 18:33:16.065477 n-d-791504-7 devstack@placement-api.service[93036]: INFO placement.requestlog [req-ccd1baa5-04e9-4851-aa04-5882e00156d0 req-61fdee74-7ef9-4044-a69c-3fc515d80304 service placement] 10.222.0.74 "PUT /placement/allocations/aedebb82-e7d9-4e99-953b-c8c64b9a7cdd" status: 204 len: 0 microversion: 1.35
Jun 02 18:33:16.066566 n-d-791504-7 devstack@placement-api.service[93036]: [pid: 93036|app: 0|req: 159/319] 10.222.0.74 () {64 vars in 1433 bytes} [Wed Jun 2 18:33:15 2021] PUT /placement/allocations/aedebb82-e7d9-4e99-953b-c8c64b9a7cdd => generated 0 bytes in 94 msecs (HTTP/1.1 204) 5 headers in 199 bytes (2 switches on core 0)
Jun 02 18:33:16.681236 n-d-791504-7 devstack@placement-api.service[93037]: DEBUG placement.requestlog [req-1d7687d8-1e0d-4859-8e53-5265c2d1da74 req-835cf39e-c2ce-4e9a-9366-cb873041a4d8 None None] Starting request: 10.222.0.50 "GET /placement/allocations/40d92d1e-e1b4-4de2-bd56-4eaae81a656e" {{(pid=93037) __call__ /opt/stack/placement/placement/requestlog.py:55}}
Jun 02 18:33:16.722659 n-d-791504-7 devstack@placement-api.service[93037]: INFO placement.requestlog [req-1d7687d8-1e0d-4859-8e53-5265c2d1da74 req-835cf39e-c2ce-4e9a-9366-cb873041a4d8 service placement] 10.222.0.50 "GET /placement/allocations/40d92d1e-e1b4-4de2-bd56-4eaae81a656e" status: 200 len: 259 microversion: 1.28
Jun 02 18:33:16.723999 n-d-791504-7 devstack@placement-api.service[93037]: [pid: 93037|app: 0|req: 161/320] 10.222.0.50 () {60 vars in 1378 bytes} [Wed Jun 2 18:33:16 2021] GET /placement/allocations/40d92d1e-e1b4-4de2-bd56-4eaae81a656e => generated 259 bytes in 44 msecs (HTTP/1.1 200) 8 headers in 296 bytes (2 switches on core 0)
Jun 02 18:33:16.738808 n-d-791504-7 devstack@placement-api.service[93036]: DEBUG placement.requestlog [req-ccd1baa5-04e9-4851-aa04-5882e00156d0 req-f21c1d65-a583-41b0-8985-27a33fcd038a None None] Starting request: 10.222.0.52 "GET /placement/allocations/4d9bd731-1018-47b7-b656-71174fd0b341" {{(pid=93036) __call__ /opt/stack/placement/placement/requestlog.py:55}}
Jun 02 18:33:16.748782 n-d-791504-7 devstack@placement-api.service[93037]: DEBUG placement.requestlog [req-1d7687d8-1e0d-4859-8e53-5265c2d1da74 req-3767f829-3b88-4892-b824-baa5c4d24a15 None None] Starting request: 10.222.0.50 "PUT /placement/allocations/40d92d1e-e1b4-4de2-bd56-4eaae81a656e" {{(pid=93037) __call__ /opt/stack/placement/placement/requestlog.py:55}}
Jun 02 18:33:16.803993 n-d-791504-7 devstack@placement-api.service[93036]: INFO placement.requestlog [req-ccd1baa5-04e9-4851-aa04-5882e00156d0 req-f21c1d65-a583-41b0-8985-27a33fcd038a service placement] 10.222.0.52 "GET /placement/allocations/4d9bd731-1018-47b7-b656-71174fd0b341" status: 200 len: 259 microversion: 1.28
Jun 02 18:33:16.805647 n-d-791504-7 devstack@placement-api.service[93036]: [pid: 93036|app: 0|req: 160/321] 10.222.0.52 () {60 vars in 1378 bytes} [Wed Jun 2 18:33:16 2021] GET /placement/allocations/4d9bd731-1018-47b7-b656-71174fd0b341 => generated 259 bytes in 68 msecs (HTTP/1.1 200) 8 headers in 296 bytes (2 switches on core 0)
Jun 02 18:33:16.894016 n-d-791504-7 devstack@placement-api.service[93037]: DEBUG placement.handlers.allocation [req-1d7687d8-1e0d-4859-8e53-5265c2d1da74 req-3767f829-3b88-4892-b824-baa5c4d24a15 service placement] Successfully wrote allocations [, , ] {{(pid=93037) _create_allocations /opt/stack/placement/placement/handlers/allocation.py:435}}
Jun 02 18:33:16.895212 n-d-791504-7 devstack@placement-api.service[93037]: INFO placement.requestlog [req-1d7687d8-1e0d-4859-8e53-5265c2d1da74 req-3767f829-3b88-4892-b824-baa5c4d24a15 service placement] 10.222.0.50 "PUT /placement/allocations/40d92d1e-e1b4-4de2-bd56-4eaae81a656e" status: 204 len: 0 microversion: 1.28
Jun 02 18:33:16.898745 n-d-791504-7 devstack@placement-api.service[93037]: [pid: 93037|app: 0|req: 162/322] 10.222.0.50 () {64 vars in 1431 bytes} [Wed Jun 2 18:33:16 2021] PUT /placement/allocations/40d92d1e-e1b4-4de2-bd56-4eaae81a656e => generated 0 bytes in 151 msecs (HTTP/1.1 204) 5 headers in 199 bytes (1 switches on core 0)
Jun 02 18:33:16.928636 n-d-791504-7 devstack@placement-api.service[93036]: DEBUG placement.requestlog [req-ccd1baa5-04e9-4851-aa04-5882e00156d0 req-87fab9d0-b348-4113-a6a3-f1eb1a5504c1 None None] Starting request: 10.222.0.50 "GET /placement/allocations/aedebb82-e7d9-4e99-953b-c8c64b9a7cdd" {{(pid=93036) __call__ /opt/stack/placement/placement/requestlog.py:55}}
Jun 02 18:33:17.054552 n-d-791504-7 devstack@placement-api.service[93036]: INFO placement.requestlog [req-ccd1baa5-04e9-4851-aa04-5882e00156d0 req-87fab9d0-b348-4113-a6a3-f1eb1a5504c1 service placement] 10.222.0.50 "GET /placement/allocations/aedebb82-e7d9-4e99-953b-c8c64b9a7cdd" status: 200 len: 259 microversion: 1.28
Jun 02 18:33:17.055054 n-d-791504-7 devstack@placement-api.service[93036]: [pid: 93036|app: 0|req: 161/323] 10.222.0.50 () {60 vars in 1378 bytes} [Wed Jun 2 18:33:16 2021] GET /placement/allocations/aedebb82-e7d9-4e99-953b-c8c64b9a7cdd => generated 259 bytes in 127 msecs (HTTP/1.1 200) 8 headers in 296 bytes (1 switches on core 0)
Jun 02 18:33:18.308658 n-d-791504-7 devstack@placement-api.service[93037]: DEBUG placement.requestlog [req-366b4b22-7131-4904-b5cb-44a0570753e8 req-d5189be9-8d2e-4f01-ae9c-ec62fa05b58c None None] Starting request: 10.222.0.52 "GET /placement/allocations/bed7c48a-298c-44d6-86bc-84b8691fd745" {{(pid=93037) __call__ /opt/stack/placement/placement/requestlog.py:55}}
Jun 02 18:33:18.335463 n-d-791504-7 devstack@placement-api.service[93037]: INFO placement.requestlog [req-366b4b22-7131-4904-b5cb-44a0570753e8 req-d5189be9-8d2e-4f01-ae9c-ec62fa05b58c service placement] 10.222.0.52 "GET /placement/allocations/bed7c48a-298c-44d6-86bc-84b8691fd745" status: 200 len: 259 microversion: 1.28
Jun 02 18:33:18.335813 n-d-791504-7 devstack@placement-api.service[93037]: [pid: 93037|app: 0|req: 163/324] 10.222.0.52 () {60 vars in 1378 bytes} [Wed Jun 2 18:33:18 2021] GET /placement/allocations/bed7c48a-298c-44d6-86bc-84b8691fd745 => generated 259 bytes in 27 msecs (HTTP/1.1 200) 8 headers in 296 bytes (2 switches on core 0)
Jun 02 18:33:18.345250 n-d-791504-7 devstack@placement-api.service[93036]: DEBUG placement.requestlog [req-366b4b22-7131-4904-b5cb-44a0570753e8 req-c7dfede9-d773-42af-aaf5-a6e7f56e114a None None] Starting request: 10.222.0.52 "PUT /placement/allocations/bed7c48a-298c-44d6-86bc-84b8691fd745" {{(pid=93036) __call__ /opt/stack/placement/placement/requestlog.py:55}}
Jun 02 18:33:18.476796 n-d-791504-7 devstack@placement-api.service[93036]: DEBUG placement.handlers.allocation [req-366b4b22-7131-4904-b5cb-44a0570753e8 req-c7dfede9-d773-42af-aaf5-a6e7f56e114a service placement] Successfully wrote allocations [, , ] {{(pid=93036) _create_allocations /opt/stack/placement/placement/handlers/allocation.py:435}}
Jun 02 18:33:18.477449 n-d-791504-7 devstack@placement-api.service[93036]: INFO placement.requestlog [req-366b4b22-7131-4904-b5cb-44a0570753e8 req-c7dfede9-d773-42af-aaf5-a6e7f56e114a service placement] 10.222.0.52 "PUT /placement/allocations/bed7c48a-298c-44d6-86bc-84b8691fd745" status: 204 len: 0 microversion: 1.28
Jun 02 18:33:18.478135 n-d-791504-7 devstack@placement-api.service[93036]: [pid: 93036|app: 0|req: 162/325] 10.222.0.52 () {64 vars in 1431 bytes} [Wed Jun 2 18:33:18 2021] PUT /placement/allocations/bed7c48a-298c-44d6-86bc-84b8691fd745 => generated 0 bytes in 133 msecs (HTTP/1.1 204) 5 headers in 199 bytes (1 switches on core 0)
Jun 02 18:33:20.789818 n-d-791504-7 devstack@placement-api.service[93037]: DEBUG placement.requestlog [req-17949ec5-cef5-499e-ba4e-731ff035fda6 req-d7c1d99c-40b1-41f1-9d71-ee32221048b0 None None] Starting request: 10.222.0.50 "GET /placement/allocations/57403703-0b85-4113-a4ae-13f11bd5c278" {{(pid=93037) __call__ /opt/stack/placement/placement/requestlog.py:55}}
Jun 02 18:33:20.862327 n-d-791504-7 devstack@placement-api.service[93037]: INFO placement.requestlog [req-17949ec5-cef5-499e-ba4e-731ff035fda6 req-d7c1d99c-40b1-41f1-9d71-ee32221048b0 service placement] 10.222.0.50 "GET /placement/allocations/57403703-0b85-4113-a4ae-13f11bd5c278" status: 200 len: 259 microversion: 1.28
Jun 02 18:33:20.863083 n-d-791504-7 devstack@placement-api.service[93037]: [pid: 93037|app: 0|req: 164/326] 10.222.0.50 () {60 vars in 1378 bytes} [Wed Jun 2 18:33:20 2021] GET /placement/allocations/57403703-0b85-4113-a4ae-13f11bd5c278 => generated 259 bytes in 74 msecs (HTTP/1.1 200) 8 headers in 296 bytes (1 switches on core 0)
Jun 02 18:33:20.875506 n-d-791504-7 devstack@placement-api.service[93036]: DEBUG placement.requestlog [req-17949ec5-cef5-499e-ba4e-731ff035fda6 req-14480d30-13ad-4112-b3b2-0e3915e1479f None None] Starting request: 10.222.0.50 "PUT /placement/allocations/57403703-0b85-4113-a4ae-13f11bd5c278" {{(pid=93036) __call__ /opt/stack/placement/placement/requestlog.py:55}}
Jun 02 18:33:21.023751 n-d-791504-7 devstack@placement-api.service[93036]: DEBUG placement.handlers.allocation [req-17949ec5-cef5-499e-ba4e-731ff035fda6 req-14480d30-13ad-4112-b3b2-0e3915e1479f service placement] Successfully wrote allocations [, , ] {{(pid=93036) _create_allocations /opt/stack/placement/placement/handlers/allocation.py:435}}
Jun 02 18:33:21.024408 n-d-791504-7 devstack@placement-api.service[93036]: INFO placement.requestlog [req-17949ec5-cef5-499e-ba4e-731ff035fda6 req-14480d30-13ad-4112-b3b2-0e3915e1479f service placement] 10.222.0.50 "PUT /placement/allocations/57403703-0b85-4113-a4ae-13f11bd5c278" status: 204 len: 0 microversion: 1.28
Jun 02 18:33:21.029927 n-d-791504-7 devstack@placement-api.service[93036]: [pid: 93036|app: 0|req: 163/327] 10.222.0.50 () {64 vars in 1431 bytes} [Wed Jun 2 18:33:20 2021] PUT /placement/allocations/57403703-0b85-4113-a4ae-13f11bd5c278 => generated 0 bytes in 150 msecs (HTTP/1.1 204) 5 headers in 199 bytes (1 switches on core 0)
Jun 02 18:33:21.389706 n-d-791504-7 devstack@placement-api.service[93037]: DEBUG placement.requestlog [req-e016863c-0cd3-435a-97c3-547ada2ce3be req-07417963-3885-4e9f-86d7-801a7bafe943 None None] Starting request: 10.222.0.50 "GET /placement/resource_providers/362fe92d-9468-4e30-8f64-69d248526a89/allocations" {{(pid=93037) __call__ /opt/stack/placement/placement/requestlog.py:55}}
Jun 02 18:33:21.444587 n-d-791504-7 devstack@placement-api.service[93037]: INFO placement.requestlog [req-e016863c-0cd3-435a-97c3-547ada2ce3be req-07417963-3885-4e9f-86d7-801a7bafe943 service placement] 10.222.0.50 "GET /placement/resource_providers/362fe92d-9468-4e30-8f64-69d248526a89/allocations" status: 200 len: 847 microversion: 1.0
Jun 02 18:33:21.446701 n-d-791504-7 devstack@placement-api.service[93037]: [pid: 93037|app: 0|req: 165/328] 10.222.0.50 () {58 vars in 1391 bytes} [Wed Jun 2 18:33:21 2021] GET /placement/resource_providers/362fe92d-9468-4e30-8f64-69d248526a89/allocations => generated 847 bytes in 57 msecs (HTTP/1.1 200) 6 headers in 224 bytes (1 switches on core 0)
Jun 02 18:33:21.827539 n-d-791504-7 devstack@placement-api.service[93036]: DEBUG placement.requestlog [req-e016863c-0cd3-435a-97c3-547ada2ce3be req-19d1170c-4e18-4cfc-a25f-2d90bfe81bf3 None None] Starting request: 10.222.0.50 "GET /placement/allocations/1c3b3e2f-8489-42c2-aa2a-de33fb420069" {{(pid=93036) __call__ /opt/stack/placement/placement/requestlog.py:55}}
Jun 02 18:33:21.834911 n-d-791504-7 devstack@placement-api.service[93037]: DEBUG placement.requestlog [None req-5545d5f7-2cde-4c2b-825c-055f35c66383 None None] Starting request: 10.222.0.74 "GET /placement/" {{(pid=93037) __call__ /opt/stack/placement/placement/requestlog.py:55}}
Jun 02 18:33:21.836447 n-d-791504-7 devstack@placement-api.service[93037]: INFO placement.requestlog [None req-5545d5f7-2cde-4c2b-825c-055f35c66383 None None] 10.222.0.74 "GET /placement/" status: 200 len: 136 microversion: 1.0
Jun 02 18:33:21.836948 n-d-791504-7 devstack@placement-api.service[93037]: [pid: 93037|app: 0|req: 166/329] 10.222.0.74 () {54 vars in 915 bytes} [Wed Jun 2 18:33:21 2021] GET /placement => generated 136 bytes in 2 msecs (HTTP/1.1 200) 6 headers in 224 bytes (2 switches on core 0)
Jun 02 18:33:21.857180 n-d-791504-7 devstack@placement-api.service[93036]: INFO placement.requestlog [req-e016863c-0cd3-435a-97c3-547ada2ce3be req-19d1170c-4e18-4cfc-a25f-2d90bfe81bf3 service placement] 10.222.0.50 "GET /placement/allocations/1c3b3e2f-8489-42c2-aa2a-de33fb420069" status: 200 len: 245 microversion: 1.28
