Jun 02 18:35:49.375987 n-d-791504-7 devstack@placement-api.service[93037]: DEBUG placement.requestlog [None req-ec4b9e3e-656f-4c1a-8828-9c3c6bfc728d None None] Starting request: 10.222.0.74 "GET /placement/" {{(pid=93037) __call__ /opt/stack/placement/placement/requestlog.py:55}}
Jun 02 18:35:49.377003 n-d-791504-7 devstack@placement-api.service[93037]: INFO placement.requestlog [None req-ec4b9e3e-656f-4c1a-8828-9c3c6bfc728d None None] 10.222.0.74 "GET /placement/" status: 200 len: 136 microversion: 1.0
Jun 02 18:35:49.377185 n-d-791504-7 devstack@placement-api.service[93037]: [pid: 93037|app: 0|req: 217/431] 10.222.0.74 () {54 vars in 906 bytes} [Wed Jun 2 18:35:49 2021] GET /placement => generated 136 bytes in 1 msecs (HTTP/1.1 200) 6 headers in 224 bytes (1 switches on core 0)
Jun 02 18:35:49.389765 n-d-791504-7 devstack@placement-api.service[93036]: DEBUG placement.requestlog [req-f7c97f64-4d0b-4ee8-b34f-8de782695237 req-399cb7e0-7694-4bb2-b391-3a79e4b14cd0 None None] Starting request: 10.222.0.74 "GET /placement/resource_providers/362fe92d-9468-4e30-8f64-69d248526a89/traits" {{(pid=93036) __call__ /opt/stack/placement/placement/requestlog.py:55}}
Jun 02 18:35:49.473356 n-d-791504-7 devstack@placement-api.service[93036]: INFO placement.requestlog [req-f7c97f64-4d0b-4ee8-b34f-8de782695237 req-399cb7e0-7694-4bb2-b391-3a79e4b14cd0 service placement] 10.222.0.74 "GET /placement/resource_providers/362fe92d-9468-4e30-8f64-69d248526a89/traits" status: 200 len: 212 microversion: 1.6
Jun 02 18:35:49.473878 n-d-791504-7 devstack@placement-api.service[93036]: [pid: 93036|app: 0|req: 215/432] 10.222.0.74 () {60 vars in 1412 bytes} [Wed Jun 2 18:35:49 2021] GET /placement/resource_providers/362fe92d-9468-4e30-8f64-69d248526a89/traits => generated 212 bytes in 84 msecs (HTTP/1.1 200) 6 headers in 224 bytes (1 switches on core 0)
Jun 02 18:35:50.424841 n-d-791504-7 devstack@placement-api.service[93037]: DEBUG placement.requestlog [None req-65f3b075-7674-4297-bec9-513f4d22559a None None] Starting request: 10.222.0.74 "GET /placement/" {{(pid=93037) __call__ /opt/stack/placement/placement/requestlog.py:55}}
Jun 02 18:35:50.425873 n-d-791504-7 devstack@placement-api.service[93037]: INFO placement.requestlog [None req-65f3b075-7674-4297-bec9-513f4d22559a None None] 10.222.0.74 "GET /placement/" status: 200 len: 136 microversion: 1.0
Jun 02 18:35:50.426266 n-d-791504-7 devstack@placement-api.service[93037]: [pid: 93037|app: 0|req: 218/433] 10.222.0.74 () {54 vars in 915 bytes} [Wed Jun 2 18:35:50 2021] GET /placement => generated 136 bytes in 2 msecs (HTTP/1.1 200) 6 headers in 224 bytes (1 switches on core 0)
Jun 02 18:35:50.437194 n-d-791504-7 devstack@placement-api.service[93036]: DEBUG placement.requestlog [req-f7c97f64-4d0b-4ee8-b34f-8de782695237 req-ff1dd1d2-e5e6-455e-a257-ae04e010c4e9 None None] Starting request: 10.222.0.74 "GET /placement/allocations/5be07f9c-4b2f-45f2-af14-77ea9da18409" {{(pid=93036) __call__ /opt/stack/placement/placement/requestlog.py:55}}
Jun 02 18:35:50.563768 n-d-791504-7 devstack@placement-api.service[93036]: INFO placement.requestlog [req-f7c97f64-4d0b-4ee8-b34f-8de782695237 req-ff1dd1d2-e5e6-455e-a257-ae04e010c4e9 service placement] 10.222.0.74 "GET /placement/allocations/5be07f9c-4b2f-45f2-af14-77ea9da18409" status: 200 len: 259 microversion: 1.28
Jun 02 18:35:50.572455 n-d-791504-7 devstack@placement-api.service[93037]: DEBUG placement.requestlog [req-f7c97f64-4d0b-4ee8-b34f-8de782695237 req-b13b41b7-255e-4a45-88c8-61960df33340 None None] Starting request: 10.222.0.74 "GET /placement/allocations/5be07f9c-4b2f-45f2-af14-77ea9da18409" {{(pid=93037) __call__ /opt/stack/placement/placement/requestlog.py:55}}
Jun 02 18:35:50.581130 n-d-791504-7 devstack@placement-api.service[93036]: [pid: 93036|app: 0|req: 216/434] 10.222.0.74 () {60 vars in 1380 bytes} [Wed Jun 2 18:35:50 2021] GET /placement/allocations/5be07f9c-4b2f-45f2-af14-77ea9da18409 => generated 259 bytes in 144 msecs (HTTP/1.1 200) 8 headers in 296 bytes (2 switches on core 0)
Jun 02 18:35:50.591287 n-d-791504-7 devstack@placement-api.service[93037]: INFO placement.requestlog [req-f7c97f64-4d0b-4ee8-b34f-8de782695237 req-b13b41b7-255e-4a45-88c8-61960df33340 service placement] 10.222.0.74 "GET /placement/allocations/5be07f9c-4b2f-45f2-af14-77ea9da18409" status: 200 len: 259 microversion: 1.28
Jun 02 18:35:50.591955 n-d-791504-7 devstack@placement-api.service[93037]: [pid: 93037|app: 0|req: 219/435] 10.222.0.74 () {60 vars in 1380 bytes} [Wed Jun 2 18:35:50 2021] GET /placement/allocations/5be07f9c-4b2f-45f2-af14-77ea9da18409 => generated 259 bytes in 21 msecs (HTTP/1.1 200) 8 headers in 296 bytes (1 switches on core 0)
Jun 02 18:35:50.602395 n-d-791504-7 devstack@placement-api.service[93036]: DEBUG placement.requestlog [req-f7c97f64-4d0b-4ee8-b34f-8de782695237 req-8ee33b57-12cc-48b8-a46d-edac417f4ee7 None None] Starting request: 10.222.0.74 "GET /placement/allocations/e39c5ce1-75fd-4270-a5d2-6a1e119a3f08" {{(pid=93036) __call__ /opt/stack/placement/placement/requestlog.py:55}}
Jun 02 18:35:50.619328 n-d-791504-7 devstack@placement-api.service[93036]: INFO placement.requestlog [req-f7c97f64-4d0b-4ee8-b34f-8de782695237 req-8ee33b57-12cc-48b8-a46d-edac417f4ee7 service placement] 10.222.0.74 "GET /placement/allocations/e39c5ce1-75fd-4270-a5d2-6a1e119a3f08" status: 200 len: 19 microversion: 1.28
Jun 02 18:35:50.620539 n-d-791504-7 devstack@placement-api.service[93036]: [pid: 93036|app: 0|req: 217/436] 10.222.0.74 () {60 vars in 1380 bytes} [Wed Jun 2 18:35:50 2021] GET /placement/allocations/e39c5ce1-75fd-4270-a5d2-6a1e119a3f08 => generated 19 bytes in 19 msecs (HTTP/1.1 200) 8 headers in 295 bytes (1 switches on core 0)
Jun 02 18:35:50.630319 n-d-791504-7 devstack@placement-api.service[93037]: DEBUG placement.requestlog [req-f7c97f64-4d0b-4ee8-b34f-8de782695237 req-d1e2622a-c58b-4938-b11f-541602a8bd81 None None] Starting request: 10.222.0.74 "POST /placement/allocations" {{(pid=93037) __call__ /opt/stack/placement/placement/requestlog.py:55}}
Jun 02 18:35:50.841381 n-d-791504-7 devstack@placement-api.service[93037]: DEBUG placement.handlers.allocation [req-f7c97f64-4d0b-4ee8-b34f-8de782695237 req-d1e2622a-c58b-4938-b11f-541602a8bd81 service placement] Successfully wrote allocations [, , , , , ] {{(pid=93037) _create_allocations /opt/stack/placement/placement/handlers/allocation.py:524}}
Jun 02 18:35:50.842061 n-d-791504-7 devstack@placement-api.service[93037]: INFO placement.requestlog [req-f7c97f64-4d0b-4ee8-b34f-8de782695237 req-d1e2622a-c58b-4938-b11f-541602a8bd81 service placement] 10.222.0.74 "POST /placement/allocations" status: 204 len: 0 microversion: 1.28
Jun 02 18:35:50.842419 n-d-791504-7 devstack@placement-api.service[93037]: [pid: 93037|app: 0|req: 220/437] 10.222.0.74 () {64 vars in 1323 bytes} [Wed Jun 2 18:35:50 2021] POST /placement/allocations => generated 0 bytes in 212 msecs (HTTP/1.1 204) 5 headers in 199 bytes (2 switches on core 0)
Jun 02 18:35:50.882165 n-d-791504-7 devstack@placement-api.service[93036]: DEBUG placement.requestlog [req-f7c97f64-4d0b-4ee8-b34f-8de782695237 req-8f018e6d-d7cf-4b5d-98fa-32e698dfa733 None None] Starting request: 10.222.0.74 "GET /placement/allocation_candidates?limit=1000&resources=DISK_GB%3A1%2CMEMORY_MB%3A1024%2CVCPU%3A1&root_required=%21COMPUTE_STATUS_DISABLED" {{(pid=93036) __call__ /opt/stack/placement/placement/requestlog.py:55}}
Jun 02 18:35:50.921711 n-d-791504-7 devstack@placement-api.service[93036]: DEBUG placement.objects.research_context [req-f7c97f64-4d0b-4ee8-b34f-8de782695237 req-8f018e6d-d7cf-4b5d-98fa-32e698dfa733 service placement] getting providers with 1 DISK_GB {{(pid=93036) __init__ /opt/stack/placement/placement/objects/research_context.py:126}}
Jun 02 18:35:50.929335 n-d-791504-7 devstack@placement-api.service[93036]: DEBUG placement.objects.research_context [req-f7c97f64-4d0b-4ee8-b34f-8de782695237 req-8f018e6d-d7cf-4b5d-98fa-32e698dfa733 service placement] getting providers with 1024 MEMORY_MB {{(pid=93036) __init__ /opt/stack/placement/placement/objects/research_context.py:126}}
Jun 02 18:35:50.935985 n-d-791504-7 devstack@placement-api.service[93036]: DEBUG placement.objects.research_context [req-f7c97f64-4d0b-4ee8-b34f-8de782695237 req-8f018e6d-d7cf-4b5d-98fa-32e698dfa733 service placement] getting providers with 1 VCPU {{(pid=93036) __init__ /opt/stack/placement/placement/objects/research_context.py:126}}
Jun 02 18:35:50.942850 n-d-791504-7 devstack@placement-api.service[93036]: DEBUG placement.objects.research_context [req-f7c97f64-4d0b-4ee8-b34f-8de782695237 req-8f018e6d-d7cf-4b5d-98fa-32e698dfa733 service placement] found 2 providers with available 1 DISK_GB {{(pid=93036) get_provider_ids_matching /opt/stack/placement/placement/objects/research_context.py:549}}
Jun 02 18:35:50.944033 n-d-791504-7 devstack@placement-api.service[93036]: DEBUG placement.objects.research_context [req-f7c97f64-4d0b-4ee8-b34f-8de782695237 req-8f018e6d-d7cf-4b5d-98fa-32e698dfa733 service placement] found 2 providers with available 1024 MEMORY_MB {{(pid=93036) get_provider_ids_matching /opt/stack/placement/placement/objects/research_context.py:549}}
Jun 02 18:35:50.945242 n-d-791504-7 devstack@placement-api.service[93036]: DEBUG placement.objects.research_context [req-f7c97f64-4d0b-4ee8-b34f-8de782695237 req-8f018e6d-d7cf-4b5d-98fa-32e698dfa733 service placement] found 2 providers after filtering by previous result {{(pid=93036) get_provider_ids_matching /opt/stack/placement/placement/objects/research_context.py:580}}
Jun 02 18:35:50.945637 n-d-791504-7 devstack@placement-api.service[93036]: DEBUG placement.objects.research_context [req-f7c97f64-4d0b-4ee8-b34f-8de782695237 req-8f018e6d-d7cf-4b5d-98fa-32e698dfa733 service placement] found 2 providers with available 1 VCPU {{(pid=93036) get_provider_ids_matching /opt/stack/placement/placement/objects/research_context.py:549}}
Jun 02 18:35:50.945979 n-d-791504-7 devstack@placement-api.service[93036]: DEBUG placement.objects.research_context [req-f7c97f64-4d0b-4ee8-b34f-8de782695237 req-8f018e6d-d7cf-4b5d-98fa-32e698dfa733 service placement] found 2 providers after filtering by previous result {{(pid=93036) get_provider_ids_matching /opt/stack/placement/placement/objects/research_context.py:580}}
Jun 02 18:35:50.959726 n-d-791504-7 devstack@placement-api.service[93036]: DEBUG placement.objects.allocation_candidate [req-f7c97f64-4d0b-4ee8-b34f-8de782695237 req-8f018e6d-d7cf-4b5d-98fa-32e698dfa733 service placement] RequestGroup(use_same_provider=False, resources={DISK_GB:1, MEMORY_MB:1024, VCPU:1}, traits=[], aggregates=[]) (suffix '') returned 2 matches {{(pid=93036) _get_by_requests /opt/stack/placement/placement/objects/allocation_candidate.py:145}}
Jun 02 18:35:50.960879 n-d-791504-7 devstack@placement-api.service[93036]: DEBUG placement.objects.allocation_candidate [req-f7c97f64-4d0b-4ee8-b34f-8de782695237 req-8f018e6d-d7cf-4b5d-98fa-32e698dfa733 service placement] Merging candidates yields 2 allocation requests and 2 provider summaries {{(pid=93036) _merge_candidates /opt/stack/placement/placement/objects/allocation_candidate.py:783}}
Jun 02 18:35:50.962484 n-d-791504-7 devstack@placement-api.service[93036]: INFO placement.requestlog [req-f7c97f64-4d0b-4ee8-b34f-8de782695237 req-8f018e6d-d7cf-4b5d-98fa-32e698dfa733 service placement] 10.222.0.74 "GET /placement/allocation_candidates?limit=1000&resources=DISK_GB%3A1%2CMEMORY_MB%3A1024%2CVCPU%3A1&root_required=%21COMPUTE_STATUS_DISABLED" status: 200 len: 1309 microversion: 1.35
Jun 02 18:35:50.963078 n-d-791504-7 devstack@placement-api.service[93036]: [pid: 93036|app: 0|req: 218/438] 10.222.0.74 () {60 vars in 1506 bytes} [Wed Jun 2 18:35:50 2021] GET /placement/allocation_candidates?limit=1000&resources=DISK_GB%3A1%2CMEMORY_MB%3A1024%2CVCPU%3A1&root_required=%21COMPUTE_STATUS_DISABLED => generated 1309 bytes in 82 msecs (HTTP/1.1 200) 8 headers in 297 bytes (2 switches on core 0)
Jun 02 18:35:51.049286 n-d-791504-7 devstack@placement-api.service[93037]: DEBUG placement.requestlog [req-f7c97f64-4d0b-4ee8-b34f-8de782695237 req-0a5d4616-b870-4a5d-ae1d-22cc88f52fa2 None None] Starting request: 10.222.0.74 "GET /placement/allocations/5be07f9c-4b2f-45f2-af14-77ea9da18409" {{(pid=93037) __call__ /opt/stack/placement/placement/requestlog.py:55}}
Jun 02 18:35:51.063172 n-d-791504-7 devstack@placement-api.service[93037]: INFO placement.requestlog [req-f7c97f64-4d0b-4ee8-b34f-8de782695237 req-0a5d4616-b870-4a5d-ae1d-22cc88f52fa2 service placement] 10.222.0.74 "GET /placement/allocations/5be07f9c-4b2f-45f2-af14-77ea9da18409" status: 200 len: 19 microversion: 1.28
Jun 02 18:35:51.064035 n-d-791504-7 devstack@placement-api.service[93037]: [pid: 93037|app: 0|req: 221/439] 10.222.0.74 () {60 vars in 1380 bytes} [Wed Jun 2 18:35:51 2021] GET /placement/allocations/5be07f9c-4b2f-45f2-af14-77ea9da18409 => generated 19 bytes in 15 msecs (HTTP/1.1 200) 8 headers in 295 bytes (1 switches on core 0)
Jun 02 18:35:51.073936 n-d-791504-7 devstack@placement-api.service[93036]: DEBUG placement.requestlog [req-f7c97f64-4d0b-4ee8-b34f-8de782695237 req-1f25b629-78f0-424b-bae0-5ff3af952c5b None None] Starting request: 10.222.0.74 "PUT /placement/allocations/5be07f9c-4b2f-45f2-af14-77ea9da18409" {{(pid=93036) __call__ /opt/stack/placement/placement/requestlog.py:55}}
Jun 02 18:35:51.157976 n-d-791504-7 devstack@placement-api.service[93036]: DEBUG placement.handlers.allocation [req-f7c97f64-4d0b-4ee8-b34f-8de782695237 req-1f25b629-78f0-424b-bae0-5ff3af952c5b service placement] Successfully wrote allocations [, , ] {{(pid=93036) _create_allocations /opt/stack/placement/placement/handlers/allocation.py:435}}
Jun 02 18:35:51.158985 n-d-791504-7 devstack@placement-api.service[93036]: INFO placement.requestlog [req-f7c97f64-4d0b-4ee8-b34f-8de782695237 req-1f25b629-78f0-424b-bae0-5ff3af952c5b service placement] 10.222.0.74 "PUT /placement/allocations/5be07f9c-4b2f-45f2-af14-77ea9da18409" status: 204 len: 0 microversion: 1.35
Jun 02 18:35:51.159480 n-d-791504-7 devstack@placement-api.service[93036]: [pid: 93036|app: 0|req: 219/440] 10.222.0.74 () {64 vars in 1433 bytes} [Wed Jun 2 18:35:51 2021] PUT /placement/allocations/5be07f9c-4b2f-45f2-af14-77ea9da18409 => generated 0 bytes in 86 msecs (HTTP/1.1 204) 5 headers in 199 bytes (2 switches on core 0)
Jun 02 18:35:51.486551 n-d-791504-7 devstack@placement-api.service[93037]: DEBUG placement.requestlog [req-44361c1a-ff3d-4af8-9812-157df6914ab9 req-bd1d3a04-8bc8-4206-9f76-1db88c8d6bf9 None None] Starting request: 10.222.0.52 "GET /placement/allocations/78e77005-a6bb-4880-a9d6-6106b9a1c48e" {{(pid=93037) __call__ /opt/stack/placement/placement/requestlog.py:55}}
Jun 02 18:35:51.509511 n-d-791504-7 devstack@placement-api.service[93037]: INFO placement.requestlog [req-44361c1a-ff3d-4af8-9812-157df6914ab9 req-bd1d3a04-8bc8-4206-9f76-1db88c8d6bf9 service placement] 10.222.0.52 "GET /placement/allocations/78e77005-a6bb-4880-a9d6-6106b9a1c48e" status: 200 len: 259 microversion: 1.28
Jun 02 18:35:51.509813 n-d-791504-7 devstack@placement-api.service[93037]: [pid: 93037|app: 0|req: 222/441] 10.222.0.52 () {60 vars in 1378 bytes} [Wed Jun 2 18:35:51 2021] GET /placement/allocations/78e77005-a6bb-4880-a9d6-6106b9a1c48e => generated 259 bytes in 24 msecs (HTTP/1.1 200) 8 headers in 296 bytes (2 switches on core 0)
Jun 02 18:35:51.516524 n-d-791504-7 devstack@placement-api.service[93036]: DEBUG placement.requestlog [req-f7c97f64-4d0b-4ee8-b34f-8de782695237 req-fad2cfb0-d407-4ede-88d1-7e17a7525f13 None None] Starting request: 10.222.0.52 "GET /placement/allocations/5be07f9c-4b2f-45f2-af14-77ea9da18409" {{(pid=93036) __call__ /opt/stack/placement/placement/requestlog.py:55}}
Jun 02 18:35:51.522124 n-d-791504-7 devstack@placement-api.service[93037]: DEBUG placement.requestlog [req-44361c1a-ff3d-4af8-9812-157df6914ab9 req-b3a7a5fa-29d3-4bd8-bb07-9d333d2849b2 None None] Starting request: 10.222.0.52 "PUT /placement/allocations/78e77005-a6bb-4880-a9d6-6106b9a1c48e" {{(pid=93037) __call__ /opt/stack/placement/placement/requestlog.py:55}}
Jun 02 18:35:51.547744 n-d-791504-7 devstack@placement-api.service[93036]: INFO placement.requestlog [req-f7c97f64-4d0b-4ee8-b34f-8de782695237 req-fad2cfb0-d407-4ede-88d1-7e17a7525f13 service placement] 10.222.0.52 "GET /placement/allocations/5be07f9c-4b2f-45f2-af14-77ea9da18409" status: 200 len: 259 microversion: 1.28
Jun 02 18:35:51.548398 n-d-791504-7 devstack@placement-api.service[93036]: [pid: 93036|app: 0|req: 220/442] 10.222.0.52 () {60 vars in 1378 bytes} [Wed Jun 2 18:35:51 2021] GET /placement/allocations/5be07f9c-4b2f-45f2-af14-77ea9da18409 => generated 259 bytes in 33 msecs (HTTP/1.1 200) 8 headers in 296 bytes (1 switches on core 0)
Jun 02 18:35:51.592856 n-d-791504-7 devstack@placement-api.service[93037]: DEBUG placement.handlers.allocation [req-44361c1a-ff3d-4af8-9812-157df6914ab9 req-b3a7a5fa-29d3-4bd8-bb07-9d333d2849b2 service placement] Successfully wrote allocations [, , ] {{(pid=93037) _create_allocations /opt/stack/placement/placement/handlers/allocation.py:435}}
Jun 02 18:35:51.593378 n-d-791504-7 devstack@placement-api.service[93037]: INFO placement.requestlog [req-44361c1a-ff3d-4af8-9812-157df6914ab9 req-b3a7a5fa-29d3-4bd8-bb07-9d333d2849b2 service placement] 10.222.0.52 "PUT /placement/allocations/78e77005-a6bb-4880-a9d6-6106b9a1c48e" status: 204 len: 0 microversion: 1.28
Jun 02 18:35:51.593931 n-d-791504-7 devstack@placement-api.service[93037]: [pid: 93037|app: 0|req: 223/443] 10.222.0.52 () {64 vars in 1431 bytes} [Wed Jun 2 18:35:51 2021] PUT /placement/allocations/78e77005-a6bb-4880-a9d6-6106b9a1c48e => generated 0 bytes in 73 msecs (HTTP/1.1 204) 5 headers in 199 bytes (1 switches on core 0)
Jun 02 18:36:00.989411 n-d-791504-7 devstack@placement-api.service[93036]: DEBUG placement.requestlog [req-97874742-0265-483d-9b96-4aa3d0c2377e req-9d98ec50-252a-4aed-9b12-622575c90882 None None] Starting request: 10.222.0.74 "GET /placement/allocation_candidates?limit=1000&resources=DISK_GB%3A1%2CMEMORY_MB%3A1024%2CVCPU%3A1&root_required=%21COMPUTE_STATUS_DISABLED" {{(pid=93036) __call__ /opt/stack/placement/placement/requestlog.py:55}}
Jun 02 18:36:01.164605 n-d-791504-7 devstack@placement-api.service[93037]: DEBUG placement.requestlog [req-7967e75a-6bb9-4f3f-97a2-5d077587b142 req-b013f52b-46b3-47b5-9600-f7de90dd52ee None None] Starting request: 10.222.0.50 "GET /placement/allocations/96476310-bdca-4508-8807-ed7bc97d0017" {{(pid=93037) __call__ /opt/stack/placement/placement/requestlog.py:55}}
Jun 02 18:36:01.211389 n-d-791504-7 devstack@placement-api.service[93037]: INFO placement.requestlog [req-7967e75a-6bb9-4f3f-97a2-5d077587b142 req-b013f52b-46b3-47b5-9600-f7de90dd52ee service placement] 10.222.0.50 "GET /placement/allocations/96476310-bdca-4508-8807-ed7bc97d0017" status: 200 len: 259 microversion: 1.28
Jun 02 18:36:01.211967 n-d-791504-7 devstack@placement-api.service[93037]: [pid: 93037|app: 0|req: 224/444] 10.222.0.50 () {60 vars in 1378 bytes} [Wed Jun 2 18:36:01 2021] GET /placement/allocations/96476310-bdca-4508-8807-ed7bc97d0017 => generated 259 bytes in 48 msecs (HTTP/1.1 200) 8 headers in 296 bytes (1 switches on core 0)
Jun 02 18:36:01.222663 n-d-791504-7 devstack@placement-api.service[93037]: DEBUG placement.requestlog [req-7967e75a-6bb9-4f3f-97a2-5d077587b142 req-1fab8c25-44d9-431d-bb1a-27bbc204db38 None None] Starting request: 10.222.0.50 "PUT /placement/allocations/96476310-bdca-4508-8807-ed7bc97d0017" {{(pid=93037) __call__ /opt/stack/placement/placement/requestlog.py:55}}
Jun 02 18:36:01.284571 n-d-791504-7 devstack@placement-api.service[93036]: DEBUG placement.objects.research_context [req-97874742-0265-483d-9b96-4aa3d0c2377e req-9d98ec50-252a-4aed-9b12-622575c90882 service placement] getting providers with 1 DISK_GB {{(pid=93036) __init__ /opt/stack/placement/placement/objects/research_context.py:126}}
Jun 02 18:36:01.294033 n-d-791504-7 devstack@placement-api.service[93036]: DEBUG placement.objects.research_context [req-97874742-0265-483d-9b96-4aa3d0c2377e req-9d98ec50-252a-4aed-9b12-622575c90882 service placement] getting providers with 1024 MEMORY_MB {{(pid=93036) __init__ /opt/stack/placement/placement/objects/research_context.py:126}}
Jun 02 18:36:01.301108 n-d-791504-7 devstack@placement-api.service[93036]: DEBUG placement.objects.research_context [req-97874742-0265-483d-9b96-4aa3d0c2377e req-9d98ec50-252a-4aed-9b12-622575c90882 service placement] getting providers with 1 VCPU {{(pid=93036) __init__ /opt/stack/placement/placement/objects/research_context.py:126}}
Jun 02 18:36:01.310381 n-d-791504-7 devstack@placement-api.service[93036]: DEBUG placement.objects.research_context [req-97874742-0265-483d-9b96-4aa3d0c2377e req-9d98ec50-252a-4aed-9b12-622575c90882 service placement] found 2 providers with available 1 DISK_GB {{(pid=93036) get_provider_ids_matching /opt/stack/placement/placement/objects/research_context.py:549}}
Jun 02 18:36:01.311080 n-d-791504-7 devstack@placement-api.service[93036]: DEBUG placement.objects.research_context [req-97874742-0265-483d-9b96-4aa3d0c2377e req-9d98ec50-252a-4aed-9b12-622575c90882 service placement] found 2 providers with available 1024 MEMORY_MB {{(pid=93036) get_provider_ids_matching /opt/stack/placement/placement/objects/research_context.py:549}}
Jun 02 18:36:01.311512 n-d-791504-7 devstack@placement-api.service[93036]: DEBUG placement.objects.research_context [req-97874742-0265-483d-9b96-4aa3d0c2377e req-9d98ec50-252a-4aed-9b12-622575c90882 service placement] found 2 providers after filtering by previous result {{(pid=93036) get_provider_ids_matching /opt/stack/placement/placement/objects/research_context.py:580}}
Jun 02 18:36:01.311972 n-d-791504-7 devstack@placement-api.service[93036]: DEBUG placement.objects.research_context [req-97874742-0265-483d-9b96-4aa3d0c2377e req-9d98ec50-252a-4aed-9b12-622575c90882 service placement] found 2 providers with available 1 VCPU {{(pid=93036) get_provider_ids_matching /opt/stack/placement/placement/objects/research_context.py:549}}
Jun 02 18:36:01.312425 n-d-791504-7 devstack@placement-api.service[93036]: DEBUG placement.objects.research_context [req-97874742-0265-483d-9b96-4aa3d0c2377e req-9d98ec50-252a-4aed-9b12-622575c90882 service placement] found 2 providers after filtering by previous result {{(pid=93036) get_provider_ids_matching /opt/stack/placement/placement/objects/research_context.py:580}}
Jun 02 18:36:01.327165 n-d-791504-7 devstack@placement-api.service[93037]: DEBUG placement.handlers.allocation [req-7967e75a-6bb9-4f3f-97a2-5d077587b142 req-1fab8c25-44d9-431d-bb1a-27bbc204db38 service placement] Successfully wrote allocations [, , ] {{(pid=93037) _create_allocations /opt/stack/placement/placement/handlers/allocation.py:435}}
Jun 02 18:36:01.329882 n-d-791504-7 devstack@placement-api.service[93036]: DEBUG placement.objects.allocation_candidate [req-97874742-0265-483d-9b96-4aa3d0c2377e req-9d98ec50-252a-4aed-9b12-622575c90882 service placement] RequestGroup(use_same_provider=False, resources={DISK_GB:1, MEMORY_MB:1024, VCPU:1}, traits=[], aggregates=[]) (suffix '') returned 2 matches {{(pid=93036) _get_by_requests /opt/stack/placement/placement/objects/allocation_candidate.py:145}}
Jun 02 18:36:01.330374 n-d-791504-7 devstack@placement-api.service[93036]: DEBUG placement.objects.allocation_candidate [req-97874742-0265-483d-9b96-4aa3d0c2377e req-9d98ec50-252a-4aed-9b12-622575c90882 service placement] Merging candidates yields 2 allocation requests and 2 provider summaries {{(pid=93036) _merge_candidates /opt/stack/placement/placement/objects/allocation_candidate.py:783}}
Jun 02 18:36:01.332213 n-d-791504-7 devstack@placement-api.service[93036]: INFO placement.requestlog [req-97874742-0265-483d-9b96-4aa3d0c2377e req-9d98ec50-252a-4aed-9b12-622575c90882 service placement] 10.222.0.74 "GET /placement/allocation_candidates?limit=1000&resources=DISK_GB%3A1%2CMEMORY_MB%3A1024%2CVCPU%3A1&root_required=%21COMPUTE_STATUS_DISABLED" status: 200 len: 1309 microversion: 1.35
Jun 02 18:36:01.332597 n-d-791504-7 devstack@placement-api.service[93036]: [pid: 93036|app: 0|req: 221/445] 10.222.0.74 () {60 vars in 1506 bytes} [Wed Jun 2 18:36:00 2021] GET /placement/allocation_candidates?limit=1000&resources=DISK_GB%3A1%2CMEMORY_MB%3A1024%2CVCPU%3A1&root_required=%21COMPUTE_STATUS_DISABLED => generated 1309 bytes in 343 msecs (HTTP/1.1 200) 8 headers in 297 bytes (1 switches on core 0)
Jun 02 18:36:01.333229 n-d-791504-7 devstack@placement-api.service[93037]: INFO placement.requestlog [req-7967e75a-6bb9-4f3f-97a2-5d077587b142 req-1fab8c25-44d9-431d-bb1a-27bbc204db38 service placement] 10.222.0.50 "PUT /placement/allocations/96476310-bdca-4508-8807-ed7bc97d0017" status: 204 len: 0 microversion: 1.28
Jun 02 18:36:01.333814 n-d-791504-7 devstack@placement-api.service[93037]: [pid: 93037|app: 0|req: 225/446] 10.222.0.50 () {64 vars in 1431 bytes} [Wed Jun 2 18:36:01 2021] PUT /placement/allocations/96476310-bdca-4508-8807-ed7bc97d0017 => generated 0 bytes in 111 msecs (HTTP/1.1 204) 5 headers in 199 bytes (1 switches on core 0)
Jun 02 18:36:01.425584 n-d-791504-7 devstack@placement-api.service[93036]: DEBUG placement.requestlog [req-97874742-0265-483d-9b96-4aa3d0c2377e req-2e07c30a-c883-4406-b583-93dee0ca9289 None None] Starting request: 10.222.0.74 "GET /placement/allocations/cdf1990f-aeaa-42a2-82a9-d7e98da1d87c" {{(pid=93036) __call__ /opt/stack/placement/placement/requestlog.py:55}}
Jun 02 18:36:01.689704 n-d-791504-7 devstack@placement-api.service[93036]: INFO placement.requestlog [req-97874742-0265-483d-9b96-4aa3d0c2377e req-2e07c30a-c883-4406-b583-93dee0ca9289 service placement] 10.222.0.74 "GET /placement/allocations/cdf1990f-aeaa-42a2-82a9-d7e98da1d87c" status: 200 len: 19 microversion: 1.28
Jun 02 18:36:01.690420 n-d-791504-7 devstack@placement-api.service[93036]: [pid: 93036|app: 0|req: 222/447] 10.222.0.74 () {60 vars in 1380 bytes} [Wed Jun 2 18:36:01 2021] GET /placement/allocations/cdf1990f-aeaa-42a2-82a9-d7e98da1d87c => generated 19 bytes in 265 msecs (HTTP/1.1 200) 8 headers in 295 bytes (1 switches on core 0)
Jun 02 18:36:01.697436 n-d-791504-7 devstack@placement-api.service[93037]: DEBUG placement.requestlog [req-97874742-0265-483d-9b96-4aa3d0c2377e req-8c20adc3-8326-4b9f-a954-6ff212767d4e None None] Starting request: 10.222.0.74 "PUT /placement/allocations/cdf1990f-aeaa-42a2-82a9-d7e98da1d87c" {{(pid=93037) __call__ /opt/stack/placement/placement/requestlog.py:55}}
Jun 02 18:36:01.871663 n-d-791504-7 devstack@placement-api.service[93037]: DEBUG placement.handlers.allocation [req-97874742-0265-483d-9b96-4aa3d0c2377e req-8c20adc3-8326-4b9f-a954-6ff212767d4e service placement] Successfully wrote allocations [, , ] {{(pid=93037) _create_allocations /opt/stack/placement/placement/handlers/allocation.py:435}}
Jun 02 18:36:01.873257 n-d-791504-7 devstack@placement-api.service[93037]: INFO placement.requestlog [req-97874742-0265-483d-9b96-4aa3d0c2377e req-8c20adc3-8326-4b9f-a954-6ff212767d4e service placement] 10.222.0.74 "PUT /placement/allocations/cdf1990f-aeaa-42a2-82a9-d7e98da1d87c" status: 204 len: 0 microversion: 1.35
Jun 02 18:36:01.875458 n-d-791504-7 devstack@placement-api.service[93037]: [pid: 93037|app: 0|req: 226/448] 10.222.0.74 () {64 vars in 1433 bytes} [Wed Jun 2 18:36:01 2021] PUT /placement/allocations/cdf1990f-aeaa-42a2-82a9-d7e98da1d87c => generated 0 bytes in 178 msecs (HTTP/1.1 204) 5 headers in 199 bytes (2 switches on core 0)
Jun 02 18:36:02.303624 n-d-791504-7 devstack@placement-api.service[93036]: DEBUG placement.requestlog [req-97874742-0265-483d-9b96-4aa3d0c2377e req-454611c7-a8eb-423b-81b2-f334276460a8 None None] Starting request: 10.222.0.52 "GET /placement/allocations/cdf1990f-aeaa-42a2-82a9-d7e98da1d87c" {{(pid=93036) __call__ /opt/stack/placement/placement/requestlog.py:55}}
Jun 02 18:36:02.328688 n-d-791504-7 devstack@placement-api.service[93036]: INFO placement.requestlog [req-97874742-0265-483d-9b96-4aa3d0c2377e req-454611c7-a8eb-423b-81b2-f334276460a8 service placement] 10.222.0.52 "GET /placement/allocations/cdf1990f-aeaa-42a2-82a9-d7e98da1d87c" status: 200 len: 259 microversion: 1.28
Jun 02 18:36:02.329311 n-d-791504-7 devstack@placement-api.service[93036]: [pid: 93036|app: 0|req: 223/449] 10.222.0.52 () {60 vars in 1378 bytes} [Wed Jun 2 18:36:02 2021] GET /placement/allocations/cdf1990f-aeaa-42a2-82a9-d7e98da1d87c => generated 259 bytes in 26 msecs (HTTP/1.1 200) 8 headers in 296 bytes (2 switches on core 0)
Jun 02 18:36:06.645158 n-d-791504-7 devstack@placement-api.service[93037]: DEBUG placement.requestlog [req-35ee0118-b6b4-459f-a8e4-ac2e28896037 req-1298930a-3451-432c-9245-87c3a6667a59 None None] Starting request: 10.222.0.74 "GET /placement/allocation_candidates?limit=1000&resources=DISK_GB%3A1%2CMEMORY_MB%3A1024%2CVCPU%3A1&root_required=%21COMPUTE_STATUS_DISABLED" {{(pid=93037) __call__ /opt/stack/placement/placement/requestlog.py:55}}
Jun 02 18:36:06.688071 n-d-791504-7 devstack@placement-api.service[93037]: DEBUG placement.objects.research_context [req-35ee0118-b6b4-459f-a8e4-ac2e28896037 req-1298930a-3451-432c-9245-87c3a6667a59 service placement] getting providers with 1 DISK_GB {{(pid=93037) __init__ /opt/stack/placement/placement/objects/research_context.py:126}}
Jun 02 18:36:06.695908 n-d-791504-7 devstack@placement-api.service[93037]: DEBUG placement.objects.research_context [req-35ee0118-b6b4-459f-a8e4-ac2e28896037 req-1298930a-3451-432c-9245-87c3a6667a59 service placement] getting providers with 1024 MEMORY_MB {{(pid=93037) __init__ /opt/stack/placement/placement/objects/research_context.py:126}}
Jun 02 18:36:06.705359 n-d-791504-7 devstack@placement-api.service[93037]: DEBUG placement.objects.research_context [req-35ee0118-b6b4-459f-a8e4-ac2e28896037 req-1298930a-3451-432c-9245-87c3a6667a59 service placement] getting providers with 1 VCPU {{(pid=93037) __init__ /opt/stack/placement/placement/objects/research_context.py:126}}
Jun 02 18:36:06.715123 n-d-791504-7 devstack@placement-api.service[93037]: DEBUG placement.objects.research_context [req-35ee0118-b6b4-459f-a8e4-ac2e28896037 req-1298930a-3451-432c-9245-87c3a6667a59 service placement] found 2 providers with available 1 DISK_GB {{(pid=93037) get_provider_ids_matching /opt/stack/placement/placement/objects/research_context.py:549}}
Jun 02 18:36:06.715763 n-d-791504-7 devstack@placement-api.service[93037]: DEBUG placement.objects.research_context [req-35ee0118-b6b4-459f-a8e4-ac2e28896037 req-1298930a-3451-432c-9245-87c3a6667a59 service placement] found 2 providers with available 1024 MEMORY_MB {{(pid=93037) get_provider_ids_matching /opt/stack/placement/placement/objects/research_context.py:549}}
Jun 02 18:36:06.716765 n-d-791504-7 devstack@placement-api.service[93037]: DEBUG placement.objects.research_context [req-35ee0118-b6b4-459f-a8e4-ac2e28896037 req-1298930a-3451-432c-9245-87c3a6667a59 service placement] found 2 providers after filtering by previous result {{(pid=93037) get_provider_ids_matching /opt/stack/placement/placement/objects/research_context.py:580}}
Jun 02 18:36:06.717350 n-d-791504-7 devstack@placement-api.service[93037]: DEBUG placement.objects.research_context [req-35ee0118-b6b4-459f-a8e4-ac2e28896037 req-1298930a-3451-432c-9245-87c3a6667a59 service placement] found 2 providers with available 1 VCPU {{(pid=93037) get_provider_ids_matching /opt/stack/placement/placement/objects/research_context.py:549}}
Jun 02 18:36:06.718196 n-d-791504-7 devstack@placement-api.service[93037]: DEBUG placement.objects.research_context [req-35ee0118-b6b4-459f-a8e4-ac2e28896037 req-1298930a-3451-432c-9245-87c3a6667a59 service placement] found 2 providers after filtering by previous result {{(pid=93037) get_provider_ids_matching /opt/stack/placement/placement/objects/research_context.py:580}}
Jun 02 18:36:06.734590 n-d-791504-7 devstack@placement-api.service[93037]: DEBUG placement.objects.allocation_candidate [req-35ee0118-b6b4-459f-a8e4-ac2e28896037 req-1298930a-3451-432c-9245-87c3a6667a59 service placement] RequestGroup(use_same_provider=False, resources={DISK_GB:1, MEMORY_MB:1024, VCPU:1}, traits=[], aggregates=[]) (suffix '') returned 2 matches {{(pid=93037) _get_by_requests /opt/stack/placement/placement/objects/allocation_candidate.py:145}}
Jun 02 18:36:06.735096 n-d-791504-7 devstack@placement-api.service[93037]: DEBUG placement.objects.allocation_candidate [req-35ee0118-b6b4-459f-a8e4-ac2e28896037 req-1298930a-3451-432c-9245-87c3a6667a59 service placement] Merging candidates yields 2 allocation requests and 2 provider summaries {{(pid=93037) _merge_candidates /opt/stack/placement/placement/objects/allocation_candidate.py:783}}
Jun 02 18:36:06.736705 n-d-791504-7 devstack@placement-api.service[93037]: INFO placement.requestlog [req-35ee0118-b6b4-459f-a8e4-ac2e28896037 req-1298930a-3451-432c-9245-87c3a6667a59 service placement] 10.222.0.74 "GET /placement/allocation_candidates?limit=1000&resources=DISK_GB%3A1%2CMEMORY_MB%3A1024%2CVCPU%3A1&root_required=%21COMPUTE_STATUS_DISABLED" status: 200 len: 1309 microversion: 1.35
Jun 02 18:36:06.737360 n-d-791504-7 devstack@placement-api.service[93037]: [pid: 93037|app: 0|req: 227/450] 10.222.0.74 () {60 vars in 1506 bytes} [Wed Jun 2 18:36:06 2021] GET /placement/allocation_candidates?limit=1000&resources=DISK_GB%3A1%2CMEMORY_MB%3A1024%2CVCPU%3A1&root_required=%21COMPUTE_STATUS_DISABLED => generated 1309 bytes in 92 msecs (HTTP/1.1 200) 8 headers in 297 bytes (1 switches on core 0)
Jun 02 18:36:06.799125 n-d-791504-7 devstack@placement-api.service[93036]: DEBUG placement.requestlog [req-35ee0118-b6b4-459f-a8e4-ac2e28896037 req-6165cdbc-5f64-425c-9163-9994cf87a80f None None] Starting request: 10.222.0.74 "GET /placement/allocations/1b3d0080-2d20-4d7c-88c3-67584b99d02e" {{(pid=93036) __call__ /opt/stack/placement/placement/requestlog.py:55}}
Jun 02 18:36:06.812089 n-d-791504-7 devstack@placement-api.service[93036]: INFO placement.requestlog [req-35ee0118-b6b4-459f-a8e4-ac2e28896037 req-6165cdbc-5f64-425c-9163-9994cf87a80f service placement] 10.222.0.74 "GET /placement/allocations/1b3d0080-2d20-4d7c-88c3-67584b99d02e" status: 200 len: 19 microversion: 1.28
Jun 02 18:36:06.819823 n-d-791504-7 devstack@placement-api.service[93037]: DEBUG placement.requestlog [req-35ee0118-b6b4-459f-a8e4-ac2e28896037 req-793d7639-8fe0-4d5e-b1d9-114d0007c30b None None] Starting request: 10.222.0.74 "PUT /placement/allocations/1b3d0080-2d20-4d7c-88c3-67584b99d02e" {{(pid=93037) __call__ /opt/stack/placement/placement/requestlog.py:55}}
Jun 02 18:36:06.824289 n-d-791504-7 devstack@placement-api.service[93036]: [pid: 93036|app: 0|req: 224/451] 10.222.0.74 () {60 vars in 1380 bytes} [Wed Jun 2 18:36:06 2021] GET /placement/allocations/1b3d0080-2d20-4d7c-88c3-67584b99d02e => generated 19 bytes in 25 msecs (HTTP/1.1 200) 8 headers in 295 bytes (2 switches on core 0)
Jun 02 18:36:06.939543 n-d-791504-7 devstack@placement-api.service[93037]: DEBUG placement.handlers.allocation [req-35ee0118-b6b4-459f-a8e4-ac2e28896037 req-793d7639-8fe0-4d5e-b1d9-114d0007c30b service placement] Successfully wrote allocations [, , ] {{(pid=93037) _create_allocations /opt/stack/placement/placement/handlers/allocation.py:435}}
Jun 02 18:36:06.940387 n-d-791504-7 devstack@placement-api.service[93037]: INFO placement.requestlog [req-35ee0118-b6b4-459f-a8e4-ac2e28896037 req-793d7639-8fe0-4d5e-b1d9-114d0007c30b service placement] 10.222.0.74 "PUT /placement/allocations/1b3d0080-2d20-4d7c-88c3-67584b99d02e" status: 204 len: 0 microversion: 1.35
Jun 02 18:36:06.945130 n-d-791504-7 devstack@placement-api.service[93037]: [pid: 93037|app: 0|req: 228/452] 10.222.0.74 () {64 vars in 1433 bytes} [Wed Jun 2 18:36:06 2021] PUT /placement/allocations/1b3d0080-2d20-4d7c-88c3-67584b99d02e => generated 0 bytes in 122 msecs (HTTP/1.1 204) 5 headers in 199 bytes (2 switches on core 0)
Jun 02 18:36:07.495508 n-d-791504-7 devstack@placement-api.service[93036]: DEBUG placement.requestlog [req-35ee0118-b6b4-459f-a8e4-ac2e28896037 req-91e5dd35-4167-4916-bf3e-d0460818358d None None] Starting request: 10.222.0.52 "GET /placement/allocations/1b3d0080-2d20-4d7c-88c3-67584b99d02e" {{(pid=93036) __call__ /opt/stack/placement/placement/requestlog.py:55}}
Jun 02 18:36:07.529594 n-d-791504-7 devstack@placement-api.service[93036]: INFO placement.requestlog [req-35ee0118-b6b4-459f-a8e4-ac2e28896037 req-91e5dd35-4167-4916-bf3e-d0460818358d service placement] 10.222.0.52 "GET /placement/allocations/1b3d0080-2d20-4d7c-88c3-67584b99d02e" status: 200 len: 259 microversion: 1.28
Jun 02 18:36:07.529594 n-d-791504-7 devstack@placement-api.service[93036]: [pid: 93036|app: 0|req: 225/453] 10.222.0.52 () {60 vars in 1378 bytes} [Wed Jun 2 18:36:07 2021] GET /placement/allocations/1b3d0080-2d20-4d7c-88c3-67584b99d02e => generated 259 bytes in 26 msecs (HTTP/1.1 200) 8 headers in 296 bytes (2 switches on core 0)
Jun 02 18:36:08.808843 n-d-791504-7 devstack@placement-api.service[93037]: DEBUG placement.requestlog [req-d0bf5c94-17a3-41fa-96de-96d893fc4909 req-bbe0885e-84c1-42e5-aaff-54a3cb68b523 None None] Starting request: 10.222.0.74 "GET /placement/allocation_candidates?limit=1000&resources=DISK_GB%3A1%2CMEMORY_MB%3A1024%2CVCPU%3A1&root_required=%21COMPUTE_STATUS_DISABLED" {{(pid=93037) __call__ /opt/stack/placement/placement/requestlog.py:55}}
Jun 02 18:36:08.879381 n-d-791504-7 devstack@placement-api.service[93037]: DEBUG placement.objects.research_context [req-d0bf5c94-17a3-41fa-96de-96d893fc4909 req-bbe0885e-84c1-42e5-aaff-54a3cb68b523 service placement] getting providers with 1 DISK_GB {{(pid=93037) __init__ /opt/stack/placement/placement/objects/research_context.py:126}}
Jun 02 18:36:08.902448 n-d-791504-7 devstack@placement-api.service[93037]: DEBUG placement.objects.research_context [req-d0bf5c94-17a3-41fa-96de-96d893fc4909 req-bbe0885e-84c1-42e5-aaff-54a3cb68b523 service placement] getting providers with 1024 MEMORY_MB {{(pid=93037) __init__ /opt/stack/placement/placement/objects/research_context.py:126}}
Jun 02 18:36:08.926857 n-d-791504-7 devstack@placement-api.service[93037]: DEBUG placement.objects.research_context [req-d0bf5c94-17a3-41fa-96de-96d893fc4909 req-bbe0885e-84c1-42e5-aaff-54a3cb68b523 service placement] getting providers with 1 VCPU {{(pid=93037) __init__ /opt/stack/placement/placement/objects/research_context.py:126}}
Jun 02 18:36:08.954436 n-d-791504-7 devstack@placement-api.service[93037]: DEBUG placement.objects.research_context [req-d0bf5c94-17a3-41fa-96de-96d893fc4909 req-bbe0885e-84c1-42e5-aaff-54a3cb68b523 service placement] found 2 providers with available 1 DISK_GB {{(pid=93037) get_provider_ids_matching /opt/stack/placement/placement/objects/research_context.py:549}}
Jun 02 18:36:08.954918 n-d-791504-7 devstack@placement-api.service[93037]: DEBUG placement.objects.research_context [req-d0bf5c94-17a3-41fa-96de-96d893fc4909 req-bbe0885e-84c1-42e5-aaff-54a3cb68b523 service placement] found 2 providers with available 1024 MEMORY_MB {{(pid=93037) get_provider_ids_matching /opt/stack/placement/placement/objects/research_context.py:549}}
Jun 02 18:36:08.955413 n-d-791504-7 devstack@placement-api.service[93037]: DEBUG placement.objects.research_context [req-d0bf5c94-17a3-41fa-96de-96d893fc4909 req-bbe0885e-84c1-42e5-aaff-54a3cb68b523 service placement] found 2 providers after filtering by previous result {{(pid=93037) get_provider_ids_matching /opt/stack/placement/placement/objects/research_context.py:580}}
Jun 02 18:36:08.956180 n-d-791504-7 devstack@placement-api.service[93037]: DEBUG placement.objects.research_context [req-d0bf5c94-17a3-41fa-96de-96d893fc4909 req-bbe0885e-84c1-42e5-aaff-54a3cb68b523 service placement] found 2 providers with available 1 VCPU {{(pid=93037) get_provider_ids_matching /opt/stack/placement/placement/objects/research_context.py:549}}
Jun 02 18:36:08.966794 n-d-791504-7 devstack@placement-api.service[93037]: DEBUG placement.objects.research_context [req-d0bf5c94-17a3-41fa-96de-96d893fc4909 req-bbe0885e-84c1-42e5-aaff-54a3cb68b523 service placement] found 2 providers after filtering by previous result {{(pid=93037) get_provider_ids_matching /opt/stack/placement/placement/objects/research_context.py:580}}
Jun 02 18:36:09.010762 n-d-791504-7 devstack@placement-api.service[93037]: DEBUG placement.objects.allocation_candidate [req-d0bf5c94-17a3-41fa-96de-96d893fc4909 req-bbe0885e-84c1-42e5-aaff-54a3cb68b523 service placement] RequestGroup(use_same_provider=False, resources={DISK_GB:1, MEMORY_MB:1024, VCPU:1}, traits=[], aggregates=[]) (suffix '') returned 2 matches {{(pid=93037) _get_by_requests /opt/stack/placement/placement/objects/allocation_candidate.py:145}}
Jun 02 18:36:09.011801 n-d-791504-7 devstack@placement-api.service[93037]: DEBUG placement.objects.allocation_candidate [req-d0bf5c94-17a3-41fa-96de-96d893fc4909 req-bbe0885e-84c1-42e5-aaff-54a3cb68b523 service placement] Merging candidates yields 2 allocation requests and 2 provider summaries {{(pid=93037) _merge_candidates /opt/stack/placement/placement/objects/allocation_candidate.py:783}}
Jun 02 18:36:09.014984 n-d-791504-7 devstack@placement-api.service[93037]: INFO placement.requestlog [req-d0bf5c94-17a3-41fa-96de-96d893fc4909 req-bbe0885e-84c1-42e5-aaff-54a3cb68b523 service placement] 10.222.0.74 "GET /placement/allocation_candidates?limit=1000&resources=DISK_GB%3A1%2CMEMORY_MB%3A1024%2CVCPU%3A1&root_required=%21COMPUTE_STATUS_DISABLED" status: 200 len: 1309 microversion: 1.35
Jun 02 18:36:09.016787 n-d-791504-7 devstack@placement-api.service[93037]: [pid: 93037|app: 0|req: 229/454] 10.222.0.74 () {60 vars in 1506 bytes} [Wed Jun 2 18:36:08 2021] GET /placement/allocation_candidates?limit=1000&resources=DISK_GB%3A1%2CMEMORY_MB%3A1024%2CVCPU%3A1&root_required=%21COMPUTE_STATUS_DISABLED => generated 1309 bytes in 208 msecs (HTTP/1.1 200) 8 headers in 297 bytes (1 switches on core 0)
Jun 02 18:36:09.108448 n-d-791504-7 devstack@placement-api.service[93036]: DEBUG placement.requestlog [req-d0bf5c94-17a3-41fa-96de-96d893fc4909 req-028c5d42-b12d-41af-9411-7523ee25347d None None] Starting request: 10.222.0.74 "GET /placement/allocations/ae29bf64-953c-4dd5-87de-fad83f9cbbc2" {{(pid=93036) __call__ /opt/stack/placement/placement/requestlog.py:55}}
Jun 02 18:36:09.122206 n-d-791504-7 devstack@placement-api.service[93036]: INFO placement.requestlog [req-d0bf5c94-17a3-41fa-96de-96d893fc4909 req-028c5d42-b12d-41af-9411-7523ee25347d service placement] 10.222.0.74 "GET /placement/allocations/ae29bf64-953c-4dd5-87de-fad83f9cbbc2" status: 200 len: 19 microversion: 1.28
Jun 02 18:36:09.127982 n-d-791504-7 devstack@placement-api.service[93036]: [pid: 93036|app: 0|req: 226/455] 10.222.0.74 () {60 vars in 1380 bytes} [Wed Jun 2 18:36:09 2021] GET /placement/allocations/ae29bf64-953c-4dd5-87de-fad83f9cbbc2 => generated 19 bytes in 20 msecs (HTTP/1.1 200) 8 headers in 295 bytes (1 switches on core 0)
Jun 02 18:36:09.129629 n-d-791504-7 devstack@placement-api.service[93037]: DEBUG placement.requestlog [req-d0bf5c94-17a3-41fa-96de-96d893fc4909 req-7c042c79-7890-4008-a8f5-955fc02c0735 None None] Starting request: 10.222.0.74 "PUT /placement/allocations/ae29bf64-953c-4dd5-87de-fad83f9cbbc2" {{(pid=93037) __call__ /opt/stack/placement/placement/requestlog.py:55}}
Jun 02 18:36:09.298454 n-d-791504-7 devstack@placement-api.service[93037]: DEBUG placement.handlers.allocation [req-d0bf5c94-17a3-41fa-96de-96d893fc4909 req-7c042c79-7890-4008-a8f5-955fc02c0735 service placement] Successfully wrote allocations [, , ] {{(pid=93037) _create_allocations /opt/stack/placement/placement/handlers/allocation.py:435}}
Jun 02 18:36:09.299106 n-d-791504-7 devstack@placement-api.service[93037]: INFO placement.requestlog [req-d0bf5c94-17a3-41fa-96de-96d893fc4909 req-7c042c79-7890-4008-a8f5-955fc02c0735 service placement] 10.222.0.74 "PUT /placement/allocations/ae29bf64-953c-4dd5-87de-fad83f9cbbc2" status: 204 len: 0 microversion: 1.35
Jun 02 18:36:09.299775 n-d-791504-7 devstack@placement-api.service[93037]: [pid: 93037|app: 0|req: 230/456] 10.222.0.74 () {64 vars in 1433 bytes} [Wed Jun 2 18:36:09 2021] PUT /placement/allocations/ae29bf64-953c-4dd5-87de-fad83f9cbbc2 => generated 0 bytes in 171 msecs (HTTP/1.1 204) 5 headers in 199 bytes (1 switches on core 0)
Jun 02 18:36:09.879833 n-d-791504-7 devstack@placement-api.service[93036]: DEBUG placement.requestlog [req-d0bf5c94-17a3-41fa-96de-96d893fc4909 req-66a1101c-5331-407d-874c-710b379c468d None None] Starting request: 10.222.0.50 "GET /placement/allocations/ae29bf64-953c-4dd5-87de-fad83f9cbbc2" {{(pid=93036) __call__ /opt/stack/placement/placement/requestlog.py:55}}
Jun 02 18:36:09.900036 n-d-791504-7 devstack@placement-api.service[93036]: INFO placement.requestlog [req-d0bf5c94-17a3-41fa-96de-96d893fc4909 req-66a1101c-5331-407d-874c-710b379c468d service placement] 10.222.0.50 "GET /placement/allocations/ae29bf64-953c-4dd5-87de-fad83f9cbbc2" status: 200 len: 259 microversion: 1.28
Jun 02 18:36:09.901030 n-d-791504-7 devstack@placement-api.service[93036]: [pid: 93036|app: 0|req: 227/457] 10.222.0.50 () {60 vars in 1378 bytes} [Wed Jun 2 18:36:09 2021] GET /placement/allocations/ae29bf64-953c-4dd5-87de-fad83f9cbbc2 => generated 259 bytes in 21 msecs (HTTP/1.1 200) 8 headers in 296 bytes (1 switches on core 0)
Jun 02 18:36:10.512242 n-d-791504-7 devstack@placement-api.service[93037]: DEBUG placement.requestlog [req-a234c94d-8abb-49f2-90b3-c62a3131cd24 req-6e1cae68-a3d2-4dd0-8708-2a244abcdc2f None None] Starting request: 10.222.0.74 "GET /placement/allocation_candidates?resources=DISK_GB%3A1%2CMEMORY_MB%3A1024%2CVCPU%3A1&root_required=%21COMPUTE_STATUS_DISABLED" {{(pid=93037) __call__ /opt/stack/placement/placement/requestlog.py:55}}
Jun 02 18:36:10.557766 n-d-791504-7 devstack@placement-api.service[93037]: DEBUG placement.objects.research_context [req-a234c94d-8abb-49f2-90b3-c62a3131cd24 req-6e1cae68-a3d2-4dd0-8708-2a244abcdc2f service placement] getting providers with 1 DISK_GB {{(pid=93037) __init__ /opt/stack/placement/placement/objects/research_context.py:126}}
Jun 02 18:36:10.564905 n-d-791504-7 devstack@placement-api.service[93037]: DEBUG placement.objects.research_context [req-a234c94d-8abb-49f2-90b3-c62a3131cd24 req-6e1cae68-a3d2-4dd0-8708-2a244abcdc2f service placement] getting providers with 1024 MEMORY_MB {{(pid=93037) __init__ /opt/stack/placement/placement/objects/research_context.py:126}}
Jun 02 18:36:10.572837 n-d-791504-7 devstack@placement-api.service[93037]: DEBUG placement.objects.research_context [req-a234c94d-8abb-49f2-90b3-c62a3131cd24 req-6e1cae68-a3d2-4dd0-8708-2a244abcdc2f service placement] getting providers with 1 VCPU {{(pid=93037) __init__ /opt/stack/placement/placement/objects/research_context.py:126}}
Jun 02 18:36:10.580285 n-d-791504-7 devstack@placement-api.service[93037]: DEBUG placement.objects.research_context [req-a234c94d-8abb-49f2-90b3-c62a3131cd24 req-6e1cae68-a3d2-4dd0-8708-2a244abcdc2f service placement] found 2 providers with available 1 DISK_GB {{(pid=93037) get_provider_ids_matching /opt/stack/placement/placement/objects/research_context.py:549}}
Jun 02 18:36:10.581167 n-d-791504-7 devstack@placement-api.service[93037]: DEBUG placement.objects.research_context [req-a234c94d-8abb-49f2-90b3-c62a3131cd24 req-6e1cae68-a3d2-4dd0-8708-2a244abcdc2f service placement] found 2 providers with available 1024 MEMORY_MB {{(pid=93037) get_provider_ids_matching /opt/stack/placement/placement/objects/research_context.py:549}}
Jun 02 18:36:10.581708 n-d-791504-7 devstack@placement-api.service[93037]: DEBUG placement.objects.research_context [req-a234c94d-8abb-49f2-90b3-c62a3131cd24 req-6e1cae68-a3d2-4dd0-8708-2a244abcdc2f service placement] found 2 providers after filtering by previous result {{(pid=93037) get_provider_ids_matching /opt/stack/placement/placement/objects/research_context.py:580}}
Jun 02 18:36:10.582186 n-d-791504-7 devstack@placement-api.service[93037]: DEBUG placement.objects.research_context [req-a234c94d-8abb-49f2-90b3-c62a3131cd24 req-6e1cae68-a3d2-4dd0-8708-2a244abcdc2f service placement] found 2 providers with available 1 VCPU {{(pid=93037) get_provider_ids_matching /opt/stack/placement/placement/objects/research_context.py:549}}
Jun 02 18:36:10.582665 n-d-791504-7 devstack@placement-api.service[93037]: DEBUG placement.objects.research_context [req-a234c94d-8abb-49f2-90b3-c62a3131cd24 req-6e1cae68-a3d2-4dd0-8708-2a244abcdc2f service placement] found 2 providers after filtering by previous result {{(pid=93037) get_provider_ids_matching /opt/stack/placement/placement/objects/research_context.py:580}}
Jun 02 18:36:10.598762 n-d-791504-7 devstack@placement-api.service[93037]: DEBUG placement.objects.allocation_candidate [req-a234c94d-8abb-49f2-90b3-c62a3131cd24 req-6e1cae68-a3d2-4dd0-8708-2a244abcdc2f service placement] RequestGroup(use_same_provider=False, resources={DISK_GB:1, MEMORY_MB:1024, VCPU:1}, traits=[], aggregates=[]) (suffix '') returned 2 matches {{(pid=93037) _get_by_requests /opt/stack/placement/placement/objects/allocation_candidate.py:145}}
Jun 02 18:36:10.600208 n-d-791504-7 devstack@placement-api.service[93037]: DEBUG placement.objects.allocation_candidate [req-a234c94d-8abb-49f2-90b3-c62a3131cd24 req-6e1cae68-a3d2-4dd0-8708-2a244abcdc2f service placement] Merging candidates yields 2 allocation requests and 2 provider summaries {{(pid=93037) _merge_candidates /opt/stack/placement/placement/objects/allocation_candidate.py:783}}
Jun 02 18:36:10.601937 n-d-791504-7 devstack@placement-api.service[93037]: INFO placement.requestlog [req-a234c94d-8abb-49f2-90b3-c62a3131cd24 req-6e1cae68-a3d2-4dd0-8708-2a244abcdc2f service placement] 10.222.0.74 "GET /placement/allocation_candidates?resources=DISK_GB%3A1%2CMEMORY_MB%3A1024%2CVCPU%3A1&root_required=%21COMPUTE_STATUS_DISABLED" status: 200 len: 1309 microversion: 1.35
