Aug 16 21:18:10.551247 n-d-791504-20 devstack@placement-api.service[95981]: DEBUG placement.requestlog [req-03a9fb0d-13a2-4e04-98bc-c6a197db03e7 req-3adcedea-87a1-4135-865c-1c61336c9af3 None None] Starting request: 10.222.0.91 "GET /placement/allocations/200677dc-c105-459a-8971-287e4a702a62" {{(pid=95981) __call__ /opt/stack/placement/placement/requestlog.py:55}}
Aug 16 21:18:10.579189 n-d-791504-20 devstack@placement-api.service[95981]: INFO placement.requestlog [req-03a9fb0d-13a2-4e04-98bc-c6a197db03e7 req-3adcedea-87a1-4135-865c-1c61336c9af3 service placement] 10.222.0.91 "GET /placement/allocations/200677dc-c105-459a-8971-287e4a702a62" status: 200 len: 259 microversion: 1.28
Aug 16 21:18:10.579872 n-d-791504-20 devstack@placement-api.service[95981]: [pid: 95981|app: 0|req: 207/410] 10.222.0.91 () {60 vars in 1382 bytes} [Mon Aug 16 21:18:10 2021] GET /placement/allocations/200677dc-c105-459a-8971-287e4a702a62 => generated 259 bytes in 29 msecs (HTTP/1.1 200) 8 headers in 296 bytes (1 switches on core 0)
Aug 16 21:18:10.589278 n-d-791504-20 devstack@placement-api.service[95982]: DEBUG placement.requestlog [req-03a9fb0d-13a2-4e04-98bc-c6a197db03e7 req-e7ecc289-9a08-4ffa-acb1-34d0df7f92f7 None None] Starting request: 10.222.0.91 "PUT /placement/allocations/200677dc-c105-459a-8971-287e4a702a62" {{(pid=95982) __call__ /opt/stack/placement/placement/requestlog.py:55}}
Aug 16 21:18:10.739851 n-d-791504-20 devstack@placement-api.service[95982]: DEBUG placement.handlers.allocation [req-03a9fb0d-13a2-4e04-98bc-c6a197db03e7 req-e7ecc289-9a08-4ffa-acb1-34d0df7f92f7 service placement] Successfully wrote allocations [, , ] {{(pid=95982) _create_allocations /opt/stack/placement/placement/handlers/allocation.py:435}}
Aug 16 21:18:10.740912 n-d-791504-20 devstack@placement-api.service[95982]: INFO placement.requestlog [req-03a9fb0d-13a2-4e04-98bc-c6a197db03e7 req-e7ecc289-9a08-4ffa-acb1-34d0df7f92f7 service placement] 10.222.0.91 "PUT /placement/allocations/200677dc-c105-459a-8971-287e4a702a62" status: 204 len: 0 microversion: 1.28
Aug 16 21:18:10.741315 n-d-791504-20 devstack@placement-api.service[95982]: [pid: 95982|app: 0|req: 204/411] 10.222.0.91 () {64 vars in 1435 bytes} [Mon Aug 16 21:18:10 2021] PUT /placement/allocations/200677dc-c105-459a-8971-287e4a702a62 => generated 0 bytes in 153 msecs (HTTP/1.1 204) 5 headers in 199 bytes (2 switches on core 0)
Aug 16 21:18:11.185487 n-d-791504-20 devstack@placement-api.service[95981]: DEBUG placement.requestlog [req-fcb73dff-5013-44a9-be8b-6c3008f1058a req-47bf701c-195c-4d2d-97a7-cb9343da7a37 None None] Starting request: 10.222.0.91 "GET /placement/allocations/730b0f44-478a-47e0-a62d-04d34aea3193" {{(pid=95981) __call__ /opt/stack/placement/placement/requestlog.py:55}}
Aug 16 21:18:11.240467 n-d-791504-20 devstack@placement-api.service[95981]: INFO placement.requestlog [req-fcb73dff-5013-44a9-be8b-6c3008f1058a req-47bf701c-195c-4d2d-97a7-cb9343da7a37 service placement] 10.222.0.91 "GET /placement/allocations/730b0f44-478a-47e0-a62d-04d34aea3193" status: 200 len: 259 microversion: 1.28
Aug 16 21:18:11.241486 n-d-791504-20 devstack@placement-api.service[95981]: [pid: 95981|app: 0|req: 208/412] 10.222.0.91 () {60 vars in 1382 bytes} [Mon Aug 16 21:18:11 2021] GET /placement/allocations/730b0f44-478a-47e0-a62d-04d34aea3193 => generated 259 bytes in 57 msecs (HTTP/1.1 200) 8 headers in 296 bytes (1 switches on core 0)
Aug 16 21:18:11.264179 n-d-791504-20 devstack@placement-api.service[95982]: DEBUG placement.requestlog [req-fcb73dff-5013-44a9-be8b-6c3008f1058a req-dd5f0047-b812-4f0a-bd9f-6b2759eb049c None None] Starting request: 10.222.0.91 "PUT /placement/allocations/730b0f44-478a-47e0-a62d-04d34aea3193" {{(pid=95982) __call__ /opt/stack/placement/placement/requestlog.py:55}}
Aug 16 21:18:11.774619 n-d-791504-20 devstack@placement-api.service[95982]: DEBUG placement.handlers.allocation [req-fcb73dff-5013-44a9-be8b-6c3008f1058a req-dd5f0047-b812-4f0a-bd9f-6b2759eb049c service placement] Successfully wrote allocations [, , ] {{(pid=95982) _create_allocations /opt/stack/placement/placement/handlers/allocation.py:435}}
Aug 16 21:18:11.777023 n-d-791504-20 devstack@placement-api.service[95982]: INFO placement.requestlog [req-fcb73dff-5013-44a9-be8b-6c3008f1058a req-dd5f0047-b812-4f0a-bd9f-6b2759eb049c service placement] 10.222.0.91 "PUT /placement/allocations/730b0f44-478a-47e0-a62d-04d34aea3193" status: 204 len: 0 microversion: 1.28
Aug 16 21:18:11.778125 n-d-791504-20 devstack@placement-api.service[95982]: [pid: 95982|app: 0|req: 205/413] 10.222.0.91 () {64 vars in 1435 bytes} [Mon Aug 16 21:18:11 2021] PUT /placement/allocations/730b0f44-478a-47e0-a62d-04d34aea3193 => generated 0 bytes in 515 msecs (HTTP/1.1 204) 5 headers in 199 bytes (1 switches on core 0)
Aug 16 21:18:12.925419 n-d-791504-20 devstack@placement-api.service[95981]: DEBUG placement.requestlog [req-bf2e4716-8623-4735-8f9a-85d83b4ad280 req-aa3c78f6-3c30-4e43-a690-6662526adafa None None] Starting request: 10.222.0.91 "GET /placement/allocations/c9ad94f9-e1f1-4fba-99eb-0bd1b8cd1729" {{(pid=95981) __call__ /opt/stack/placement/placement/requestlog.py:55}}
Aug 16 21:18:12.953396 n-d-791504-20 devstack@placement-api.service[95981]: INFO placement.requestlog [req-bf2e4716-8623-4735-8f9a-85d83b4ad280 req-aa3c78f6-3c30-4e43-a690-6662526adafa service placement] 10.222.0.91 "GET /placement/allocations/c9ad94f9-e1f1-4fba-99eb-0bd1b8cd1729" status: 200 len: 259 microversion: 1.28
Aug 16 21:18:12.954186 n-d-791504-20 devstack@placement-api.service[95981]: [pid: 95981|app: 0|req: 209/414] 10.222.0.91 () {60 vars in 1382 bytes} [Mon Aug 16 21:18:12 2021] GET /placement/allocations/c9ad94f9-e1f1-4fba-99eb-0bd1b8cd1729 => generated 259 bytes in 34 msecs (HTTP/1.1 200) 8 headers in 296 bytes (2 switches on core 0)
Aug 16 21:18:12.972272 n-d-791504-20 devstack@placement-api.service[95982]: DEBUG placement.requestlog [req-bf2e4716-8623-4735-8f9a-85d83b4ad280 req-2d89aa5c-f175-477d-a73a-aefa8c6a7097 None None] Starting request: 10.222.0.91 "PUT /placement/allocations/c9ad94f9-e1f1-4fba-99eb-0bd1b8cd1729" {{(pid=95982) __call__ /opt/stack/placement/placement/requestlog.py:55}}
Aug 16 21:18:13.326547 n-d-791504-20 devstack@placement-api.service[95982]: DEBUG placement.handlers.allocation [req-bf2e4716-8623-4735-8f9a-85d83b4ad280 req-2d89aa5c-f175-477d-a73a-aefa8c6a7097 service placement] Successfully wrote allocations [, , ] {{(pid=95982) _create_allocations /opt/stack/placement/placement/handlers/allocation.py:435}}
Aug 16 21:18:13.326547 n-d-791504-20 devstack@placement-api.service[95982]: INFO placement.requestlog [req-bf2e4716-8623-4735-8f9a-85d83b4ad280 req-2d89aa5c-f175-477d-a73a-aefa8c6a7097 service placement] 10.222.0.91 "PUT /placement/allocations/c9ad94f9-e1f1-4fba-99eb-0bd1b8cd1729" status: 204 len: 0 microversion: 1.28
Aug 16 21:18:13.326547 n-d-791504-20 devstack@placement-api.service[95982]: [pid: 95982|app: 0|req: 206/415] 10.222.0.91 () {64 vars in 1435 bytes} [Mon Aug 16 21:18:12 2021] PUT /placement/allocations/c9ad94f9-e1f1-4fba-99eb-0bd1b8cd1729 => generated 0 bytes in 352 msecs (HTTP/1.1 204) 5 headers in 199 bytes (1 switches on core 0)
Aug 16 21:18:15.544780 n-d-791504-20 devstack@placement-api.service[95981]: DEBUG placement.requestlog [req-2ff5fdbe-4ec1-4ffd-879a-271e5b889dfc req-2e071616-2d5c-4449-915f-7256a530ec8a None None] Starting request: 10.222.0.98 "GET /placement/allocations/d22cf866-0ab9-4164-956f-7e23ed0ada0d" {{(pid=95981) __call__ /opt/stack/placement/placement/requestlog.py:55}}
Aug 16 21:18:15.570316 n-d-791504-20 devstack@placement-api.service[95981]: INFO placement.requestlog [req-2ff5fdbe-4ec1-4ffd-879a-271e5b889dfc req-2e071616-2d5c-4449-915f-7256a530ec8a service placement] 10.222.0.98 "GET /placement/allocations/d22cf866-0ab9-4164-956f-7e23ed0ada0d" status: 200 len: 259 microversion: 1.28
Aug 16 21:18:15.571047 n-d-791504-20 devstack@placement-api.service[95981]: [pid: 95981|app: 0|req: 210/416] 10.222.0.98 () {60 vars in 1382 bytes} [Mon Aug 16 21:18:15 2021] GET /placement/allocations/d22cf866-0ab9-4164-956f-7e23ed0ada0d => generated 259 bytes in 28 msecs (HTTP/1.1 200) 8 headers in 296 bytes (2 switches on core 0)
Aug 16 21:18:15.589720 n-d-791504-20 devstack@placement-api.service[95982]: DEBUG placement.requestlog [req-2ff5fdbe-4ec1-4ffd-879a-271e5b889dfc req-5bfe9c1e-7fae-4d43-9f00-f5632f1816e4 None None] Starting request: 10.222.0.98 "PUT /placement/allocations/d22cf866-0ab9-4164-956f-7e23ed0ada0d" {{(pid=95982) __call__ /opt/stack/placement/placement/requestlog.py:55}}
Aug 16 21:18:15.854850 n-d-791504-20 devstack@placement-api.service[95982]: DEBUG placement.handlers.allocation [req-2ff5fdbe-4ec1-4ffd-879a-271e5b889dfc req-5bfe9c1e-7fae-4d43-9f00-f5632f1816e4 service placement] Successfully wrote allocations [, , ] {{(pid=95982) _create_allocations /opt/stack/placement/placement/handlers/allocation.py:435}}
Aug 16 21:18:15.855395 n-d-791504-20 devstack@placement-api.service[95982]: INFO placement.requestlog [req-2ff5fdbe-4ec1-4ffd-879a-271e5b889dfc req-5bfe9c1e-7fae-4d43-9f00-f5632f1816e4 service placement] 10.222.0.98 "PUT /placement/allocations/d22cf866-0ab9-4164-956f-7e23ed0ada0d" status: 204 len: 0 microversion: 1.28
Aug 16 21:18:15.855655 n-d-791504-20 devstack@placement-api.service[95982]: [pid: 95982|app: 0|req: 207/417] 10.222.0.98 () {64 vars in 1435 bytes} [Mon Aug 16 21:18:15 2021] PUT /placement/allocations/d22cf866-0ab9-4164-956f-7e23ed0ada0d => generated 0 bytes in 267 msecs (HTTP/1.1 204) 5 headers in 199 bytes (1 switches on core 0)
Aug 16 21:18:16.042461 n-d-791504-20 devstack@placement-api.service[95981]: DEBUG placement.requestlog [req-435a301b-17fd-405c-b3e6-129abb50f577 req-8a93f0fa-5238-43ec-abff-01c10251595b None None] Starting request: 10.222.0.98 "GET /placement/allocations/237e77e4-eb51-4d0a-bedc-111cff5b599e" {{(pid=95981) __call__ /opt/stack/placement/placement/requestlog.py:55}}
Aug 16 21:18:16.096337 n-d-791504-20 devstack@placement-api.service[95981]: INFO placement.requestlog [req-435a301b-17fd-405c-b3e6-129abb50f577 req-8a93f0fa-5238-43ec-abff-01c10251595b service placement] 10.222.0.98 "GET /placement/allocations/237e77e4-eb51-4d0a-bedc-111cff5b599e" status: 200 len: 259 microversion: 1.28
Aug 16 21:18:16.096589 n-d-791504-20 devstack@placement-api.service[95981]: [pid: 95981|app: 0|req: 211/418] 10.222.0.98 () {60 vars in 1382 bytes} [Mon Aug 16 21:18:16 2021] GET /placement/allocations/237e77e4-eb51-4d0a-bedc-111cff5b599e => generated 259 bytes in 59 msecs (HTTP/1.1 200) 8 headers in 296 bytes (1 switches on core 0)
Aug 16 21:18:16.108921 n-d-791504-20 devstack@placement-api.service[95982]: DEBUG placement.requestlog [req-435a301b-17fd-405c-b3e6-129abb50f577 req-fb957762-ccf5-495c-a306-dea37de681e5 None None] Starting request: 10.222.0.98 "PUT /placement/allocations/237e77e4-eb51-4d0a-bedc-111cff5b599e" {{(pid=95982) __call__ /opt/stack/placement/placement/requestlog.py:55}}
Aug 16 21:18:16.300820 n-d-791504-20 devstack@placement-api.service[95982]: DEBUG placement.handlers.allocation [req-435a301b-17fd-405c-b3e6-129abb50f577 req-fb957762-ccf5-495c-a306-dea37de681e5 service placement] Successfully wrote allocations [, , ] {{(pid=95982) _create_allocations /opt/stack/placement/placement/handlers/allocation.py:435}}
Aug 16 21:18:16.301324 n-d-791504-20 devstack@placement-api.service[95982]: INFO placement.requestlog [req-435a301b-17fd-405c-b3e6-129abb50f577 req-fb957762-ccf5-495c-a306-dea37de681e5 service placement] 10.222.0.98 "PUT /placement/allocations/237e77e4-eb51-4d0a-bedc-111cff5b599e" status: 204 len: 0 microversion: 1.28
Aug 16 21:18:16.301898 n-d-791504-20 devstack@placement-api.service[95982]: [pid: 95982|app: 0|req: 208/419] 10.222.0.98 () {64 vars in 1435 bytes} [Mon Aug 16 21:18:16 2021] PUT /placement/allocations/237e77e4-eb51-4d0a-bedc-111cff5b599e => generated 0 bytes in 193 msecs (HTTP/1.1 204) 5 headers in 199 bytes (1 switches on core 0)
Aug 16 21:18:16.335476 n-d-791504-20 devstack@placement-api.service[95981]: DEBUG placement.requestlog [req-5ffedea9-2d17-44e9-8d83-b10165fa270e req-9e6ef160-e6de-4c63-a106-671a5a4a7b7f None None] Starting request: 10.222.0.98 "GET /placement/allocations/cefe2797-e05e-49bb-bce4-61dd7dfc4287" {{(pid=95981) __call__ /opt/stack/placement/placement/requestlog.py:55}}
Aug 16 21:18:16.374705 n-d-791504-20 devstack@placement-api.service[95981]: INFO placement.requestlog [req-5ffedea9-2d17-44e9-8d83-b10165fa270e req-9e6ef160-e6de-4c63-a106-671a5a4a7b7f service placement] 10.222.0.98 "GET /placement/allocations/cefe2797-e05e-49bb-bce4-61dd7dfc4287" status: 200 len: 259 microversion: 1.28
Aug 16 21:18:16.375273 n-d-791504-20 devstack@placement-api.service[95981]: [pid: 95981|app: 0|req: 212/420] 10.222.0.98 () {60 vars in 1382 bytes} [Mon Aug 16 21:18:16 2021] GET /placement/allocations/cefe2797-e05e-49bb-bce4-61dd7dfc4287 => generated 259 bytes in 40 msecs (HTTP/1.1 200) 8 headers in 296 bytes (1 switches on core 0)
Aug 16 21:18:16.395264 n-d-791504-20 devstack@placement-api.service[95982]: DEBUG placement.requestlog [req-5ffedea9-2d17-44e9-8d83-b10165fa270e req-d29246f2-f317-4e2b-82ec-e1611aa923b3 None None] Starting request: 10.222.0.98 "GET /placement/allocations/cefe2797-e05e-49bb-bce4-61dd7dfc4287" {{(pid=95982) __call__ /opt/stack/placement/placement/requestlog.py:55}}
Aug 16 21:18:16.417408 n-d-791504-20 devstack@placement-api.service[95982]: INFO placement.requestlog [req-5ffedea9-2d17-44e9-8d83-b10165fa270e req-d29246f2-f317-4e2b-82ec-e1611aa923b3 service placement] 10.222.0.98 "GET /placement/allocations/cefe2797-e05e-49bb-bce4-61dd7dfc4287" status: 200 len: 259 microversion: 1.28
Aug 16 21:18:16.418357 n-d-791504-20 devstack@placement-api.service[95982]: [pid: 95982|app: 0|req: 209/421] 10.222.0.98 () {60 vars in 1382 bytes} [Mon Aug 16 21:18:16 2021] GET /placement/allocations/cefe2797-e05e-49bb-bce4-61dd7dfc4287 => generated 259 bytes in 23 msecs (HTTP/1.1 200) 8 headers in 296 bytes (1 switches on core 0)
Aug 16 21:18:16.427851 n-d-791504-20 devstack@placement-api.service[95981]: DEBUG placement.requestlog [req-5ffedea9-2d17-44e9-8d83-b10165fa270e req-53b5cfe1-8247-49a8-b505-237bb1fa56a6 None None] Starting request: 10.222.0.98 "GET /placement/allocations/2e5687b5-62c9-4413-ad88-e02c5483da00" {{(pid=95981) __call__ /opt/stack/placement/placement/requestlog.py:55}}
Aug 16 21:18:16.445459 n-d-791504-20 devstack@placement-api.service[95981]: INFO placement.requestlog [req-5ffedea9-2d17-44e9-8d83-b10165fa270e req-53b5cfe1-8247-49a8-b505-237bb1fa56a6 service placement] 10.222.0.98 "GET /placement/allocations/2e5687b5-62c9-4413-ad88-e02c5483da00" status: 200 len: 259 microversion: 1.28
Aug 16 21:18:16.445459 n-d-791504-20 devstack@placement-api.service[95981]: [pid: 95981|app: 0|req: 213/422] 10.222.0.98 () {60 vars in 1382 bytes} [Mon Aug 16 21:18:16 2021] GET /placement/allocations/2e5687b5-62c9-4413-ad88-e02c5483da00 => generated 259 bytes in 17 msecs (HTTP/1.1 200) 8 headers in 296 bytes (1 switches on core 0)
Aug 16 21:18:16.460755 n-d-791504-20 devstack@placement-api.service[95982]: DEBUG placement.requestlog [req-5ffedea9-2d17-44e9-8d83-b10165fa270e req-61009faa-3906-4ccb-9c4b-c10bc8c9223e None None] Starting request: 10.222.0.98 "POST /placement/allocations" {{(pid=95982) __call__ /opt/stack/placement/placement/requestlog.py:55}}
Aug 16 21:18:16.768171 n-d-791504-20 devstack@placement-api.service[95982]: DEBUG placement.handlers.allocation [req-5ffedea9-2d17-44e9-8d83-b10165fa270e req-61009faa-3906-4ccb-9c4b-c10bc8c9223e service placement] Successfully wrote allocations [, , , , , ] {{(pid=95982) _create_allocations /opt/stack/placement/placement/handlers/allocation.py:524}}
Aug 16 21:18:16.768983 n-d-791504-20 devstack@placement-api.service[95982]: INFO placement.requestlog [req-5ffedea9-2d17-44e9-8d83-b10165fa270e req-61009faa-3906-4ccb-9c4b-c10bc8c9223e service placement] 10.222.0.98 "POST /placement/allocations" status: 204 len: 0 microversion: 1.28
Aug 16 21:18:16.769355 n-d-791504-20 devstack@placement-api.service[95982]: [pid: 95982|app: 0|req: 210/423] 10.222.0.98 () {64 vars in 1325 bytes} [Mon Aug 16 21:18:16 2021] POST /placement/allocations => generated 0 bytes in 309 msecs (HTTP/1.1 204) 5 headers in 199 bytes (1 switches on core 0)
Aug 16 21:18:17.048647 n-d-791504-20 devstack@placement-api.service[95981]: DEBUG placement.requestlog [req-a14d6d9c-9d2e-4e3e-9e82-84b47775721b req-a5d78f6c-46f6-4785-b5b4-e7889aa9d138 None None] Starting request: 10.222.0.91 "GET /placement/resource_providers/159c7f4a-51dd-4046-88c8-3e3f9514efb6/allocations" {{(pid=95981) __call__ /opt/stack/placement/placement/requestlog.py:55}}
Aug 16 21:18:17.074154 n-d-791504-20 devstack@placement-api.service[95981]: INFO placement.requestlog [req-a14d6d9c-9d2e-4e3e-9e82-84b47775721b req-a5d78f6c-46f6-4785-b5b4-e7889aa9d138 service placement] 10.222.0.91 "GET /placement/resource_providers/159c7f4a-51dd-4046-88c8-3e3f9514efb6/allocations" status: 200 len: 356 microversion: 1.0
Aug 16 21:18:17.074619 n-d-791504-20 devstack@placement-api.service[95981]: [pid: 95981|app: 0|req: 214/424] 10.222.0.91 () {58 vars in 1395 bytes} [Mon Aug 16 21:18:17 2021] GET /placement/resource_providers/159c7f4a-51dd-4046-88c8-3e3f9514efb6/allocations => generated 356 bytes in 26 msecs (HTTP/1.1 200) 6 headers in 224 bytes (1 switches on core 0)
Aug 16 21:18:19.614570 n-d-791504-20 devstack@placement-api.service[95982]: DEBUG placement.requestlog [req-fee49aeb-ff3d-4db5-b5a5-c8a55420e963 req-41212e7d-5842-4b3b-8bc1-ace1813d77da None None] Starting request: 10.222.0.91 "GET /placement/allocations/c9b5ceea-a7db-4c7e-b92e-bcaa1510d612" {{(pid=95982) __call__ /opt/stack/placement/placement/requestlog.py:55}}
Aug 16 21:18:19.639169 n-d-791504-20 devstack@placement-api.service[95982]: INFO placement.requestlog [req-fee49aeb-ff3d-4db5-b5a5-c8a55420e963 req-41212e7d-5842-4b3b-8bc1-ace1813d77da service placement] 10.222.0.91 "GET /placement/allocations/c9b5ceea-a7db-4c7e-b92e-bcaa1510d612" status: 200 len: 259 microversion: 1.28
Aug 16 21:18:19.639666 n-d-791504-20 devstack@placement-api.service[95982]: [pid: 95982|app: 0|req: 211/425] 10.222.0.91 () {60 vars in 1382 bytes} [Mon Aug 16 21:18:19 2021] GET /placement/allocations/c9b5ceea-a7db-4c7e-b92e-bcaa1510d612 => generated 259 bytes in 26 msecs (HTTP/1.1 200) 8 headers in 296 bytes (1 switches on core 0)
Aug 16 21:18:19.652765 n-d-791504-20 devstack@placement-api.service[95981]: DEBUG placement.requestlog [req-fee49aeb-ff3d-4db5-b5a5-c8a55420e963 req-82bb2c56-ee81-4481-9f5e-e393100e21a0 None None] Starting request: 10.222.0.91 "PUT /placement/allocations/c9b5ceea-a7db-4c7e-b92e-bcaa1510d612" {{(pid=95981) __call__ /opt/stack/placement/placement/requestlog.py:55}}
Aug 16 21:18:19.843040 n-d-791504-20 devstack@placement-api.service[95981]: DEBUG placement.handlers.allocation [req-fee49aeb-ff3d-4db5-b5a5-c8a55420e963 req-82bb2c56-ee81-4481-9f5e-e393100e21a0 service placement] Successfully wrote allocations [, , ] {{(pid=95981) _create_allocations /opt/stack/placement/placement/handlers/allocation.py:435}}
Aug 16 21:18:19.843040 n-d-791504-20 devstack@placement-api.service[95981]: INFO placement.requestlog [req-fee49aeb-ff3d-4db5-b5a5-c8a55420e963 req-82bb2c56-ee81-4481-9f5e-e393100e21a0 service placement] 10.222.0.91 "PUT /placement/allocations/c9b5ceea-a7db-4c7e-b92e-bcaa1510d612" status: 204 len: 0 microversion: 1.28
Aug 16 21:18:19.843040 n-d-791504-20 devstack@placement-api.service[95981]: [pid: 95981|app: 0|req: 215/426] 10.222.0.91 () {64 vars in 1435 bytes} [Mon Aug 16 21:18:19 2021] PUT /placement/allocations/c9b5ceea-a7db-4c7e-b92e-bcaa1510d612 => generated 0 bytes in 190 msecs (HTTP/1.1 204) 5 headers in 199 bytes (2 switches on core 0)
Aug 16 21:18:20.948416 n-d-791504-20 devstack@placement-api.service[95982]: DEBUG placement.requestlog [req-30db8c25-084e-4935-99ab-e167ee68684f req-7c9206d8-9840-41e5-a4da-341fa5d71a6c None None] Starting request: 10.222.0.91 "GET /placement/allocations/9532d74a-36ec-45b9-9a4a-d7a524daff44" {{(pid=95982) __call__ /opt/stack/placement/placement/requestlog.py:55}}
Aug 16 21:18:20.975533 n-d-791504-20 devstack@placement-api.service[95982]: INFO placement.requestlog [req-30db8c25-084e-4935-99ab-e167ee68684f req-7c9206d8-9840-41e5-a4da-341fa5d71a6c service placement] 10.222.0.91 "GET /placement/allocations/9532d74a-36ec-45b9-9a4a-d7a524daff44" status: 200 len: 259 microversion: 1.28
Aug 16 21:18:20.976437 n-d-791504-20 devstack@placement-api.service[95982]: [pid: 95982|app: 0|req: 212/427] 10.222.0.91 () {60 vars in 1382 bytes} [Mon Aug 16 21:18:20 2021] GET /placement/allocations/9532d74a-36ec-45b9-9a4a-d7a524daff44 => generated 259 bytes in 28 msecs (HTTP/1.1 200) 8 headers in 296 bytes (1 switches on core 0)
Aug 16 21:18:20.984214 n-d-791504-20 devstack@placement-api.service[95981]: DEBUG placement.requestlog [req-30db8c25-084e-4935-99ab-e167ee68684f req-c63a3452-7130-499d-9056-8ae807a31a47 None None] Starting request: 10.222.0.91 "PUT /placement/allocations/9532d74a-36ec-45b9-9a4a-d7a524daff44" {{(pid=95981) __call__ /opt/stack/placement/placement/requestlog.py:55}}
Aug 16 21:18:21.184969 n-d-791504-20 devstack@placement-api.service[95981]: DEBUG placement.handlers.allocation [req-30db8c25-084e-4935-99ab-e167ee68684f req-c63a3452-7130-499d-9056-8ae807a31a47 service placement] Successfully wrote allocations [, , ] {{(pid=95981) _create_allocations /opt/stack/placement/placement/handlers/allocation.py:435}}
Aug 16 21:18:21.184969 n-d-791504-20 devstack@placement-api.service[95981]: INFO placement.requestlog [req-30db8c25-084e-4935-99ab-e167ee68684f req-c63a3452-7130-499d-9056-8ae807a31a47 service placement] 10.222.0.91 "PUT /placement/allocations/9532d74a-36ec-45b9-9a4a-d7a524daff44" status: 204 len: 0 microversion: 1.28
Aug 16 21:18:21.184969 n-d-791504-20 devstack@placement-api.service[95981]: [pid: 95981|app: 0|req: 216/428] 10.222.0.91 () {64 vars in 1435 bytes} [Mon Aug 16 21:18:20 2021] PUT /placement/allocations/9532d74a-36ec-45b9-9a4a-d7a524daff44 => generated 0 bytes in 198 msecs (HTTP/1.1 204) 5 headers in 199 bytes (1 switches on core 0)
Aug 16 21:18:23.577403 n-d-791504-20 devstack@placement-api.service[95982]: DEBUG placement.requestlog [req-bd66d899-a128-4087-bffb-c70560e4a840 req-e13e753d-7c71-4232-b8d8-8d4da182c718 None None] Starting request: 10.222.0.100 "GET /placement/allocation_candidates?limit=1000&resources=DISK_GB%3A1%2CMEMORY_MB%3A1024%2CVCPU%3A1&root_required=%21COMPUTE_STATUS_DISABLED" {{(pid=95982) __call__ /opt/stack/placement/placement/requestlog.py:55}}
Aug 16 21:18:23.618846 n-d-791504-20 devstack@placement-api.service[95982]: DEBUG placement.objects.research_context [req-bd66d899-a128-4087-bffb-c70560e4a840 req-e13e753d-7c71-4232-b8d8-8d4da182c718 service placement] getting providers with 1 DISK_GB {{(pid=95982) __init__ /opt/stack/placement/placement/objects/research_context.py:126}}
Aug 16 21:18:23.626220 n-d-791504-20 devstack@placement-api.service[95982]: DEBUG placement.objects.research_context [req-bd66d899-a128-4087-bffb-c70560e4a840 req-e13e753d-7c71-4232-b8d8-8d4da182c718 service placement] getting providers with 1024 MEMORY_MB {{(pid=95982) __init__ /opt/stack/placement/placement/objects/research_context.py:126}}
Aug 16 21:18:23.639144 n-d-791504-20 devstack@placement-api.service[95982]: DEBUG placement.objects.research_context [req-bd66d899-a128-4087-bffb-c70560e4a840 req-e13e753d-7c71-4232-b8d8-8d4da182c718 service placement] getting providers with 1 VCPU {{(pid=95982) __init__ /opt/stack/placement/placement/objects/research_context.py:126}}
Aug 16 21:18:23.645738 n-d-791504-20 devstack@placement-api.service[95982]: DEBUG placement.objects.research_context [req-bd66d899-a128-4087-bffb-c70560e4a840 req-e13e753d-7c71-4232-b8d8-8d4da182c718 service placement] found 2 providers with available 1 DISK_GB {{(pid=95982) get_provider_ids_matching /opt/stack/placement/placement/objects/research_context.py:549}}
Aug 16 21:18:23.649447 n-d-791504-20 devstack@placement-api.service[95982]: DEBUG placement.objects.research_context [req-bd66d899-a128-4087-bffb-c70560e4a840 req-e13e753d-7c71-4232-b8d8-8d4da182c718 service placement] found 2 providers with available 1024 MEMORY_MB {{(pid=95982) get_provider_ids_matching /opt/stack/placement/placement/objects/research_context.py:549}}
Aug 16 21:18:23.649447 n-d-791504-20 devstack@placement-api.service[95982]: DEBUG placement.objects.research_context [req-bd66d899-a128-4087-bffb-c70560e4a840 req-e13e753d-7c71-4232-b8d8-8d4da182c718 service placement] found 2 providers after filtering by previous result {{(pid=95982) get_provider_ids_matching /opt/stack/placement/placement/objects/research_context.py:580}}
Aug 16 21:18:23.649447 n-d-791504-20 devstack@placement-api.service[95982]: DEBUG placement.objects.research_context [req-bd66d899-a128-4087-bffb-c70560e4a840 req-e13e753d-7c71-4232-b8d8-8d4da182c718 service placement] found 2 providers with available 1 VCPU {{(pid=95982) get_provider_ids_matching /opt/stack/placement/placement/objects/research_context.py:549}}
Aug 16 21:18:23.649447 n-d-791504-20 devstack@placement-api.service[95982]: DEBUG placement.objects.research_context [req-bd66d899-a128-4087-bffb-c70560e4a840 req-e13e753d-7c71-4232-b8d8-8d4da182c718 service placement] found 2 providers after filtering by previous result {{(pid=95982) get_provider_ids_matching /opt/stack/placement/placement/objects/research_context.py:580}}
Aug 16 21:18:23.663022 n-d-791504-20 devstack@placement-api.service[95982]: DEBUG placement.objects.allocation_candidate [req-bd66d899-a128-4087-bffb-c70560e4a840 req-e13e753d-7c71-4232-b8d8-8d4da182c718 service placement] RequestGroup(use_same_provider=False, resources={DISK_GB:1, MEMORY_MB:1024, VCPU:1}, traits=[], aggregates=[]) (suffix '') returned 2 matches {{(pid=95982) _get_by_requests /opt/stack/placement/placement/objects/allocation_candidate.py:145}}
Aug 16 21:18:23.663609 n-d-791504-20 devstack@placement-api.service[95982]: DEBUG placement.objects.allocation_candidate [req-bd66d899-a128-4087-bffb-c70560e4a840 req-e13e753d-7c71-4232-b8d8-8d4da182c718 service placement] Merging candidates yields 2 allocation requests and 2 provider summaries {{(pid=95982) _merge_candidates /opt/stack/placement/placement/objects/allocation_candidate.py:783}}
Aug 16 21:18:23.666644 n-d-791504-20 devstack@placement-api.service[95982]: INFO placement.requestlog [req-bd66d899-a128-4087-bffb-c70560e4a840 req-e13e753d-7c71-4232-b8d8-8d4da182c718 service placement] 10.222.0.100 "GET /placement/allocation_candidates?limit=1000&resources=DISK_GB%3A1%2CMEMORY_MB%3A1024%2CVCPU%3A1&root_required=%21COMPUTE_STATUS_DISABLED" status: 200 len: 1309 microversion: 1.35
Aug 16 21:18:23.667484 n-d-791504-20 devstack@placement-api.service[95982]: [pid: 95982|app: 0|req: 213/429] 10.222.0.100 () {60 vars in 1512 bytes} [Mon Aug 16 21:18:23 2021] GET /placement/allocation_candidates?limit=1000&resources=DISK_GB%3A1%2CMEMORY_MB%3A1024%2CVCPU%3A1&root_required=%21COMPUTE_STATUS_DISABLED => generated 1309 bytes in 90 msecs (HTTP/1.1 200) 8 headers in 297 bytes (2 switches on core 0)
Aug 16 21:18:23.725659 n-d-791504-20 devstack@placement-api.service[95981]: DEBUG placement.requestlog [req-bd66d899-a128-4087-bffb-c70560e4a840 req-89d15a4c-7515-4cb3-9deb-ad60e9afccf9 None None] Starting request: 10.222.0.100 "GET /placement/allocations/ecf02d5a-33c0-4d7d-9e6d-38047b82a9c5" {{(pid=95981) __call__ /opt/stack/placement/placement/requestlog.py:55}}
Aug 16 21:18:23.742186 n-d-791504-20 devstack@placement-api.service[95981]: INFO placement.requestlog [req-bd66d899-a128-4087-bffb-c70560e4a840 req-89d15a4c-7515-4cb3-9deb-ad60e9afccf9 service placement] 10.222.0.100 "GET /placement/allocations/ecf02d5a-33c0-4d7d-9e6d-38047b82a9c5" status: 200 len: 19 microversion: 1.28
Aug 16 21:18:23.746741 n-d-791504-20 devstack@placement-api.service[95981]: [pid: 95981|app: 0|req: 217/430] 10.222.0.100 () {60 vars in 1386 bytes} [Mon Aug 16 21:18:23 2021] GET /placement/allocations/ecf02d5a-33c0-4d7d-9e6d-38047b82a9c5 => generated 19 bytes in 21 msecs (HTTP/1.1 200) 8 headers in 295 bytes (1 switches on core 0)
Aug 16 21:18:23.749876 n-d-791504-20 devstack@placement-api.service[95982]: DEBUG placement.requestlog [req-bd66d899-a128-4087-bffb-c70560e4a840 req-7f51f889-dad9-4da4-b7b4-da157f22f04e None None] Starting request: 10.222.0.100 "PUT /placement/allocations/ecf02d5a-33c0-4d7d-9e6d-38047b82a9c5" {{(pid=95982) __call__ /opt/stack/placement/placement/requestlog.py:55}}
Aug 16 21:18:24.150443 n-d-791504-20 devstack@placement-api.service[95982]: DEBUG placement.handlers.allocation [req-bd66d899-a128-4087-bffb-c70560e4a840 req-7f51f889-dad9-4da4-b7b4-da157f22f04e service placement] Successfully wrote allocations [, , ] {{(pid=95982) _create_allocations /opt/stack/placement/placement/handlers/allocation.py:435}}
Aug 16 21:18:24.151122 n-d-791504-20 devstack@placement-api.service[95982]: INFO placement.requestlog [req-bd66d899-a128-4087-bffb-c70560e4a840 req-7f51f889-dad9-4da4-b7b4-da157f22f04e service placement] 10.222.0.100 "PUT /placement/allocations/ecf02d5a-33c0-4d7d-9e6d-38047b82a9c5" status: 204 len: 0 microversion: 1.35
Aug 16 21:18:24.151704 n-d-791504-20 devstack@placement-api.service[95982]: [pid: 95982|app: 0|req: 214/431] 10.222.0.100 () {64 vars in 1439 bytes} [Mon Aug 16 21:18:23 2021] PUT /placement/allocations/ecf02d5a-33c0-4d7d-9e6d-38047b82a9c5 => generated 0 bytes in 402 msecs (HTTP/1.1 204) 5 headers in 199 bytes (2 switches on core 0)
Aug 16 21:18:25.976425 n-d-791504-20 devstack@placement-api.service[95981]: DEBUG placement.requestlog [req-bd66d899-a128-4087-bffb-c70560e4a840 req-6a533e6e-b2b6-40b7-b5ab-14b6849eaf6e None None] Starting request: 10.222.0.91 "GET /placement/allocations/ecf02d5a-33c0-4d7d-9e6d-38047b82a9c5" {{(pid=95981) __call__ /opt/stack/placement/placement/requestlog.py:55}}
Aug 16 21:18:26.001549 n-d-791504-20 devstack@placement-api.service[95981]: INFO placement.requestlog [req-bd66d899-a128-4087-bffb-c70560e4a840 req-6a533e6e-b2b6-40b7-b5ab-14b6849eaf6e service placement] 10.222.0.91 "GET /placement/allocations/ecf02d5a-33c0-4d7d-9e6d-38047b82a9c5" status: 200 len: 259 microversion: 1.28
Aug 16 21:18:26.001549 n-d-791504-20 devstack@placement-api.service[95981]: [pid: 95981|app: 0|req: 218/432] 10.222.0.91 () {60 vars in 1382 bytes} [Mon Aug 16 21:18:25 2021] GET /placement/allocations/ecf02d5a-33c0-4d7d-9e6d-38047b82a9c5 => generated 259 bytes in 25 msecs (HTTP/1.1 200) 8 headers in 296 bytes (1 switches on core 0)
Aug 16 21:18:34.993926 n-d-791504-20 devstack@placement-api.service[95982]: DEBUG placement.requestlog [req-f24ee67f-fe69-4cb9-b56d-5339a1b51407 req-ce22744f-e396-4611-a8e2-0e7280aec8fd None None] Starting request: 10.222.0.100 "GET /placement/allocation_candidates?limit=1000&resources=DISK_GB%3A1%2CMEMORY_MB%3A1024%2CVCPU%3A1&root_required=%21COMPUTE_STATUS_DISABLED" {{(pid=95982) __call__ /opt/stack/placement/placement/requestlog.py:55}}
Aug 16 21:18:35.038086 n-d-791504-20 devstack@placement-api.service[95981]: DEBUG placement.requestlog [req-5e6fe7f4-26bf-4ce1-bb77-be9c890b2f90 req-a94be1c9-59c5-459d-99b9-e9735286aec0 None None] Starting request: 10.222.0.98 "GET /placement/allocations/2e5687b5-62c9-4413-ad88-e02c5483da00" {{(pid=95981) __call__ /opt/stack/placement/placement/requestlog.py:55}}
Aug 16 21:18:35.082739 n-d-791504-20 devstack@placement-api.service[95982]: DEBUG placement.objects.research_context [req-f24ee67f-fe69-4cb9-b56d-5339a1b51407 req-ce22744f-e396-4611-a8e2-0e7280aec8fd service placement] getting providers with 1 DISK_GB {{(pid=95982) __init__ /opt/stack/placement/placement/objects/research_context.py:126}}
Aug 16 21:18:35.089556 n-d-791504-20 devstack@placement-api.service[95981]: INFO placement.requestlog [req-5e6fe7f4-26bf-4ce1-bb77-be9c890b2f90 req-a94be1c9-59c5-459d-99b9-e9735286aec0 service placement] 10.222.0.98 "GET /placement/allocations/2e5687b5-62c9-4413-ad88-e02c5483da00" status: 200 len: 259 microversion: 1.28
Aug 16 21:18:35.091893 n-d-791504-20 devstack@placement-api.service[95981]: [pid: 95981|app: 0|req: 219/433] 10.222.0.98 () {60 vars in 1382 bytes} [Mon Aug 16 21:18:35 2021] GET /placement/allocations/2e5687b5-62c9-4413-ad88-e02c5483da00 => generated 259 bytes in 53 msecs (HTTP/1.1 200) 8 headers in 296 bytes (1 switches on core 0)
Aug 16 21:18:35.097454 n-d-791504-20 devstack@placement-api.service[95982]: DEBUG placement.objects.research_context [req-f24ee67f-fe69-4cb9-b56d-5339a1b51407 req-ce22744f-e396-4611-a8e2-0e7280aec8fd service placement] getting providers with 1024 MEMORY_MB {{(pid=95982) __init__ /opt/stack/placement/placement/objects/research_context.py:126}}
Aug 16 21:18:35.112651 n-d-791504-20 devstack@placement-api.service[95981]: DEBUG placement.requestlog [req-5e6fe7f4-26bf-4ce1-bb77-be9c890b2f90 req-2dfefd07-3c38-47d7-874e-4b3f148ac1f7 None None] Starting request: 10.222.0.98 "PUT /placement/allocations/2e5687b5-62c9-4413-ad88-e02c5483da00" {{(pid=95981) __call__ /opt/stack/placement/placement/requestlog.py:55}}
Aug 16 21:18:35.115116 n-d-791504-20 devstack@placement-api.service[95982]: DEBUG placement.objects.research_context [req-f24ee67f-fe69-4cb9-b56d-5339a1b51407 req-ce22744f-e396-4611-a8e2-0e7280aec8fd service placement] getting providers with 1 VCPU {{(pid=95982) __init__ /opt/stack/placement/placement/objects/research_context.py:126}}
Aug 16 21:18:35.125713 n-d-791504-20 devstack@placement-api.service[95982]: DEBUG placement.objects.research_context [req-f24ee67f-fe69-4cb9-b56d-5339a1b51407 req-ce22744f-e396-4611-a8e2-0e7280aec8fd service placement] found 2 providers with available 1 DISK_GB {{(pid=95982) get_provider_ids_matching /opt/stack/placement/placement/objects/research_context.py:549}}
Aug 16 21:18:35.125713 n-d-791504-20 devstack@placement-api.service[95982]: DEBUG placement.objects.research_context [req-f24ee67f-fe69-4cb9-b56d-5339a1b51407 req-ce22744f-e396-4611-a8e2-0e7280aec8fd service placement] found 2 providers with available 1024 MEMORY_MB {{(pid=95982) get_provider_ids_matching /opt/stack/placement/placement/objects/research_context.py:549}}
Aug 16 21:18:35.125713 n-d-791504-20 devstack@placement-api.service[95982]: DEBUG placement.objects.research_context [req-f24ee67f-fe69-4cb9-b56d-5339a1b51407 req-ce22744f-e396-4611-a8e2-0e7280aec8fd service placement] found 2 providers after filtering by previous result {{(pid=95982) get_provider_ids_matching /opt/stack/placement/placement/objects/research_context.py:580}}
Aug 16 21:18:35.125713 n-d-791504-20 devstack@placement-api.service[95982]: DEBUG placement.objects.research_context [req-f24ee67f-fe69-4cb9-b56d-5339a1b51407 req-ce22744f-e396-4611-a8e2-0e7280aec8fd service placement] found 2 providers with available 1 VCPU {{(pid=95982) get_provider_ids_matching /opt/stack/placement/placement/objects/research_context.py:549}}
Aug 16 21:18:35.125713 n-d-791504-20 devstack@placement-api.service[95982]: DEBUG placement.objects.research_context [req-f24ee67f-fe69-4cb9-b56d-5339a1b51407 req-ce22744f-e396-4611-a8e2-0e7280aec8fd service placement] found 2 providers after filtering by previous result {{(pid=95982) get_provider_ids_matching /opt/stack/placement/placement/objects/research_context.py:580}}
Aug 16 21:18:35.148862 n-d-791504-20 devstack@placement-api.service[95982]: DEBUG placement.objects.allocation_candidate [req-f24ee67f-fe69-4cb9-b56d-5339a1b51407 req-ce22744f-e396-4611-a8e2-0e7280aec8fd service placement] RequestGroup(use_same_provider=False, resources={DISK_GB:1, MEMORY_MB:1024, VCPU:1}, traits=[], aggregates=[]) (suffix '') returned 2 matches {{(pid=95982) _get_by_requests /opt/stack/placement/placement/objects/allocation_candidate.py:145}}
Aug 16 21:18:35.149760 n-d-791504-20 devstack@placement-api.service[95982]: DEBUG placement.objects.allocation_candidate [req-f24ee67f-fe69-4cb9-b56d-5339a1b51407 req-ce22744f-e396-4611-a8e2-0e7280aec8fd service placement] Merging candidates yields 2 allocation requests and 2 provider summaries {{(pid=95982) _merge_candidates /opt/stack/placement/placement/objects/allocation_candidate.py:783}}
Aug 16 21:18:35.152684 n-d-791504-20 devstack@placement-api.service[95982]: INFO placement.requestlog [req-f24ee67f-fe69-4cb9-b56d-5339a1b51407 req-ce22744f-e396-4611-a8e2-0e7280aec8fd service placement] 10.222.0.100 "GET /placement/allocation_candidates?limit=1000&resources=DISK_GB%3A1%2CMEMORY_MB%3A1024%2CVCPU%3A1&root_required=%21COMPUTE_STATUS_DISABLED" status: 200 len: 1309 microversion: 1.35
Aug 16 21:18:35.154138 n-d-791504-20 devstack@placement-api.service[95982]: [pid: 95982|app: 0|req: 215/434] 10.222.0.100 () {60 vars in 1512 bytes} [Mon Aug 16 21:18:34 2021] GET /placement/allocation_candidates?limit=1000&resources=DISK_GB%3A1%2CMEMORY_MB%3A1024%2CVCPU%3A1&root_required=%21COMPUTE_STATUS_DISABLED => generated 1309 bytes in 160 msecs (HTTP/1.1 200) 8 headers in 297 bytes (1 switches on core 0)
Aug 16 21:18:35.312219 n-d-791504-20 devstack@placement-api.service[95982]: DEBUG placement.requestlog [req-f24ee67f-fe69-4cb9-b56d-5339a1b51407 req-410ef464-9505-43de-b3e2-3414f25b70e7 None None] Starting request: 10.222.0.100 "GET /placement/allocations/aa591a53-acde-4d08-97d1-1e5835235713" {{(pid=95982) __call__ /opt/stack/placement/placement/requestlog.py:55}}
Aug 16 21:18:35.327159 n-d-791504-20 devstack@placement-api.service[95982]: INFO placement.requestlog [req-f24ee67f-fe69-4cb9-b56d-5339a1b51407 req-410ef464-9505-43de-b3e2-3414f25b70e7 service placement] 10.222.0.100 "GET /placement/allocations/aa591a53-acde-4d08-97d1-1e5835235713" status: 200 len: 19 microversion: 1.28
Aug 16 21:18:35.327888 n-d-791504-20 devstack@placement-api.service[95982]: [pid: 95982|app: 0|req: 216/435] 10.222.0.100 () {60 vars in 1386 bytes} [Mon Aug 16 21:18:35 2021] GET /placement/allocations/aa591a53-acde-4d08-97d1-1e5835235713 => generated 19 bytes in 16 msecs (HTTP/1.1 200) 8 headers in 295 bytes (2 switches on core 0)
Aug 16 21:18:35.339063 n-d-791504-20 devstack@placement-api.service[95981]: DEBUG placement.handlers.allocation [req-5e6fe7f4-26bf-4ce1-bb77-be9c890b2f90 req-2dfefd07-3c38-47d7-874e-4b3f148ac1f7 service placement] Successfully wrote allocations [, , ] {{(pid=95981) _create_allocations /opt/stack/placement/placement/handlers/allocation.py:435}}
Aug 16 21:18:35.339563 n-d-791504-20 devstack@placement-api.service[95981]: INFO placement.requestlog [req-5e6fe7f4-26bf-4ce1-bb77-be9c890b2f90 req-2dfefd07-3c38-47d7-874e-4b3f148ac1f7 service placement] 10.222.0.98 "PUT /placement/allocations/2e5687b5-62c9-4413-ad88-e02c5483da00" status: 204 len: 0 microversion: 1.28
Aug 16 21:18:35.340238 n-d-791504-20 devstack@placement-api.service[95981]: [pid: 95981|app: 0|req: 220/436] 10.222.0.98 () {64 vars in 1435 bytes} [Mon Aug 16 21:18:35 2021] PUT /placement/allocations/2e5687b5-62c9-4413-ad88-e02c5483da00 => generated 0 bytes in 228 msecs (HTTP/1.1 204) 5 headers in 199 bytes (2 switches on core 0)
Aug 16 21:18:35.343404 n-d-791504-20 devstack@placement-api.service[95982]: DEBUG placement.requestlog [req-f24ee67f-fe69-4cb9-b56d-5339a1b51407 req-9274c658-09c7-4886-a4f1-0b7d3710ecdb None None] Starting request: 10.222.0.100 "PUT /placement/allocations/aa591a53-acde-4d08-97d1-1e5835235713" {{(pid=95982) __call__ /opt/stack/placement/placement/requestlog.py:55}}
Aug 16 21:18:36.019118 n-d-791504-20 devstack@placement-api.service[95982]: DEBUG placement.handlers.allocation [req-f24ee67f-fe69-4cb9-b56d-5339a1b51407 req-9274c658-09c7-4886-a4f1-0b7d3710ecdb service placement] Successfully wrote allocations [, , ] {{(pid=95982) _create_allocations /opt/stack/placement/placement/handlers/allocation.py:435}}
Aug 16 21:18:36.020507 n-d-791504-20 devstack@placement-api.service[95982]: INFO placement.requestlog [req-f24ee67f-fe69-4cb9-b56d-5339a1b51407 req-9274c658-09c7-4886-a4f1-0b7d3710ecdb service placement] 10.222.0.100 "PUT /placement/allocations/aa591a53-acde-4d08-97d1-1e5835235713" status: 204 len: 0 microversion: 1.35
Aug 16 21:18:36.021352 n-d-791504-20 devstack@placement-api.service[95982]: [pid: 95982|app: 0|req: 217/437] 10.222.0.100 () {64 vars in 1439 bytes} [Mon Aug 16 21:18:35 2021] PUT /placement/allocations/aa591a53-acde-4d08-97d1-1e5835235713 => generated 0 bytes in 678 msecs (HTTP/1.1 204) 5 headers in 199 bytes (1 switches on core 0)
Aug 16 21:18:36.044110 n-d-791504-20 devstack@placement-api.service[95981]: DEBUG placement.requestlog [req-f24ee67f-fe69-4cb9-b56d-5339a1b51407 req-192c90a0-0220-4454-856c-1785bc51efbf None None] Starting request: 10.222.0.100 "GET /placement/allocations/de54ff52-6428-4742-b0a9-90a232e50df4" {{(pid=95981) __call__ /opt/stack/placement/placement/requestlog.py:55}}
Aug 16 21:18:36.076206 n-d-791504-20 devstack@placement-api.service[95981]: INFO placement.requestlog [req-f24ee67f-fe69-4cb9-b56d-5339a1b51407 req-192c90a0-0220-4454-856c-1785bc51efbf service placement] 10.222.0.100 "GET /placement/allocations/de54ff52-6428-4742-b0a9-90a232e50df4" status: 200 len: 19 microversion: 1.28
Aug 16 21:18:36.077060 n-d-791504-20 devstack@placement-api.service[95981]: [pid: 95981|app: 0|req: 221/438] 10.222.0.100 () {60 vars in 1386 bytes} [Mon Aug 16 21:18:36 2021] GET /placement/allocations/de54ff52-6428-4742-b0a9-90a232e50df4 => generated 19 bytes in 33 msecs (HTTP/1.1 200) 8 headers in 295 bytes (1 switches on core 0)
Aug 16 21:18:36.086563 n-d-791504-20 devstack@placement-api.service[95982]: DEBUG placement.requestlog [req-f24ee67f-fe69-4cb9-b56d-5339a1b51407 req-ff49e5a9-43aa-441d-8b8d-5b1caae91ab5 None None] Starting request: 10.222.0.100 "PUT /placement/allocations/de54ff52-6428-4742-b0a9-90a232e50df4" {{(pid=95982) __call__ /opt/stack/placement/placement/requestlog.py:55}}
Aug 16 21:18:36.505222 n-d-791504-20 devstack@placement-api.service[95982]: DEBUG placement.handlers.allocation [req-f24ee67f-fe69-4cb9-b56d-5339a1b51407 req-ff49e5a9-43aa-441d-8b8d-5b1caae91ab5 service placement] Successfully wrote allocations [, , ] {{(pid=95982) _create_allocations /opt/stack/placement/placement/handlers/allocation.py:435}}
Aug 16 21:18:36.505931 n-d-791504-20 devstack@placement-api.service[95982]: INFO placement.requestlog [req-f24ee67f-fe69-4cb9-b56d-5339a1b51407 req-ff49e5a9-43aa-441d-8b8d-5b1caae91ab5 service placement] 10.222.0.100 "PUT /placement/allocations/de54ff52-6428-4742-b0a9-90a232e50df4" status: 204 len: 0 microversion: 1.35
Aug 16 21:18:36.506212 n-d-791504-20 devstack@placement-api.service[95982]: [pid: 95982|app: 0|req: 218/439] 10.222.0.100 () {64 vars in 1439 bytes} [Mon Aug 16 21:18:36 2021] PUT /placement/allocations/de54ff52-6428-4742-b0a9-90a232e50df4 => generated 0 bytes in 420 msecs (HTTP/1.1 204) 5 headers in 199 bytes (1 switches on core 0)
Aug 16 21:18:37.056142 n-d-791504-20 devstack@placement-api.service[95981]: DEBUG placement.requestlog [req-02d0cec5-0846-43ce-b47b-662ac96aa429 req-0b555d3b-10a2-4f7b-897f-93733d3fa8fc None None] Starting request: 10.222.0.100 "GET /placement/allocation_candidates?limit=1000&resources=DISK_GB%3A1%2CMEMORY_MB%3A1024%2CVCPU%3A1&root_required=%21COMPUTE_STATUS_DISABLED" {{(pid=95981) __call__ /opt/stack/placement/placement/requestlog.py:55}}
Aug 16 21:18:37.121058 n-d-791504-20 devstack@placement-api.service[95981]: DEBUG placement.objects.research_context [req-02d0cec5-0846-43ce-b47b-662ac96aa429 req-0b555d3b-10a2-4f7b-897f-93733d3fa8fc service placement] getting providers with 1 DISK_GB {{(pid=95981) __init__ /opt/stack/placement/placement/objects/research_context.py:126}}
Aug 16 21:18:37.141065 n-d-791504-20 devstack@placement-api.service[95981]: DEBUG placement.objects.research_context [req-02d0cec5-0846-43ce-b47b-662ac96aa429 req-0b555d3b-10a2-4f7b-897f-93733d3fa8fc service placement] getting providers with 1024 MEMORY_MB {{(pid=95981) __init__ /opt/stack/placement/placement/objects/research_context.py:126}}
Aug 16 21:18:37.151229 n-d-791504-20 devstack@placement-api.service[95981]: DEBUG placement.objects.research_context [req-02d0cec5-0846-43ce-b47b-662ac96aa429 req-0b555d3b-10a2-4f7b-897f-93733d3fa8fc service placement] getting providers with 1 VCPU {{(pid=95981) __init__ /opt/stack/placement/placement/objects/research_context.py:126}}
Aug 16 21:18:37.159735 n-d-791504-20 devstack@placement-api.service[95981]: DEBUG placement.objects.research_context [req-02d0cec5-0846-43ce-b47b-662ac96aa429 req-0b555d3b-10a2-4f7b-897f-93733d3fa8fc service placement] found 2 providers with available 1 DISK_GB {{(pid=95981) get_provider_ids_matching /opt/stack/placement/placement/objects/research_context.py:549}}
Aug 16 21:18:37.160264 n-d-791504-20 devstack@placement-api.service[95981]: DEBUG placement.objects.research_context [req-02d0cec5-0846-43ce-b47b-662ac96aa429 req-0b555d3b-10a2-4f7b-897f-93733d3fa8fc service placement] found 2 providers with available 1024 MEMORY_MB {{(pid=95981) get_provider_ids_matching /opt/stack/placement/placement/objects/research_context.py:549}}
Aug 16 21:18:37.162521 n-d-791504-20 devstack@placement-api.service[95981]: DEBUG placement.objects.research_context [req-02d0cec5-0846-43ce-b47b-662ac96aa429 req-0b555d3b-10a2-4f7b-897f-93733d3fa8fc service placement] found 2 providers after filtering by previous result {{(pid=95981) get_provider_ids_matching /opt/stack/placement/placement/objects/research_context.py:580}}
Aug 16 21:18:37.163020 n-d-791504-20 devstack@placement-api.service[95981]: DEBUG placement.objects.research_context [req-02d0cec5-0846-43ce-b47b-662ac96aa429 req-0b555d3b-10a2-4f7b-897f-93733d3fa8fc service placement] found 2 providers with available 1 VCPU {{(pid=95981) get_provider_ids_matching /opt/stack/placement/placement/objects/research_context.py:549}}
Aug 16 21:18:37.163461 n-d-791504-20 devstack@placement-api.service[95981]: DEBUG placement.objects.research_context [req-02d0cec5-0846-43ce-b47b-662ac96aa429 req-0b555d3b-10a2-4f7b-897f-93733d3fa8fc service placement] found 2 providers after filtering by previous result {{(pid=95981) get_provider_ids_matching /opt/stack/placement/placement/objects/research_context.py:580}}
Aug 16 21:18:37.196746 n-d-791504-20 devstack@placement-api.service[95981]: DEBUG placement.objects.allocation_candidate [req-02d0cec5-0846-43ce-b47b-662ac96aa429 req-0b555d3b-10a2-4f7b-897f-93733d3fa8fc service placement] RequestGroup(use_same_provider=False, resources={DISK_GB:1, MEMORY_MB:1024, VCPU:1}, traits=[], aggregates=[]) (suffix '') returned 2 matches {{(pid=95981) _get_by_requests /opt/stack/placement/placement/objects/allocation_candidate.py:145}}
Aug 16 21:18:37.197322 n-d-791504-20 devstack@placement-api.service[95981]: DEBUG placement.objects.allocation_candidate [req-02d0cec5-0846-43ce-b47b-662ac96aa429 req-0b555d3b-10a2-4f7b-897f-93733d3fa8fc service placement] Merging candidates yields 2 allocation requests and 2 provider summaries {{(pid=95981) _merge_candidates /opt/stack/placement/placement/objects/allocation_candidate.py:783}}
Aug 16 21:18:37.200606 n-d-791504-20 devstack@placement-api.service[95981]: INFO placement.requestlog [req-02d0cec5-0846-43ce-b47b-662ac96aa429 req-0b555d3b-10a2-4f7b-897f-93733d3fa8fc service placement] 10.222.0.100 "GET /placement/allocation_candidates?limit=1000&resources=DISK_GB%3A1%2CMEMORY_MB%3A1024%2CVCPU%3A1&root_required=%21COMPUTE_STATUS_DISABLED" status: 200 len: 1309 microversion: 1.35
Aug 16 21:18:37.201346 n-d-791504-20 devstack@placement-api.service[95981]: [pid: 95981|app: 0|req: 222/440] 10.222.0.100 () {60 vars in 1512 bytes} [Mon Aug 16 21:18:37 2021] GET /placement/allocation_candidates?limit=1000&resources=DISK_GB%3A1%2CMEMORY_MB%3A1024%2CVCPU%3A1&root_required=%21COMPUTE_STATUS_DISABLED => generated 1309 bytes in 145 msecs (HTTP/1.1 200) 8 headers in 297 bytes (1 switches on core 0)
Aug 16 21:18:37.315192 n-d-791504-20 devstack@placement-api.service[95982]: DEBUG placement.requestlog [req-02d0cec5-0846-43ce-b47b-662ac96aa429 req-a99428c0-18c8-4049-993a-5ef2cf1ac05d None None] Starting request: 10.222.0.100 "GET /placement/allocations/e1fa0204-51c4-4961-97a3-7282f2973c55" {{(pid=95982) __call__ /opt/stack/placement/placement/requestlog.py:55}}
Aug 16 21:18:37.340891 n-d-791504-20 devstack@placement-api.service[95982]: INFO placement.requestlog [req-02d0cec5-0846-43ce-b47b-662ac96aa429 req-a99428c0-18c8-4049-993a-5ef2cf1ac05d service placement] 10.222.0.100 "GET /placement/allocations/e1fa0204-51c4-4961-97a3-7282f2973c55" status: 200 len: 19 microversion: 1.28
Aug 16 21:18:37.356837 n-d-791504-20 devstack@placement-api.service[95982]: [pid: 95982|app: 0|req: 219/441] 10.222.0.100 () {60 vars in 1386 bytes} [Mon Aug 16 21:18:37 2021] GET /placement/allocations/e1fa0204-51c4-4961-97a3-7282f2973c55 => generated 19 bytes in 42 msecs (HTTP/1.1 200) 8 headers in 295 bytes (1 switches on core 0)
Aug 16 21:18:37.357335 n-d-791504-20 devstack@placement-api.service[95981]: DEBUG placement.requestlog [req-02d0cec5-0846-43ce-b47b-662ac96aa429 req-c59c013d-ae46-4886-b93d-7882b195e704 None None] Starting request: 10.222.0.100 "PUT /placement/allocations/e1fa0204-51c4-4961-97a3-7282f2973c55" {{(pid=95981) __call__ /opt/stack/placement/placement/requestlog.py:55}}
Aug 16 21:18:38.001600 n-d-791504-20 devstack@placement-api.service[95981]: DEBUG placement.handlers.allocation [req-02d0cec5-0846-43ce-b47b-662ac96aa429 req-c59c013d-ae46-4886-b93d-7882b195e704 service placement] Successfully wrote allocations [, , ] {{(pid=95981) _create_allocations /opt/stack/placement/placement/handlers/allocation.py:435}}
Aug 16 21:18:38.002320 n-d-791504-20 devstack@placement-api.service[95981]: INFO placement.requestlog [req-02d0cec5-0846-43ce-b47b-662ac96aa429 req-c59c013d-ae46-4886-b93d-7882b195e704 service placement] 10.222.0.100 "PUT /placement/allocations/e1fa0204-51c4-4961-97a3-7282f2973c55" status: 204 len: 0 microversion: 1.35
