Aug 16 21:12:56.892221 n-d-791504-20 devstack@n-api.service[110538]: DEBUG nova.api.openstack.wsgi [None req-672cbaf5-b986-4367-97ca-48801abb1ae1 tempest-AggregatesAdminNegativeTestJSON-1010647183 tempest-AggregatesAdminNegativeTestJSON-1010647183-project-admin] Calling method '>' {{(pid=110538) _process_stack /opt/stack/nova/nova/api/openstack/wsgi.py:513}}
Aug 16 21:12:56.893689 n-d-791504-20 devstack@n-api.service[110538]: /usr/local/lib/python3.8/dist-packages/oslo_policy/policy.py:1064: UserWarning: Policy os_compute_api:os-aggregates:delete failed scope check. The token used to make the request was project scoped but the policy requires ['system'] scope. This behavior may change in the future where using the intended scope is required
Aug 16 21:12:56.893689 n-d-791504-20 devstack@n-api.service[110538]: warnings.warn(msg)
Aug 16 21:12:57.013558 n-d-791504-20 devstack@n-api.service[110539]: DEBUG nova.api.openstack.wsgi [None req-6f72abdf-f97c-40f3-8c75-85f8c3d85b71 tempest-ServersTestManualDisk-245103894 tempest-ServersTestManualDisk-245103894-project] Action: 'create', calling method: .version_select at 0x7f9d14f97dc0>, body: {"keypair": {"name": "tempest-keypair-424209087"}} {{(pid=110539) _process_stack /opt/stack/nova/nova/api/openstack/wsgi.py:511}}
Aug 16 21:12:57.065885 n-d-791504-20 devstack@n-api.service[110539]: DEBUG nova.quota [None req-6f72abdf-f97c-40f3-8c75-85f8c3d85b71 tempest-ServersTestManualDisk-245103894 tempest-ServersTestManualDisk-245103894-project] Getting quotas for project 81cf95c5b2dc43b1b7b446060162a67b. Resources: {'key_pairs'} {{(pid=110539) _get_quotas /opt/stack/nova/nova/quota.py:384}}
Aug 16 21:12:57.074231 n-d-791504-20 devstack@n-api.service[110539]: DEBUG nova.quota [None req-6f72abdf-f97c-40f3-8c75-85f8c3d85b71 tempest-ServersTestManualDisk-245103894 tempest-ServersTestManualDisk-245103894-project] Getting quotas for user 720b49d46d5c40bd8cc6ae5775ede934 and project 81cf95c5b2dc43b1b7b446060162a67b. Resources: {'key_pairs'} {{(pid=110539) _get_quotas /opt/stack/nova/nova/quota.py:374}}
Aug 16 21:12:57.086679 n-d-791504-20 devstack@n-api.service[110538]: INFO nova.api.openstack.requestlog [None req-672cbaf5-b986-4367-97ca-48801abb1ae1 tempest-AggregatesAdminNegativeTestJSON-1010647183 tempest-AggregatesAdminNegativeTestJSON-1010647183-project-admin] 10.222.0.100 "DELETE /compute/v2.1/os-aggregates/17" status: 200 len: 0 microversion: 2.1 time: 0.198158
Aug 16 21:12:57.087940 n-d-791504-20 devstack@n-api.service[110538]: [pid: 110538|app: 0|req: 172/358] 10.222.0.100 () {58 vars in 1160 bytes} [Mon Aug 16 21:12:56 2021] DELETE /compute/v2.1/os-aggregates/17 => generated 0 bytes in 201 msecs (HTTP/1.1 200) 9 headers in 355 bytes (1 switches on core 0)
Aug 16 21:12:57.096316 n-d-791504-20 devstack@n-api.service[110538]: DEBUG nova.api.openstack.wsgi [None req-105feffc-d668-4b0a-91ee-23a2198413af tempest-FlavorsAdminTestJSON-1354499545 tempest-FlavorsAdminTestJSON-1354499545-project-admin] Calling method '>' {{(pid=110538) _process_stack /opt/stack/nova/nova/api/openstack/wsgi.py:513}}
Aug 16 21:12:57.126242 n-d-791504-20 devstack@n-api.service[110538]: INFO nova.api.openstack.requestlog [None req-105feffc-d668-4b0a-91ee-23a2198413af tempest-FlavorsAdminTestJSON-1354499545 tempest-FlavorsAdminTestJSON-1354499545-project-admin] 10.222.0.100 "GET /compute/v2.1/flavors/detail?is_public=0" status: 200 len: 420 microversion: 2.1 time: 0.036694
Aug 16 21:12:57.128409 n-d-791504-20 devstack@n-api.service[110538]: [pid: 110538|app: 0|req: 173/359] 10.222.0.100 () {58 vars in 1174 bytes} [Mon Aug 16 21:12:57 2021] GET /compute/v2.1/flavors/detail?is_public=0 => generated 420 bytes in 40 msecs (HTTP/1.1 200) 9 headers in 357 bytes (1 switches on core 0)
Aug 16 21:12:57.143463 n-d-791504-20 devstack@n-api.service[110538]: DEBUG nova.api.openstack.wsgi [None req-2cbb2818-7739-432a-be43-9ee481f3fe00 tempest-MigrationsAdminTest-1846143598 tempest-MigrationsAdminTest-1846143598-project] Calling method '>' {{(pid=110538) _process_stack /opt/stack/nova/nova/api/openstack/wsgi.py:513}}
Aug 16 21:12:57.145192 n-d-791504-20 devstack@n-api.service[110538]: DEBUG nova.compute.api [None req-2cbb2818-7739-432a-be43-9ee481f3fe00 tempest-MigrationsAdminTest-1846143598 tempest-MigrationsAdminTest-1846143598-project] [instance: ab1a04fa-9baf-4073-8788-ea05ec8ecf30] Fetching instance by UUID {{(pid=110538) get /opt/stack/nova/nova/compute/api.py:2791}}
Aug 16 21:12:57.156986 n-d-791504-20 devstack@n-api.service[110538]: DEBUG oslo_concurrency.lockutils [None req-2cbb2818-7739-432a-be43-9ee481f3fe00 tempest-MigrationsAdminTest-1846143598 tempest-MigrationsAdminTest-1846143598-project] Lock "1a1e6995-39cd-4131-aabd-ee0838a1b26a" acquired by "nova.context.set_target_cell..get_or_set_cached_cell_and_set_connections" :: waited 0.000s {{(pid=110538) inner /usr/local/lib/python3.8/dist-packages/oslo_concurrency/lockutils.py:355}}
Aug 16 21:12:57.157737 n-d-791504-20 devstack@n-api.service[110538]: DEBUG oslo_concurrency.lockutils [None req-2cbb2818-7739-432a-be43-9ee481f3fe00 tempest-MigrationsAdminTest-1846143598 tempest-MigrationsAdminTest-1846143598-project] Lock "1a1e6995-39cd-4131-aabd-ee0838a1b26a" released by "nova.context.set_target_cell..get_or_set_cached_cell_and_set_connections" :: held 0.001s {{(pid=110538) inner /usr/local/lib/python3.8/dist-packages/oslo_concurrency/lockutils.py:367}}
Aug 16 21:12:57.158914 n-d-791504-20 devstack@n-api.service[110538]: DEBUG oslo_concurrency.lockutils [None req-2cbb2818-7739-432a-be43-9ee481f3fe00 tempest-MigrationsAdminTest-1846143598 tempest-MigrationsAdminTest-1846143598-project] Lock "1a1e6995-39cd-4131-aabd-ee0838a1b26a" acquired by "nova.context.set_target_cell..get_or_set_cached_cell_and_set_connections" :: waited 0.000s {{(pid=110538) inner /usr/local/lib/python3.8/dist-packages/oslo_concurrency/lockutils.py:355}}
Aug 16 21:12:57.159687 n-d-791504-20 devstack@n-api.service[110538]: DEBUG oslo_concurrency.lockutils [None req-2cbb2818-7739-432a-be43-9ee481f3fe00 tempest-MigrationsAdminTest-1846143598 tempest-MigrationsAdminTest-1846143598-project] Lock "1a1e6995-39cd-4131-aabd-ee0838a1b26a" released by "nova.context.set_target_cell..get_or_set_cached_cell_and_set_connections" :: held 0.001s {{(pid=110538) inner /usr/local/lib/python3.8/dist-packages/oslo_concurrency/lockutils.py:367}}
Aug 16 21:12:57.438293 n-d-791504-20 devstack@n-api.service[110538]: DEBUG nova.policy [None req-2cbb2818-7739-432a-be43-9ee481f3fe00 tempest-MigrationsAdminTest-1846143598 tempest-MigrationsAdminTest-1846143598-project] Policy check for os_compute_api:os-extended-server-attributes failed with credentials {'is_admin': False, 'user_id': 'ccae3db512a441179a1afbc32adf5aa3', 'user_domain_id': 'default', 'system_scope': None, 'domain_id': None, 'project_id': '455e581322f44431bc2ec6be45c17e4a', 'project_domain_id': 'default', 'roles': ['reader', 'member'], 'is_admin_project': True, 'service_user_id': None, 'service_user_domain_id': None, 'service_project_id': None, 'service_project_domain_id': None, 'service_roles': []} {{(pid=110538) authorize /opt/stack/nova/nova/policy.py:199}}
Aug 16 21:12:57.447151 n-d-791504-20 devstack@n-api.service[110538]: INFO nova.api.openstack.requestlog [None req-2cbb2818-7739-432a-be43-9ee481f3fe00 tempest-MigrationsAdminTest-1846143598 tempest-MigrationsAdminTest-1846143598-project] 10.222.0.100 "GET /compute/v2.1/servers/ab1a04fa-9baf-4073-8788-ea05ec8ecf30" status: 200 len: 1479 microversion: 2.1 time: 0.316494
Aug 16 21:12:57.462912 n-d-791504-20 devstack@n-api.service[110538]: [pid: 110538|app: 0|req: 174/360] 10.222.0.100 () {58 vars in 1241 bytes} [Mon Aug 16 21:12:57 2021] GET /compute/v2.1/servers/ab1a04fa-9baf-4073-8788-ea05ec8ecf30 => generated 1479 bytes in 319 msecs (HTTP/1.1 200) 9 headers in 358 bytes (1 switches on core 0)
Aug 16 21:12:57.462912 n-d-791504-20 devstack@n-api.service[110538]: DEBUG nova.api.openstack.wsgi [None req-c9a5629e-15c5-4b58-8c14-5ae7f1ec0264 tempest-AggregatesAdminNegativeTestJSON-1010647183 tempest-AggregatesAdminNegativeTestJSON-1010647183-project-admin] Action: 'create', calling method: >, body: {"aggregate": {"name": "tempest-test_aggregate-137418944"}} {{(pid=110538) _process_stack /opt/stack/nova/nova/api/openstack/wsgi.py:511}}
Aug 16 21:12:57.462912 n-d-791504-20 devstack@n-api.service[110538]: /usr/local/lib/python3.8/dist-packages/oslo_policy/policy.py:1064: UserWarning: Policy os_compute_api:os-aggregates:create failed scope check. The token used to make the request was project scoped but the policy requires ['system'] scope. This behavior may change in the future where using the intended scope is required
Aug 16 21:12:57.462912 n-d-791504-20 devstack@n-api.service[110538]: warnings.warn(msg)
Aug 16 21:12:57.462912 n-d-791504-20 devstack@n-api.service[110538]: DEBUG nova.objects.aggregate [None req-c9a5629e-15c5-4b58-8c14-5ae7f1ec0264 tempest-AggregatesAdminNegativeTestJSON-1010647183 tempest-AggregatesAdminNegativeTestJSON-1010647183-project-admin] Generated uuid 88ec71e3-80b4-4a44-a5e0-3e25815b6b6c for aggregate {{(pid=110538) create /opt/stack/nova/nova/objects/aggregate.py:298}}
Aug 16 21:12:57.618155 n-d-791504-20 devstack@n-api.service[110538]: INFO nova.api.openstack.requestlog [None req-c9a5629e-15c5-4b58-8c14-5ae7f1ec0264 tempest-AggregatesAdminNegativeTestJSON-1010647183 tempest-AggregatesAdminNegativeTestJSON-1010647183-project-admin] 10.222.0.100 "POST /compute/v2.1/os-aggregates" status: 200 len: 198 microversion: 2.1 time: 0.168333
Aug 16 21:12:57.618965 n-d-791504-20 devstack@n-api.service[110538]: [pid: 110538|app: 0|req: 175/361] 10.222.0.100 () {60 vars in 1169 bytes} [Mon Aug 16 21:12:57 2021] POST /compute/v2.1/os-aggregates => generated 198 bytes in 170 msecs (HTTP/1.1 200) 9 headers in 357 bytes (1 switches on core 0)
Aug 16 21:12:57.626173 n-d-791504-20 devstack@n-api.service[110538]: DEBUG nova.api.openstack.wsgi [None req-55fb5bd9-7be6-47e8-97d9-814e4d02b85d tempest-FlavorsAdminTestJSON-1354499545 tempest-FlavorsAdminTestJSON-1354499545-project-admin] Calling method '>' {{(pid=110538) _process_stack /opt/stack/nova/nova/api/openstack/wsgi.py:513}}
Aug 16 21:12:57.654493 n-d-791504-20 devstack@n-api.service[110539]: DEBUG nova.quota [None req-6f72abdf-f97c-40f3-8c75-85f8c3d85b71 tempest-ServersTestManualDisk-245103894 tempest-ServersTestManualDisk-245103894-project] Getting quotas for project 81cf95c5b2dc43b1b7b446060162a67b. Resources: {'key_pairs'} {{(pid=110539) _get_quotas /opt/stack/nova/nova/quota.py:384}}
Aug 16 21:12:57.662414 n-d-791504-20 devstack@n-api.service[110539]: DEBUG nova.quota [None req-6f72abdf-f97c-40f3-8c75-85f8c3d85b71 tempest-ServersTestManualDisk-245103894 tempest-ServersTestManualDisk-245103894-project] Getting quotas for user 720b49d46d5c40bd8cc6ae5775ede934 and project 81cf95c5b2dc43b1b7b446060162a67b. Resources: {'key_pairs'} {{(pid=110539) _get_quotas /opt/stack/nova/nova/quota.py:374}}
Aug 16 21:12:57.680081 n-d-791504-20 devstack@n-api.service[110538]: INFO nova.api.openstack.requestlog [None req-55fb5bd9-7be6-47e8-97d9-814e4d02b85d tempest-FlavorsAdminTestJSON-1354499545 tempest-FlavorsAdminTestJSON-1354499545-project-admin] 10.222.0.100 "GET /compute/v2.1/flavors/detail?is_public=t" status: 200 len: 6248 microversion: 2.1 time: 0.059475
Aug 16 21:12:57.681394 n-d-791504-20 devstack@n-api.service[110538]: [pid: 110538|app: 0|req: 176/362] 10.222.0.100 () {58 vars in 1174 bytes} [Mon Aug 16 21:12:57 2021] GET /compute/v2.1/flavors/detail?is_public=t => generated 6248 bytes in 62 msecs (HTTP/1.1 200) 9 headers in 358 bytes (1 switches on core 0)
Aug 16 21:12:57.688818 n-d-791504-20 devstack@n-api.service[110539]: INFO nova.api.openstack.requestlog [None req-6f72abdf-f97c-40f3-8c75-85f8c3d85b71 tempest-ServersTestManualDisk-245103894 tempest-ServersTestManualDisk-245103894-project] 10.222.0.100 "POST /compute/v2.1/os-keypairs" status: 200 len: 2304 microversion: 2.1 time: 1.053158
Aug 16 21:12:57.691238 n-d-791504-20 devstack@n-api.service[110539]: [pid: 110539|app: 0|req: 187/363] 10.222.0.100 () {60 vars in 1163 bytes} [Mon Aug 16 21:12:56 2021] POST /compute/v2.1/os-keypairs => generated 2304 bytes in 1057 msecs (HTTP/1.1 200) 9 headers in 358 bytes (1 switches on core 0)
Aug 16 21:12:57.706178 n-d-791504-20 devstack@n-api.service[110538]: DEBUG nova.api.openstack.wsgi [None req-a65fa421-33f7-46ee-a93f-b46dfd373741 tempest-LiveAutoBlockMigrationV225Test-423378947 tempest-LiveAutoBlockMigrationV225Test-423378947-project] Calling method '>' {{(pid=110538) _process_stack /opt/stack/nova/nova/api/openstack/wsgi.py:513}}
Aug 16 21:12:57.706866 n-d-791504-20 devstack@n-api.service[110538]: DEBUG nova.compute.api [None req-a65fa421-33f7-46ee-a93f-b46dfd373741 tempest-LiveAutoBlockMigrationV225Test-423378947 tempest-LiveAutoBlockMigrationV225Test-423378947-project] [instance: 237e77e4-eb51-4d0a-bedc-111cff5b599e] Fetching instance by UUID {{(pid=110538) get /opt/stack/nova/nova/compute/api.py:2791}}
Aug 16 21:12:57.716334 n-d-791504-20 devstack@n-api.service[110538]: DEBUG oslo_concurrency.lockutils [None req-a65fa421-33f7-46ee-a93f-b46dfd373741 tempest-LiveAutoBlockMigrationV225Test-423378947 tempest-LiveAutoBlockMigrationV225Test-423378947-project] Lock "1a1e6995-39cd-4131-aabd-ee0838a1b26a" acquired by "nova.context.set_target_cell..get_or_set_cached_cell_and_set_connections" :: waited 0.000s {{(pid=110538) inner /usr/local/lib/python3.8/dist-packages/oslo_concurrency/lockutils.py:355}}
Aug 16 21:12:57.716797 n-d-791504-20 devstack@n-api.service[110538]: DEBUG oslo_concurrency.lockutils [None req-a65fa421-33f7-46ee-a93f-b46dfd373741 tempest-LiveAutoBlockMigrationV225Test-423378947 tempest-LiveAutoBlockMigrationV225Test-423378947-project] Lock "1a1e6995-39cd-4131-aabd-ee0838a1b26a" released by "nova.context.set_target_cell..get_or_set_cached_cell_and_set_connections" :: held 0.001s {{(pid=110538) inner /usr/local/lib/python3.8/dist-packages/oslo_concurrency/lockutils.py:367}}
Aug 16 21:12:57.717601 n-d-791504-20 devstack@n-api.service[110538]: DEBUG oslo_concurrency.lockutils [None req-a65fa421-33f7-46ee-a93f-b46dfd373741 tempest-LiveAutoBlockMigrationV225Test-423378947 tempest-LiveAutoBlockMigrationV225Test-423378947-project] Lock "1a1e6995-39cd-4131-aabd-ee0838a1b26a" acquired by "nova.context.set_target_cell..get_or_set_cached_cell_and_set_connections" :: waited 0.000s {{(pid=110538) inner /usr/local/lib/python3.8/dist-packages/oslo_concurrency/lockutils.py:355}}
Aug 16 21:12:57.718041 n-d-791504-20 devstack@n-api.service[110538]: DEBUG oslo_concurrency.lockutils [None req-a65fa421-33f7-46ee-a93f-b46dfd373741 tempest-LiveAutoBlockMigrationV225Test-423378947 tempest-LiveAutoBlockMigrationV225Test-423378947-project] Lock "1a1e6995-39cd-4131-aabd-ee0838a1b26a" released by "nova.context.set_target_cell..get_or_set_cached_cell_and_set_connections" :: held 0.000s {{(pid=110538) inner /usr/local/lib/python3.8/dist-packages/oslo_concurrency/lockutils.py:367}}
Aug 16 21:12:57.721251 n-d-791504-20 devstack@n-api.service[110539]: DEBUG nova.api.openstack.wsgi [None req-5ef59644-f1ad-4b03-aa95-dbd97ae76a18 tempest-ServersWithSpecificFlavorTestJSON-213287253 tempest-ServersWithSpecificFlavorTestJSON-213287253-project] Action: 'action', calling method: >, body: {"os-getConsoleOutput": {}} {{(pid=110539) _process_stack /opt/stack/nova/nova/api/openstack/wsgi.py:511}}
Aug 16 21:12:57.722648 n-d-791504-20 devstack@n-api.service[110539]: DEBUG nova.compute.api [None req-5ef59644-f1ad-4b03-aa95-dbd97ae76a18 tempest-ServersWithSpecificFlavorTestJSON-213287253 tempest-ServersWithSpecificFlavorTestJSON-213287253-project] [instance: 922457ab-c7b0-431e-b5d4-fe6d2c27ee5f] Fetching instance by UUID {{(pid=110539) get /opt/stack/nova/nova/compute/api.py:2791}}
Aug 16 21:12:57.740482 n-d-791504-20 devstack@n-api.service[110539]: DEBUG oslo_concurrency.lockutils [None req-5ef59644-f1ad-4b03-aa95-dbd97ae76a18 tempest-ServersWithSpecificFlavorTestJSON-213287253 tempest-ServersWithSpecificFlavorTestJSON-213287253-project] Lock "1a1e6995-39cd-4131-aabd-ee0838a1b26a" acquired by "nova.context.set_target_cell..get_or_set_cached_cell_and_set_connections" :: waited 0.000s {{(pid=110539) inner /usr/local/lib/python3.8/dist-packages/oslo_concurrency/lockutils.py:355}}
Aug 16 21:12:57.741493 n-d-791504-20 devstack@n-api.service[110539]: DEBUG oslo_concurrency.lockutils [None req-5ef59644-f1ad-4b03-aa95-dbd97ae76a18 tempest-ServersWithSpecificFlavorTestJSON-213287253 tempest-ServersWithSpecificFlavorTestJSON-213287253-project] Lock "1a1e6995-39cd-4131-aabd-ee0838a1b26a" released by "nova.context.set_target_cell..get_or_set_cached_cell_and_set_connections" :: held 0.001s {{(pid=110539) inner /usr/local/lib/python3.8/dist-packages/oslo_concurrency/lockutils.py:367}}
Aug 16 21:12:57.742550 n-d-791504-20 devstack@n-api.service[110539]: DEBUG oslo_concurrency.lockutils [None req-5ef59644-f1ad-4b03-aa95-dbd97ae76a18 tempest-ServersWithSpecificFlavorTestJSON-213287253 tempest-ServersWithSpecificFlavorTestJSON-213287253-project] Lock "1a1e6995-39cd-4131-aabd-ee0838a1b26a" acquired by "nova.context.set_target_cell..get_or_set_cached_cell_and_set_connections" :: waited 0.000s {{(pid=110539) inner /usr/local/lib/python3.8/dist-packages/oslo_concurrency/lockutils.py:355}}
Aug 16 21:12:57.743232 n-d-791504-20 devstack@n-api.service[110539]: DEBUG oslo_concurrency.lockutils [None req-5ef59644-f1ad-4b03-aa95-dbd97ae76a18 tempest-ServersWithSpecificFlavorTestJSON-213287253 tempest-ServersWithSpecificFlavorTestJSON-213287253-project] Lock "1a1e6995-39cd-4131-aabd-ee0838a1b26a" released by "nova.context.set_target_cell..get_or_set_cached_cell_and_set_connections" :: held 0.001s {{(pid=110539) inner /usr/local/lib/python3.8/dist-packages/oslo_concurrency/lockutils.py:367}}
Aug 16 21:12:57.837214 n-d-791504-20 devstack@n-api.service[110539]: INFO nova.api.openstack.requestlog [None req-5ef59644-f1ad-4b03-aa95-dbd97ae76a18 tempest-ServersWithSpecificFlavorTestJSON-213287253 tempest-ServersWithSpecificFlavorTestJSON-213287253-project] 10.222.0.100 "POST /compute/v2.1/servers/922457ab-c7b0-431e-b5d4-fe6d2c27ee5f/action" status: 200 len: 14 microversion: 2.1 time: 0.138436
Aug 16 21:12:57.837214 n-d-791504-20 devstack@n-api.service[110539]: [pid: 110539|app: 0|req: 188/364] 10.222.0.100 () {60 vars in 1283 bytes} [Mon Aug 16 21:12:57 2021] POST /compute/v2.1/servers/922457ab-c7b0-431e-b5d4-fe6d2c27ee5f/action => generated 14 bytes in 142 msecs (HTTP/1.1 200) 9 headers in 356 bytes (1 switches on core 0)
Aug 16 21:12:57.844239 n-d-791504-20 devstack@n-api.service[110539]: DEBUG nova.api.openstack.wsgi [None req-c79d9a79-3bbd-45b8-a635-26c4038766f5 tempest-AggregatesAdminNegativeTestJSON-1010647183 tempest-AggregatesAdminNegativeTestJSON-1010647183-project-admin] Action: 'action', calling method: >, body: {"remove_host": {"host": "nonexist_host"}} {{(pid=110539) _process_stack /opt/stack/nova/nova/api/openstack/wsgi.py:511}}
Aug 16 21:12:57.846449 n-d-791504-20 devstack@n-api.service[110539]: /usr/local/lib/python3.8/dist-packages/oslo_policy/policy.py:1064: UserWarning: Policy os_compute_api:os-aggregates:remove_host failed scope check. The token used to make the request was project scoped but the policy requires ['system'] scope. This behavior may change in the future where using the intended scope is required
Aug 16 21:12:57.846449 n-d-791504-20 devstack@n-api.service[110539]: warnings.warn(msg)
Aug 16 21:12:57.860073 n-d-791504-20 devstack@n-api.service[110539]: DEBUG oslo_concurrency.lockutils [None req-c79d9a79-3bbd-45b8-a635-26c4038766f5 tempest-AggregatesAdminNegativeTestJSON-1010647183 tempest-AggregatesAdminNegativeTestJSON-1010647183-project-admin] Lock "00000000-0000-0000-0000-000000000000" acquired by "nova.context.set_target_cell..get_or_set_cached_cell_and_set_connections" :: waited 0.001s {{(pid=110539) inner /usr/local/lib/python3.8/dist-packages/oslo_concurrency/lockutils.py:355}}
Aug 16 21:12:57.860539 n-d-791504-20 devstack@n-api.service[110539]: DEBUG oslo_concurrency.lockutils [None req-c79d9a79-3bbd-45b8-a635-26c4038766f5 tempest-AggregatesAdminNegativeTestJSON-1010647183 tempest-AggregatesAdminNegativeTestJSON-1010647183-project-admin] Lock "00000000-0000-0000-0000-000000000000" released by "nova.context.set_target_cell..get_or_set_cached_cell_and_set_connections" :: held 0.001s {{(pid=110539) inner /usr/local/lib/python3.8/dist-packages/oslo_concurrency/lockutils.py:367}}
Aug 16 21:12:57.871567 n-d-791504-20 devstack@n-api.service[110539]: DEBUG oslo_concurrency.lockutils [None req-c79d9a79-3bbd-45b8-a635-26c4038766f5 tempest-AggregatesAdminNegativeTestJSON-1010647183 tempest-AggregatesAdminNegativeTestJSON-1010647183-project-admin] Lock "1a1e6995-39cd-4131-aabd-ee0838a1b26a" acquired by "nova.context.set_target_cell..get_or_set_cached_cell_and_set_connections" :: waited 0.000s {{(pid=110539) inner /usr/local/lib/python3.8/dist-packages/oslo_concurrency/lockutils.py:355}}
Aug 16 21:12:57.872021 n-d-791504-20 devstack@n-api.service[110539]: DEBUG oslo_concurrency.lockutils [None req-c79d9a79-3bbd-45b8-a635-26c4038766f5 tempest-AggregatesAdminNegativeTestJSON-1010647183 tempest-AggregatesAdminNegativeTestJSON-1010647183-project-admin] Lock "1a1e6995-39cd-4131-aabd-ee0838a1b26a" released by "nova.context.set_target_cell..get_or_set_cached_cell_and_set_connections" :: held 0.001s {{(pid=110539) inner /usr/local/lib/python3.8/dist-packages/oslo_concurrency/lockutils.py:367}}
Aug 16 21:12:57.884533 n-d-791504-20 devstack@n-api.service[110539]: ERROR nova.api.openstack.compute.aggregates [None req-c79d9a79-3bbd-45b8-a635-26c4038766f5 tempest-AggregatesAdminNegativeTestJSON-1010647183 tempest-AggregatesAdminNegativeTestJSON-1010647183-project-admin] Failed to remove host nonexist_host from aggregate 18. Error: Compute host nonexist_host could not be found.: nova.exception.ComputeHostNotFound: Compute host nonexist_host could not be found.
Aug 16 21:12:57.885202 n-d-791504-20 devstack@n-api.service[110539]: INFO nova.api.openstack.wsgi [None req-c79d9a79-3bbd-45b8-a635-26c4038766f5 tempest-AggregatesAdminNegativeTestJSON-1010647183 tempest-AggregatesAdminNegativeTestJSON-1010647183-project-admin] HTTP exception thrown: Cannot remove host nonexist_host in aggregate 18
Aug 16 21:12:57.886153 n-d-791504-20 devstack@n-api.service[110539]: DEBUG nova.api.openstack.wsgi [None req-c79d9a79-3bbd-45b8-a635-26c4038766f5 tempest-AggregatesAdminNegativeTestJSON-1010647183 tempest-AggregatesAdminNegativeTestJSON-1010647183-project-admin] Returning 404 to user: Cannot remove host nonexist_host in aggregate 18 {{(pid=110539) __call__ /opt/stack/nova/nova/api/openstack/wsgi.py:927}}
Aug 16 21:12:57.887701 n-d-791504-20 devstack@n-api.service[110539]: INFO nova.api.openstack.requestlog [None req-c79d9a79-3bbd-45b8-a635-26c4038766f5 tempest-AggregatesAdminNegativeTestJSON-1010647183 tempest-AggregatesAdminNegativeTestJSON-1010647183-project-admin] 10.222.0.100 "POST /compute/v2.1/os-aggregates/18/action" status: 404 len: 94 microversion: 2.1 time: 0.050533
Aug 16 21:12:57.894613 n-d-791504-20 devstack@n-api.service[110539]: [pid: 110539|app: 0|req: 189/365] 10.222.0.100 () {60 vars in 1199 bytes} [Mon Aug 16 21:12:57 2021] POST /compute/v2.1/os-aggregates/18/action => generated 94 bytes in 59 msecs (HTTP/1.1 404) 9 headers in 378 bytes (1 switches on core 0)
Aug 16 21:12:57.904260 n-d-791504-20 devstack@n-api.service[110539]: DEBUG nova.api.openstack.wsgi [None req-601ad21c-9680-483a-bd73-6414209bd9b0 tempest-FlavorsAdminTestJSON-1354499545 tempest-FlavorsAdminTestJSON-1354499545-project-admin] Calling method '>' {{(pid=110539) _process_stack /opt/stack/nova/nova/api/openstack/wsgi.py:513}}
Aug 16 21:12:57.951182 n-d-791504-20 devstack@n-api.service[110539]: INFO nova.api.openstack.requestlog [None req-601ad21c-9680-483a-bd73-6414209bd9b0 tempest-FlavorsAdminTestJSON-1354499545 tempest-FlavorsAdminTestJSON-1354499545-project-admin] 10.222.0.100 "GET /compute/v2.1/flavors/detail?is_public=true" status: 200 len: 6248 microversion: 2.1 time: 0.054044
Aug 16 21:12:57.953155 n-d-791504-20 devstack@n-api.service[110539]: [pid: 110539|app: 0|req: 190/366] 10.222.0.100 () {58 vars in 1180 bytes} [Mon Aug 16 21:12:57 2021] GET /compute/v2.1/flavors/detail?is_public=true => generated 6248 bytes in 58 msecs (HTTP/1.1 200) 9 headers in 358 bytes (1 switches on core 0)
Aug 16 21:12:57.963015 n-d-791504-20 devstack@n-api.service[110539]: DEBUG nova.api.openstack.wsgi [req-c6453859-0ef7-4ff4-ac30-278d5663027a req-009a73f1-8f99-45d9-bb7e-73e2f7f313ae service nova] Action: 'create', calling method: >, body: {"events": [{"server_uuid": "1be48b0b-dc7e-4952-8a64-be9dfed22b21", "name": "network-vif-plugged", "status": "completed", "tag": "dc643147-d4bf-4f5d-960d-1e5a5f6418c7"}]} {{(pid=110539) _process_stack /opt/stack/nova/nova/api/openstack/wsgi.py:511}}
Aug 16 21:12:57.963015 n-d-791504-20 devstack@n-api.service[110539]: /usr/local/lib/python3.8/dist-packages/oslo_policy/policy.py:1064: UserWarning: Policy os_compute_api:os-server-external-events:create failed scope check. The token used to make the request was project scoped but the policy requires ['system'] scope. This behavior may change in the future where using the intended scope is required
Aug 16 21:12:57.963015 n-d-791504-20 devstack@n-api.service[110539]: warnings.warn(msg)
Aug 16 21:12:57.981370 n-d-791504-20 devstack@n-api.service[110538]: DEBUG nova.policy [None req-a65fa421-33f7-46ee-a93f-b46dfd373741 tempest-LiveAutoBlockMigrationV225Test-423378947 tempest-LiveAutoBlockMigrationV225Test-423378947-project] Policy check for os_compute_api:os-extended-server-attributes failed with credentials {'is_admin': False, 'user_id': 'd7038506a2284513a277481558d1c866', 'user_domain_id': 'default', 'system_scope': None, 'domain_id': None, 'project_id': 'a4a4a16469e749fdb9dc60a3d6d63a78', 'project_domain_id': 'default', 'roles': ['reader', 'member'], 'is_admin_project': True, 'service_user_id': None, 'service_user_domain_id': None, 'service_project_id': None, 'service_project_domain_id': None, 'service_roles': []} {{(pid=110538) authorize /opt/stack/nova/nova/policy.py:199}}
Aug 16 21:12:57.985151 n-d-791504-20 devstack@n-api.service[110539]: DEBUG oslo_concurrency.lockutils [req-c6453859-0ef7-4ff4-ac30-278d5663027a req-009a73f1-8f99-45d9-bb7e-73e2f7f313ae service nova] Lock "1a1e6995-39cd-4131-aabd-ee0838a1b26a" acquired by "nova.context.set_target_cell..get_or_set_cached_cell_and_set_connections" :: waited 0.000s {{(pid=110539) inner /usr/local/lib/python3.8/dist-packages/oslo_concurrency/lockutils.py:355}}
Aug 16 21:12:57.985607 n-d-791504-20 devstack@n-api.service[110539]: DEBUG oslo_concurrency.lockutils [req-c6453859-0ef7-4ff4-ac30-278d5663027a req-009a73f1-8f99-45d9-bb7e-73e2f7f313ae service nova] Lock "1a1e6995-39cd-4131-aabd-ee0838a1b26a" released by "nova.context.set_target_cell..get_or_set_cached_cell_and_set_connections" :: held 0.001s {{(pid=110539) inner /usr/local/lib/python3.8/dist-packages/oslo_concurrency/lockutils.py:367}}
Aug 16 21:12:57.993096 n-d-791504-20 devstack@n-api.service[110538]: DEBUG nova.policy [None req-a65fa421-33f7-46ee-a93f-b46dfd373741 tempest-LiveAutoBlockMigrationV225Test-423378947 tempest-LiveAutoBlockMigrationV225Test-423378947-project] Policy check for os_compute_api:servers:show:host_status failed with credentials {'is_admin': False, 'user_id': 'd7038506a2284513a277481558d1c866', 'user_domain_id': 'default', 'system_scope': None, 'domain_id': None, 'project_id': 'a4a4a16469e749fdb9dc60a3d6d63a78', 'project_domain_id': 'default', 'roles': ['reader', 'member'], 'is_admin_project': True, 'service_user_id': None, 'service_user_domain_id': None, 'service_project_id': None, 'service_project_domain_id': None, 'service_roles': []} {{(pid=110538) authorize /opt/stack/nova/nova/policy.py:199}}
Aug 16 21:12:57.998809 n-d-791504-20 devstack@n-api.service[110538]: DEBUG nova.policy [None req-a65fa421-33f7-46ee-a93f-b46dfd373741 tempest-LiveAutoBlockMigrationV225Test-423378947 tempest-LiveAutoBlockMigrationV225Test-423378947-project] Policy check for os_compute_api:servers:show:host_status:unknown-only failed with credentials {'is_admin': False, 'user_id': 'd7038506a2284513a277481558d1c866', 'user_domain_id': 'default', 'system_scope': None, 'domain_id': None, 'project_id': 'a4a4a16469e749fdb9dc60a3d6d63a78', 'project_domain_id': 'default', 'roles': ['reader', 'member'], 'is_admin_project': True, 'service_user_id': None, 'service_user_domain_id': None, 'service_project_id': None, 'service_project_domain_id': None, 'service_roles': []} {{(pid=110538) authorize /opt/stack/nova/nova/policy.py:199}}
Aug 16 21:12:58.005762 n-d-791504-20 devstack@n-api.service[110538]: INFO nova.api.openstack.requestlog [None req-a65fa421-33f7-46ee-a93f-b46dfd373741 tempest-LiveAutoBlockMigrationV225Test-423378947 tempest-LiveAutoBlockMigrationV225Test-423378947-project] 10.222.0.100 "GET /compute/v2.1/servers/237e77e4-eb51-4d0a-bedc-111cff5b599e" status: 200 len: 1562 microversion: 2.25 time: 0.309170
Aug 16 21:12:58.007869 n-d-791504-20 devstack@n-api.service[110539]: INFO nova.api.openstack.compute.server_external_events [req-c6453859-0ef7-4ff4-ac30-278d5663027a req-009a73f1-8f99-45d9-bb7e-73e2f7f313ae service nova] Creating event network-vif-plugged:dc643147-d4bf-4f5d-960d-1e5a5f6418c7 for instance 1be48b0b-dc7e-4952-8a64-be9dfed22b21 on n-h1-791504-20
Aug 16 21:12:58.013371 n-d-791504-20 devstack@n-api.service[110538]: [pid: 110538|app: 0|req: 177/367] 10.222.0.100 () {60 vars in 1282 bytes} [Mon Aug 16 21:12:57 2021] GET /compute/v2.1/servers/237e77e4-eb51-4d0a-bedc-111cff5b599e => generated 1562 bytes in 331 msecs (HTTP/1.1 200) 9 headers in 360 bytes (1 switches on core 0)
Aug 16 21:12:58.020938 n-d-791504-20 devstack@n-api.service[110538]: DEBUG nova.api.openstack.wsgi [None req-1779d758-0603-4edf-b02b-ee9e0750aada tempest-ServersAdminTestJSON-2062912295 tempest-ServersAdminTestJSON-2062912295-project] Calling method '>' {{(pid=110538) _process_stack /opt/stack/nova/nova/api/openstack/wsgi.py:513}}
Aug 16 21:12:58.030226 n-d-791504-20 devstack@n-api.service[110538]: DEBUG nova.compute.api [None req-1779d758-0603-4edf-b02b-ee9e0750aada tempest-ServersAdminTestJSON-2062912295 tempest-ServersAdminTestJSON-2062912295-project] [instance: efe4ee39-6b74-4237-8bf5-a42f23355cf1] Fetching instance by UUID {{(pid=110538) get /opt/stack/nova/nova/compute/api.py:2791}}
Aug 16 21:12:58.033942 n-d-791504-20 devstack@n-api.service[110539]: INFO nova.api.openstack.requestlog [req-c6453859-0ef7-4ff4-ac30-278d5663027a req-009a73f1-8f99-45d9-bb7e-73e2f7f313ae service nova] 10.222.0.100 "POST /compute/v2.1/os-server-external-events" status: 200 len: 183 microversion: 2.1 time: 0.074132
Aug 16 21:12:58.041484 n-d-791504-20 devstack@n-api.service[110539]: [pid: 110539|app: 0|req: 191/368] 10.222.0.100 () {64 vars in 1323 bytes} [Mon Aug 16 21:12:57 2021] POST /compute/v2.1/os-server-external-events => generated 183 bytes in 88 msecs (HTTP/1.1 200) 9 headers in 357 bytes (1 switches on core 0)
Aug 16 21:12:58.058101 n-d-791504-20 devstack@n-api.service[110539]: DEBUG nova.api.openstack.wsgi [None req-6a548479-652b-4f34-a751-a1f8ba68d51f tempest-AggregatesAdminNegativeTestJSON-1010647183 tempest-AggregatesAdminNegativeTestJSON-1010647183-project-admin] Calling method '>' {{(pid=110539) _process_stack /opt/stack/nova/nova/api/openstack/wsgi.py:513}}
Aug 16 21:12:58.058280 n-d-791504-20 devstack@n-api.service[110538]: DEBUG oslo_concurrency.lockutils [None req-1779d758-0603-4edf-b02b-ee9e0750aada tempest-ServersAdminTestJSON-2062912295 tempest-ServersAdminTestJSON-2062912295-project] Lock "1a1e6995-39cd-4131-aabd-ee0838a1b26a" acquired by "nova.context.set_target_cell..get_or_set_cached_cell_and_set_connections" :: waited 0.000s {{(pid=110538) inner /usr/local/lib/python3.8/dist-packages/oslo_concurrency/lockutils.py:355}}
Aug 16 21:12:58.058280 n-d-791504-20 devstack@n-api.service[110538]: DEBUG oslo_concurrency.lockutils [None req-1779d758-0603-4edf-b02b-ee9e0750aada tempest-ServersAdminTestJSON-2062912295 tempest-ServersAdminTestJSON-2062912295-project] Lock "1a1e6995-39cd-4131-aabd-ee0838a1b26a" released by "nova.context.set_target_cell..get_or_set_cached_cell_and_set_connections" :: held 0.001s {{(pid=110538) inner /usr/local/lib/python3.8/dist-packages/oslo_concurrency/lockutils.py:367}}
Aug 16 21:12:58.058577 n-d-791504-20 devstack@n-api.service[110539]: /usr/local/lib/python3.8/dist-packages/oslo_policy/policy.py:1064: UserWarning: Policy os_compute_api:os-aggregates:delete failed scope check. The token used to make the request was project scoped but the policy requires ['system'] scope. This behavior may change in the future where using the intended scope is required
Aug 16 21:12:58.058577 n-d-791504-20 devstack@n-api.service[110539]: warnings.warn(msg)
Aug 16 21:12:58.059086 n-d-791504-20 devstack@n-api.service[110538]: DEBUG oslo_concurrency.lockutils [None req-1779d758-0603-4edf-b02b-ee9e0750aada tempest-ServersAdminTestJSON-2062912295 tempest-ServersAdminTestJSON-2062912295-project] Lock "1a1e6995-39cd-4131-aabd-ee0838a1b26a" acquired by "nova.context.set_target_cell..get_or_set_cached_cell_and_set_connections" :: waited 0.000s {{(pid=110538) inner /usr/local/lib/python3.8/dist-packages/oslo_concurrency/lockutils.py:355}}
Aug 16 21:12:58.075363 n-d-791504-20 devstack@n-api.service[110538]: DEBUG oslo_concurrency.lockutils [None req-1779d758-0603-4edf-b02b-ee9e0750aada tempest-ServersAdminTestJSON-2062912295 tempest-ServersAdminTestJSON-2062912295-project] Lock "1a1e6995-39cd-4131-aabd-ee0838a1b26a" released by "nova.context.set_target_cell..get_or_set_cached_cell_and_set_connections" :: held 0.001s {{(pid=110538) inner /usr/local/lib/python3.8/dist-packages/oslo_concurrency/lockutils.py:367}}
Aug 16 21:12:58.186512 n-d-791504-20 devstack@n-api.service[110539]: INFO nova.api.openstack.requestlog [None req-6a548479-652b-4f34-a751-a1f8ba68d51f tempest-AggregatesAdminNegativeTestJSON-1010647183 tempest-AggregatesAdminNegativeTestJSON-1010647183-project-admin] 10.222.0.100 "DELETE /compute/v2.1/os-aggregates/18" status: 200 len: 0 microversion: 2.1 time: 0.138994
Aug 16 21:12:58.192138 n-d-791504-20 devstack@n-api.service[110539]: [pid: 110539|app: 0|req: 192/369] 10.222.0.100 () {58 vars in 1160 bytes} [Mon Aug 16 21:12:58 2021] DELETE /compute/v2.1/os-aggregates/18 => generated 0 bytes in 150 msecs (HTTP/1.1 200) 9 headers in 355 bytes (1 switches on core 0)
Aug 16 21:12:58.199915 n-d-791504-20 devstack@n-api.service[110539]: DEBUG nova.api.openstack.wsgi [None req-03e95903-1c60-4153-9e6e-3e60afd9affd tempest-FlavorsAdminTestJSON-1354499545 tempest-FlavorsAdminTestJSON-1354499545-project-admin] Calling method '>' {{(pid=110539) _process_stack /opt/stack/nova/nova/api/openstack/wsgi.py:513}}
Aug 16 21:12:58.238963 n-d-791504-20 devstack@n-api.service[110539]: INFO nova.api.openstack.requestlog [None req-03e95903-1c60-4153-9e6e-3e60afd9affd tempest-FlavorsAdminTestJSON-1354499545 tempest-FlavorsAdminTestJSON-1354499545-project-admin] 10.222.0.100 "GET /compute/v2.1/flavors/detail?is_public=yes" status: 200 len: 6248 microversion: 2.1 time: 0.044823
Aug 16 21:12:58.250655 n-d-791504-20 devstack@n-api.service[110539]: [pid: 110539|app: 0|req: 193/370] 10.222.0.100 () {58 vars in 1178 bytes} [Mon Aug 16 21:12:58 2021] GET /compute/v2.1/flavors/detail?is_public=yes => generated 6248 bytes in 57 msecs (HTTP/1.1 200) 9 headers in 358 bytes (1 switches on core 0)
Aug 16 21:12:58.259676 n-d-791504-20 devstack@n-api.service[110539]: DEBUG nova.api.openstack.wsgi [None req-95dfe140-402f-43d1-b80f-147e16afbd6b tempest-LiveAutoBlockMigrationV225Test-1598357500 tempest-LiveAutoBlockMigrationV225Test-1598357500-project-admin] Calling method '.version_select at 0x7f9d14f974c0>' {{(pid=110539) _process_stack /opt/stack/nova/nova/api/openstack/wsgi.py:513}}
Aug 16 21:12:58.263755 n-d-791504-20 devstack@n-api.service[110539]: /usr/local/lib/python3.8/dist-packages/oslo_policy/policy.py:1064: UserWarning: Policy os_compute_api:os-migrations:index failed scope check. The token used to make the request was project scoped but the policy requires ['system'] scope. This behavior may change in the future where using the intended scope is required
Aug 16 21:12:58.263755 n-d-791504-20 devstack@n-api.service[110539]: warnings.warn(msg)
Aug 16 21:12:58.267992 n-d-791504-20 devstack@n-api.service[110539]: DEBUG oslo_concurrency.lockutils [None req-95dfe140-402f-43d1-b80f-147e16afbd6b tempest-LiveAutoBlockMigrationV225Test-1598357500 tempest-LiveAutoBlockMigrationV225Test-1598357500-project-admin] Lock "1a1e6995-39cd-4131-aabd-ee0838a1b26a" acquired by "nova.context.set_target_cell..get_or_set_cached_cell_and_set_connections" :: waited 0.000s {{(pid=110539) inner /usr/local/lib/python3.8/dist-packages/oslo_concurrency/lockutils.py:355}}
Aug 16 21:12:58.268780 n-d-791504-20 devstack@n-api.service[110539]: DEBUG oslo_concurrency.lockutils [None req-95dfe140-402f-43d1-b80f-147e16afbd6b tempest-LiveAutoBlockMigrationV225Test-1598357500 tempest-LiveAutoBlockMigrationV225Test-1598357500-project-admin] Lock "1a1e6995-39cd-4131-aabd-ee0838a1b26a" released by "nova.context.set_target_cell..get_or_set_cached_cell_and_set_connections" :: held 0.002s {{(pid=110539) inner /usr/local/lib/python3.8/dist-packages/oslo_concurrency/lockutils.py:367}}
Aug 16 21:12:58.303747 n-d-791504-20 devstack@n-api.service[110539]: INFO nova.api.openstack.requestlog [None req-95dfe140-402f-43d1-b80f-147e16afbd6b tempest-LiveAutoBlockMigrationV225Test-1598357500 tempest-LiveAutoBlockMigrationV225Test-1598357500-project-admin] 10.222.0.100 "GET /compute/v2.1/os-migrations" status: 200 len: 1114 microversion: 2.25 time: 0.049979
Aug 16 21:12:58.305902 n-d-791504-20 devstack@n-api.service[110539]: [pid: 110539|app: 0|req: 194/371] 10.222.0.100 () {60 vars in 1189 bytes} [Mon Aug 16 21:12:58 2021] GET /compute/v2.1/os-migrations => generated 1114 bytes in 54 msecs (HTTP/1.1 200) 9 headers in 360 bytes (1 switches on core 0)
Aug 16 21:12:58.316501 n-d-791504-20 devstack@n-api.service[110539]: DEBUG nova.api.openstack.wsgi [None req-3d176b76-592e-4339-8270-740bf254d355 tempest-FlavorsAdminTestJSON-1354499545 tempest-FlavorsAdminTestJSON-1354499545-project-admin] Calling method '>' {{(pid=110539) _process_stack /opt/stack/nova/nova/api/openstack/wsgi.py:513}}
Aug 16 21:12:58.375455 n-d-791504-20 devstack@n-api.service[110539]: INFO nova.api.openstack.requestlog [None req-3d176b76-592e-4339-8270-740bf254d355 tempest-FlavorsAdminTestJSON-1354499545 tempest-FlavorsAdminTestJSON-1354499545-project-admin] 10.222.0.100 "GET /compute/v2.1/flavors/detail?is_public=1" status: 200 len: 6248 microversion: 2.1 time: 0.068281
Aug 16 21:12:58.376780 n-d-791504-20 devstack@n-api.service[110539]: [pid: 110539|app: 0|req: 195/372] 10.222.0.100 () {58 vars in 1174 bytes} [Mon Aug 16 21:12:58 2021] GET /compute/v2.1/flavors/detail?is_public=1 => generated 6248 bytes in 70 msecs (HTTP/1.1 200) 9 headers in 358 bytes (1 switches on core 0)
Aug 16 21:12:58.423293 n-d-791504-20 devstack@n-api.service[110539]: DEBUG nova.api.openstack.wsgi [None req-8347bd73-b437-4601-b948-a639494259d1 tempest-LiveAutoBlockMigrationV225Test-1598357500 tempest-LiveAutoBlockMigrationV225Test-1598357500-project-admin] Calling method '>' {{(pid=110539) _process_stack /opt/stack/nova/nova/api/openstack/wsgi.py:513}}
Aug 16 21:12:58.424732 n-d-791504-20 devstack@n-api.service[110539]: DEBUG nova.compute.api [None req-8347bd73-b437-4601-b948-a639494259d1 tempest-LiveAutoBlockMigrationV225Test-1598357500 tempest-LiveAutoBlockMigrationV225Test-1598357500-project-admin] [instance: 237e77e4-eb51-4d0a-bedc-111cff5b599e] Fetching instance by UUID {{(pid=110539) get /opt/stack/nova/nova/compute/api.py:2791}}
Aug 16 21:12:58.448470 n-d-791504-20 devstack@n-api.service[110539]: DEBUG oslo_concurrency.lockutils [None req-8347bd73-b437-4601-b948-a639494259d1 tempest-LiveAutoBlockMigrationV225Test-1598357500 tempest-LiveAutoBlockMigrationV225Test-1598357500-project-admin] Lock "1a1e6995-39cd-4131-aabd-ee0838a1b26a" acquired by "nova.context.set_target_cell..get_or_set_cached_cell_and_set_connections" :: waited 0.000s {{(pid=110539) inner /usr/local/lib/python3.8/dist-packages/oslo_concurrency/lockutils.py:355}}
Aug 16 21:12:58.450685 n-d-791504-20 devstack@n-api.service[110539]: DEBUG oslo_concurrency.lockutils [None req-8347bd73-b437-4601-b948-a639494259d1 tempest-LiveAutoBlockMigrationV225Test-1598357500 tempest-LiveAutoBlockMigrationV225Test-1598357500-project-admin] Lock "1a1e6995-39cd-4131-aabd-ee0838a1b26a" released by "nova.context.set_target_cell..get_or_set_cached_cell_and_set_connections" :: held 0.001s {{(pid=110539) inner /usr/local/lib/python3.8/dist-packages/oslo_concurrency/lockutils.py:367}}
Aug 16 21:12:58.453415 n-d-791504-20 devstack@n-api.service[110539]: DEBUG oslo_concurrency.lockutils [None req-8347bd73-b437-4601-b948-a639494259d1 tempest-LiveAutoBlockMigrationV225Test-1598357500 tempest-LiveAutoBlockMigrationV225Test-1598357500-project-admin] Lock "1a1e6995-39cd-4131-aabd-ee0838a1b26a" acquired by "nova.context.set_target_cell..get_or_set_cached_cell_and_set_connections" :: waited 0.000s {{(pid=110539) inner /usr/local/lib/python3.8/dist-packages/oslo_concurrency/lockutils.py:355}}
Aug 16 21:12:58.457595 n-d-791504-20 devstack@n-api.service[110539]: DEBUG oslo_concurrency.lockutils [None req-8347bd73-b437-4601-b948-a639494259d1 tempest-LiveAutoBlockMigrationV225Test-1598357500 tempest-LiveAutoBlockMigrationV225Test-1598357500-project-admin] Lock "1a1e6995-39cd-4131-aabd-ee0838a1b26a" released by "nova.context.set_target_cell..get_or_set_cached_cell_and_set_connections" :: held 0.002s {{(pid=110539) inner /usr/local/lib/python3.8/dist-packages/oslo_concurrency/lockutils.py:367}}
Aug 16 21:12:58.616970 n-d-791504-20 devstack@n-api.service[110538]: DEBUG nova.policy [None req-1779d758-0603-4edf-b02b-ee9e0750aada tempest-ServersAdminTestJSON-2062912295 tempest-ServersAdminTestJSON-2062912295-project] Policy check for os_compute_api:os-extended-server-attributes failed with credentials {'is_admin': False, 'user_id': '071a5ffce3b44a278d4a4f5e2e6b6f35', 'user_domain_id': 'default', 'system_scope': None, 'domain_id': None, 'project_id': 'ce77bcc1d4914eb2858adb1e35fc6b24', 'project_domain_id': 'default', 'roles': ['reader', 'member'], 'is_admin_project': True, 'service_user_id': None, 'service_user_domain_id': None, 'service_project_id': None, 'service_project_domain_id': None, 'service_roles': []} {{(pid=110538) authorize /opt/stack/nova/nova/policy.py:199}}
Aug 16 21:12:58.637620 n-d-791504-20 devstack@n-api.service[110538]: INFO nova.api.openstack.requestlog [None req-1779d758-0603-4edf-b02b-ee9e0750aada tempest-ServersAdminTestJSON-2062912295 tempest-ServersAdminTestJSON-2062912295-project] 10.222.0.100 "GET /compute/v2.1/servers/efe4ee39-6b74-4237-8bf5-a42f23355cf1" status: 200 len: 1318 microversion: 2.1 time: 0.619854
Aug 16 21:12:58.639223 n-d-791504-20 devstack@n-api.service[110538]: [pid: 110538|app: 0|req: 178/373] 10.222.0.100 () {58 vars in 1241 bytes} [Mon Aug 16 21:12:58 2021] GET /compute/v2.1/servers/efe4ee39-6b74-4237-8bf5-a42f23355cf1 => generated 1318 bytes in 622 msecs (HTTP/1.1 200) 9 headers in 358 bytes (1 switches on core 0)
Aug 16 21:12:58.654441 n-d-791504-20 devstack@n-api.service[110538]: DEBUG nova.api.openstack.wsgi [None req-4d9d7264-2bc2-48d3-9832-2cc7cb8eedf8 tempest-FlavorsAdminTestJSON-1354499545 tempest-FlavorsAdminTestJSON-1354499545-project-admin] Calling method '>' {{(pid=110538) _process_stack /opt/stack/nova/nova/api/openstack/wsgi.py:513}}
Aug 16 21:12:58.656943 n-d-791504-20 devstack@n-api.service[110538]: /usr/local/lib/python3.8/dist-packages/oslo_policy/policy.py:1064: UserWarning: Policy os_compute_api:os-flavor-manage:delete failed scope check. The token used to make the request was project scoped but the policy requires ['system'] scope. This behavior may change in the future where using the intended scope is required
Aug 16 21:12:58.656943 n-d-791504-20 devstack@n-api.service[110538]: warnings.warn(msg)
Aug 16 21:12:58.735214 n-d-791504-20 devstack@n-api.service[110539]: DEBUG nova.objects.instance [None req-8347bd73-b437-4601-b948-a639494259d1 tempest-LiveAutoBlockMigrationV225Test-1598357500 tempest-LiveAutoBlockMigrationV225Test-1598357500-project-admin] Lazy-loading 'services' on Instance uuid 237e77e4-eb51-4d0a-bedc-111cff5b599e {{(pid=110539) obj_load_attr /opt/stack/nova/nova/objects/instance.py:1099}}
Aug 16 21:12:58.752363 n-d-791504-20 devstack@n-api.service[110539]: INFO nova.api.openstack.requestlog [None req-8347bd73-b437-4601-b948-a639494259d1 tempest-LiveAutoBlockMigrationV225Test-1598357500 tempest-LiveAutoBlockMigrationV225Test-1598357500-project-admin] 10.222.0.100 "GET /compute/v2.1/servers/237e77e4-eb51-4d0a-bedc-111cff5b599e" status: 200 len: 2056 microversion: 2.25 time: 0.358456
Aug 16 21:12:58.762915 n-d-791504-20 devstack@n-api.service[110539]: [pid: 110539|app: 0|req: 196/374] 10.222.0.100 () {60 vars in 1282 bytes} [Mon Aug 16 21:12:58 2021] GET /compute/v2.1/servers/237e77e4-eb51-4d0a-bedc-111cff5b599e => generated 2056 bytes in 360 msecs (HTTP/1.1 200) 9 headers in 360 bytes (1 switches on core 0)
Aug 16 21:12:58.778197 n-d-791504-20 devstack@n-api.service[110539]: DEBUG nova.api.openstack.wsgi [None req-858a496e-1d2c-4ec0-b480-6f6af295501d tempest-MigrationsAdminTest-1846143598 tempest-MigrationsAdminTest-1846143598-project] Calling method '>' {{(pid=110539) _process_stack /opt/stack/nova/nova/api/openstack/wsgi.py:513}}
Aug 16 21:12:58.779740 n-d-791504-20 devstack@n-api.service[110539]: DEBUG nova.compute.api [None req-858a496e-1d2c-4ec0-b480-6f6af295501d tempest-MigrationsAdminTest-1846143598 tempest-MigrationsAdminTest-1846143598-project] [instance: ab1a04fa-9baf-4073-8788-ea05ec8ecf30] Fetching instance by UUID {{(pid=110539) get /opt/stack/nova/nova/compute/api.py:2791}}
Aug 16 21:12:58.787578 n-d-791504-20 devstack@n-api.service[110539]: DEBUG oslo_concurrency.lockutils [None req-858a496e-1d2c-4ec0-b480-6f6af295501d tempest-MigrationsAdminTest-1846143598 tempest-MigrationsAdminTest-1846143598-project] Lock "1a1e6995-39cd-4131-aabd-ee0838a1b26a" acquired by "nova.context.set_target_cell..get_or_set_cached_cell_and_set_connections" :: waited 0.000s {{(pid=110539) inner /usr/local/lib/python3.8/dist-packages/oslo_concurrency/lockutils.py:355}}
Aug 16 21:12:58.788926 n-d-791504-20 devstack@n-api.service[110539]: DEBUG oslo_concurrency.lockutils [None req-858a496e-1d2c-4ec0-b480-6f6af295501d tempest-MigrationsAdminTest-1846143598 tempest-MigrationsAdminTest-1846143598-project] Lock "1a1e6995-39cd-4131-aabd-ee0838a1b26a" released by "nova.context.set_target_cell..get_or_set_cached_cell_and_set_connections" :: held 0.001s {{(pid=110539) inner /usr/local/lib/python3.8/dist-packages/oslo_concurrency/lockutils.py:367}}
Aug 16 21:12:58.790081 n-d-791504-20 devstack@n-api.service[110539]: DEBUG oslo_concurrency.lockutils [None req-858a496e-1d2c-4ec0-b480-6f6af295501d tempest-MigrationsAdminTest-1846143598 tempest-MigrationsAdminTest-1846143598-project] Lock "1a1e6995-39cd-4131-aabd-ee0838a1b26a" acquired by "nova.context.set_target_cell..get_or_set_cached_cell_and_set_connections" :: waited 0.000s {{(pid=110539) inner /usr/local/lib/python3.8/dist-packages/oslo_concurrency/lockutils.py:355}}
Aug 16 21:12:58.790970 n-d-791504-20 devstack@n-api.service[110539]: DEBUG oslo_concurrency.lockutils [None req-858a496e-1d2c-4ec0-b480-6f6af295501d tempest-MigrationsAdminTest-1846143598 tempest-MigrationsAdminTest-1846143598-project] Lock "1a1e6995-39cd-4131-aabd-ee0838a1b26a" released by "nova.context.set_target_cell..get_or_set_cached_cell_and_set_connections" :: held 0.001s {{(pid=110539) inner /usr/local/lib/python3.8/dist-packages/oslo_concurrency/lockutils.py:367}}
Aug 16 21:12:58.952317 n-d-791504-20 devstack@n-api.service[110538]: INFO nova.api.openstack.requestlog [None req-4d9d7264-2bc2-48d3-9832-2cc7cb8eedf8 tempest-FlavorsAdminTestJSON-1354499545 tempest-FlavorsAdminTestJSON-1354499545-project-admin] 10.222.0.100 "DELETE /compute/v2.1/flavors/378004027" status: 202 len: 0 microversion: 2.1 time: 0.311581
Aug 16 21:12:58.952908 n-d-791504-20 devstack@n-api.service[110538]: [pid: 110538|app: 0|req: 179/375] 10.222.0.100 () {58 vars in 1163 bytes} [Mon Aug 16 21:12:58 2021] DELETE /compute/v2.1/flavors/378004027 => generated 0 bytes in 313 msecs (HTTP/1.1 202) 9 headers in 361 bytes (1 switches on core 0)
Aug 16 21:12:58.957943 n-d-791504-20 devstack@n-api.service[110538]: DEBUG nova.api.openstack.wsgi [None req-dae9ed02-36f1-482c-bf76-939169ab770e tempest-ServersWithSpecificFlavorTestJSON-213287253 tempest-ServersWithSpecificFlavorTestJSON-213287253-project] Action: 'action', calling method: >, body: {"os-getConsoleOutput": {}} {{(pid=110538) _process_stack /opt/stack/nova/nova/api/openstack/wsgi.py:511}}
Aug 16 21:12:58.959455 n-d-791504-20 devstack@n-api.service[110538]: DEBUG nova.compute.api [None req-dae9ed02-36f1-482c-bf76-939169ab770e tempest-ServersWithSpecificFlavorTestJSON-213287253 tempest-ServersWithSpecificFlavorTestJSON-213287253-project] [instance: 922457ab-c7b0-431e-b5d4-fe6d2c27ee5f] Fetching instance by UUID {{(pid=110538) get /opt/stack/nova/nova/compute/api.py:2791}}
Aug 16 21:12:58.965868 n-d-791504-20 devstack@n-api.service[110538]: DEBUG oslo_concurrency.lockutils [None req-dae9ed02-36f1-482c-bf76-939169ab770e tempest-ServersWithSpecificFlavorTestJSON-213287253 tempest-ServersWithSpecificFlavorTestJSON-213287253-project] Lock "1a1e6995-39cd-4131-aabd-ee0838a1b26a" acquired by "nova.context.set_target_cell..get_or_set_cached_cell_and_set_connections" :: waited 0.000s {{(pid=110538) inner /usr/local/lib/python3.8/dist-packages/oslo_concurrency/lockutils.py:355}}
