Jul 07 16:50:52.827208 n-d-791504-12 devstack@placement-api.service[94248]: DEBUG oslo_db.sqlalchemy.engines [-] MySQL server mode set to STRICT_TRANS_TABLES,STRICT_ALL_TABLES,NO_ZERO_IN_DATE,NO_ZERO_DATE,ERROR_FOR_DIVISION_BY_ZERO,TRADITIONAL,NO_ENGINE_SUBSTITUTION {{(pid=94248) _check_effective_sql_mode /usr/local/lib/python3.8/dist-packages/oslo_db/sqlalchemy/engines.py:314}}
Jul 07 16:50:52.847077 n-d-791504-12 devstack@placement-api.service[94247]: DEBUG placement.objects.trait [-] Synced traits from os_traits into API DB: {'HW_CPU_X86_AVX512BW', 'COMPUTE_STORAGE_BUS_SATA', 'HW_GPU_API_DIRECT3D_V10_1', 'HW_NIC_ACCEL_ECC', 'HW_NIC_OFFLOAD_TSO', 'HW_NIC_OFFLOAD_GSO', 'COMPUTE_GRAPHICS_MODEL_CIRRUS', 'COMPUTE_NET_ATTACH_INTERFACE', 'HW_GPU_MAX_DISPLAY_HEADS_8', 'COMPUTE_SAME_HOST_COLD_MIGRATE', 'HW_GPU_API_DIRECT2D', 'HW_CPU_AARCH64_CPUID', 'COMPUTE_NET_VIF_MODEL_SPAPR_VLAN', 'HW_CPU_X86_AMD_NO_SSB', 'HW_GPU_API_OPENGL_V4_1', 'HW_GPU_API_OPENCL_V2_0', 'COMPUTE_NET_VIF_MODEL_VMXNET', 'HW_CPU_X86_MPX', 'HW_GPU_API_OPENGL_V4_5', 'HW_GPU_CUDA_SDK_V8_0', 'HW_GPU_API_OPENCL_V2_2', 'HW_GPU_API_OPENGL_V1_4', 'HW_CPU_X86_ASF', 'HW_GPU_API_OPENCL_V2_1', 'HW_GPU_CUDA_SDK_V9_1', 'HW_GPU_API_DIRECT3D_V11_1', 'HW_NIC_SRIOV_TRUSTED', 'COMPUTE_STORAGE_BUS_SCSI', 'HW_CPU_X86_AMD_SVM', 'HW_GPU_CUDA_SDK_V6_5', 'COMPUTE_RESCUE_BFV', 'HW_NIC_SRIOV_QOS_RX', 'HW_GPU_API_DIRECT3D_V11_2', 'HW_CPU_X86_SSE41', 'COMPUTE_STORAGE_BUS_USB', 'HW_NIC_ACCEL_LZS', 'HW_NIC_OFFLOAD_GENEVE', 'HW_GPU_CUDA_COMPUTE_CAPABILITY_V7_1', 'HW_GPU_CUDA_COMPUTE_CAPABILITY_V3_7', 'HW_GPU_API_OPENGL_V4_3', 'COMPUTE_EPHEMERAL_ENCRYPTION_LUKSV2', 'COMPUTE_STATUS_DISABLED', 'HW_GPU_RESOLUTION_W7680H4320', 'HW_NIC_OFFLOAD_RDMA', 'COMPUTE_STORAGE_BUS_VIRTIO', 'HW_CPU_X86_INTEL_PCID', 'HW_CPU_X86_SSE2', 'HW_CPU_X86_AVX512VPCLMULQDQ', 'HW_GPU_RESOLUTION_W1024H768', 'HW_CPU_X86_AVX', 'HW_GPU_CUDA_COMPUTE_CAPABILITY_V6_0', 'HW_CPU_X86_AVX512GFNI', 'HW_NIC_OFFLOAD_RX', 'HW_GPU_RESOLUTION_W1600H900', 'HW_CPU_X86_AVX512VL', 'COMPUTE_GRAPHICS_MODEL_NONE', 'HW_CPU_X86_VMX', 'HW_CPU_X86_AMD_SSBD', 'HW_GPU_CUDA_COMPUTE_CAPABILITY_V1_2', 'HW_GPU_RESOLUTION_W1280H720', 'COMPUTE_NET_VIF_MODEL_PCNET', 'HW_CPU_AMD_SEV', 'HW_CPU_AARCH64_ATOMICS', 'HW_GPU_CUDA_COMPUTE_CAPABILITY_V1_1', 'COMPUTE_MIGRATE_POST_COPY', 'COMPUTE_STORAGE_BUS_XEN', 'HW_CPU_X86_INTEL_VMX', 'HW_NIC_VMDQ', 'COMPUTE_NET_VIF_MODEL_NE2K_PCI', 'HW_CPU_X86_AVX512VAES', 'COMPUTE_EPHEMERAL_ENCRYPTION_PLAIN', 'HW_GPU_API_OPENGL_V2_0', 'HW_GPU_API_DIRECTX_V11', 'HW_GPU_MAX_DISPLAY_HEADS_6', 'HW_NIC_DCB_QCN', 'HW_NIC_OFFLOAD_L2CRC', 'COMPUTE_IMAGE_TYPE_VMDK', 'HW_CPU_AARCH64_DCPOP', 'HW_GPU_CUDA_COMPUTE_CAPABILITY_V5_0', 'HW_GPU_CUDA_COMPUTE_CAPABILITY_V7_2', 'HW_CPU_X86_SGX', 'HW_CPU_AARCH64_ASIMD', 'HW_GPU_CUDA_COMPUTE_CAPABILITY_V1_3', 'HW_NIC_PROGRAMMABLE_PIPELINE', 'HW_CPU_AARCH64_FP', 'HW_GPU_RESOLUTION_W1920H1200', 'COMPUTE_IMAGE_TYPE_VDI', 'HW_GPU_API_OPENGL_V3_2', 'COMPUTE_NET_VIF_MODEL_VIRTIO', 'HW_GPU_API_DIRECT3D_V11_3', 'HW_NIC_OFFLOAD_TXVLAN', 'HW_GPU_API_DIRECT3D_V9_0C', 'HW_CPU_X86_SSE', 'HW_GPU_RESOLUTION_W1360H768', 'HW_CPU_AARCH64_ASIMDHP', 'HW_CPU_AARCH64_PMULL', 'HW_CPU_X86_SHA', 'HW_CPU_X86_AVX512PF', 'HW_CPU_X86_AVX512VBMI2', 'HW_GPU_API_OPENGL_V3_0', 'COMPUTE_SOCKET_PCI_NUMA_AFFINITY', 'COMPUTE_SECURITY_UEFI_SECURE_BOOT', 'COMPUTE_GRAPHICS_MODEL_QXL', 'HW_GPU_API_DIRECT3D_V6_0', 'HW_GPU_API_DIRECT3D_V9_0B', 'HW_NIC_ACCEL_RSA', 'HW_GPU_CUDA_COMPUTE_CAPABILITY_V3_2', 'HW_CPU_X86_AVX2', 'HW_CPU_X86_SSE3', 'COMPUTE_IMAGE_TYPE_ARI', 'HW_GPU_API_DIRECT3D_V12_0', 'COMPUTE_IMAGE_TYPE_PLOOP', 'COMPUTE_NET_VIF_MODEL_E1000', 'HW_CPU_X86_BMI', 'HW_GPU_API_OPENGL_V4_0', 'HW_GPU_RESOLUTION_W1152H864', 'HW_GPU_API_DIRECT3D_V11_0', 'HW_CPU_X86_CLMUL', 'HW_GPU_API_DIRECT3D_V8_0', 'HW_GPU_API_OPENCL_V1_2', 'HW_GPU_API_DIRECT3D_V9_0L', 'COMPUTE_VOLUME_MULTI_ATTACH', 'HW_GPU_API_OPENGL_V1_1', 'HW_NIC_OFFLOAD_SG', 'COMPUTE_EPHEMERAL_ENCRYPTION', 'HW_GPU_RESOLUTION_W2560H1600', 'HW_GPU_API_DIRECT3D_V9_0', 'HW_NIC_OFFLOAD_QINQ', 'HW_CPU_AARCH64_SM3', 'HW_GPU_RESOLUTION_W3840H2160', 'HW_CPU_X86_AMD_SEV', 'MISC_SHARES_VIA_AGGREGATE', 'HW_CPU_AARCH64_AES', 'COMPUTE_NET_VIF_MODEL_VMXNET3', 'HW_GPU_RESOLUTION_W2560H1440', 'HW_CPU_AARCH64_JSCVT', 'HW_GPU_RESOLUTION_W1280H768', 'COMPUTE_IMAGE_TYPE_VHDX', 'COMPUTE_NET_VIF_MODEL_SRIOV', 'HW_CPU_X86_TBM', 'HW_GPU_API_DIRECT3D_V7_0', 'HW_NIC_OFFLOAD_FDF', 'HW_GPU_RESOLUTION_W1280H800', 'HW_GPU_CUDA_COMPUTE_CAPABILITY_V2_0', 'HW_CPU_AARCH64_FPHP', 'HW_GPU_RESOLUTION_W1920H1080', 'COMPUTE_SECURITY_TPM_2_0', 'HW_CPU_X86_AVX512IFMA', 'HW_GPU_CUDA_SDK_V9_0', 'HW_CPU_AARCH64_SVE', 'HW_GPU_CUDA_COMPUTE_CAPABILITY_V5_3', 'COMPUTE_IMAGE_TYPE_AMI', 'HW_GPU_CUDA_SDK_V10_0', 'HW_GPU_API_OPENGL_V4_4', 'COMPUTE_VOLUME_ATTACH', 'HW_CPU_X86_FMA3', 'COMPUTE_STORAGE_BUS_IDE', 'HW_NIC_OFFLOAD_VXLAN', 'HW_CPU_AARCH64_CRC32', 'HW_CPU_X86_TSX', 'HW_NIC_SRIOV_MULTIQUEUE', 'HW_GPU_RESOLUTION_W640H480', 'HW_NIC_ACCEL_IPSEC', 'HW_GPU_CUDA_SDK_V7_5', 'HW_CPU_X86_SSSE3', 'COMPUTE_EPHEMERAL_ENCRYPTION_LUKS', 'HW_GPU_API_OPENGL_V1_5', 'HW_NIC_ACCEL_SSL', 'HW_CPU_X86_MMX', 'HW_CPU_AARCH64_FCMA', 'STORAGE_DISK_HDD', 'HW_GPU_MAX_DISPLAY_HEADS_2', 'COMPUTE_IMAGE_TYPE_ISO', 'COMPUTE_NET_VIF_MODEL_E1000E', 'HW_CPU_X86_SSE42', 'COMPUTE_GRAPHICS_MODEL_XEN', 'COMPUTE_GRAPHICS_MODEL_VMVGA', 'HW_GPU_CUDA_COMPUTE_CAPABILITY_V3_5', 'COMPUTE_NODE', 'HW_NIC_ACCEL_TLS', 'HW_GPU_CUDA_COMPUTE_CAPABILITY_V7_0', 'HW_NIC_OFFLOAD_GRE', 'HW_CPU_X86_SSE4A', 'HW_CPU_AARCH64_SM4', 'COMPUTE_NET_VIF_MODEL_RTL8139', 'HW_CPU_X86_INTEL_SPEC_CTRL', 'COMPUTE_STORAGE_BUS_FDC', 'HW_GPU_API_OPENGL_V3_3', 'HW_GPU_API_DIRECT3D_V10_0', 'COMPUTE_IMAGE_TYPE_VHD', 'HW_NIC_SRIOV', 'HW_CPU_AARCH64_SHA2', 'COMPUTE_DEVICE_TAGGING', 'HW_GPU_RESOLUTION_W1440H900', 'HW_NIC_OFFLOAD_LRO', 'COMPUTE_SECURITY_TPM_1_2', 'COMPUTE_GRAPHICS_MODEL_GOP', 'HW_NIC_ACCEL_DEFLATE', 'HW_NIC_OFFLOAD_GRO', 'HW_CPU_X86_INTEL_MD_CLEAR', 'HW_NUMA_ROOT', 'HW_CPU_X86_3DNOW', 'HW_NIC_OFFLOAD_SWITCHDEV', 'COMPUTE_STORAGE_BUS_UML', 'HW_CPU_X86_AVX512VNNI', 'COMPUTE_GRAPHICS_MODEL_VIRTIO', 'HW_NIC_OFFLOAD_TCS', 'HW_GPU_RESOLUTION_W1680H1050', 'HW_CPU_AARCH64_SHA3', 'HW_GPU_API_DIRECTX_V12', 'COMPUTE_STORAGE_BUS_LXC', 'COMPUTE_NET_VIF_MODEL_NETFRONT', 'HW_CPU_AARCH64_ASIMDDP', 'HW_CPU_X86_AVX512F', 'HW_GPU_API_DIRECT3D_V8_1', 'HW_CPU_X86_AVX512BITALG', 'HW_CPU_X86_BMI2', 'HW_CPU_AARCH64_SHA512', 'HW_CPU_X86_AVX512VBMI', 'HW_CPU_HYPERTHREADING', 'HW_NIC_DCB_PFC', 'HW_NIC_OFFLOAD_TXUDP', 'HW_GPU_API_OPENCL_V1_0', 'HW_CPU_AARCH64_ASIMDRDM', 'HW_GPU_API_DXVA', 'COMPUTE_VOLUME_ATTACH_WITH_TAG', 'HW_GPU_CUDA_COMPUTE_CAPABILITY_V2_1', 'HW_NIC_ACCEL_DIFFIEH', 'COMPUTE_IMAGE_TYPE_RAW', 'HW_CPU_PPC64LE_POWER9', 'HW_NIC_OFFLOAD_SCS', 'COMPUTE_VOLUME_EXTEND', 'STORAGE_DISK_SSD', 'HW_CPU_X86_AVX512DQ', 'HW_CPU_X86_AVX512VPOPCNTDQ', 'HW_GPU_API_OPENGL_V1_2', 'HW_CPU_X86_AMD_IBPB', 'HW_GPU_API_OPENGL_V1_3', 'HW_GPU_API_OPENGL_V3_1', 'HW_NIC_MULTIQUEUE', 'COMPUTE_ACCELERATORS', 'HW_CPU_X86_AVX512CD', 'HW_CPU_X86_ABM', 'HW_GPU_CUDA_COMPUTE_CAPABILITY_V6_2', 'HW_GPU_MAX_DISPLAY_HEADS_1', 'HW_GPU_RESOLUTION_W1280H1024', 'HW_GPU_API_OPENCL_V1_1', 'COMPUTE_IMAGE_TYPE_QCOW2', 'HW_NIC_OFFLOAD_UFO', 'HW_GPU_CUDA_COMPUTE_CAPABILITY_V1_0', 'HW_CPU_X86_XOP', 'HW_GPU_RESOLUTION_W320H240', 'HW_NIC_OFFLOAD_LSO', 'HW_GPU_CUDA_COMPUTE_CAPABILITY_V3_0', 'HW_CPU_X86_PDPE1GB', 'HW_GPU_API_OPENGL_V2_1', 'HW_NIC_DCB_ETS', 'HW_CPU_AARCH64_LRCPC', 'HW_CPU_AARCH64_SHA1', 'HW_GPU_RESOLUTION_W1366H768', 'HW_GPU_API_VULKAN', 'HW_GPU_CUDA_COMPUTE_CAPABILITY_V5_2', 'HW_CPU_AARCH64_EVTSTRM', 'COMPUTE_NET_ATTACH_INTERFACE_WITH_TAG', 'HW_GPU_MAX_DISPLAY_HEADS_4', 'HW_CPU_X86_STIBP', 'HW_GPU_CUDA_SDK_V9_2', 'HW_GPU_RESOLUTION_W1600H1200', 'COMPUTE_GRAPHICS_MODEL_VGA', 'HW_GPU_API_DIRECTX_V10', 'COMPUTE_TRUSTED_CERTS', 'HW_CPU_X86_SVM', 'HW_CPU_PPC64LE_POWER8', 'HW_GPU_RESOLUTION_W1024H600', 'HW_CPU_X86_AMD_VIRT_SSBD', 'COMPUTE_MIGRATE_AUTO_CONVERGE', 'HW_NIC_OFFLOAD_RXVLAN', 'COMPUTE_NET_VIF_MODEL_LAN9118', 'HW_CPU_X86_F16C', 'HW_GPU_CUDA_COMPUTE_CAPABILITY_V6_1', 'HW_GPU_RESOLUTION_W800H600', 'HW_GPU_API_OPENGL_V4_2', 'HW_NIC_OFFLOAD_UCS', 'HW_CPU_X86_INTEL_SSBD', 'HW_NIC_OFFLOAD_RXHASH', 'HW_NIC_OFFLOAD_TX', 'HW_NIC_SRIOV_QOS_TX', 'HW_CPU_X86_AESNI', 'HW_CPU_X86_AVX512ER', 'COMPUTE_IMAGE_TYPE_AKI', 'HW_CPU_X86_FMA4'} {{(pid=94247) _trait_sync /opt/stack/placement/placement/objects/trait.py:286}}
Jul 07 16:50:52.852644 n-d-791504-12 devstack@placement-api.service[94247]: DEBUG oslo_concurrency.lockutils [-] Releasing lock "trait_sync" {{(pid=94247) lock /usr/local/lib/python3.8/dist-packages/oslo_concurrency/lockutils.py:282}}
Jul 07 16:50:52.852900 n-d-791504-12 devstack@placement-api.service[94247]: DEBUG oslo_concurrency.lockutils [-] Acquired lock "resource_classes_sync" {{(pid=94247) lock /usr/local/lib/python3.8/dist-packages/oslo_concurrency/lockutils.py:266}}
Jul 07 16:50:52.899037 n-d-791504-12 devstack@placement-api.service[94247]: DEBUG placement.objects.resource_class [-] Found existing resource classes in db: [] {{(pid=94247) _resource_classes_sync /opt/stack/placement/placement/objects/resource_class.py:228}}
Jul 07 16:50:52.903007 n-d-791504-12 devstack@placement-api.service[94247]: DEBUG placement.objects.resource_class [-] Synced resource_classes from os_resource_classes: [{'name': 'VCPU', 'id': 0}, {'name': 'MEMORY_MB', 'id': 1}, {'name': 'DISK_GB', 'id': 2}, {'name': 'PCI_DEVICE', 'id': 3}, {'name': 'SRIOV_NET_VF', 'id': 4}, {'name': 'NUMA_SOCKET', 'id': 5}, {'name': 'NUMA_CORE', 'id': 6}, {'name': 'NUMA_THREAD', 'id': 7}, {'name': 'NUMA_MEMORY_MB', 'id': 8}, {'name': 'IPV4_ADDRESS', 'id': 9}, {'name': 'VGPU', 'id': 10}, {'name': 'VGPU_DISPLAY_HEAD', 'id': 11}, {'name': 'NET_BW_EGR_KILOBIT_PER_SEC', 'id': 12}, {'name': 'NET_BW_IGR_KILOBIT_PER_SEC', 'id': 13}, {'name': 'PCPU', 'id': 14}, {'name': 'MEM_ENCRYPTION_CONTEXT', 'id': 15}, {'name': 'FPGA', 'id': 16}, {'name': 'PGPU', 'id': 17}] {{(pid=94247) _resource_classes_sync /opt/stack/placement/placement/objects/resource_class.py:245}}
Jul 07 16:50:52.904470 n-d-791504-12 devstack@placement-api.service[94248]: DEBUG oslo_concurrency.lockutils [-] Releasing lock "trait_sync" {{(pid=94248) lock /usr/local/lib/python3.8/dist-packages/oslo_concurrency/lockutils.py:282}}
Jul 07 16:50:52.904726 n-d-791504-12 devstack@placement-api.service[94248]: DEBUG oslo_concurrency.lockutils [-] Acquired lock "resource_classes_sync" {{(pid=94248) lock /usr/local/lib/python3.8/dist-packages/oslo_concurrency/lockutils.py:266}}
Jul 07 16:50:52.906698 n-d-791504-12 devstack@placement-api.service[94247]: DEBUG oslo_concurrency.lockutils [-] Releasing lock "resource_classes_sync" {{(pid=94247) lock /usr/local/lib/python3.8/dist-packages/oslo_concurrency/lockutils.py:282}}
Jul 07 16:50:52.906907 n-d-791504-12 devstack@placement-api.service[94247]: WSGI app 0 (mountpoint='') ready in 2 seconds on interpreter 0x55875bc679c0 pid: 94247 (default app)
Jul 07 16:50:52.907792 n-d-791504-12 devstack@placement-api.service[94248]: DEBUG placement.objects.resource_class [-] Found existing resource classes in db: ['DISK_GB', 'FPGA', 'IPV4_ADDRESS', 'MEMORY_MB', 'MEM_ENCRYPTION_CONTEXT', 'NET_BW_EGR_KILOBIT_PER_SEC', 'NET_BW_IGR_KILOBIT_PER_SEC', 'NUMA_CORE', 'NUMA_MEMORY_MB', 'NUMA_SOCKET', 'NUMA_THREAD', 'PCI_DEVICE', 'PCPU', 'PGPU', 'SRIOV_NET_VF', 'VCPU', 'VGPU', 'VGPU_DISPLAY_HEAD'] {{(pid=94248) _resource_classes_sync /opt/stack/placement/placement/objects/resource_class.py:228}}
Jul 07 16:50:52.908306 n-d-791504-12 devstack@placement-api.service[94247]: DEBUG placement.requestlog [None req-3561b136-a769-44c2-bf78-bd8ed54a46b6 None None] Starting request: 10.222.0.22 "GET /placement/" {{(pid=94247) __call__ /opt/stack/placement/placement/requestlog.py:55}}
Jul 07 16:50:52.908574 n-d-791504-12 devstack@placement-api.service[94248]: DEBUG oslo_concurrency.lockutils [-] Releasing lock "resource_classes_sync" {{(pid=94248) lock /usr/local/lib/python3.8/dist-packages/oslo_concurrency/lockutils.py:282}}
Jul 07 16:50:52.908732 n-d-791504-12 devstack@placement-api.service[94248]: WSGI app 0 (mountpoint='') ready in 2 seconds on interpreter 0x55875bc679c0 pid: 94248 (default app)
Jul 07 16:50:52.923812 n-d-791504-12 devstack@placement-api.service[94247]: INFO placement.requestlog [None req-3561b136-a769-44c2-bf78-bd8ed54a46b6 None None] 10.222.0.22 "GET /placement/" status: 200 len: 136 microversion: 1.0
Jul 07 16:50:52.923991 n-d-791504-12 devstack@placement-api.service[94247]: [pid: 94247|app: 0|req: 1/1] 10.222.0.22 () {50 vars in 776 bytes} [Wed Jul 7 16:50:52 2021] GET /placement => generated 136 bytes in 16 msecs (HTTP/1.1 200) 6 headers in 224 bytes (1 switches on core 0)
Jul 07 16:51:50.419209 n-d-791504-12 devstack@placement-api.service[94248]: DEBUG placement.requestlog [None req-fdd4b665-a082-4281-b0e9-24161ba2988a None None] Starting request: 10.222.0.22 "GET /placement/" {{(pid=94248) __call__ /opt/stack/placement/placement/requestlog.py:55}}
Jul 07 16:51:50.435865 n-d-791504-12 devstack@placement-api.service[94248]: INFO placement.requestlog [None req-fdd4b665-a082-4281-b0e9-24161ba2988a None None] 10.222.0.22 "GET /placement/" status: 200 len: 136 microversion: 1.0
Jul 07 16:51:50.447417 n-d-791504-12 devstack@placement-api.service[94248]: [pid: 94248|app: 0|req: 1/2] 10.222.0.22 () {54 vars in 916 bytes} [Wed Jul 7 16:51:50 2021] GET /placement => generated 136 bytes in 29 msecs (HTTP/1.1 200) 6 headers in 224 bytes (1 switches on core 0)
Jul 07 16:51:50.690267 n-d-791504-12 devstack@placement-api.service[94247]: DEBUG placement.requestlog [None req-057f8e52-f4c5-4cfe-847a-6001dcd72d89 None None] Starting request: 10.222.0.22 "GET /placement/" {{(pid=94247) __call__ /opt/stack/placement/placement/requestlog.py:55}}
Jul 07 16:51:50.690267 n-d-791504-12 devstack@placement-api.service[94247]: INFO placement.requestlog [None req-057f8e52-f4c5-4cfe-847a-6001dcd72d89 None None] 10.222.0.22 "GET /placement/" status: 200 len: 136 microversion: 1.0
Jul 07 16:51:50.690267 n-d-791504-12 devstack@placement-api.service[94247]: [pid: 94247|app: 0|req: 2/3] 10.222.0.22 () {54 vars in 916 bytes} [Wed Jul 7 16:51:50 2021] GET /placement => generated 136 bytes in 2 msecs (HTTP/1.1 200) 6 headers in 224 bytes (1 switches on core 0)
Jul 07 16:51:54.772262 n-d-791504-12 devstack@placement-api.service[94248]: DEBUG placement.requestlog [None req-dae75917-575b-45e8-890b-4efbc139c335 None None] Starting request: 10.222.0.22 "GET /placement/" {{(pid=94248) __call__ /opt/stack/placement/placement/requestlog.py:55}}
Jul 07 16:51:54.773309 n-d-791504-12 devstack@placement-api.service[94248]: INFO placement.requestlog [None req-dae75917-575b-45e8-890b-4efbc139c335 None None] 10.222.0.22 "GET /placement/" status: 200 len: 136 microversion: 1.0
Jul 07 16:51:54.773545 n-d-791504-12 devstack@placement-api.service[94248]: [pid: 94248|app: 0|req: 2/4] 10.222.0.22 () {54 vars in 916 bytes} [Wed Jul 7 16:51:54 2021] GET /placement => generated 136 bytes in 2 msecs (HTTP/1.1 200) 6 headers in 224 bytes (1 switches on core 0)
Jul 07 16:51:56.297271 n-d-791504-12 devstack@placement-api.service[94247]: DEBUG placement.requestlog [None req-afcd2414-78cf-4677-a35c-066182edd1a2 None None] Starting request: 10.222.0.22 "GET /placement/" {{(pid=94247) __call__ /opt/stack/placement/placement/requestlog.py:55}}
Jul 07 16:51:56.298264 n-d-791504-12 devstack@placement-api.service[94247]: INFO placement.requestlog [None req-afcd2414-78cf-4677-a35c-066182edd1a2 None None] 10.222.0.22 "GET /placement/" status: 200 len: 136 microversion: 1.0
Jul 07 16:51:56.298455 n-d-791504-12 devstack@placement-api.service[94247]: [pid: 94247|app: 0|req: 3/5] 10.222.0.22 () {54 vars in 916 bytes} [Wed Jul 7 16:51:56 2021] GET /placement => generated 136 bytes in 1 msecs (HTTP/1.1 200) 6 headers in 224 bytes (1 switches on core 0)
Jul 07 16:53:07.279449 n-d-791504-12 devstack@placement-api.service[94248]: DEBUG placement.requestlog [None req-9549e1e3-85f7-43a8-a4a5-f6992a50f837 None None] Starting request: 10.222.0.22 "GET /placement//" {{(pid=94248) __call__ /opt/stack/placement/placement/requestlog.py:55}}
Jul 07 16:53:07.281033 n-d-791504-12 devstack@placement-api.service[94248]: INFO placement.requestlog [None req-9549e1e3-85f7-43a8-a4a5-f6992a50f837 None None] 10.222.0.22 "GET /placement//" status: 200 len: 136 microversion: 1.0
Jul 07 16:53:07.281204 n-d-791504-12 devstack@placement-api.service[94248]: [pid: 94248|app: 0|req: 3/6] 10.222.0.22 () {56 vars in 1107 bytes} [Wed Jul 7 16:53:07 2021] GET /placement/ => generated 136 bytes in 2 msecs (HTTP/1.1 200) 6 headers in 224 bytes (1 switches on core 0)
Jul 07 16:58:34.856771 n-d-791504-12 devstack@placement-api.service[94247]: DEBUG placement.requestlog [None req-d5e4b41f-d31d-4164-9e03-81d6a659fece None None] Starting request: 10.222.0.32 "GET /placement/" {{(pid=94247) __call__ /opt/stack/placement/placement/requestlog.py:55}}
Jul 07 16:58:34.857725 n-d-791504-12 devstack@placement-api.service[94247]: INFO placement.requestlog [None req-d5e4b41f-d31d-4164-9e03-81d6a659fece None None] 10.222.0.32 "GET /placement/" status: 200 len: 136 microversion: 1.0
Jul 07 16:58:34.857901 n-d-791504-12 devstack@placement-api.service[94247]: [pid: 94247|app: 0|req: 4/7] 10.222.0.32 () {54 vars in 913 bytes} [Wed Jul 7 16:58:34 2021] GET /placement => generated 136 bytes in 1 msecs (HTTP/1.1 200) 6 headers in 224 bytes (1 switches on core 0)
Jul 07 16:58:36.954534 n-d-791504-12 devstack@placement-api.service[94248]: DEBUG placement.requestlog [None req-f6d0c860-0830-483e-b62a-c7cb3cf0df13 None None] Starting request: 10.222.0.83 "GET /placement/" {{(pid=94248) __call__ /opt/stack/placement/placement/requestlog.py:55}}
Jul 07 16:58:36.955487 n-d-791504-12 devstack@placement-api.service[94248]: INFO placement.requestlog [None req-f6d0c860-0830-483e-b62a-c7cb3cf0df13 None None] 10.222.0.83 "GET /placement/" status: 200 len: 136 microversion: 1.0
Jul 07 16:58:36.955663 n-d-791504-12 devstack@placement-api.service[94248]: [pid: 94248|app: 0|req: 4/8] 10.222.0.83 () {54 vars in 913 bytes} [Wed Jul 7 16:58:36 2021] GET /placement => generated 136 bytes in 1 msecs (HTTP/1.1 200) 6 headers in 224 bytes (1 switches on core 0)
Jul 07 16:58:37.795020 n-d-791504-12 devstack@placement-api.service[94247]: DEBUG placement.requestlog [req-e0792f9c-f13d-40a1-a8c9-83a27eed2a83 req-4dfc1daa-8bbd-42ee-a847-60e20b3f345b None None] Starting request: 10.222.0.32 "GET /placement/resource_providers?in_tree=4b3dafc1-d4db-4812-a4d8-97fae645e98e" {{(pid=94247) __call__ /opt/stack/placement/placement/requestlog.py:55}}
Jul 07 16:58:37.905376 n-d-791504-12 devstack@placement-api.service[94247]: INFO placement.requestlog [req-e0792f9c-f13d-40a1-a8c9-83a27eed2a83 req-4dfc1daa-8bbd-42ee-a847-60e20b3f345b service placement] 10.222.0.32 "GET /placement/resource_providers?in_tree=4b3dafc1-d4db-4812-a4d8-97fae645e98e" status: 200 len: 26 microversion: 1.14
Jul 07 16:58:37.905567 n-d-791504-12 devstack@placement-api.service[94247]: [pid: 94247|app: 0|req: 5/9] 10.222.0.32 () {60 vars in 1377 bytes} [Wed Jul 7 16:58:37 2021] GET /placement/resource_providers?in_tree=4b3dafc1-d4db-4812-a4d8-97fae645e98e => generated 26 bytes in 111 msecs (HTTP/1.1 200) 6 headers in 224 bytes (2 switches on core 0)
Jul 07 16:58:37.912786 n-d-791504-12 devstack@placement-api.service[94248]: DEBUG placement.requestlog [req-e0792f9c-f13d-40a1-a8c9-83a27eed2a83 req-ead53fb2-799d-48af-89b2-755d733a54a8 None None] Starting request: 10.222.0.32 "POST /placement/resource_providers" {{(pid=94248) __call__ /opt/stack/placement/placement/requestlog.py:55}}
Jul 07 16:58:37.949485 n-d-791504-12 devstack@placement-api.service[94248]: INFO placement.requestlog [req-e0792f9c-f13d-40a1-a8c9-83a27eed2a83 req-ead53fb2-799d-48af-89b2-755d733a54a8 service placement] 10.222.0.32 "POST /placement/resource_providers" status: 200 len: 837 microversion: 1.20
Jul 07 16:58:37.950033 n-d-791504-12 devstack@placement-api.service[94248]: [pid: 94248|app: 0|req: 5/10] 10.222.0.32 () {64 vars in 1341 bytes} [Wed Jul 7 16:58:37 2021] POST /placement/resource_providers => generated 837 bytes in 37 msecs (HTTP/1.1 200) 9 headers in 392 bytes (1 switches on core 0)
Jul 07 16:58:38.161328 n-d-791504-12 devstack@placement-api.service[94247]: DEBUG placement.requestlog [req-e0792f9c-f13d-40a1-a8c9-83a27eed2a83 req-47ba78a1-af37-4eec-ae0e-7f200f8be55e None None] Starting request: 10.222.0.32 "PUT /placement/resource_providers/4b3dafc1-d4db-4812-a4d8-97fae645e98e/inventories" {{(pid=94247) __call__ /opt/stack/placement/placement/requestlog.py:55}}
Jul 07 16:58:38.192164 n-d-791504-12 devstack@placement-api.service[94247]: INFO placement.requestlog [req-e0792f9c-f13d-40a1-a8c9-83a27eed2a83 req-47ba78a1-af37-4eec-ae0e-7f200f8be55e service placement] 10.222.0.32 "PUT /placement/resource_providers/4b3dafc1-d4db-4812-a4d8-97fae645e98e/inventories" status: 200 len: 397 microversion: 1.26
Jul 07 16:58:38.192420 n-d-791504-12 devstack@placement-api.service[94247]: [pid: 94247|app: 0|req: 6/11] 10.222.0.32 () {64 vars in 1488 bytes} [Wed Jul 7 16:58:38 2021] PUT /placement/resource_providers/4b3dafc1-d4db-4812-a4d8-97fae645e98e/inventories => generated 397 bytes in 31 msecs (HTTP/1.1 200) 8 headers in 296 bytes (1 switches on core 0)
Jul 07 16:58:38.202781 n-d-791504-12 devstack@placement-api.service[94248]: DEBUG placement.requestlog [req-e0792f9c-f13d-40a1-a8c9-83a27eed2a83 req-8565ba1b-d1a1-419a-84fb-d9ebad341dc6 None None] Starting request: 10.222.0.32 "GET /placement/traits?name=in:COMPUTE_NET_ATTACH_INTERFACE,COMPUTE_IMAGE_TYPE_VHDX,COMPUTE_SECURITY_UEFI_SECURE_BOOT,COMPUTE_NODE,COMPUTE_IMAGE_TYPE_VHD,COMPUTE_DEVICE_TAGGING" {{(pid=94248) __call__ /opt/stack/placement/placement/requestlog.py:55}}
Jul 07 16:58:38.214881 n-d-791504-12 devstack@placement-api.service[94248]: INFO placement.requestlog [req-e0792f9c-f13d-40a1-a8c9-83a27eed2a83 req-8565ba1b-d1a1-419a-84fb-d9ebad341dc6 service placement] 10.222.0.32 "GET /placement/traits?name=in:COMPUTE_NET_ATTACH_INTERFACE,COMPUTE_IMAGE_TYPE_VHDX,COMPUTE_SECURITY_UEFI_SECURE_BOOT,COMPUTE_NODE,COMPUTE_IMAGE_TYPE_VHD,COMPUTE_DEVICE_TAGGING" status: 200 len: 176 microversion: 1.6
Jul 07 16:58:38.215934 n-d-791504-12 devstack@placement-api.service[94248]: [pid: 94248|app: 0|req: 6/12] 10.222.0.32 () {60 vars in 1558 bytes} [Wed Jul 7 16:58:38 2021] GET /placement/traits?name=in:COMPUTE_NET_ATTACH_INTERFACE,COMPUTE_IMAGE_TYPE_VHDX,COMPUTE_SECURITY_UEFI_SECURE_BOOT,COMPUTE_NODE,COMPUTE_IMAGE_TYPE_VHD,COMPUTE_DEVICE_TAGGING => generated 176 bytes in 13 msecs (HTTP/1.1 200) 6 headers in 224 bytes (1 switches on core 0)
Jul 07 16:58:38.222535 n-d-791504-12 devstack@placement-api.service[94247]: DEBUG placement.requestlog [req-e0792f9c-f13d-40a1-a8c9-83a27eed2a83 req-35c18b16-15ce-48a9-abdd-9d2ab30dac5b None None] Starting request: 10.222.0.32 "PUT /placement/resource_providers/4b3dafc1-d4db-4812-a4d8-97fae645e98e/traits" {{(pid=94247) __call__ /opt/stack/placement/placement/requestlog.py:55}}
Jul 07 16:58:38.266328 n-d-791504-12 devstack@placement-api.service[94247]: INFO placement.requestlog [req-e0792f9c-f13d-40a1-a8c9-83a27eed2a83 req-35c18b16-15ce-48a9-abdd-9d2ab30dac5b service placement] 10.222.0.32 "PUT /placement/resource_providers/4b3dafc1-d4db-4812-a4d8-97fae645e98e/traits" status: 200 len: 211 microversion: 1.6
Jul 07 16:58:38.266693 n-d-791504-12 devstack@placement-api.service[94247]: [pid: 94247|app: 0|req: 7/13] 10.222.0.32 () {64 vars in 1472 bytes} [Wed Jul 7 16:58:38 2021] PUT /placement/resource_providers/4b3dafc1-d4db-4812-a4d8-97fae645e98e/traits => generated 211 bytes in 45 msecs (HTTP/1.1 200) 6 headers in 224 bytes (2 switches on core 0)
Jul 07 16:58:39.866995 n-d-791504-12 devstack@placement-api.service[94248]: DEBUG placement.requestlog [req-a0992503-4162-4e33-8278-41817fdec295 req-f5351d73-6908-4bdd-a70c-27d807ad7254 None None] Starting request: 10.222.0.83 "GET /placement/resource_providers?in_tree=6e97c863-2ce6-4b3c-9771-a88c1ba0a8e2" {{(pid=94248) __call__ /opt/stack/placement/placement/requestlog.py:55}}
Jul 07 16:58:39.973388 n-d-791504-12 devstack@placement-api.service[94248]: INFO placement.requestlog [req-a0992503-4162-4e33-8278-41817fdec295 req-f5351d73-6908-4bdd-a70c-27d807ad7254 service placement] 10.222.0.83 "GET /placement/resource_providers?in_tree=6e97c863-2ce6-4b3c-9771-a88c1ba0a8e2" status: 200 len: 26 microversion: 1.14
Jul 07 16:58:39.973794 n-d-791504-12 devstack@placement-api.service[94248]: [pid: 94248|app: 0|req: 7/14] 10.222.0.83 () {60 vars in 1377 bytes} [Wed Jul 7 16:58:39 2021] GET /placement/resource_providers?in_tree=6e97c863-2ce6-4b3c-9771-a88c1ba0a8e2 => generated 26 bytes in 107 msecs (HTTP/1.1 200) 6 headers in 224 bytes (2 switches on core 0)
Jul 07 16:58:39.980400 n-d-791504-12 devstack@placement-api.service[94247]: DEBUG placement.requestlog [req-a0992503-4162-4e33-8278-41817fdec295 req-4f7253e7-a98b-44dd-bf16-3124377c2996 None None] Starting request: 10.222.0.83 "POST /placement/resource_providers" {{(pid=94247) __call__ /opt/stack/placement/placement/requestlog.py:55}}
Jul 07 16:58:39.997099 n-d-791504-12 devstack@placement-api.service[94247]: INFO placement.requestlog [req-a0992503-4162-4e33-8278-41817fdec295 req-4f7253e7-a98b-44dd-bf16-3124377c2996 service placement] 10.222.0.83 "POST /placement/resource_providers" status: 200 len: 837 microversion: 1.20
Jul 07 16:58:39.997493 n-d-791504-12 devstack@placement-api.service[94247]: [pid: 94247|app: 0|req: 8/15] 10.222.0.83 () {64 vars in 1341 bytes} [Wed Jul 7 16:58:39 2021] POST /placement/resource_providers => generated 837 bytes in 17 msecs (HTTP/1.1 200) 9 headers in 392 bytes (2 switches on core 0)
Jul 07 16:58:40.215844 n-d-791504-12 devstack@placement-api.service[94248]: DEBUG placement.requestlog [req-a0992503-4162-4e33-8278-41817fdec295 req-cde7e0fa-82f9-46b7-b351-d9ed3583ffcf None None] Starting request: 10.222.0.83 "PUT /placement/resource_providers/6e97c863-2ce6-4b3c-9771-a88c1ba0a8e2/inventories" {{(pid=94248) __call__ /opt/stack/placement/placement/requestlog.py:55}}
Jul 07 16:58:40.245108 n-d-791504-12 devstack@placement-api.service[94248]: INFO placement.requestlog [req-a0992503-4162-4e33-8278-41817fdec295 req-cde7e0fa-82f9-46b7-b351-d9ed3583ffcf service placement] 10.222.0.83 "PUT /placement/resource_providers/6e97c863-2ce6-4b3c-9771-a88c1ba0a8e2/inventories" status: 200 len: 397 microversion: 1.26
Jul 07 16:58:40.245356 n-d-791504-12 devstack@placement-api.service[94248]: [pid: 94248|app: 0|req: 8/16] 10.222.0.83 () {64 vars in 1488 bytes} [Wed Jul 7 16:58:40 2021] PUT /placement/resource_providers/6e97c863-2ce6-4b3c-9771-a88c1ba0a8e2/inventories => generated 397 bytes in 30 msecs (HTTP/1.1 200) 8 headers in 296 bytes (2 switches on core 0)
Jul 07 16:58:40.255241 n-d-791504-12 devstack@placement-api.service[94247]: DEBUG placement.requestlog [req-a0992503-4162-4e33-8278-41817fdec295 req-0c5e9854-a9c9-4d9e-86f1-90755f20ccd0 None None] Starting request: 10.222.0.83 "GET /placement/traits?name=in:COMPUTE_IMAGE_TYPE_VHDX,COMPUTE_IMAGE_TYPE_VHD,COMPUTE_SECURITY_UEFI_SECURE_BOOT,COMPUTE_DEVICE_TAGGING,COMPUTE_NET_ATTACH_INTERFACE,COMPUTE_NODE" {{(pid=94247) __call__ /opt/stack/placement/placement/requestlog.py:55}}
Jul 07 16:58:40.265373 n-d-791504-12 devstack@placement-api.service[94247]: INFO placement.requestlog [req-a0992503-4162-4e33-8278-41817fdec295 req-0c5e9854-a9c9-4d9e-86f1-90755f20ccd0 service placement] 10.222.0.83 "GET /placement/traits?name=in:COMPUTE_IMAGE_TYPE_VHDX,COMPUTE_IMAGE_TYPE_VHD,COMPUTE_SECURITY_UEFI_SECURE_BOOT,COMPUTE_DEVICE_TAGGING,COMPUTE_NET_ATTACH_INTERFACE,COMPUTE_NODE" status: 200 len: 176 microversion: 1.6
Jul 07 16:58:40.265602 n-d-791504-12 devstack@placement-api.service[94247]: [pid: 94247|app: 0|req: 9/17] 10.222.0.83 () {60 vars in 1558 bytes} [Wed Jul 7 16:58:40 2021] GET /placement/traits?name=in:COMPUTE_IMAGE_TYPE_VHDX,COMPUTE_IMAGE_TYPE_VHD,COMPUTE_SECURITY_UEFI_SECURE_BOOT,COMPUTE_DEVICE_TAGGING,COMPUTE_NET_ATTACH_INTERFACE,COMPUTE_NODE => generated 176 bytes in 11 msecs (HTTP/1.1 200) 6 headers in 224 bytes (2 switches on core 0)
Jul 07 16:58:40.273532 n-d-791504-12 devstack@placement-api.service[94248]: DEBUG placement.requestlog [req-a0992503-4162-4e33-8278-41817fdec295 req-04df0517-8265-4d93-8246-5bc739db0463 None None] Starting request: 10.222.0.83 "PUT /placement/resource_providers/6e97c863-2ce6-4b3c-9771-a88c1ba0a8e2/traits" {{(pid=94248) __call__ /opt/stack/placement/placement/requestlog.py:55}}
Jul 07 16:58:40.300654 n-d-791504-12 devstack@placement-api.service[94248]: INFO placement.requestlog [req-a0992503-4162-4e33-8278-41817fdec295 req-04df0517-8265-4d93-8246-5bc739db0463 service placement] 10.222.0.83 "PUT /placement/resource_providers/6e97c863-2ce6-4b3c-9771-a88c1ba0a8e2/traits" status: 200 len: 211 microversion: 1.6
Jul 07 16:58:40.300900 n-d-791504-12 devstack@placement-api.service[94248]: [pid: 94248|app: 0|req: 9/18] 10.222.0.83 () {64 vars in 1472 bytes} [Wed Jul 7 16:58:40 2021] PUT /placement/resource_providers/6e97c863-2ce6-4b3c-9771-a88c1ba0a8e2/traits => generated 211 bytes in 28 msecs (HTTP/1.1 200) 6 headers in 224 bytes (2 switches on core 0)
Jul 07 16:59:35.008085 n-d-791504-12 devstack@placement-api.service[94247]: DEBUG placement.requestlog [req-e167d640-848f-46d2-9b56-89a4c5142ef5 req-5337e48b-801c-439f-8624-9a955e5f04e8 None None] Starting request: 10.222.0.32 "GET /placement/resource_providers/4b3dafc1-d4db-4812-a4d8-97fae645e98e/allocations" {{(pid=94247) __call__ /opt/stack/placement/placement/requestlog.py:55}}
Jul 07 16:59:35.029017 n-d-791504-12 devstack@placement-api.service[94247]: INFO placement.requestlog [req-e167d640-848f-46d2-9b56-89a4c5142ef5 req-5337e48b-801c-439f-8624-9a955e5f04e8 service placement] 10.222.0.32 "GET /placement/resource_providers/4b3dafc1-d4db-4812-a4d8-97fae645e98e/allocations" status: 200 len: 54 microversion: 1.0
Jul 07 16:59:35.029221 n-d-791504-12 devstack@placement-api.service[94247]: [pid: 94247|app: 0|req: 10/19] 10.222.0.32 () {58 vars in 1391 bytes} [Wed Jul 7 16:59:35 2021] GET /placement/resource_providers/4b3dafc1-d4db-4812-a4d8-97fae645e98e/allocations => generated 54 bytes in 21 msecs (HTTP/1.1 200) 6 headers in 223 bytes (1 switches on core 0)
Jul 07 16:59:37.184678 n-d-791504-12 devstack@placement-api.service[94248]: DEBUG placement.requestlog [req-bf3d8901-e18c-4325-bef9-e782eae64b8c req-c6c6d889-8cac-4c8d-bcfc-5453d49313c0 None None] Starting request: 10.222.0.83 "GET /placement/resource_providers/6e97c863-2ce6-4b3c-9771-a88c1ba0a8e2/allocations" {{(pid=94248) __call__ /opt/stack/placement/placement/requestlog.py:55}}
Jul 07 16:59:37.204500 n-d-791504-12 devstack@placement-api.service[94248]: INFO placement.requestlog [req-bf3d8901-e18c-4325-bef9-e782eae64b8c req-c6c6d889-8cac-4c8d-bcfc-5453d49313c0 service placement] 10.222.0.83 "GET /placement/resource_providers/6e97c863-2ce6-4b3c-9771-a88c1ba0a8e2/allocations" status: 200 len: 54 microversion: 1.0
Jul 07 16:59:37.204834 n-d-791504-12 devstack@placement-api.service[94248]: [pid: 94248|app: 0|req: 10/20] 10.222.0.83 () {58 vars in 1391 bytes} [Wed Jul 7 16:59:37 2021] GET /placement/resource_providers/6e97c863-2ce6-4b3c-9771-a88c1ba0a8e2/allocations => generated 54 bytes in 21 msecs (HTTP/1.1 200) 6 headers in 223 bytes (1 switches on core 0)
Jul 07 17:00:19.452213 n-d-791504-12 devstack@placement-api.service[94247]: DEBUG placement.requestlog [None req-201fb6f8-f31c-4b45-a48a-2106104f6172 None None] Starting request: 10.222.0.22 "GET /placement/" {{(pid=94247) __call__ /opt/stack/placement/placement/requestlog.py:55}}
Jul 07 17:00:19.453246 n-d-791504-12 devstack@placement-api.service[94247]: INFO placement.requestlog [None req-201fb6f8-f31c-4b45-a48a-2106104f6172 None None] 10.222.0.22 "GET /placement/" status: 200 len: 136 microversion: 1.0
Jul 07 17:00:19.453556 n-d-791504-12 devstack@placement-api.service[94247]: [pid: 94247|app: 0|req: 11/21] 10.222.0.22 () {54 vars in 916 bytes} [Wed Jul 7 17:00:19 2021] GET /placement => generated 136 bytes in 2 msecs (HTTP/1.1 200) 6 headers in 224 bytes (1 switches on core 0)
Jul 07 17:00:35.955960 n-d-791504-12 devstack@placement-api.service[94248]: DEBUG placement.requestlog [req-24715b1b-f2ae-420c-b5a0-191468d841fd req-0bc4b7b9-ffcb-4526-8d44-cc7716b90362 None None] Starting request: 10.222.0.32 "GET /placement/resource_providers/4b3dafc1-d4db-4812-a4d8-97fae645e98e/allocations" {{(pid=94248) __call__ /opt/stack/placement/placement/requestlog.py:55}}
Jul 07 17:00:35.970847 n-d-791504-12 devstack@placement-api.service[94248]: INFO placement.requestlog [req-24715b1b-f2ae-420c-b5a0-191468d841fd req-0bc4b7b9-ffcb-4526-8d44-cc7716b90362 service placement] 10.222.0.32 "GET /placement/resource_providers/4b3dafc1-d4db-4812-a4d8-97fae645e98e/allocations" status: 200 len: 54 microversion: 1.0
Jul 07 17:00:35.971528 n-d-791504-12 devstack@placement-api.service[94248]: [pid: 94248|app: 0|req: 11/22] 10.222.0.32 () {58 vars in 1391 bytes} [Wed Jul 7 17:00:35 2021] GET /placement/resource_providers/4b3dafc1-d4db-4812-a4d8-97fae645e98e/allocations => generated 54 bytes in 15 msecs (HTTP/1.1 200) 6 headers in 223 bytes (2 switches on core 0)
Jul 07 17:00:39.111631 n-d-791504-12 devstack@placement-api.service[94247]: DEBUG placement.requestlog [req-f90e50e1-012e-4c1f-84b1-d93c3801328a req-5e30bb20-30cd-42ed-ba12-d5813caacc97 None None] Starting request: 10.222.0.83 "GET /placement/resource_providers/6e97c863-2ce6-4b3c-9771-a88c1ba0a8e2/allocations" {{(pid=94247) __call__ /opt/stack/placement/placement/requestlog.py:55}}
Jul 07 17:00:39.131015 n-d-791504-12 devstack@placement-api.service[94247]: INFO placement.requestlog [req-f90e50e1-012e-4c1f-84b1-d93c3801328a req-5e30bb20-30cd-42ed-ba12-d5813caacc97 service placement] 10.222.0.83 "GET /placement/resource_providers/6e97c863-2ce6-4b3c-9771-a88c1ba0a8e2/allocations" status: 200 len: 54 microversion: 1.0
Jul 07 17:00:39.131371 n-d-791504-12 devstack@placement-api.service[94247]: [pid: 94247|app: 0|req: 12/23] 10.222.0.83 () {58 vars in 1391 bytes} [Wed Jul 7 17:00:39 2021] GET /placement/resource_providers/6e97c863-2ce6-4b3c-9771-a88c1ba0a8e2/allocations => generated 54 bytes in 20 msecs (HTTP/1.1 200) 6 headers in 223 bytes (1 switches on core 0)
Jul 07 17:00:56.154622 n-d-791504-12 devstack@placement-api.service[94248]: DEBUG placement.requestlog [req-25734ebc-4e22-4a04-ab28-b24310641985 req-fd04c5be-1568-46e7-b3e0-d4876301dca1 None None] Starting request: 10.222.0.22 "GET /placement/allocation_candidates?limit=1000&resources=DISK_GB%3A1%2CMEMORY_MB%3A1024%2CVCPU%3A1&root_required=%21COMPUTE_STATUS_DISABLED" {{(pid=94248) __call__ /opt/stack/placement/placement/requestlog.py:55}}
Jul 07 17:00:56.253650 n-d-791504-12 devstack@placement-api.service[94247]: DEBUG placement.requestlog [None req-e3fcbefe-5c2c-41d0-8f52-1ed957d478b1 None None] Starting request: 10.222.0.22 "GET /placement/" {{(pid=94247) __call__ /opt/stack/placement/placement/requestlog.py:55}}
Jul 07 17:00:56.254768 n-d-791504-12 devstack@placement-api.service[94247]: INFO placement.requestlog [None req-e3fcbefe-5c2c-41d0-8f52-1ed957d478b1 None None] 10.222.0.22 "GET /placement/" status: 200 len: 136 microversion: 1.0
Jul 07 17:00:56.255181 n-d-791504-12 devstack@placement-api.service[94247]: [pid: 94247|app: 0|req: 13/24] 10.222.0.22 () {54 vars in 907 bytes} [Wed Jul 7 17:00:56 2021] GET /placement => generated 136 bytes in 6 msecs (HTTP/1.1 200) 6 headers in 224 bytes (1 switches on core 0)
Jul 07 17:00:56.267402 n-d-791504-12 devstack@placement-api.service[94247]: DEBUG placement.requestlog [req-40111ebb-ff7a-40a4-86d9-93db12311e38 req-9af6d2ec-30b1-4197-894f-008ceac6f3da None None] Starting request: 10.222.0.22 "GET /placement/resource_providers?name=n-h1-791504-12" {{(pid=94247) __call__ /opt/stack/placement/placement/requestlog.py:55}}
Jul 07 17:00:56.695962 n-d-791504-12 devstack@placement-api.service[94247]: INFO placement.requestlog [req-40111ebb-ff7a-40a4-86d9-93db12311e38 req-9af6d2ec-30b1-4197-894f-008ceac6f3da service placement] 10.222.0.22 "GET /placement/resource_providers?name=n-h1-791504-12" status: 200 len: 441 microversion: 1.0
Jul 07 17:00:56.705467 n-d-791504-12 devstack@placement-api.service[94247]: [pid: 94247|app: 0|req: 14/25] 10.222.0.22 () {58 vars in 1277 bytes} [Wed Jul 7 17:00:56 2021] GET /placement/resource_providers?name=n-h1-791504-12 => generated 441 bytes in 438 msecs (HTTP/1.1 200) 6 headers in 224 bytes (1 switches on core 0)
Jul 07 17:00:56.706952 n-d-791504-12 devstack@placement-api.service[94247]: DEBUG placement.requestlog [req-40111ebb-ff7a-40a4-86d9-93db12311e38 req-fbc3bd46-5672-4aee-8b21-b8c23ca02779 None None] Starting request: 10.222.0.22 "GET /placement/resource_providers/4b3dafc1-d4db-4812-a4d8-97fae645e98e/aggregates" {{(pid=94247) __call__ /opt/stack/placement/placement/requestlog.py:55}}
Jul 07 17:00:56.714713 n-d-791504-12 devstack@placement-api.service[94248]: DEBUG placement.objects.research_context [req-25734ebc-4e22-4a04-ab28-b24310641985 req-fd04c5be-1568-46e7-b3e0-d4876301dca1 service placement] getting providers with 1 DISK_GB {{(pid=94248) __init__ /opt/stack/placement/placement/objects/research_context.py:126}}
Jul 07 17:00:56.771655 n-d-791504-12 devstack@placement-api.service[94248]: DEBUG placement.objects.research_context [req-25734ebc-4e22-4a04-ab28-b24310641985 req-fd04c5be-1568-46e7-b3e0-d4876301dca1 service placement] getting providers with 1024 MEMORY_MB {{(pid=94248) __init__ /opt/stack/placement/placement/objects/research_context.py:126}}
Jul 07 17:00:56.791808 n-d-791504-12 devstack@placement-api.service[94247]: INFO placement.requestlog [req-40111ebb-ff7a-40a4-86d9-93db12311e38 req-fbc3bd46-5672-4aee-8b21-b8c23ca02779 service placement] 10.222.0.22 "GET /placement/resource_providers/4b3dafc1-d4db-4812-a4d8-97fae645e98e/aggregates" status: 200 len: 53 microversion: 1.19
Jul 07 17:00:56.792460 n-d-791504-12 devstack@placement-api.service[94247]: [pid: 94247|app: 0|req: 15/26] 10.222.0.22 () {60 vars in 1426 bytes} [Wed Jul 7 17:00:56 2021] GET /placement/resource_providers/4b3dafc1-d4db-4812-a4d8-97fae645e98e/aggregates => generated 53 bytes in 86 msecs (HTTP/1.1 200) 8 headers in 295 bytes (1 switches on core 0)
Jul 07 17:00:56.800979 n-d-791504-12 devstack@placement-api.service[94247]: DEBUG placement.requestlog [req-40111ebb-ff7a-40a4-86d9-93db12311e38 req-b0d844e6-ca25-497d-9b35-74111db2ee7c None None] Starting request: 10.222.0.22 "PUT /placement/resource_providers/4b3dafc1-d4db-4812-a4d8-97fae645e98e/aggregates" {{(pid=94247) __call__ /opt/stack/placement/placement/requestlog.py:55}}
Jul 07 17:00:56.806499 n-d-791504-12 devstack@placement-api.service[94248]: DEBUG placement.objects.research_context [req-25734ebc-4e22-4a04-ab28-b24310641985 req-fd04c5be-1568-46e7-b3e0-d4876301dca1 service placement] getting providers with 1 VCPU {{(pid=94248) __init__ /opt/stack/placement/placement/objects/research_context.py:126}}
Jul 07 17:00:56.831438 n-d-791504-12 devstack@placement-api.service[94248]: DEBUG placement.objects.research_context [req-25734ebc-4e22-4a04-ab28-b24310641985 req-fd04c5be-1568-46e7-b3e0-d4876301dca1 service placement] found 2 providers with available 1 DISK_GB {{(pid=94248) get_provider_ids_matching /opt/stack/placement/placement/objects/research_context.py:549}}
Jul 07 17:00:56.831784 n-d-791504-12 devstack@placement-api.service[94248]: DEBUG placement.objects.research_context [req-25734ebc-4e22-4a04-ab28-b24310641985 req-fd04c5be-1568-46e7-b3e0-d4876301dca1 service placement] found 2 providers with available 1024 MEMORY_MB {{(pid=94248) get_provider_ids_matching /opt/stack/placement/placement/objects/research_context.py:549}}
Jul 07 17:00:56.832153 n-d-791504-12 devstack@placement-api.service[94248]: DEBUG placement.objects.research_context [req-25734ebc-4e22-4a04-ab28-b24310641985 req-fd04c5be-1568-46e7-b3e0-d4876301dca1 service placement] found 2 providers after filtering by previous result {{(pid=94248) get_provider_ids_matching /opt/stack/placement/placement/objects/research_context.py:580}}
Jul 07 17:00:56.832600 n-d-791504-12 devstack@placement-api.service[94248]: DEBUG placement.objects.research_context [req-25734ebc-4e22-4a04-ab28-b24310641985 req-fd04c5be-1568-46e7-b3e0-d4876301dca1 service placement] found 2 providers with available 1 VCPU {{(pid=94248) get_provider_ids_matching /opt/stack/placement/placement/objects/research_context.py:549}}
Jul 07 17:00:56.832720 n-d-791504-12 devstack@placement-api.service[94248]: DEBUG placement.objects.research_context [req-25734ebc-4e22-4a04-ab28-b24310641985 req-fd04c5be-1568-46e7-b3e0-d4876301dca1 service placement] found 2 providers after filtering by previous result {{(pid=94248) get_provider_ids_matching /opt/stack/placement/placement/objects/research_context.py:580}}
Jul 07 17:00:56.833754 n-d-791504-12 devstack@placement-api.service[94247]: DEBUG placement.objects.resource_provider [req-40111ebb-ff7a-40a4-86d9-93db12311e38 req-b0d844e6-ca25-497d-9b35-74111db2ee7c service placement] _ensure_aggregate() did not find aggregate 4b6aaf12-b60b-493e-b4a0-040736d14abe. Attempting to create it. {{(pid=94247) _ensure_aggregate /opt/stack/placement/placement/objects/resource_provider.py:319}}
Jul 07 17:00:56.836954 n-d-791504-12 devstack@placement-api.service[94247]: DEBUG placement.objects.resource_provider [req-40111ebb-ff7a-40a4-86d9-93db12311e38 req-b0d844e6-ca25-497d-9b35-74111db2ee7c service placement] _ensure_aggregate() created new aggregate 4b6aaf12-b60b-493e-b4a0-040736d14abe (id=1). {{(pid=94247) _ensure_aggregate /opt/stack/placement/placement/objects/resource_provider.py:325}}
Jul 07 17:00:56.841269 n-d-791504-12 devstack@placement-api.service[94247]: DEBUG placement.objects.resource_provider [req-40111ebb-ff7a-40a4-86d9-93db12311e38 req-b0d844e6-ca25-497d-9b35-74111db2ee7c service placement] Setting aggregates for provider 4b3dafc1-d4db-4812-a4d8-97fae645e98e. Successfully associated aggregate 4b6aaf12-b60b-493e-b4a0-040736d14abe. {{(pid=94247) _set_aggregates /opt/stack/placement/placement/objects/resource_provider.py:387}}
Jul 07 17:00:56.849939 n-d-791504-12 devstack@placement-api.service[94247]: INFO placement.requestlog [req-40111ebb-ff7a-40a4-86d9-93db12311e38 req-b0d844e6-ca25-497d-9b35-74111db2ee7c service placement] 10.222.0.22 "PUT /placement/resource_providers/4b3dafc1-d4db-4812-a4d8-97fae645e98e/aggregates" status: 200 len: 91 microversion: 1.19
Jul 07 17:00:56.850265 n-d-791504-12 devstack@placement-api.service[94247]: [pid: 94247|app: 0|req: 16/27] 10.222.0.22 () {64 vars in 1478 bytes} [Wed Jul 7 17:00:56 2021] PUT /placement/resource_providers/4b3dafc1-d4db-4812-a4d8-97fae645e98e/aggregates => generated 91 bytes in 50 msecs (HTTP/1.1 200) 8 headers in 295 bytes (1 switches on core 0)
Jul 07 17:00:56.880811 n-d-791504-12 devstack@placement-api.service[94248]: DEBUG placement.objects.allocation_candidate [req-25734ebc-4e22-4a04-ab28-b24310641985 req-fd04c5be-1568-46e7-b3e0-d4876301dca1 service placement] RequestGroup(use_same_provider=False, resources={DISK_GB:1, MEMORY_MB:1024, VCPU:1}, traits=[], aggregates=[]) (suffix '') returned 2 matches {{(pid=94248) _get_by_requests /opt/stack/placement/placement/objects/allocation_candidate.py:145}}
Jul 07 17:00:56.881196 n-d-791504-12 devstack@placement-api.service[94248]: DEBUG placement.objects.allocation_candidate [req-25734ebc-4e22-4a04-ab28-b24310641985 req-fd04c5be-1568-46e7-b3e0-d4876301dca1 service placement] Merging candidates yields 2 allocation requests and 2 provider summaries {{(pid=94248) _merge_candidates /opt/stack/placement/placement/objects/allocation_candidate.py:783}}
Jul 07 17:00:56.883208 n-d-791504-12 devstack@placement-api.service[94248]: INFO placement.requestlog [req-25734ebc-4e22-4a04-ab28-b24310641985 req-fd04c5be-1568-46e7-b3e0-d4876301dca1 service placement] 10.222.0.22 "GET /placement/allocation_candidates?limit=1000&resources=DISK_GB%3A1%2CMEMORY_MB%3A1024%2CVCPU%3A1&root_required=%21COMPUTE_STATUS_DISABLED" status: 200 len: 1303 microversion: 1.36
Jul 07 17:00:56.896061 n-d-791504-12 devstack@placement-api.service[94248]: [pid: 94248|app: 0|req: 12/28] 10.222.0.22 () {60 vars in 1507 bytes} [Wed Jul 7 17:00:56 2021] GET /placement/allocation_candidates?limit=1000&resources=DISK_GB%3A1%2CMEMORY_MB%3A1024%2CVCPU%3A1&root_required=%21COMPUTE_STATUS_DISABLED => generated 1303 bytes in 744 msecs (HTTP/1.1 200) 8 headers in 297 bytes (1 switches on core 0)
Jul 07 17:00:57.043579 n-d-791504-12 devstack@placement-api.service[94247]: DEBUG placement.requestlog [req-32da3049-7bf2-4cd4-bb58-2c1b9a393920 req-e1e71181-51ab-4235-988e-dff2a309799c None None] Starting request: 10.222.0.22 "GET /placement/resource_providers?name=n-h1-791504-12" {{(pid=94247) __call__ /opt/stack/placement/placement/requestlog.py:55}}
Jul 07 17:00:57.065094 n-d-791504-12 devstack@placement-api.service[94247]: INFO placement.requestlog [req-32da3049-7bf2-4cd4-bb58-2c1b9a393920 req-e1e71181-51ab-4235-988e-dff2a309799c service placement] 10.222.0.22 "GET /placement/resource_providers?name=n-h1-791504-12" status: 200 len: 441 microversion: 1.0
Jul 07 17:00:57.066297 n-d-791504-12 devstack@placement-api.service[94247]: [pid: 94247|app: 0|req: 17/29] 10.222.0.22 () {58 vars in 1277 bytes} [Wed Jul 7 17:00:57 2021] GET /placement/resource_providers?name=n-h1-791504-12 => generated 441 bytes in 23 msecs (HTTP/1.1 200) 6 headers in 224 bytes (1 switches on core 0)
Jul 07 17:00:57.073054 n-d-791504-12 devstack@placement-api.service[94248]: DEBUG placement.requestlog [req-32da3049-7bf2-4cd4-bb58-2c1b9a393920 req-b72324db-0acd-4bbd-8cb1-5d1dab864baf None None] Starting request: 10.222.0.22 "GET /placement/resource_providers/4b3dafc1-d4db-4812-a4d8-97fae645e98e/aggregates" {{(pid=94248) __call__ /opt/stack/placement/placement/requestlog.py:55}}
Jul 07 17:00:57.107382 n-d-791504-12 devstack@placement-api.service[94248]: INFO placement.requestlog [req-32da3049-7bf2-4cd4-bb58-2c1b9a393920 req-b72324db-0acd-4bbd-8cb1-5d1dab864baf service placement] 10.222.0.22 "GET /placement/resource_providers/4b3dafc1-d4db-4812-a4d8-97fae645e98e/aggregates" status: 200 len: 91 microversion: 1.19
Jul 07 17:00:57.122288 n-d-791504-12 devstack@placement-api.service[94247]: DEBUG placement.requestlog [req-32da3049-7bf2-4cd4-bb58-2c1b9a393920 req-38f32367-15a0-4a4c-a8e0-6b31863e5696 None None] Starting request: 10.222.0.22 "PUT /placement/resource_providers/4b3dafc1-d4db-4812-a4d8-97fae645e98e/aggregates" {{(pid=94247) __call__ /opt/stack/placement/placement/requestlog.py:55}}
Jul 07 17:00:57.124953 n-d-791504-12 devstack@placement-api.service[94248]: [pid: 94248|app: 0|req: 13/30] 10.222.0.22 () {60 vars in 1426 bytes} [Wed Jul 7 17:00:57 2021] GET /placement/resource_providers/4b3dafc1-d4db-4812-a4d8-97fae645e98e/aggregates => generated 91 bytes in 50 msecs (HTTP/1.1 200) 8 headers in 295 bytes (1 switches on core 0)
Jul 07 17:00:57.146313 n-d-791504-12 devstack@placement-api.service[94248]: DEBUG placement.requestlog [req-25734ebc-4e22-4a04-ab28-b24310641985 req-e9fb06aa-2300-4a2e-b2e4-a176bf11adfc None None] Starting request: 10.222.0.22 "GET /placement/allocations/2ecc2017-34e5-4334-85c1-e604dbb246a6" {{(pid=94248) __call__ /opt/stack/placement/placement/requestlog.py:55}}
Jul 07 17:00:57.167243 n-d-791504-12 devstack@placement-api.service[94247]: DEBUG placement.objects.resource_provider [req-32da3049-7bf2-4cd4-bb58-2c1b9a393920 req-38f32367-15a0-4a4c-a8e0-6b31863e5696 service placement] Setting aggregates for provider 4b3dafc1-d4db-4812-a4d8-97fae645e98e. Successfully disassociated aggregate 4b6aaf12-b60b-493e-b4a0-040736d14abe. {{(pid=94247) _set_aggregates /opt/stack/placement/placement/objects/resource_provider.py:402}}
Jul 07 17:00:57.176531 n-d-791504-12 devstack@placement-api.service[94247]: INFO placement.requestlog [req-32da3049-7bf2-4cd4-bb58-2c1b9a393920 req-38f32367-15a0-4a4c-a8e0-6b31863e5696 service placement] 10.222.0.22 "PUT /placement/resource_providers/4b3dafc1-d4db-4812-a4d8-97fae645e98e/aggregates" status: 200 len: 53 microversion: 1.19
Jul 07 17:00:57.176947 n-d-791504-12 devstack@placement-api.service[94247]: [pid: 94247|app: 0|req: 18/31] 10.222.0.22 () {64 vars in 1478 bytes} [Wed Jul 7 17:00:57 2021] PUT /placement/resource_providers/4b3dafc1-d4db-4812-a4d8-97fae645e98e/aggregates => generated 53 bytes in 56 msecs (HTTP/1.1 200) 8 headers in 295 bytes (2 switches on core 0)
Jul 07 17:00:57.541579 n-d-791504-12 devstack@placement-api.service[94247]: DEBUG placement.requestlog [req-3afc6948-89e6-4930-826c-586b086b0e88 req-67070c79-9c15-4d87-8dd7-f82eae41fff6 None None] Starting request: 10.222.0.22 "GET /placement/resource_providers?name=n-h1-791504-12" {{(pid=94247) __call__ /opt/stack/placement/placement/requestlog.py:55}}
Jul 07 17:00:57.553344 n-d-791504-12 devstack@placement-api.service[94247]: INFO placement.requestlog [req-3afc6948-89e6-4930-826c-586b086b0e88 req-67070c79-9c15-4d87-8dd7-f82eae41fff6 service placement] 10.222.0.22 "GET /placement/resource_providers?name=n-h1-791504-12" status: 200 len: 441 microversion: 1.0
Jul 07 17:00:57.553557 n-d-791504-12 devstack@placement-api.service[94247]: [pid: 94247|app: 0|req: 19/32] 10.222.0.22 () {58 vars in 1277 bytes} [Wed Jul 7 17:00:57 2021] GET /placement/resource_providers?name=n-h1-791504-12 => generated 441 bytes in 12 msecs (HTTP/1.1 200) 6 headers in 224 bytes (2 switches on core 0)
Jul 07 17:00:57.559479 n-d-791504-12 devstack@placement-api.service[94247]: DEBUG placement.requestlog [req-3afc6948-89e6-4930-826c-586b086b0e88 req-69acaf8b-ac3c-489f-986c-a734600a7c81 None None] Starting request: 10.222.0.22 "GET /placement/resource_providers/4b3dafc1-d4db-4812-a4d8-97fae645e98e/aggregates" {{(pid=94247) __call__ /opt/stack/placement/placement/requestlog.py:55}}
