Jun 03 17:52:09.651460 n-d-791503-8 devstack@placement-api.service[93242]: [pid: 93242|app: 0|req: 553/1106] 10.222.0.95 () {60 vars in 1506 bytes} [Thu Jun 3 17:52:09 2021] GET /placement/allocation_candidates?limit=1000&resources=DISK_GB%3A1%2CMEMORY_MB%3A1024%2CVCPU%3A1&root_required=%21COMPUTE_STATUS_DISABLED => generated 1306 bytes in 188 msecs (HTTP/1.1 200) 8 headers in 297 bytes (1 switches on core 0)
Jun 03 17:52:09.755214 n-d-791503-8 devstack@placement-api.service[93241]: DEBUG placement.requestlog [req-768bb0d0-68a0-4e47-a331-75061e2757e5 req-345d25ab-4519-4177-b352-d6c8cc92b172 None None] Starting request: 10.222.0.95 "GET /placement/allocations/6c658bbe-24e5-4721-ab3e-fa3d962404fb" {{(pid=93241) __call__ /opt/stack/placement/placement/requestlog.py:55}}
Jun 03 17:52:09.784209 n-d-791503-8 devstack@placement-api.service[93241]: INFO placement.requestlog [req-768bb0d0-68a0-4e47-a331-75061e2757e5 req-345d25ab-4519-4177-b352-d6c8cc92b172 service placement] 10.222.0.95 "GET /placement/allocations/6c658bbe-24e5-4721-ab3e-fa3d962404fb" status: 200 len: 19 microversion: 1.28
Jun 03 17:52:09.787579 n-d-791503-8 devstack@placement-api.service[93241]: [pid: 93241|app: 0|req: 554/1107] 10.222.0.95 () {60 vars in 1380 bytes} [Thu Jun 3 17:52:09 2021] GET /placement/allocations/6c658bbe-24e5-4721-ab3e-fa3d962404fb => generated 19 bytes in 33 msecs (HTTP/1.1 200) 8 headers in 295 bytes (1 switches on core 0)
Jun 03 17:52:09.790385 n-d-791503-8 devstack@placement-api.service[93242]: DEBUG placement.requestlog [req-768bb0d0-68a0-4e47-a331-75061e2757e5 req-68e2b87f-c54a-4979-bd15-caf4dc26c129 None None] Starting request: 10.222.0.95 "PUT /placement/allocations/6c658bbe-24e5-4721-ab3e-fa3d962404fb" {{(pid=93242) __call__ /opt/stack/placement/placement/requestlog.py:55}}
Jun 03 17:52:09.901652 n-d-791503-8 devstack@placement-api.service[93242]: DEBUG placement.handlers.allocation [req-768bb0d0-68a0-4e47-a331-75061e2757e5 req-68e2b87f-c54a-4979-bd15-caf4dc26c129 service placement] Successfully wrote allocations [, , ] {{(pid=93242) _create_allocations /opt/stack/placement/placement/handlers/allocation.py:435}}
Jun 03 17:52:09.902543 n-d-791503-8 devstack@placement-api.service[93242]: INFO placement.requestlog [req-768bb0d0-68a0-4e47-a331-75061e2757e5 req-68e2b87f-c54a-4979-bd15-caf4dc26c129 service placement] 10.222.0.95 "PUT /placement/allocations/6c658bbe-24e5-4721-ab3e-fa3d962404fb" status: 204 len: 0 microversion: 1.35
Jun 03 17:52:09.902943 n-d-791503-8 devstack@placement-api.service[93242]: [pid: 93242|app: 0|req: 554/1108] 10.222.0.95 () {64 vars in 1433 bytes} [Thu Jun 3 17:52:09 2021] PUT /placement/allocations/6c658bbe-24e5-4721-ab3e-fa3d962404fb => generated 0 bytes in 113 msecs (HTTP/1.1 204) 5 headers in 199 bytes (2 switches on core 0)
Jun 03 17:52:10.560766 n-d-791503-8 devstack@placement-api.service[93241]: DEBUG placement.requestlog [req-768bb0d0-68a0-4e47-a331-75061e2757e5 req-69fa6b75-efbe-4606-97ed-06d04b50d076 None None] Starting request: 10.222.0.91 "GET /placement/allocations/6c658bbe-24e5-4721-ab3e-fa3d962404fb" {{(pid=93241) __call__ /opt/stack/placement/placement/requestlog.py:55}}
Jun 03 17:52:10.586407 n-d-791503-8 devstack@placement-api.service[93241]: INFO placement.requestlog [req-768bb0d0-68a0-4e47-a331-75061e2757e5 req-69fa6b75-efbe-4606-97ed-06d04b50d076 service placement] 10.222.0.91 "GET /placement/allocations/6c658bbe-24e5-4721-ab3e-fa3d962404fb" status: 200 len: 260 microversion: 1.28
Jun 03 17:52:10.587150 n-d-791503-8 devstack@placement-api.service[93241]: [pid: 93241|app: 0|req: 555/1109] 10.222.0.91 () {60 vars in 1378 bytes} [Thu Jun 3 17:52:10 2021] GET /placement/allocations/6c658bbe-24e5-4721-ab3e-fa3d962404fb => generated 260 bytes in 26 msecs (HTTP/1.1 200) 8 headers in 296 bytes (1 switches on core 0)
Jun 03 17:52:26.781634 n-d-791503-8 devstack@placement-api.service[93242]: DEBUG placement.requestlog [req-5b0279f5-e340-4ec6-97ef-9ccb744c0b19 req-3015baec-f272-4607-ac00-b199ceb4b13e None None] Starting request: 10.222.0.95 "GET /placement/allocation_candidates?limit=1000&resources=DISK_GB%3A1%2CMEMORY_MB%3A1024%2CVCPU%3A1&root_required=%21COMPUTE_STATUS_DISABLED" {{(pid=93242) __call__ /opt/stack/placement/placement/requestlog.py:55}}
Jun 03 17:52:26.823509 n-d-791503-8 devstack@placement-api.service[93242]: DEBUG placement.objects.research_context [req-5b0279f5-e340-4ec6-97ef-9ccb744c0b19 req-3015baec-f272-4607-ac00-b199ceb4b13e service placement] getting providers with 1 DISK_GB {{(pid=93242) __init__ /opt/stack/placement/placement/objects/research_context.py:126}}
Jun 03 17:52:26.830975 n-d-791503-8 devstack@placement-api.service[93242]: DEBUG placement.objects.research_context [req-5b0279f5-e340-4ec6-97ef-9ccb744c0b19 req-3015baec-f272-4607-ac00-b199ceb4b13e service placement] getting providers with 1024 MEMORY_MB {{(pid=93242) __init__ /opt/stack/placement/placement/objects/research_context.py:126}}
Jun 03 17:52:26.839805 n-d-791503-8 devstack@placement-api.service[93242]: DEBUG placement.objects.research_context [req-5b0279f5-e340-4ec6-97ef-9ccb744c0b19 req-3015baec-f272-4607-ac00-b199ceb4b13e service placement] getting providers with 1 VCPU {{(pid=93242) __init__ /opt/stack/placement/placement/objects/research_context.py:126}}
Jun 03 17:52:26.848492 n-d-791503-8 devstack@placement-api.service[93242]: DEBUG placement.objects.research_context [req-5b0279f5-e340-4ec6-97ef-9ccb744c0b19 req-3015baec-f272-4607-ac00-b199ceb4b13e service placement] found 2 providers with available 1 DISK_GB {{(pid=93242) get_provider_ids_matching /opt/stack/placement/placement/objects/research_context.py:549}}
Jun 03 17:52:26.848929 n-d-791503-8 devstack@placement-api.service[93242]: DEBUG placement.objects.research_context [req-5b0279f5-e340-4ec6-97ef-9ccb744c0b19 req-3015baec-f272-4607-ac00-b199ceb4b13e service placement] found 2 providers with available 1024 MEMORY_MB {{(pid=93242) get_provider_ids_matching /opt/stack/placement/placement/objects/research_context.py:549}}
Jun 03 17:52:26.849816 n-d-791503-8 devstack@placement-api.service[93242]: DEBUG placement.objects.research_context [req-5b0279f5-e340-4ec6-97ef-9ccb744c0b19 req-3015baec-f272-4607-ac00-b199ceb4b13e service placement] found 2 providers after filtering by previous result {{(pid=93242) get_provider_ids_matching /opt/stack/placement/placement/objects/research_context.py:580}}
Jun 03 17:52:26.850248 n-d-791503-8 devstack@placement-api.service[93242]: DEBUG placement.objects.research_context [req-5b0279f5-e340-4ec6-97ef-9ccb744c0b19 req-3015baec-f272-4607-ac00-b199ceb4b13e service placement] found 2 providers with available 1 VCPU {{(pid=93242) get_provider_ids_matching /opt/stack/placement/placement/objects/research_context.py:549}}
Jun 03 17:52:26.850652 n-d-791503-8 devstack@placement-api.service[93242]: DEBUG placement.objects.research_context [req-5b0279f5-e340-4ec6-97ef-9ccb744c0b19 req-3015baec-f272-4607-ac00-b199ceb4b13e service placement] found 2 providers after filtering by previous result {{(pid=93242) get_provider_ids_matching /opt/stack/placement/placement/objects/research_context.py:580}}
Jun 03 17:52:26.868738 n-d-791503-8 devstack@placement-api.service[93242]: DEBUG placement.objects.allocation_candidate [req-5b0279f5-e340-4ec6-97ef-9ccb744c0b19 req-3015baec-f272-4607-ac00-b199ceb4b13e service placement] RequestGroup(use_same_provider=False, resources={DISK_GB:1, MEMORY_MB:1024, VCPU:1}, traits=[], aggregates=[]) (suffix '') returned 2 matches {{(pid=93242) _get_by_requests /opt/stack/placement/placement/objects/allocation_candidate.py:145}}
Jun 03 17:52:26.869560 n-d-791503-8 devstack@placement-api.service[93242]: DEBUG placement.objects.allocation_candidate [req-5b0279f5-e340-4ec6-97ef-9ccb744c0b19 req-3015baec-f272-4607-ac00-b199ceb4b13e service placement] Merging candidates yields 2 allocation requests and 2 provider summaries {{(pid=93242) _merge_candidates /opt/stack/placement/placement/objects/allocation_candidate.py:783}}
Jun 03 17:52:26.871917 n-d-791503-8 devstack@placement-api.service[93242]: INFO placement.requestlog [req-5b0279f5-e340-4ec6-97ef-9ccb744c0b19 req-3015baec-f272-4607-ac00-b199ceb4b13e service placement] 10.222.0.95 "GET /placement/allocation_candidates?limit=1000&resources=DISK_GB%3A1%2CMEMORY_MB%3A1024%2CVCPU%3A1&root_required=%21COMPUTE_STATUS_DISABLED" status: 200 len: 1309 microversion: 1.35
Jun 03 17:52:26.878816 n-d-791503-8 devstack@placement-api.service[93242]: [pid: 93242|app: 0|req: 555/1110] 10.222.0.95 () {60 vars in 1506 bytes} [Thu Jun 3 17:52:26 2021] GET /placement/allocation_candidates?limit=1000&resources=DISK_GB%3A1%2CMEMORY_MB%3A1024%2CVCPU%3A1&root_required=%21COMPUTE_STATUS_DISABLED => generated 1309 bytes in 97 msecs (HTTP/1.1 200) 8 headers in 297 bytes (1 switches on core 0)
Jun 03 17:52:26.987943 n-d-791503-8 devstack@placement-api.service[93241]: DEBUG placement.requestlog [req-5b0279f5-e340-4ec6-97ef-9ccb744c0b19 req-d9d38232-41e3-40cf-beff-fd9f81bc621a None None] Starting request: 10.222.0.95 "GET /placement/allocations/2a57e8f2-1335-45e7-b545-7dc0c57b3867" {{(pid=93241) __call__ /opt/stack/placement/placement/requestlog.py:55}}
Jun 03 17:52:27.003165 n-d-791503-8 devstack@placement-api.service[93241]: INFO placement.requestlog [req-5b0279f5-e340-4ec6-97ef-9ccb744c0b19 req-d9d38232-41e3-40cf-beff-fd9f81bc621a service placement] 10.222.0.95 "GET /placement/allocations/2a57e8f2-1335-45e7-b545-7dc0c57b3867" status: 200 len: 19 microversion: 1.28
Jun 03 17:52:27.004090 n-d-791503-8 devstack@placement-api.service[93241]: [pid: 93241|app: 0|req: 556/1111] 10.222.0.95 () {60 vars in 1380 bytes} [Thu Jun 3 17:52:26 2021] GET /placement/allocations/2a57e8f2-1335-45e7-b545-7dc0c57b3867 => generated 19 bytes in 16 msecs (HTTP/1.1 200) 8 headers in 295 bytes (1 switches on core 0)
Jun 03 17:52:27.010854 n-d-791503-8 devstack@placement-api.service[93242]: DEBUG placement.requestlog [req-5b0279f5-e340-4ec6-97ef-9ccb744c0b19 req-d2472e39-cd71-4bc8-8a3c-494bdd38233f None None] Starting request: 10.222.0.95 "PUT /placement/allocations/2a57e8f2-1335-45e7-b545-7dc0c57b3867" {{(pid=93242) __call__ /opt/stack/placement/placement/requestlog.py:55}}
Jun 03 17:52:27.120813 n-d-791503-8 devstack@placement-api.service[93242]: DEBUG placement.handlers.allocation [req-5b0279f5-e340-4ec6-97ef-9ccb744c0b19 req-d2472e39-cd71-4bc8-8a3c-494bdd38233f service placement] Successfully wrote allocations [, , ] {{(pid=93242) _create_allocations /opt/stack/placement/placement/handlers/allocation.py:435}}
Jun 03 17:52:27.122973 n-d-791503-8 devstack@placement-api.service[93242]: INFO placement.requestlog [req-5b0279f5-e340-4ec6-97ef-9ccb744c0b19 req-d2472e39-cd71-4bc8-8a3c-494bdd38233f service placement] 10.222.0.95 "PUT /placement/allocations/2a57e8f2-1335-45e7-b545-7dc0c57b3867" status: 204 len: 0 microversion: 1.35
Jun 03 17:52:27.123882 n-d-791503-8 devstack@placement-api.service[93242]: [pid: 93242|app: 0|req: 556/1112] 10.222.0.95 () {64 vars in 1433 bytes} [Thu Jun 3 17:52:27 2021] PUT /placement/allocations/2a57e8f2-1335-45e7-b545-7dc0c57b3867 => generated 0 bytes in 113 msecs (HTTP/1.1 204) 5 headers in 199 bytes (1 switches on core 0)
Jun 03 17:52:27.711484 n-d-791503-8 devstack@placement-api.service[93241]: DEBUG placement.requestlog [req-5b0279f5-e340-4ec6-97ef-9ccb744c0b19 req-abe71e87-d65f-402d-8973-d3f1eb2cdc19 None None] Starting request: 10.222.0.23 "GET /placement/allocations/2a57e8f2-1335-45e7-b545-7dc0c57b3867" {{(pid=93241) __call__ /opt/stack/placement/placement/requestlog.py:55}}
Jun 03 17:52:27.754123 n-d-791503-8 devstack@placement-api.service[93241]: INFO placement.requestlog [req-5b0279f5-e340-4ec6-97ef-9ccb744c0b19 req-abe71e87-d65f-402d-8973-d3f1eb2cdc19 service placement] 10.222.0.23 "GET /placement/allocations/2a57e8f2-1335-45e7-b545-7dc0c57b3867" status: 200 len: 260 microversion: 1.28
Jun 03 17:52:27.755263 n-d-791503-8 devstack@placement-api.service[93241]: [pid: 93241|app: 0|req: 557/1113] 10.222.0.23 () {60 vars in 1378 bytes} [Thu Jun 3 17:52:27 2021] GET /placement/allocations/2a57e8f2-1335-45e7-b545-7dc0c57b3867 => generated 260 bytes in 44 msecs (HTTP/1.1 200) 8 headers in 296 bytes (1 switches on core 0)
Jun 03 17:52:41.664803 n-d-791503-8 devstack@placement-api.service[93242]: DEBUG placement.requestlog [req-9ea88bce-e5b8-4292-adf3-d5a8cbde5766 req-35525c8a-05ca-457d-b72c-2f9e69dd43ef None None] Starting request: 10.222.0.91 "GET /placement/allocations/6c658bbe-24e5-4721-ab3e-fa3d962404fb" {{(pid=93242) __call__ /opt/stack/placement/placement/requestlog.py:55}}
Jun 03 17:52:41.693749 n-d-791503-8 devstack@placement-api.service[93242]: INFO placement.requestlog [req-9ea88bce-e5b8-4292-adf3-d5a8cbde5766 req-35525c8a-05ca-457d-b72c-2f9e69dd43ef service placement] 10.222.0.91 "GET /placement/allocations/6c658bbe-24e5-4721-ab3e-fa3d962404fb" status: 200 len: 260 microversion: 1.28
Jun 03 17:52:41.694879 n-d-791503-8 devstack@placement-api.service[93242]: [pid: 93242|app: 0|req: 557/1114] 10.222.0.91 () {60 vars in 1378 bytes} [Thu Jun 3 17:52:41 2021] GET /placement/allocations/6c658bbe-24e5-4721-ab3e-fa3d962404fb => generated 260 bytes in 32 msecs (HTTP/1.1 200) 8 headers in 296 bytes (1 switches on core 0)
Jun 03 17:52:41.703553 n-d-791503-8 devstack@placement-api.service[93241]: DEBUG placement.requestlog [req-9ea88bce-e5b8-4292-adf3-d5a8cbde5766 req-a35f3ae3-5fca-447d-ab6c-cd33c459b352 None None] Starting request: 10.222.0.91 "PUT /placement/allocations/6c658bbe-24e5-4721-ab3e-fa3d962404fb" {{(pid=93241) __call__ /opt/stack/placement/placement/requestlog.py:55}}
Jun 03 17:52:41.782887 n-d-791503-8 devstack@placement-api.service[93241]: DEBUG placement.handlers.allocation [req-9ea88bce-e5b8-4292-adf3-d5a8cbde5766 req-a35f3ae3-5fca-447d-ab6c-cd33c459b352 service placement] Successfully wrote allocations [, , ] {{(pid=93241) _create_allocations /opt/stack/placement/placement/handlers/allocation.py:435}}
Jun 03 17:52:41.784089 n-d-791503-8 devstack@placement-api.service[93241]: INFO placement.requestlog [req-9ea88bce-e5b8-4292-adf3-d5a8cbde5766 req-a35f3ae3-5fca-447d-ab6c-cd33c459b352 service placement] 10.222.0.91 "PUT /placement/allocations/6c658bbe-24e5-4721-ab3e-fa3d962404fb" status: 204 len: 0 microversion: 1.28
Jun 03 17:52:41.784440 n-d-791503-8 devstack@placement-api.service[93241]: [pid: 93241|app: 0|req: 558/1115] 10.222.0.91 () {64 vars in 1431 bytes} [Thu Jun 3 17:52:41 2021] PUT /placement/allocations/6c658bbe-24e5-4721-ab3e-fa3d962404fb => generated 0 bytes in 81 msecs (HTTP/1.1 204) 5 headers in 199 bytes (1 switches on core 0)
Jun 03 17:52:45.366400 n-d-791503-8 devstack@placement-api.service[93242]: DEBUG placement.requestlog [req-81f9f056-706b-4f77-8fea-5853c21a1c0a req-92fee465-3889-45fa-bbb6-ec3a40b2f226 None None] Starting request: 10.222.0.95 "GET /placement/allocation_candidates?limit=1000&resources=DISK_GB%3A1%2CMEMORY_MB%3A1024%2CVCPU%3A1&root_required=%21COMPUTE_STATUS_DISABLED" {{(pid=93242) __call__ /opt/stack/placement/placement/requestlog.py:55}}
Jun 03 17:52:45.415128 n-d-791503-8 devstack@placement-api.service[93242]: DEBUG placement.objects.research_context [req-81f9f056-706b-4f77-8fea-5853c21a1c0a req-92fee465-3889-45fa-bbb6-ec3a40b2f226 service placement] getting providers with 1 DISK_GB {{(pid=93242) __init__ /opt/stack/placement/placement/objects/research_context.py:126}}
Jun 03 17:52:45.423520 n-d-791503-8 devstack@placement-api.service[93242]: DEBUG placement.objects.research_context [req-81f9f056-706b-4f77-8fea-5853c21a1c0a req-92fee465-3889-45fa-bbb6-ec3a40b2f226 service placement] getting providers with 1024 MEMORY_MB {{(pid=93242) __init__ /opt/stack/placement/placement/objects/research_context.py:126}}
Jun 03 17:52:45.430335 n-d-791503-8 devstack@placement-api.service[93242]: DEBUG placement.objects.research_context [req-81f9f056-706b-4f77-8fea-5853c21a1c0a req-92fee465-3889-45fa-bbb6-ec3a40b2f226 service placement] getting providers with 1 VCPU {{(pid=93242) __init__ /opt/stack/placement/placement/objects/research_context.py:126}}
Jun 03 17:52:45.437280 n-d-791503-8 devstack@placement-api.service[93242]: DEBUG placement.objects.research_context [req-81f9f056-706b-4f77-8fea-5853c21a1c0a req-92fee465-3889-45fa-bbb6-ec3a40b2f226 service placement] found 2 providers with available 1 DISK_GB {{(pid=93242) get_provider_ids_matching /opt/stack/placement/placement/objects/research_context.py:549}}
Jun 03 17:52:45.437788 n-d-791503-8 devstack@placement-api.service[93242]: DEBUG placement.objects.research_context [req-81f9f056-706b-4f77-8fea-5853c21a1c0a req-92fee465-3889-45fa-bbb6-ec3a40b2f226 service placement] found 2 providers with available 1024 MEMORY_MB {{(pid=93242) get_provider_ids_matching /opt/stack/placement/placement/objects/research_context.py:549}}
Jun 03 17:52:45.438266 n-d-791503-8 devstack@placement-api.service[93242]: DEBUG placement.objects.research_context [req-81f9f056-706b-4f77-8fea-5853c21a1c0a req-92fee465-3889-45fa-bbb6-ec3a40b2f226 service placement] found 2 providers after filtering by previous result {{(pid=93242) get_provider_ids_matching /opt/stack/placement/placement/objects/research_context.py:580}}
Jun 03 17:52:45.438685 n-d-791503-8 devstack@placement-api.service[93242]: DEBUG placement.objects.research_context [req-81f9f056-706b-4f77-8fea-5853c21a1c0a req-92fee465-3889-45fa-bbb6-ec3a40b2f226 service placement] found 2 providers with available 1 VCPU {{(pid=93242) get_provider_ids_matching /opt/stack/placement/placement/objects/research_context.py:549}}
Jun 03 17:52:45.439093 n-d-791503-8 devstack@placement-api.service[93242]: DEBUG placement.objects.research_context [req-81f9f056-706b-4f77-8fea-5853c21a1c0a req-92fee465-3889-45fa-bbb6-ec3a40b2f226 service placement] found 2 providers after filtering by previous result {{(pid=93242) get_provider_ids_matching /opt/stack/placement/placement/objects/research_context.py:580}}
Jun 03 17:52:45.452808 n-d-791503-8 devstack@placement-api.service[93242]: DEBUG placement.objects.allocation_candidate [req-81f9f056-706b-4f77-8fea-5853c21a1c0a req-92fee465-3889-45fa-bbb6-ec3a40b2f226 service placement] RequestGroup(use_same_provider=False, resources={DISK_GB:1, MEMORY_MB:1024, VCPU:1}, traits=[], aggregates=[]) (suffix '') returned 2 matches {{(pid=93242) _get_by_requests /opt/stack/placement/placement/objects/allocation_candidate.py:145}}
Jun 03 17:52:45.458252 n-d-791503-8 devstack@placement-api.service[93242]: DEBUG placement.objects.allocation_candidate [req-81f9f056-706b-4f77-8fea-5853c21a1c0a req-92fee465-3889-45fa-bbb6-ec3a40b2f226 service placement] Merging candidates yields 2 allocation requests and 2 provider summaries {{(pid=93242) _merge_candidates /opt/stack/placement/placement/objects/allocation_candidate.py:783}}
Jun 03 17:52:45.460402 n-d-791503-8 devstack@placement-api.service[93242]: INFO placement.requestlog [req-81f9f056-706b-4f77-8fea-5853c21a1c0a req-92fee465-3889-45fa-bbb6-ec3a40b2f226 service placement] 10.222.0.95 "GET /placement/allocation_candidates?limit=1000&resources=DISK_GB%3A1%2CMEMORY_MB%3A1024%2CVCPU%3A1&root_required=%21COMPUTE_STATUS_DISABLED" status: 200 len: 1306 microversion: 1.35
Jun 03 17:52:45.461779 n-d-791503-8 devstack@placement-api.service[93242]: [pid: 93242|app: 0|req: 558/1116] 10.222.0.95 () {60 vars in 1506 bytes} [Thu Jun 3 17:52:45 2021] GET /placement/allocation_candidates?limit=1000&resources=DISK_GB%3A1%2CMEMORY_MB%3A1024%2CVCPU%3A1&root_required=%21COMPUTE_STATUS_DISABLED => generated 1306 bytes in 96 msecs (HTTP/1.1 200) 8 headers in 297 bytes (1 switches on core 0)
Jun 03 17:52:45.567216 n-d-791503-8 devstack@placement-api.service[93241]: DEBUG placement.requestlog [req-81f9f056-706b-4f77-8fea-5853c21a1c0a req-03dbed54-cfc8-49bb-8031-f5280ef289e4 None None] Starting request: 10.222.0.95 "GET /placement/allocations/36f13781-8d2d-46f9-817b-0a30811c94d5" {{(pid=93241) __call__ /opt/stack/placement/placement/requestlog.py:55}}
Jun 03 17:52:45.585027 n-d-791503-8 devstack@placement-api.service[93241]: INFO placement.requestlog [req-81f9f056-706b-4f77-8fea-5853c21a1c0a req-03dbed54-cfc8-49bb-8031-f5280ef289e4 service placement] 10.222.0.95 "GET /placement/allocations/36f13781-8d2d-46f9-817b-0a30811c94d5" status: 200 len: 19 microversion: 1.28
Jun 03 17:52:45.588172 n-d-791503-8 devstack@placement-api.service[93241]: [pid: 93241|app: 0|req: 559/1117] 10.222.0.95 () {60 vars in 1380 bytes} [Thu Jun 3 17:52:45 2021] GET /placement/allocations/36f13781-8d2d-46f9-817b-0a30811c94d5 => generated 19 bytes in 20 msecs (HTTP/1.1 200) 8 headers in 295 bytes (1 switches on core 0)
Jun 03 17:52:45.593293 n-d-791503-8 devstack@placement-api.service[93242]: DEBUG placement.requestlog [req-81f9f056-706b-4f77-8fea-5853c21a1c0a req-85c8b915-b64e-4241-bcb7-03257d6a1f70 None None] Starting request: 10.222.0.95 "PUT /placement/allocations/36f13781-8d2d-46f9-817b-0a30811c94d5" {{(pid=93242) __call__ /opt/stack/placement/placement/requestlog.py:55}}
Jun 03 17:52:45.704160 n-d-791503-8 devstack@placement-api.service[93242]: DEBUG placement.handlers.allocation [req-81f9f056-706b-4f77-8fea-5853c21a1c0a req-85c8b915-b64e-4241-bcb7-03257d6a1f70 service placement] Successfully wrote allocations [, , ] {{(pid=93242) _create_allocations /opt/stack/placement/placement/handlers/allocation.py:435}}
Jun 03 17:52:45.704928 n-d-791503-8 devstack@placement-api.service[93242]: INFO placement.requestlog [req-81f9f056-706b-4f77-8fea-5853c21a1c0a req-85c8b915-b64e-4241-bcb7-03257d6a1f70 service placement] 10.222.0.95 "PUT /placement/allocations/36f13781-8d2d-46f9-817b-0a30811c94d5" status: 204 len: 0 microversion: 1.35
Jun 03 17:52:45.705655 n-d-791503-8 devstack@placement-api.service[93242]: [pid: 93242|app: 0|req: 559/1118] 10.222.0.95 () {64 vars in 1433 bytes} [Thu Jun 3 17:52:45 2021] PUT /placement/allocations/36f13781-8d2d-46f9-817b-0a30811c94d5 => generated 0 bytes in 113 msecs (HTTP/1.1 204) 5 headers in 199 bytes (1 switches on core 0)
Jun 03 17:52:46.232460 n-d-791503-8 devstack@placement-api.service[93241]: DEBUG placement.requestlog [req-81f9f056-706b-4f77-8fea-5853c21a1c0a req-606a2353-e7f2-49ae-b57b-7c50715fae13 None None] Starting request: 10.222.0.91 "GET /placement/allocations/36f13781-8d2d-46f9-817b-0a30811c94d5" {{(pid=93241) __call__ /opt/stack/placement/placement/requestlog.py:55}}
Jun 03 17:52:46.262433 n-d-791503-8 devstack@placement-api.service[93241]: INFO placement.requestlog [req-81f9f056-706b-4f77-8fea-5853c21a1c0a req-606a2353-e7f2-49ae-b57b-7c50715fae13 service placement] 10.222.0.91 "GET /placement/allocations/36f13781-8d2d-46f9-817b-0a30811c94d5" status: 200 len: 260 microversion: 1.28
Jun 03 17:52:46.263676 n-d-791503-8 devstack@placement-api.service[93241]: [pid: 93241|app: 0|req: 560/1119] 10.222.0.91 () {60 vars in 1378 bytes} [Thu Jun 3 17:52:46 2021] GET /placement/allocations/36f13781-8d2d-46f9-817b-0a30811c94d5 => generated 260 bytes in 31 msecs (HTTP/1.1 200) 8 headers in 296 bytes (1 switches on core 0)
Jun 03 17:52:47.486786 n-d-791503-8 devstack@placement-api.service[93242]: DEBUG placement.requestlog [req-c9772492-39ec-4a16-a93e-a018f09bb445 req-60b67441-6dc9-410f-892f-2e9c5551af8a None None] Starting request: 10.222.0.23 "GET /placement/resource_providers/e31bcc01-f3a0-4b72-b925-a1b7b088fae8/allocations" {{(pid=93242) __call__ /opt/stack/placement/placement/requestlog.py:55}}
Jun 03 17:52:47.744769 n-d-791503-8 devstack@placement-api.service[93242]: INFO placement.requestlog [req-c9772492-39ec-4a16-a93e-a018f09bb445 req-60b67441-6dc9-410f-892f-2e9c5551af8a service placement] 10.222.0.23 "GET /placement/resource_providers/e31bcc01-f3a0-4b72-b925-a1b7b088fae8/allocations" status: 200 len: 256 microversion: 1.0
Jun 03 17:52:47.745310 n-d-791503-8 devstack@placement-api.service[93242]: [pid: 93242|app: 0|req: 560/1120] 10.222.0.23 () {58 vars in 1391 bytes} [Thu Jun 3 17:52:47 2021] GET /placement/resource_providers/e31bcc01-f3a0-4b72-b925-a1b7b088fae8/allocations => generated 256 bytes in 259 msecs (HTTP/1.1 200) 6 headers in 224 bytes (1 switches on core 0)
Jun 03 17:52:47.790727 n-d-791503-8 devstack@placement-api.service[93241]: DEBUG placement.requestlog [req-c9772492-39ec-4a16-a93e-a018f09bb445 req-3bc054b3-5bb1-4dd7-95c1-d672f120990d None None] Starting request: 10.222.0.23 "GET /placement/resource_providers?in_tree=e31bcc01-f3a0-4b72-b925-a1b7b088fae8" {{(pid=93241) __call__ /opt/stack/placement/placement/requestlog.py:55}}
Jun 03 17:52:47.853281 n-d-791503-8 devstack@placement-api.service[93241]: INFO placement.requestlog [req-c9772492-39ec-4a16-a93e-a018f09bb445 req-3bc054b3-5bb1-4dd7-95c1-d672f120990d service placement] 10.222.0.23 "GET /placement/resource_providers?in_tree=e31bcc01-f3a0-4b72-b925-a1b7b088fae8" status: 200 len: 864 microversion: 1.14
Jun 03 17:52:47.862422 n-d-791503-8 devstack@placement-api.service[93242]: DEBUG placement.requestlog [req-c9772492-39ec-4a16-a93e-a018f09bb445 req-30c53ca4-2d40-4856-8afb-95e6b971eb41 None None] Starting request: 10.222.0.23 "GET /placement/resource_providers/e31bcc01-f3a0-4b72-b925-a1b7b088fae8/inventories" {{(pid=93242) __call__ /opt/stack/placement/placement/requestlog.py:55}}
Jun 03 17:52:47.862567 n-d-791503-8 devstack@placement-api.service[93241]: [pid: 93241|app: 0|req: 561/1121] 10.222.0.23 () {60 vars in 1377 bytes} [Thu Jun 3 17:52:47 2021] GET /placement/resource_providers?in_tree=e31bcc01-f3a0-4b72-b925-a1b7b088fae8 => generated 864 bytes in 73 msecs (HTTP/1.1 200) 6 headers in 225 bytes (1 switches on core 0)
Jun 03 17:52:47.904384 n-d-791503-8 devstack@placement-api.service[93242]: INFO placement.requestlog [req-c9772492-39ec-4a16-a93e-a018f09bb445 req-30c53ca4-2d40-4856-8afb-95e6b971eb41 service placement] 10.222.0.23 "GET /placement/resource_providers/e31bcc01-f3a0-4b72-b925-a1b7b088fae8/inventories" status: 200 len: 399 microversion: 1.0
Jun 03 17:52:47.912219 n-d-791503-8 devstack@placement-api.service[93242]: [pid: 93242|app: 0|req: 561/1122] 10.222.0.23 () {58 vars in 1391 bytes} [Thu Jun 3 17:52:47 2021] GET /placement/resource_providers/e31bcc01-f3a0-4b72-b925-a1b7b088fae8/inventories => generated 399 bytes in 50 msecs (HTTP/1.1 200) 6 headers in 224 bytes (1 switches on core 0)
Jun 03 17:52:47.924060 n-d-791503-8 devstack@placement-api.service[93241]: DEBUG placement.requestlog [req-c9772492-39ec-4a16-a93e-a018f09bb445 req-1be90bdb-f0c0-4552-8bfa-1f15e2fdbf22 None None] Starting request: 10.222.0.23 "GET /placement/resource_providers/e31bcc01-f3a0-4b72-b925-a1b7b088fae8/aggregates" {{(pid=93241) __call__ /opt/stack/placement/placement/requestlog.py:55}}
Jun 03 17:52:47.976473 n-d-791503-8 devstack@placement-api.service[93241]: INFO placement.requestlog [req-c9772492-39ec-4a16-a93e-a018f09bb445 req-1be90bdb-f0c0-4552-8bfa-1f15e2fdbf22 service placement] 10.222.0.23 "GET /placement/resource_providers/e31bcc01-f3a0-4b72-b925-a1b7b088fae8/aggregates" status: 200 len: 55 microversion: 1.19
Jun 03 17:52:47.976815 n-d-791503-8 devstack@placement-api.service[93241]: [pid: 93241|app: 0|req: 562/1123] 10.222.0.23 () {60 vars in 1432 bytes} [Thu Jun 3 17:52:47 2021] GET /placement/resource_providers/e31bcc01-f3a0-4b72-b925-a1b7b088fae8/aggregates => generated 55 bytes in 54 msecs (HTTP/1.1 200) 8 headers in 295 bytes (2 switches on core 0)
Jun 03 17:52:47.987556 n-d-791503-8 devstack@placement-api.service[93242]: DEBUG placement.requestlog [req-c9772492-39ec-4a16-a93e-a018f09bb445 req-0cc15aeb-bd9e-460b-9b15-f6585e2929bd None None] Starting request: 10.222.0.23 "GET /placement/resource_providers/e31bcc01-f3a0-4b72-b925-a1b7b088fae8/traits" {{(pid=93242) __call__ /opt/stack/placement/placement/requestlog.py:55}}
Jun 03 17:52:48.103330 n-d-791503-8 devstack@placement-api.service[93242]: INFO placement.requestlog [req-c9772492-39ec-4a16-a93e-a018f09bb445 req-0cc15aeb-bd9e-460b-9b15-f6585e2929bd service placement] 10.222.0.23 "GET /placement/resource_providers/e31bcc01-f3a0-4b72-b925-a1b7b088fae8/traits" status: 200 len: 213 microversion: 1.6
Jun 03 17:52:48.104059 n-d-791503-8 devstack@placement-api.service[93242]: [pid: 93242|app: 0|req: 562/1124] 10.222.0.23 () {60 vars in 1419 bytes} [Thu Jun 3 17:52:47 2021] GET /placement/resource_providers/e31bcc01-f3a0-4b72-b925-a1b7b088fae8/traits => generated 213 bytes in 117 msecs (HTTP/1.1 200) 6 headers in 224 bytes (1 switches on core 0)
Jun 03 17:52:59.323963 n-d-791503-8 devstack@placement-api.service[93241]: DEBUG placement.requestlog [req-27f147f7-3387-4a00-ba8e-1cb16811f3bd req-e6ca53d0-1862-438d-968a-b61702512a0f None None] Starting request: 10.222.0.91 "GET /placement/resource_providers/bfff9337-d4a6-46a6-804f-ae61c4fda013/allocations" {{(pid=93241) __call__ /opt/stack/placement/placement/requestlog.py:55}}
Jun 03 17:52:59.466231 n-d-791503-8 devstack@placement-api.service[93242]: DEBUG placement.requestlog [req-11ddc54f-0e17-4376-801c-04287eea3843 req-2b23f4e7-b3c2-48ad-a7a7-6a39e5eb86f2 None None] Starting request: 10.222.0.95 "GET /placement/allocation_candidates?limit=1000&resources=MEMORY_MB%3A1024%2CVCPU%3A1&root_required=%21COMPUTE_STATUS_DISABLED" {{(pid=93242) __call__ /opt/stack/placement/placement/requestlog.py:55}}
Jun 03 17:52:59.478964 n-d-791503-8 devstack@placement-api.service[93241]: INFO placement.requestlog [req-27f147f7-3387-4a00-ba8e-1cb16811f3bd req-e6ca53d0-1862-438d-968a-b61702512a0f service placement] 10.222.0.91 "GET /placement/resource_providers/bfff9337-d4a6-46a6-804f-ae61c4fda013/allocations" status: 200 len: 155 microversion: 1.0
Jun 03 17:52:59.479440 n-d-791503-8 devstack@placement-api.service[93241]: [pid: 93241|app: 0|req: 563/1125] 10.222.0.91 () {58 vars in 1391 bytes} [Thu Jun 3 17:52:59 2021] GET /placement/resource_providers/bfff9337-d4a6-46a6-804f-ae61c4fda013/allocations => generated 155 bytes in 156 msecs (HTTP/1.1 200) 6 headers in 224 bytes (1 switches on core 0)
Jun 03 17:52:59.527014 n-d-791503-8 devstack@placement-api.service[93242]: DEBUG placement.objects.research_context [req-11ddc54f-0e17-4376-801c-04287eea3843 req-2b23f4e7-b3c2-48ad-a7a7-6a39e5eb86f2 service placement] getting providers with 1024 MEMORY_MB {{(pid=93242) __init__ /opt/stack/placement/placement/objects/research_context.py:126}}
Jun 03 17:52:59.528248 n-d-791503-8 devstack@placement-api.service[93241]: DEBUG placement.requestlog [req-27f147f7-3387-4a00-ba8e-1cb16811f3bd req-cc184bd3-0e25-4dbd-9563-87bd177b88e3 None None] Starting request: 10.222.0.91 "GET /placement/resource_providers?in_tree=bfff9337-d4a6-46a6-804f-ae61c4fda013" {{(pid=93241) __call__ /opt/stack/placement/placement/requestlog.py:55}}
Jun 03 17:52:59.542905 n-d-791503-8 devstack@placement-api.service[93242]: DEBUG placement.objects.research_context [req-11ddc54f-0e17-4376-801c-04287eea3843 req-2b23f4e7-b3c2-48ad-a7a7-6a39e5eb86f2 service placement] getting providers with 1 VCPU {{(pid=93242) __init__ /opt/stack/placement/placement/objects/research_context.py:126}}
Jun 03 17:52:59.550184 n-d-791503-8 devstack@placement-api.service[93241]: INFO placement.requestlog [req-27f147f7-3387-4a00-ba8e-1cb16811f3bd req-cc184bd3-0e25-4dbd-9563-87bd177b88e3 service placement] 10.222.0.91 "GET /placement/resource_providers?in_tree=bfff9337-d4a6-46a6-804f-ae61c4fda013" status: 200 len: 864 microversion: 1.14
Jun 03 17:52:59.551045 n-d-791503-8 devstack@placement-api.service[93241]: [pid: 93241|app: 0|req: 564/1126] 10.222.0.91 () {60 vars in 1377 bytes} [Thu Jun 3 17:52:59 2021] GET /placement/resource_providers?in_tree=bfff9337-d4a6-46a6-804f-ae61c4fda013 => generated 864 bytes in 26 msecs (HTTP/1.1 200) 6 headers in 225 bytes (2 switches on core 0)
Jun 03 17:52:59.558731 n-d-791503-8 devstack@placement-api.service[93241]: DEBUG placement.requestlog [req-27f147f7-3387-4a00-ba8e-1cb16811f3bd req-9feb3610-3788-4630-9e0a-dca288094471 None None] Starting request: 10.222.0.91 "GET /placement/resource_providers/bfff9337-d4a6-46a6-804f-ae61c4fda013/inventories" {{(pid=93241) __call__ /opt/stack/placement/placement/requestlog.py:55}}
Jun 03 17:52:59.559102 n-d-791503-8 devstack@placement-api.service[93242]: DEBUG placement.objects.research_context [req-11ddc54f-0e17-4376-801c-04287eea3843 req-2b23f4e7-b3c2-48ad-a7a7-6a39e5eb86f2 service placement] found 2 providers with available 1024 MEMORY_MB {{(pid=93242) get_provider_ids_matching /opt/stack/placement/placement/objects/research_context.py:549}}
Jun 03 17:52:59.559403 n-d-791503-8 devstack@placement-api.service[93242]: DEBUG placement.objects.research_context [req-11ddc54f-0e17-4376-801c-04287eea3843 req-2b23f4e7-b3c2-48ad-a7a7-6a39e5eb86f2 service placement] found 2 providers with available 1 VCPU {{(pid=93242) get_provider_ids_matching /opt/stack/placement/placement/objects/research_context.py:549}}
Jun 03 17:52:59.559648 n-d-791503-8 devstack@placement-api.service[93242]: DEBUG placement.objects.research_context [req-11ddc54f-0e17-4376-801c-04287eea3843 req-2b23f4e7-b3c2-48ad-a7a7-6a39e5eb86f2 service placement] found 2 providers after filtering by previous result {{(pid=93242) get_provider_ids_matching /opt/stack/placement/placement/objects/research_context.py:580}}
Jun 03 17:52:59.591111 n-d-791503-8 devstack@placement-api.service[93241]: INFO placement.requestlog [req-27f147f7-3387-4a00-ba8e-1cb16811f3bd req-9feb3610-3788-4630-9e0a-dca288094471 service placement] 10.222.0.91 "GET /placement/resource_providers/bfff9337-d4a6-46a6-804f-ae61c4fda013/inventories" status: 200 len: 399 microversion: 1.0
Jun 03 17:52:59.592478 n-d-791503-8 devstack@placement-api.service[93241]: [pid: 93241|app: 0|req: 565/1127] 10.222.0.91 () {58 vars in 1391 bytes} [Thu Jun 3 17:52:59 2021] GET /placement/resource_providers/bfff9337-d4a6-46a6-804f-ae61c4fda013/inventories => generated 399 bytes in 34 msecs (HTTP/1.1 200) 6 headers in 224 bytes (2 switches on core 0)
Jun 03 17:52:59.595630 n-d-791503-8 devstack@placement-api.service[93242]: DEBUG placement.objects.allocation_candidate [req-11ddc54f-0e17-4376-801c-04287eea3843 req-2b23f4e7-b3c2-48ad-a7a7-6a39e5eb86f2 service placement] RequestGroup(use_same_provider=False, resources={MEMORY_MB:1024, VCPU:1}, traits=[], aggregates=[]) (suffix '') returned 2 matches {{(pid=93242) _get_by_requests /opt/stack/placement/placement/objects/allocation_candidate.py:145}}
Jun 03 17:52:59.596207 n-d-791503-8 devstack@placement-api.service[93242]: DEBUG placement.objects.allocation_candidate [req-11ddc54f-0e17-4376-801c-04287eea3843 req-2b23f4e7-b3c2-48ad-a7a7-6a39e5eb86f2 service placement] Merging candidates yields 2 allocation requests and 2 provider summaries {{(pid=93242) _merge_candidates /opt/stack/placement/placement/objects/allocation_candidate.py:783}}
Jun 03 17:52:59.601147 n-d-791503-8 devstack@placement-api.service[93241]: DEBUG placement.requestlog [req-27f147f7-3387-4a00-ba8e-1cb16811f3bd req-6cc66cc0-3f39-47c8-9ed5-9b45e3017a70 None None] Starting request: 10.222.0.91 "GET /placement/resource_providers/bfff9337-d4a6-46a6-804f-ae61c4fda013/aggregates" {{(pid=93241) __call__ /opt/stack/placement/placement/requestlog.py:55}}
Jun 03 17:52:59.601983 n-d-791503-8 devstack@placement-api.service[93242]: INFO placement.requestlog [req-11ddc54f-0e17-4376-801c-04287eea3843 req-2b23f4e7-b3c2-48ad-a7a7-6a39e5eb86f2 service placement] 10.222.0.95 "GET /placement/allocation_candidates?limit=1000&resources=MEMORY_MB%3A1024%2CVCPU%3A1&root_required=%21COMPUTE_STATUS_DISABLED" status: 200 len: 1281 microversion: 1.35
Jun 03 17:52:59.614393 n-d-791503-8 devstack@placement-api.service[93242]: [pid: 93242|app: 0|req: 563/1128] 10.222.0.95 () {60 vars in 1478 bytes} [Thu Jun 3 17:52:59 2021] GET /placement/allocation_candidates?limit=1000&resources=MEMORY_MB%3A1024%2CVCPU%3A1&root_required=%21COMPUTE_STATUS_DISABLED => generated 1281 bytes in 148 msecs (HTTP/1.1 200) 8 headers in 297 bytes (1 switches on core 0)
Jun 03 17:52:59.632734 n-d-791503-8 devstack@placement-api.service[93241]: INFO placement.requestlog [req-27f147f7-3387-4a00-ba8e-1cb16811f3bd req-6cc66cc0-3f39-47c8-9ed5-9b45e3017a70 service placement] 10.222.0.91 "GET /placement/resource_providers/bfff9337-d4a6-46a6-804f-ae61c4fda013/aggregates" status: 200 len: 55 microversion: 1.19
Jun 03 17:52:59.634879 n-d-791503-8 devstack@placement-api.service[93241]: [pid: 93241|app: 0|req: 566/1129] 10.222.0.91 () {60 vars in 1432 bytes} [Thu Jun 3 17:52:59 2021] GET /placement/resource_providers/bfff9337-d4a6-46a6-804f-ae61c4fda013/aggregates => generated 55 bytes in 34 msecs (HTTP/1.1 200) 8 headers in 295 bytes (1 switches on core 0)
Jun 03 17:52:59.642404 n-d-791503-8 devstack@placement-api.service[93242]: DEBUG placement.requestlog [req-27f147f7-3387-4a00-ba8e-1cb16811f3bd req-a42a64aa-e89d-4b22-8e3b-53f4cef4ad66 None None] Starting request: 10.222.0.91 "GET /placement/resource_providers/bfff9337-d4a6-46a6-804f-ae61c4fda013/traits" {{(pid=93242) __call__ /opt/stack/placement/placement/requestlog.py:55}}
Jun 03 17:52:59.690710 n-d-791503-8 devstack@placement-api.service[93241]: DEBUG placement.requestlog [req-11ddc54f-0e17-4376-801c-04287eea3843 req-131108ca-ce62-40ed-b073-8f4e25c0bb13 None None] Starting request: 10.222.0.95 "GET /placement/allocations/7345b71d-e103-4240-9c1d-409b3253f170" {{(pid=93241) __call__ /opt/stack/placement/placement/requestlog.py:55}}
Jun 03 17:52:59.708801 n-d-791503-8 devstack@placement-api.service[93242]: INFO placement.requestlog [req-27f147f7-3387-4a00-ba8e-1cb16811f3bd req-a42a64aa-e89d-4b22-8e3b-53f4cef4ad66 service placement] 10.222.0.91 "GET /placement/resource_providers/bfff9337-d4a6-46a6-804f-ae61c4fda013/traits" status: 200 len: 213 microversion: 1.6
Jun 03 17:52:59.708801 n-d-791503-8 devstack@placement-api.service[93242]: [pid: 93242|app: 0|req: 564/1130] 10.222.0.91 () {60 vars in 1419 bytes} [Thu Jun 3 17:52:59 2021] GET /placement/resource_providers/bfff9337-d4a6-46a6-804f-ae61c4fda013/traits => generated 213 bytes in 66 msecs (HTTP/1.1 200) 6 headers in 224 bytes (1 switches on core 0)
Jun 03 17:52:59.718704 n-d-791503-8 devstack@placement-api.service[93241]: INFO placement.requestlog [req-11ddc54f-0e17-4376-801c-04287eea3843 req-131108ca-ce62-40ed-b073-8f4e25c0bb13 service placement] 10.222.0.95 "GET /placement/allocations/7345b71d-e103-4240-9c1d-409b3253f170" status: 200 len: 19 microversion: 1.28
Jun 03 17:52:59.720205 n-d-791503-8 devstack@placement-api.service[93241]: [pid: 93241|app: 0|req: 567/1131] 10.222.0.95 () {60 vars in 1380 bytes} [Thu Jun 3 17:52:59 2021] GET /placement/allocations/7345b71d-e103-4240-9c1d-409b3253f170 => generated 19 bytes in 30 msecs (HTTP/1.1 200) 8 headers in 295 bytes (1 switches on core 0)
Jun 03 17:52:59.735053 n-d-791503-8 devstack@placement-api.service[93242]: DEBUG placement.requestlog [req-11ddc54f-0e17-4376-801c-04287eea3843 req-b265dece-9795-4b0d-9739-9dc36717702f None None] Starting request: 10.222.0.95 "PUT /placement/allocations/7345b71d-e103-4240-9c1d-409b3253f170" {{(pid=93242) __call__ /opt/stack/placement/placement/requestlog.py:55}}
Jun 03 17:52:59.843239 n-d-791503-8 devstack@placement-api.service[93242]: DEBUG placement.handlers.allocation [req-11ddc54f-0e17-4376-801c-04287eea3843 req-b265dece-9795-4b0d-9739-9dc36717702f service placement] Successfully wrote allocations [, ] {{(pid=93242) _create_allocations /opt/stack/placement/placement/handlers/allocation.py:435}}
Jun 03 17:52:59.843880 n-d-791503-8 devstack@placement-api.service[93242]: INFO placement.requestlog [req-11ddc54f-0e17-4376-801c-04287eea3843 req-b265dece-9795-4b0d-9739-9dc36717702f service placement] 10.222.0.95 "PUT /placement/allocations/7345b71d-e103-4240-9c1d-409b3253f170" status: 204 len: 0 microversion: 1.35
Jun 03 17:52:59.844295 n-d-791503-8 devstack@placement-api.service[93242]: [pid: 93242|app: 0|req: 565/1132] 10.222.0.95 () {64 vars in 1433 bytes} [Thu Jun 3 17:52:59 2021] PUT /placement/allocations/7345b71d-e103-4240-9c1d-409b3253f170 => generated 0 bytes in 110 msecs (HTTP/1.1 204) 5 headers in 199 bytes (1 switches on core 0)
Jun 03 17:53:00.228699 n-d-791503-8 devstack@placement-api.service[93241]: DEBUG placement.requestlog [req-11ddc54f-0e17-4376-801c-04287eea3843 req-31b6aef2-a55b-43d2-8731-a14922bc9fff None None] Starting request: 10.222.0.91 "GET /placement/allocations/7345b71d-e103-4240-9c1d-409b3253f170" {{(pid=93241) __call__ /opt/stack/placement/placement/requestlog.py:55}}
Jun 03 17:53:00.248078 n-d-791503-8 devstack@placement-api.service[93241]: INFO placement.requestlog [req-11ddc54f-0e17-4376-801c-04287eea3843 req-31b6aef2-a55b-43d2-8731-a14922bc9fff service placement] 10.222.0.91 "GET /placement/allocations/7345b71d-e103-4240-9c1d-409b3253f170" status: 200 len: 246 microversion: 1.28
Jun 03 17:53:00.248591 n-d-791503-8 devstack@placement-api.service[93241]: [pid: 93241|app: 0|req: 568/1133] 10.222.0.91 () {60 vars in 1378 bytes} [Thu Jun 3 17:53:00 2021] GET /placement/allocations/7345b71d-e103-4240-9c1d-409b3253f170 => generated 246 bytes in 20 msecs (HTTP/1.1 200) 8 headers in 296 bytes (1 switches on core 0)
Jun 03 17:53:13.767169 n-d-791503-8 devstack@placement-api.service[93242]: DEBUG placement.requestlog [req-1fbe2308-619c-4360-9987-46dc5b0b4648 req-fdc3e37a-87df-4513-ba7e-1158a367e6ba None None] Starting request: 10.222.0.95 "GET /placement/allocation_candidates?limit=1000&resources=DISK_GB%3A1%2CMEMORY_MB%3A1024%2CVCPU%3A1&root_required=%21COMPUTE_STATUS_DISABLED" {{(pid=93242) __call__ /opt/stack/placement/placement/requestlog.py:55}}
Jun 03 17:53:13.817172 n-d-791503-8 devstack@placement-api.service[93242]: DEBUG placement.objects.research_context [req-1fbe2308-619c-4360-9987-46dc5b0b4648 req-fdc3e37a-87df-4513-ba7e-1158a367e6ba service placement] getting providers with 1 DISK_GB {{(pid=93242) __init__ /opt/stack/placement/placement/objects/research_context.py:126}}
Jun 03 17:53:13.828931 n-d-791503-8 devstack@placement-api.service[93242]: DEBUG placement.objects.research_context [req-1fbe2308-619c-4360-9987-46dc5b0b4648 req-fdc3e37a-87df-4513-ba7e-1158a367e6ba service placement] getting providers with 1024 MEMORY_MB {{(pid=93242) __init__ /opt/stack/placement/placement/objects/research_context.py:126}}
Jun 03 17:53:13.839566 n-d-791503-8 devstack@placement-api.service[93242]: DEBUG placement.objects.research_context [req-1fbe2308-619c-4360-9987-46dc5b0b4648 req-fdc3e37a-87df-4513-ba7e-1158a367e6ba service placement] getting providers with 1 VCPU {{(pid=93242) __init__ /opt/stack/placement/placement/objects/research_context.py:126}}
Jun 03 17:53:13.850892 n-d-791503-8 devstack@placement-api.service[93242]: DEBUG placement.objects.research_context [req-1fbe2308-619c-4360-9987-46dc5b0b4648 req-fdc3e37a-87df-4513-ba7e-1158a367e6ba service placement] found 2 providers with available 1 DISK_GB {{(pid=93242) get_provider_ids_matching /opt/stack/placement/placement/objects/research_context.py:549}}
Jun 03 17:53:13.851618 n-d-791503-8 devstack@placement-api.service[93242]: DEBUG placement.objects.research_context [req-1fbe2308-619c-4360-9987-46dc5b0b4648 req-fdc3e37a-87df-4513-ba7e-1158a367e6ba service placement] found 2 providers with available 1024 MEMORY_MB {{(pid=93242) get_provider_ids_matching /opt/stack/placement/placement/objects/research_context.py:549}}
Jun 03 17:53:13.852172 n-d-791503-8 devstack@placement-api.service[93242]: DEBUG placement.objects.research_context [req-1fbe2308-619c-4360-9987-46dc5b0b4648 req-fdc3e37a-87df-4513-ba7e-1158a367e6ba service placement] found 2 providers after filtering by previous result {{(pid=93242) get_provider_ids_matching /opt/stack/placement/placement/objects/research_context.py:580}}
Jun 03 17:53:13.852682 n-d-791503-8 devstack@placement-api.service[93242]: DEBUG placement.objects.research_context [req-1fbe2308-619c-4360-9987-46dc5b0b4648 req-fdc3e37a-87df-4513-ba7e-1158a367e6ba service placement] found 2 providers with available 1 VCPU {{(pid=93242) get_provider_ids_matching /opt/stack/placement/placement/objects/research_context.py:549}}
Jun 03 17:53:13.853190 n-d-791503-8 devstack@placement-api.service[93242]: DEBUG placement.objects.research_context [req-1fbe2308-619c-4360-9987-46dc5b0b4648 req-fdc3e37a-87df-4513-ba7e-1158a367e6ba service placement] found 2 providers after filtering by previous result {{(pid=93242) get_provider_ids_matching /opt/stack/placement/placement/objects/research_context.py:580}}
Jun 03 17:53:13.885349 n-d-791503-8 devstack@placement-api.service[93242]: DEBUG placement.objects.allocation_candidate [req-1fbe2308-619c-4360-9987-46dc5b0b4648 req-fdc3e37a-87df-4513-ba7e-1158a367e6ba service placement] RequestGroup(use_same_provider=False, resources={DISK_GB:1, MEMORY_MB:1024, VCPU:1}, traits=[], aggregates=[]) (suffix '') returned 2 matches {{(pid=93242) _get_by_requests /opt/stack/placement/placement/objects/allocation_candidate.py:145}}
Jun 03 17:53:13.886163 n-d-791503-8 devstack@placement-api.service[93242]: DEBUG placement.objects.allocation_candidate [req-1fbe2308-619c-4360-9987-46dc5b0b4648 req-fdc3e37a-87df-4513-ba7e-1158a367e6ba service placement] Merging candidates yields 2 allocation requests and 2 provider summaries {{(pid=93242) _merge_candidates /opt/stack/placement/placement/objects/allocation_candidate.py:783}}
Jun 03 17:53:13.888011 n-d-791503-8 devstack@placement-api.service[93242]: INFO placement.requestlog [req-1fbe2308-619c-4360-9987-46dc5b0b4648 req-fdc3e37a-87df-4513-ba7e-1158a367e6ba service placement] 10.222.0.95 "GET /placement/allocation_candidates?limit=1000&resources=DISK_GB%3A1%2CMEMORY_MB%3A1024%2CVCPU%3A1&root_required=%21COMPUTE_STATUS_DISABLED" status: 200 len: 1309 microversion: 1.35
Jun 03 17:53:13.890533 n-d-791503-8 devstack@placement-api.service[93242]: [pid: 93242|app: 0|req: 566/1134] 10.222.0.95 () {60 vars in 1506 bytes} [Thu Jun 3 17:53:13 2021] GET /placement/allocation_candidates?limit=1000&resources=DISK_GB%3A1%2CMEMORY_MB%3A1024%2CVCPU%3A1&root_required=%21COMPUTE_STATUS_DISABLED => generated 1309 bytes in 123 msecs (HTTP/1.1 200) 8 headers in 297 bytes (1 switches on core 0)
Jun 03 17:53:13.954793 n-d-791503-8 devstack@placement-api.service[93241]: DEBUG placement.requestlog [req-1fbe2308-619c-4360-9987-46dc5b0b4648 req-3eb1ff6c-d729-4a25-ad9b-38ece4983e9d None None] Starting request: 10.222.0.95 "GET /placement/allocations/28f925b9-0164-4a71-b894-e06b220bca1d" {{(pid=93241) __call__ /opt/stack/placement/placement/requestlog.py:55}}
Jun 03 17:53:13.973568 n-d-791503-8 devstack@placement-api.service[93241]: INFO placement.requestlog [req-1fbe2308-619c-4360-9987-46dc5b0b4648 req-3eb1ff6c-d729-4a25-ad9b-38ece4983e9d service placement] 10.222.0.95 "GET /placement/allocations/28f925b9-0164-4a71-b894-e06b220bca1d" status: 200 len: 19 microversion: 1.28
Jun 03 17:53:13.974129 n-d-791503-8 devstack@placement-api.service[93241]: [pid: 93241|app: 0|req: 569/1135] 10.222.0.95 () {60 vars in 1380 bytes} [Thu Jun 3 17:53:13 2021] GET /placement/allocations/28f925b9-0164-4a71-b894-e06b220bca1d => generated 19 bytes in 19 msecs (HTTP/1.1 200) 8 headers in 295 bytes (1 switches on core 0)
Jun 03 17:53:13.986016 n-d-791503-8 devstack@placement-api.service[93242]: DEBUG placement.requestlog [req-1fbe2308-619c-4360-9987-46dc5b0b4648 req-92cdbcdb-2d90-426c-a23b-a4f1dc34f2ae None None] Starting request: 10.222.0.95 "PUT /placement/allocations/28f925b9-0164-4a71-b894-e06b220bca1d" {{(pid=93242) __call__ /opt/stack/placement/placement/requestlog.py:55}}
Jun 03 17:53:14.117935 n-d-791503-8 devstack@placement-api.service[93242]: DEBUG placement.handlers.allocation [req-1fbe2308-619c-4360-9987-46dc5b0b4648 req-92cdbcdb-2d90-426c-a23b-a4f1dc34f2ae service placement] Successfully wrote allocations [, , ] {{(pid=93242) _create_allocations /opt/stack/placement/placement/handlers/allocation.py:435}}
Jun 03 17:53:14.119888 n-d-791503-8 devstack@placement-api.service[93242]: INFO placement.requestlog [req-1fbe2308-619c-4360-9987-46dc5b0b4648 req-92cdbcdb-2d90-426c-a23b-a4f1dc34f2ae service placement] 10.222.0.95 "PUT /placement/allocations/28f925b9-0164-4a71-b894-e06b220bca1d" status: 204 len: 0 microversion: 1.35
Jun 03 17:53:14.122288 n-d-791503-8 devstack@placement-api.service[93242]: [pid: 93242|app: 0|req: 567/1136] 10.222.0.95 () {64 vars in 1433 bytes} [Thu Jun 3 17:53:13 2021] PUT /placement/allocations/28f925b9-0164-4a71-b894-e06b220bca1d => generated 0 bytes in 136 msecs (HTTP/1.1 204) 5 headers in 199 bytes (1 switches on core 0)
Jun 03 17:53:14.635291 n-d-791503-8 devstack@placement-api.service[93241]: DEBUG placement.requestlog [req-1fbe2308-619c-4360-9987-46dc5b0b4648 req-9685da31-7476-4c27-a964-4929e9c21e99 None None] Starting request: 10.222.0.23 "GET /placement/allocations/28f925b9-0164-4a71-b894-e06b220bca1d" {{(pid=93241) __call__ /opt/stack/placement/placement/requestlog.py:55}}
Jun 03 17:53:14.655849 n-d-791503-8 devstack@placement-api.service[93241]: INFO placement.requestlog [req-1fbe2308-619c-4360-9987-46dc5b0b4648 req-9685da31-7476-4c27-a964-4929e9c21e99 service placement] 10.222.0.23 "GET /placement/allocations/28f925b9-0164-4a71-b894-e06b220bca1d" status: 200 len: 260 microversion: 1.28
Jun 03 17:53:14.656462 n-d-791503-8 devstack@placement-api.service[93241]: [pid: 93241|app: 0|req: 570/1137] 10.222.0.23 () {60 vars in 1378 bytes} [Thu Jun 3 17:53:14 2021] GET /placement/allocations/28f925b9-0164-4a71-b894-e06b220bca1d => generated 260 bytes in 21 msecs (HTTP/1.1 200) 8 headers in 296 bytes (1 switches on core 0)
Jun 03 17:53:35.567422 n-d-791503-8 devstack@placement-api.service[93242]: DEBUG placement.requestlog [req-95206c7f-8821-4630-879d-ab253daab5e3 req-5c0beee6-a8b9-4e9e-a3a9-405ff119f506 None None] Starting request: 10.222.0.91 "GET /placement/allocations/7345b71d-e103-4240-9c1d-409b3253f170" {{(pid=93242) __call__ /opt/stack/placement/placement/requestlog.py:55}}
Jun 03 17:53:35.597481 n-d-791503-8 devstack@placement-api.service[93242]: INFO placement.requestlog [req-95206c7f-8821-4630-879d-ab253daab5e3 req-5c0beee6-a8b9-4e9e-a3a9-405ff119f506 service placement] 10.222.0.91 "GET /placement/allocations/7345b71d-e103-4240-9c1d-409b3253f170" status: 200 len: 246 microversion: 1.28
