Jun 03 17:15:59.631713 n-d-791503-8 devstack@n-api.service[107666]: DEBUG nova.compute.api [None req-c36c249d-062b-4a9d-a1d6-417f80a61941 tempest-LiveMigrationTest-1146880087 tempest-LiveMigrationTest-1146880087-project-admin] [instance: 9c80d6c2-128d-4a7f-9400-824af24302be] Fetching instance by UUID {{(pid=107666) get /opt/stack/nova/nova/compute/api.py:2790}}
Jun 03 17:15:59.641705 n-d-791503-8 devstack@n-api.service[107666]: DEBUG oslo_concurrency.lockutils [None req-c36c249d-062b-4a9d-a1d6-417f80a61941 tempest-LiveMigrationTest-1146880087 tempest-LiveMigrationTest-1146880087-project-admin] Lock "bdab8336-a4c8-4eb8-9a95-eb50407c6d8d" acquired by "nova.context.set_target_cell..get_or_set_cached_cell_and_set_connections" :: waited 0.000s {{(pid=107666) inner /usr/local/lib/python3.8/dist-packages/oslo_concurrency/lockutils.py:355}}
Jun 03 17:15:59.642177 n-d-791503-8 devstack@n-api.service[107666]: DEBUG oslo_concurrency.lockutils [None req-c36c249d-062b-4a9d-a1d6-417f80a61941 tempest-LiveMigrationTest-1146880087 tempest-LiveMigrationTest-1146880087-project-admin] Lock "bdab8336-a4c8-4eb8-9a95-eb50407c6d8d" released by "nova.context.set_target_cell..get_or_set_cached_cell_and_set_connections" :: held 0.001s {{(pid=107666) inner /usr/local/lib/python3.8/dist-packages/oslo_concurrency/lockutils.py:367}}
Jun 03 17:15:59.642968 n-d-791503-8 devstack@n-api.service[107666]: DEBUG oslo_concurrency.lockutils [None req-c36c249d-062b-4a9d-a1d6-417f80a61941 tempest-LiveMigrationTest-1146880087 tempest-LiveMigrationTest-1146880087-project-admin] Lock "bdab8336-a4c8-4eb8-9a95-eb50407c6d8d" acquired by "nova.context.set_target_cell..get_or_set_cached_cell_and_set_connections" :: waited 0.000s {{(pid=107666) inner /usr/local/lib/python3.8/dist-packages/oslo_concurrency/lockutils.py:355}}
Jun 03 17:15:59.643390 n-d-791503-8 devstack@n-api.service[107666]: DEBUG oslo_concurrency.lockutils [None req-c36c249d-062b-4a9d-a1d6-417f80a61941 tempest-LiveMigrationTest-1146880087 tempest-LiveMigrationTest-1146880087-project-admin] Lock "bdab8336-a4c8-4eb8-9a95-eb50407c6d8d" released by "nova.context.set_target_cell..get_or_set_cached_cell_and_set_connections" :: held 0.000s {{(pid=107666) inner /usr/local/lib/python3.8/dist-packages/oslo_concurrency/lockutils.py:367}}
Jun 03 17:16:00.283114 n-d-791503-8 devstack@n-api.service[107666]: INFO nova.api.openstack.requestlog [None req-c36c249d-062b-4a9d-a1d6-417f80a61941 tempest-LiveMigrationTest-1146880087 tempest-LiveMigrationTest-1146880087-project-admin] 10.222.0.95 "GET /compute/v2.1/servers/9c80d6c2-128d-4a7f-9400-824af24302be" status: 200 len: 1644 microversion: 2.1 time: 0.655811
Jun 03 17:16:00.298195 n-d-791503-8 devstack@n-api.service[107666]: [pid: 107666|app: 0|req: 165/338] 10.222.0.95 () {58 vars in 1236 bytes} [Thu Jun 3 17:15:59 2021] GET /compute/v2.1/servers/9c80d6c2-128d-4a7f-9400-824af24302be => generated 1644 bytes in 662 msecs (HTTP/1.1 200) 9 headers in 358 bytes (1 switches on core 0)
Jun 03 17:16:00.299273 n-d-791503-8 devstack@n-api.service[107666]: DEBUG nova.api.openstack.wsgi [None req-8c1185dc-910f-4917-8ef0-38b47ea8975c tempest-LiveMigrationNegativeTest-363157500 tempest-LiveMigrationNegativeTest-363157500-project] Calling method '>' {{(pid=107666) _process_stack /opt/stack/nova/nova/api/openstack/wsgi.py:513}}
Jun 03 17:16:00.300212 n-d-791503-8 devstack@n-api.service[107666]: DEBUG nova.compute.api [None req-8c1185dc-910f-4917-8ef0-38b47ea8975c tempest-LiveMigrationNegativeTest-363157500 tempest-LiveMigrationNegativeTest-363157500-project] [instance: 6e523b41-bd60-43c6-ab03-35908a85b028] Fetching instance by UUID {{(pid=107666) get /opt/stack/nova/nova/compute/api.py:2790}}
Jun 03 17:16:00.316468 n-d-791503-8 devstack@n-api.service[107667]: DEBUG neutronclient.v2_0.client [None req-e2f3b04b-7771-4e99-87c0-aaa6ba41c3d0 tempest-FloatingIPsAssociationNegativeTestJSON-329234053 tempest-FloatingIPsAssociationNegativeTestJSON-329234053-project] Error message: {"NeutronError": {"type": "FloatingIPPortAlreadyAssociated", "message": "Cannot associate floating IP 172.25.4.64 (21526ea4-5d08-4261-b3b6-777e563d08b2) with port 8549578f-483a-4b28-8e7f-010f6dd52da3 using fixed IP 172.20.0.7, as that fixed IP already has a floating IP on external network 9d1e6426-a9d8-4c57-84b2-58d6fd88d146.", "detail": ""}} {{(pid=107667) _handle_fault_response /usr/local/lib/python3.8/dist-packages/neutronclient/v2_0/client.py:262}}
Jun 03 17:16:00.317206 n-d-791503-8 devstack@n-api.service[107666]: DEBUG oslo_concurrency.lockutils [None req-8c1185dc-910f-4917-8ef0-38b47ea8975c tempest-LiveMigrationNegativeTest-363157500 tempest-LiveMigrationNegativeTest-363157500-project] Lock "bdab8336-a4c8-4eb8-9a95-eb50407c6d8d" acquired by "nova.context.set_target_cell..get_or_set_cached_cell_and_set_connections" :: waited 0.000s {{(pid=107666) inner /usr/local/lib/python3.8/dist-packages/oslo_concurrency/lockutils.py:355}}
Jun 03 17:16:00.317473 n-d-791503-8 devstack@n-api.service[107667]: DEBUG oslo_concurrency.lockutils [None req-e2f3b04b-7771-4e99-87c0-aaa6ba41c3d0 tempest-FloatingIPsAssociationNegativeTestJSON-329234053 tempest-FloatingIPsAssociationNegativeTestJSON-329234053-project] Releasing lock "refresh_cache-89df38dd-0e06-47cf-a6d8-1717d713f2d7" {{(pid=107667) lock /usr/local/lib/python3.8/dist-packages/oslo_concurrency/lockutils.py:282}}
Jun 03 17:16:00.317621 n-d-791503-8 devstack@n-api.service[107666]: DEBUG oslo_concurrency.lockutils [None req-8c1185dc-910f-4917-8ef0-38b47ea8975c tempest-LiveMigrationNegativeTest-363157500 tempest-LiveMigrationNegativeTest-363157500-project] Lock "bdab8336-a4c8-4eb8-9a95-eb50407c6d8d" released by "nova.context.set_target_cell..get_or_set_cached_cell_and_set_connections" :: held 0.001s {{(pid=107666) inner /usr/local/lib/python3.8/dist-packages/oslo_concurrency/lockutils.py:367}}
Jun 03 17:16:00.318001 n-d-791503-8 devstack@n-api.service[107667]: INFO nova.api.openstack.wsgi [None req-e2f3b04b-7771-4e99-87c0-aaa6ba41c3d0 tempest-FloatingIPsAssociationNegativeTestJSON-329234053 tempest-FloatingIPsAssociationNegativeTestJSON-329234053-project] HTTP exception thrown: Cannot associate floating IP 172.25.4.64 (21526ea4-5d08-4261-b3b6-777e563d08b2) with port 8549578f-483a-4b28-8e7f-010f6dd52da3 using fixed IP 172.20.0.7, as that fixed IP already has a floating IP on external network 9d1e6426-a9d8-4c57-84b2-58d6fd88d146.
Jun 03 17:16:00.318001 n-d-791503-8 devstack@n-api.service[107667]: Neutron server returns request_ids: ['req-b2cba892-41a1-4f41-923a-89b7a0e0cdc5']
Jun 03 17:16:00.318366 n-d-791503-8 devstack@n-api.service[107666]: DEBUG oslo_concurrency.lockutils [None req-8c1185dc-910f-4917-8ef0-38b47ea8975c tempest-LiveMigrationNegativeTest-363157500 tempest-LiveMigrationNegativeTest-363157500-project] Lock "bdab8336-a4c8-4eb8-9a95-eb50407c6d8d" acquired by "nova.context.set_target_cell..get_or_set_cached_cell_and_set_connections" :: waited 0.000s {{(pid=107666) inner /usr/local/lib/python3.8/dist-packages/oslo_concurrency/lockutils.py:355}}
Jun 03 17:16:00.318632 n-d-791503-8 devstack@n-api.service[107666]: DEBUG oslo_concurrency.lockutils [None req-8c1185dc-910f-4917-8ef0-38b47ea8975c tempest-LiveMigrationNegativeTest-363157500 tempest-LiveMigrationNegativeTest-363157500-project] Lock "bdab8336-a4c8-4eb8-9a95-eb50407c6d8d" released by "nova.context.set_target_cell..get_or_set_cached_cell_and_set_connections" :: held 0.000s {{(pid=107666) inner /usr/local/lib/python3.8/dist-packages/oslo_concurrency/lockutils.py:367}}
Jun 03 17:16:00.319615 n-d-791503-8 devstack@n-api.service[107667]: DEBUG nova.api.openstack.wsgi [None req-e2f3b04b-7771-4e99-87c0-aaa6ba41c3d0 tempest-FloatingIPsAssociationNegativeTestJSON-329234053 tempest-FloatingIPsAssociationNegativeTestJSON-329234053-project] Returning 400 to user: Cannot associate floating IP 172.25.4.64 (21526ea4-5d08-4261-b3b6-777e563d08b2) with port 8549578f-483a-4b28-8e7f-010f6dd52da3 using fixed IP 172.20.0.7, as that fixed IP already has a floating IP on external network 9d1e6426-a9d8-4c57-84b2-58d6fd88d146.
Jun 03 17:16:00.319615 n-d-791503-8 devstack@n-api.service[107667]: Neutron server returns request_ids: ['req-b2cba892-41a1-4f41-923a-89b7a0e0cdc5'] {{(pid=107667) __call__ /opt/stack/nova/nova/api/openstack/wsgi.py:927}}
Jun 03 17:16:00.320670 n-d-791503-8 devstack@n-api.service[107667]: INFO nova.api.openstack.requestlog [None req-e2f3b04b-7771-4e99-87c0-aaa6ba41c3d0 tempest-FloatingIPsAssociationNegativeTestJSON-329234053 tempest-FloatingIPsAssociationNegativeTestJSON-329234053-project] 10.222.0.95 "POST /compute/v2.1/servers/89df38dd-0e06-47cf-a6d8-1717d713f2d7/action" status: 400 len: 380 microversion: 2.1 time: 1.459615
Jun 03 17:16:00.321546 n-d-791503-8 devstack@n-api.service[107667]: [pid: 107667|app: 0|req: 174/339] 10.222.0.95 () {60 vars in 1278 bytes} [Thu Jun 3 17:15:58 2021] POST /compute/v2.1/servers/89df38dd-0e06-47cf-a6d8-1717d713f2d7/action => generated 380 bytes in 1461 msecs (HTTP/1.1 400) 9 headers in 381 bytes (1 switches on core 0)
Jun 03 17:16:00.331713 n-d-791503-8 devstack@n-api.service[107667]: DEBUG nova.api.openstack.wsgi [None req-600365ca-24ba-4539-ac7a-2a80de9afd50 tempest-ServersWithSpecificFlavorTestJSON-2073277866 tempest-ServersWithSpecificFlavorTestJSON-2073277866-project] Action: 'action', calling method: >, body: {"os-getConsoleOutput": {}} {{(pid=107667) _process_stack /opt/stack/nova/nova/api/openstack/wsgi.py:511}}
Jun 03 17:16:00.333367 n-d-791503-8 devstack@n-api.service[107667]: DEBUG nova.compute.api [None req-600365ca-24ba-4539-ac7a-2a80de9afd50 tempest-ServersWithSpecificFlavorTestJSON-2073277866 tempest-ServersWithSpecificFlavorTestJSON-2073277866-project] [instance: c4c6fdbb-7076-49c6-8666-56d550497bed] Fetching instance by UUID {{(pid=107667) get /opt/stack/nova/nova/compute/api.py:2790}}
Jun 03 17:16:00.343621 n-d-791503-8 devstack@n-api.service[107667]: DEBUG oslo_concurrency.lockutils [None req-600365ca-24ba-4539-ac7a-2a80de9afd50 tempest-ServersWithSpecificFlavorTestJSON-2073277866 tempest-ServersWithSpecificFlavorTestJSON-2073277866-project] Lock "bdab8336-a4c8-4eb8-9a95-eb50407c6d8d" acquired by "nova.context.set_target_cell..get_or_set_cached_cell_and_set_connections" :: waited 0.000s {{(pid=107667) inner /usr/local/lib/python3.8/dist-packages/oslo_concurrency/lockutils.py:355}}
Jun 03 17:16:00.344227 n-d-791503-8 devstack@n-api.service[107667]: DEBUG oslo_concurrency.lockutils [None req-600365ca-24ba-4539-ac7a-2a80de9afd50 tempest-ServersWithSpecificFlavorTestJSON-2073277866 tempest-ServersWithSpecificFlavorTestJSON-2073277866-project] Lock "bdab8336-a4c8-4eb8-9a95-eb50407c6d8d" released by "nova.context.set_target_cell..get_or_set_cached_cell_and_set_connections" :: held 0.001s {{(pid=107667) inner /usr/local/lib/python3.8/dist-packages/oslo_concurrency/lockutils.py:367}}
Jun 03 17:16:00.345122 n-d-791503-8 devstack@n-api.service[107667]: DEBUG oslo_concurrency.lockutils [None req-600365ca-24ba-4539-ac7a-2a80de9afd50 tempest-ServersWithSpecificFlavorTestJSON-2073277866 tempest-ServersWithSpecificFlavorTestJSON-2073277866-project] Lock "bdab8336-a4c8-4eb8-9a95-eb50407c6d8d" acquired by "nova.context.set_target_cell..get_or_set_cached_cell_and_set_connections" :: waited 0.000s {{(pid=107667) inner /usr/local/lib/python3.8/dist-packages/oslo_concurrency/lockutils.py:355}}
Jun 03 17:16:00.345909 n-d-791503-8 devstack@n-api.service[107667]: DEBUG oslo_concurrency.lockutils [None req-600365ca-24ba-4539-ac7a-2a80de9afd50 tempest-ServersWithSpecificFlavorTestJSON-2073277866 tempest-ServersWithSpecificFlavorTestJSON-2073277866-project] Lock "bdab8336-a4c8-4eb8-9a95-eb50407c6d8d" released by "nova.context.set_target_cell..get_or_set_cached_cell_and_set_connections" :: held 0.001s {{(pid=107667) inner /usr/local/lib/python3.8/dist-packages/oslo_concurrency/lockutils.py:367}}
Jun 03 17:16:00.450315 n-d-791503-8 devstack@n-api.service[107667]: INFO nova.api.openstack.requestlog [None req-600365ca-24ba-4539-ac7a-2a80de9afd50 tempest-ServersWithSpecificFlavorTestJSON-2073277866 tempest-ServersWithSpecificFlavorTestJSON-2073277866-project] 10.222.0.95 "POST /compute/v2.1/servers/c4c6fdbb-7076-49c6-8666-56d550497bed/action" status: 200 len: 16401 microversion: 2.1 time: 0.123609
Jun 03 17:16:00.451368 n-d-791503-8 devstack@n-api.service[107667]: [pid: 107667|app: 0|req: 175/340] 10.222.0.95 () {60 vars in 1278 bytes} [Thu Jun 3 17:16:00 2021] POST /compute/v2.1/servers/c4c6fdbb-7076-49c6-8666-56d550497bed/action => generated 16401 bytes in 129 msecs (HTTP/1.1 200) 9 headers in 359 bytes (1 switches on core 0)
Jun 03 17:16:00.456787 n-d-791503-8 devstack@n-api.service[107667]: DEBUG nova.api.openstack.wsgi [None req-68117698-18e9-4035-a50f-d903740602f1 tempest-LiveAutoBlockMigrationV225Test-1872920539 tempest-LiveAutoBlockMigrationV225Test-1872920539-project] Calling method '>' {{(pid=107667) _process_stack /opt/stack/nova/nova/api/openstack/wsgi.py:513}}
Jun 03 17:16:00.457728 n-d-791503-8 devstack@n-api.service[107667]: DEBUG nova.compute.api [None req-68117698-18e9-4035-a50f-d903740602f1 tempest-LiveAutoBlockMigrationV225Test-1872920539 tempest-LiveAutoBlockMigrationV225Test-1872920539-project] [instance: 7dd2d323-639a-4d8a-a355-5f868c8cad94] Fetching instance by UUID {{(pid=107667) get /opt/stack/nova/nova/compute/api.py:2790}}
Jun 03 17:16:00.467430 n-d-791503-8 devstack@n-api.service[107667]: DEBUG oslo_concurrency.lockutils [None req-68117698-18e9-4035-a50f-d903740602f1 tempest-LiveAutoBlockMigrationV225Test-1872920539 tempest-LiveAutoBlockMigrationV225Test-1872920539-project] Lock "bdab8336-a4c8-4eb8-9a95-eb50407c6d8d" acquired by "nova.context.set_target_cell..get_or_set_cached_cell_and_set_connections" :: waited 0.000s {{(pid=107667) inner /usr/local/lib/python3.8/dist-packages/oslo_concurrency/lockutils.py:355}}
Jun 03 17:16:00.468210 n-d-791503-8 devstack@n-api.service[107667]: DEBUG oslo_concurrency.lockutils [None req-68117698-18e9-4035-a50f-d903740602f1 tempest-LiveAutoBlockMigrationV225Test-1872920539 tempest-LiveAutoBlockMigrationV225Test-1872920539-project] Lock "bdab8336-a4c8-4eb8-9a95-eb50407c6d8d" released by "nova.context.set_target_cell..get_or_set_cached_cell_and_set_connections" :: held 0.001s {{(pid=107667) inner /usr/local/lib/python3.8/dist-packages/oslo_concurrency/lockutils.py:367}}
Jun 03 17:16:00.469556 n-d-791503-8 devstack@n-api.service[107667]: DEBUG oslo_concurrency.lockutils [None req-68117698-18e9-4035-a50f-d903740602f1 tempest-LiveAutoBlockMigrationV225Test-1872920539 tempest-LiveAutoBlockMigrationV225Test-1872920539-project] Lock "bdab8336-a4c8-4eb8-9a95-eb50407c6d8d" acquired by "nova.context.set_target_cell..get_or_set_cached_cell_and_set_connections" :: waited 0.000s {{(pid=107667) inner /usr/local/lib/python3.8/dist-packages/oslo_concurrency/lockutils.py:355}}
Jun 03 17:16:00.470324 n-d-791503-8 devstack@n-api.service[107667]: DEBUG oslo_concurrency.lockutils [None req-68117698-18e9-4035-a50f-d903740602f1 tempest-LiveAutoBlockMigrationV225Test-1872920539 tempest-LiveAutoBlockMigrationV225Test-1872920539-project] Lock "bdab8336-a4c8-4eb8-9a95-eb50407c6d8d" released by "nova.context.set_target_cell..get_or_set_cached_cell_and_set_connections" :: held 0.001s {{(pid=107667) inner /usr/local/lib/python3.8/dist-packages/oslo_concurrency/lockutils.py:367}}
Jun 03 17:16:00.798377 n-d-791503-8 devstack@n-api.service[107666]: DEBUG nova.policy [None req-8c1185dc-910f-4917-8ef0-38b47ea8975c tempest-LiveMigrationNegativeTest-363157500 tempest-LiveMigrationNegativeTest-363157500-project] Policy check for os_compute_api:os-extended-server-attributes failed with credentials {'is_admin': False, 'user_id': 'f4a6dd7c96834818a403207a3a66dac4', 'user_domain_id': 'default', 'system_scope': None, 'domain_id': None, 'project_id': 'c2e0b846a3e14e2a8692a978b23808b7', 'project_domain_id': 'default', 'roles': ['member', 'reader'], 'is_admin_project': True, 'service_user_id': None, 'service_user_domain_id': None, 'service_project_id': None, 'service_project_domain_id': None, 'service_roles': []} {{(pid=107666) authorize /opt/stack/nova/nova/policy.py:199}}
Jun 03 17:16:00.799154 n-d-791503-8 devstack@n-api.service[107667]: DEBUG nova.policy [None req-68117698-18e9-4035-a50f-d903740602f1 tempest-LiveAutoBlockMigrationV225Test-1872920539 tempest-LiveAutoBlockMigrationV225Test-1872920539-project] Policy check for os_compute_api:os-extended-server-attributes failed with credentials {'is_admin': False, 'user_id': '0d135a4504304f1ca9919fc81d6c947a', 'user_domain_id': 'default', 'system_scope': None, 'domain_id': None, 'project_id': '7ddb821e8c304a079593136602ad3f68', 'project_domain_id': 'default', 'roles': ['member', 'reader'], 'is_admin_project': True, 'service_user_id': None, 'service_user_domain_id': None, 'service_project_id': None, 'service_project_domain_id': None, 'service_roles': []} {{(pid=107667) authorize /opt/stack/nova/nova/policy.py:199}}
Jun 03 17:16:00.809100 n-d-791503-8 devstack@n-api.service[107667]: DEBUG nova.policy [None req-68117698-18e9-4035-a50f-d903740602f1 tempest-LiveAutoBlockMigrationV225Test-1872920539 tempest-LiveAutoBlockMigrationV225Test-1872920539-project] Policy check for os_compute_api:servers:show:host_status failed with credentials {'is_admin': False, 'user_id': '0d135a4504304f1ca9919fc81d6c947a', 'user_domain_id': 'default', 'system_scope': None, 'domain_id': None, 'project_id': '7ddb821e8c304a079593136602ad3f68', 'project_domain_id': 'default', 'roles': ['member', 'reader'], 'is_admin_project': True, 'service_user_id': None, 'service_user_domain_id': None, 'service_project_id': None, 'service_project_domain_id': None, 'service_roles': []} {{(pid=107667) authorize /opt/stack/nova/nova/policy.py:199}}
Jun 03 17:16:00.810913 n-d-791503-8 devstack@n-api.service[107667]: DEBUG nova.policy [None req-68117698-18e9-4035-a50f-d903740602f1 tempest-LiveAutoBlockMigrationV225Test-1872920539 tempest-LiveAutoBlockMigrationV225Test-1872920539-project] Policy check for os_compute_api:servers:show:host_status:unknown-only failed with credentials {'is_admin': False, 'user_id': '0d135a4504304f1ca9919fc81d6c947a', 'user_domain_id': 'default', 'system_scope': None, 'domain_id': None, 'project_id': '7ddb821e8c304a079593136602ad3f68', 'project_domain_id': 'default', 'roles': ['member', 'reader'], 'is_admin_project': True, 'service_user_id': None, 'service_user_domain_id': None, 'service_project_id': None, 'service_project_domain_id': None, 'service_roles': []} {{(pid=107667) authorize /opt/stack/nova/nova/policy.py:199}}
Jun 03 17:16:00.811324 n-d-791503-8 devstack@n-api.service[107666]: INFO nova.api.openstack.requestlog [None req-8c1185dc-910f-4917-8ef0-38b47ea8975c tempest-LiveMigrationNegativeTest-363157500 tempest-LiveMigrationNegativeTest-363157500-project] 10.222.0.95 "GET /compute/v2.1/servers/6e523b41-bd60-43c6-ab03-35908a85b028" status: 200 len: 1319 microversion: 2.1 time: 0.520169
Jun 03 17:16:00.812540 n-d-791503-8 devstack@n-api.service[107667]: INFO nova.api.openstack.requestlog [None req-68117698-18e9-4035-a50f-d903740602f1 tempest-LiveAutoBlockMigrationV225Test-1872920539 tempest-LiveAutoBlockMigrationV225Test-1872920539-project] 10.222.0.95 "GET /compute/v2.1/servers/7dd2d323-639a-4d8a-a355-5f868c8cad94" status: 200 len: 1567 microversion: 2.25 time: 0.359881
Jun 03 17:16:00.822255 n-d-791503-8 devstack@n-api.service[107666]: [pid: 107666|app: 0|req: 166/341] 10.222.0.95 () {58 vars in 1236 bytes} [Thu Jun 3 17:16:00 2021] GET /compute/v2.1/servers/6e523b41-bd60-43c6-ab03-35908a85b028 => generated 1319 bytes in 523 msecs (HTTP/1.1 200) 9 headers in 358 bytes (1 switches on core 0)
Jun 03 17:16:00.822255 n-d-791503-8 devstack@n-api.service[107666]: DEBUG nova.api.openstack.wsgi [None req-e2c845f3-61cb-497a-b815-e75e01a73786 tempest-FloatingIPsAssociationNegativeTestJSON-329234053 tempest-FloatingIPsAssociationNegativeTestJSON-329234053-project] Calling method '.version_select at 0x7f388acd7af0>' {{(pid=107666) _process_stack /opt/stack/nova/nova/api/openstack/wsgi.py:513}}
Jun 03 17:16:00.824147 n-d-791503-8 devstack@n-api.service[107667]: [pid: 107667|app: 0|req: 176/342] 10.222.0.95 () {60 vars in 1277 bytes} [Thu Jun 3 17:16:00 2021] GET /compute/v2.1/servers/7dd2d323-639a-4d8a-a355-5f868c8cad94 => generated 1567 bytes in 372 msecs (HTTP/1.1 200) 9 headers in 360 bytes (1 switches on core 0)
Jun 03 17:16:00.829090 n-d-791503-8 devstack@n-api.service[107667]: DEBUG nova.api.openstack.wsgi [None req-bbedc7fd-f4e4-4c79-b40b-0b0e36cf5f01 tempest-LiveMigrationTest-1445138740 tempest-LiveMigrationTest-1445138740-project] Action: 'create', calling method: >, body: {"server": {"name": "tempest-LiveMigrationTest-server-1093497446", "imageRef": "093e5547-6e3f-4670-9abe-1ed1b24802d7", "flavorRef": "452", "networks": [{"uuid": "39d94c64-6f1f-4eda-acc9-239f9882c660"}]}} {{(pid=107667) _process_stack /opt/stack/nova/nova/api/openstack/wsgi.py:511}}
Jun 03 17:16:00.920458 n-d-791503-8 devstack@n-api.service[107667]: DEBUG nova.network.neutron [None req-bbedc7fd-f4e4-4c79-b40b-0b0e36cf5f01 tempest-LiveMigrationTest-1445138740 tempest-LiveMigrationTest-1445138740-project] validate_networks() for [('39d94c64-6f1f-4eda-acc9-239f9882c660', None, None, None)] {{(pid=107667) validate_networks /opt/stack/nova/nova/network/neutron.py:2415}}
Jun 03 17:16:02.554791 n-d-791503-8 devstack@n-api.service[107667]: DEBUG nova.virt.hardware [None req-bbedc7fd-f4e4-4c79-b40b-0b0e36cf5f01 tempest-LiveMigrationTest-1445138740 tempest-LiveMigrationTest-1445138740-project] Flavor limits 0:0:0 {{(pid=107667) get_cpu_topology_constraints /opt/stack/nova/nova/virt/hardware.py:344}}
Jun 03 17:16:02.555852 n-d-791503-8 devstack@n-api.service[107667]: DEBUG nova.virt.hardware [None req-bbedc7fd-f4e4-4c79-b40b-0b0e36cf5f01 tempest-LiveMigrationTest-1445138740 tempest-LiveMigrationTest-1445138740-project] Image limits 0:0:0 {{(pid=107667) get_cpu_topology_constraints /opt/stack/nova/nova/virt/hardware.py:348}}
Jun 03 17:16:02.556339 n-d-791503-8 devstack@n-api.service[107667]: DEBUG nova.virt.hardware [None req-bbedc7fd-f4e4-4c79-b40b-0b0e36cf5f01 tempest-LiveMigrationTest-1445138740 tempest-LiveMigrationTest-1445138740-project] Flavor pref 0:0:0 {{(pid=107667) get_cpu_topology_constraints /opt/stack/nova/nova/virt/hardware.py:384}}
Jun 03 17:16:02.557418 n-d-791503-8 devstack@n-api.service[107667]: DEBUG nova.virt.hardware [None req-bbedc7fd-f4e4-4c79-b40b-0b0e36cf5f01 tempest-LiveMigrationTest-1445138740 tempest-LiveMigrationTest-1445138740-project] Image pref 0:0:0 {{(pid=107667) get_cpu_topology_constraints /opt/stack/nova/nova/virt/hardware.py:388}}
Jun 03 17:16:02.558543 n-d-791503-8 devstack@n-api.service[107667]: DEBUG nova.virt.hardware [None req-bbedc7fd-f4e4-4c79-b40b-0b0e36cf5f01 tempest-LiveMigrationTest-1445138740 tempest-LiveMigrationTest-1445138740-project] Chose sockets=0, cores=0, threads=0; limits were sockets=65536, cores=65536, threads=65536 {{(pid=107667) get_cpu_topology_constraints /opt/stack/nova/nova/virt/hardware.py:426}}
Jun 03 17:16:02.570579 n-d-791503-8 devstack@n-api.service[107667]: DEBUG oslo_concurrency.lockutils [None req-bbedc7fd-f4e4-4c79-b40b-0b0e36cf5f01 tempest-LiveMigrationTest-1445138740 tempest-LiveMigrationTest-1445138740-project] Lock "00000000-0000-0000-0000-000000000000" acquired by "nova.context.set_target_cell..get_or_set_cached_cell_and_set_connections" :: waited 0.000s {{(pid=107667) inner /usr/local/lib/python3.8/dist-packages/oslo_concurrency/lockutils.py:355}}
Jun 03 17:16:02.571044 n-d-791503-8 devstack@n-api.service[107667]: DEBUG oslo_concurrency.lockutils [None req-bbedc7fd-f4e4-4c79-b40b-0b0e36cf5f01 tempest-LiveMigrationTest-1445138740 tempest-LiveMigrationTest-1445138740-project] Lock "00000000-0000-0000-0000-000000000000" released by "nova.context.set_target_cell..get_or_set_cached_cell_and_set_connections" :: held 0.001s {{(pid=107667) inner /usr/local/lib/python3.8/dist-packages/oslo_concurrency/lockutils.py:367}}
Jun 03 17:16:02.571871 n-d-791503-8 devstack@n-api.service[107667]: DEBUG oslo_concurrency.lockutils [None req-bbedc7fd-f4e4-4c79-b40b-0b0e36cf5f01 tempest-LiveMigrationTest-1445138740 tempest-LiveMigrationTest-1445138740-project] Lock "bdab8336-a4c8-4eb8-9a95-eb50407c6d8d" acquired by "nova.context.set_target_cell..get_or_set_cached_cell_and_set_connections" :: waited 0.000s {{(pid=107667) inner /usr/local/lib/python3.8/dist-packages/oslo_concurrency/lockutils.py:355}}
Jun 03 17:16:02.572321 n-d-791503-8 devstack@n-api.service[107667]: DEBUG oslo_concurrency.lockutils [None req-bbedc7fd-f4e4-4c79-b40b-0b0e36cf5f01 tempest-LiveMigrationTest-1445138740 tempest-LiveMigrationTest-1445138740-project] Lock "bdab8336-a4c8-4eb8-9a95-eb50407c6d8d" released by "nova.context.set_target_cell..get_or_set_cached_cell_and_set_connections" :: held 0.000s {{(pid=107667) inner /usr/local/lib/python3.8/dist-packages/oslo_concurrency/lockutils.py:367}}
Jun 03 17:16:02.605981 n-d-791503-8 devstack@n-api.service[107667]: DEBUG nova.quota [None req-bbedc7fd-f4e4-4c79-b40b-0b0e36cf5f01 tempest-LiveMigrationTest-1445138740 tempest-LiveMigrationTest-1445138740-project] Getting quotas for project d99c69ab6d0c4bb89d007ecb708d7e78. Resources: {'instances', 'cores', 'ram'} {{(pid=107667) _get_quotas /opt/stack/nova/nova/quota.py:387}}
Jun 03 17:16:02.612421 n-d-791503-8 devstack@n-api.service[107667]: DEBUG nova.quota [None req-bbedc7fd-f4e4-4c79-b40b-0b0e36cf5f01 tempest-LiveMigrationTest-1445138740 tempest-LiveMigrationTest-1445138740-project] Getting quotas for user d53bd719842b45479de8c55bfd5dca8c and project d99c69ab6d0c4bb89d007ecb708d7e78. Resources: {'instances', 'cores', 'ram'} {{(pid=107667) _get_quotas /opt/stack/nova/nova/quota.py:377}}
Jun 03 17:16:02.637223 n-d-791503-8 devstack@n-api.service[107667]: DEBUG nova.compute.api [None req-bbedc7fd-f4e4-4c79-b40b-0b0e36cf5f01 tempest-LiveMigrationTest-1445138740 tempest-LiveMigrationTest-1445138740-project] Going to run 1 instances... {{(pid=107667) _provision_instances /opt/stack/nova/nova/compute/api.py:1283}}
Jun 03 17:16:02.646184 n-d-791503-8 devstack@n-api.service[107667]: DEBUG nova.compute.api [None req-bbedc7fd-f4e4-4c79-b40b-0b0e36cf5f01 tempest-LiveMigrationTest-1445138740 tempest-LiveMigrationTest-1445138740-project] [instance: 95ca5d6e-49b9-46ba-86f4-9f0f44d1dd9c] block_device_mapping [BlockDeviceMapping(attachment_id=,boot_index=0,connection_info=None,created_at=,delete_on_termination=True,deleted=,deleted_at=,destination_type='local',device_name=None,device_type='disk',disk_bus=None,guest_format=None,id=,image_id='093e5547-6e3f-4670-9abe-1ed1b24802d7',instance=,instance_uuid=,no_device=False,snapshot_id=None,source_type='image',tag=None,updated_at=,uuid=,volume_id=None,volume_size=None,volume_type=None)] {{(pid=107667) _bdm_validate_set_size_and_instance /opt/stack/nova/nova/compute/api.py:1685}}
Jun 03 17:16:02.720917 n-d-791503-8 devstack@n-api.service[107667]: INFO nova.api.openstack.requestlog [None req-bbedc7fd-f4e4-4c79-b40b-0b0e36cf5f01 tempest-LiveMigrationTest-1445138740 tempest-LiveMigrationTest-1445138740-project] 10.222.0.95 "POST /compute/v2.1/servers" status: 202 len: 380 microversion: 2.1 time: 1.888771
Jun 03 17:16:02.722136 n-d-791503-8 devstack@n-api.service[107667]: [pid: 107667|app: 0|req: 177/343] 10.222.0.95 () {60 vars in 1147 bytes} [Thu Jun 3 17:16:00 2021] POST /compute/v2.1/servers => generated 380 bytes in 1897 msecs (HTTP/1.1 202) 10 headers in 451 bytes (1 switches on core 0)
Jun 03 17:16:02.728434 n-d-791503-8 devstack@n-api.service[107667]: DEBUG nova.api.openstack.wsgi [req-988dc28f-849d-4de6-aa9e-ea4daad36eae req-62d3230c-f3ca-4a16-b4be-44b5be05361e service nova] Action: 'create', calling method: >, body: {"events": [{"name": "network-changed", "server_uuid": "7dd2d323-639a-4d8a-a355-5f868c8cad94", "tag": "8e54207e-bf19-4c64-a862-c771cbccf925"}]} {{(pid=107667) _process_stack /opt/stack/nova/nova/api/openstack/wsgi.py:511}}
Jun 03 17:16:02.730796 n-d-791503-8 devstack@n-api.service[107667]: /usr/local/lib/python3.8/dist-packages/oslo_policy/policy.py:1064: UserWarning: Policy os_compute_api:os-server-external-events:create failed scope check. The token used to make the request was project scoped but the policy requires ['system'] scope. This behavior may change in the future where using the intended scope is required
Jun 03 17:16:02.730796 n-d-791503-8 devstack@n-api.service[107667]: warnings.warn(msg)
Jun 03 17:16:02.759944 n-d-791503-8 devstack@n-api.service[107667]: DEBUG oslo_concurrency.lockutils [req-988dc28f-849d-4de6-aa9e-ea4daad36eae req-62d3230c-f3ca-4a16-b4be-44b5be05361e service nova] Lock "bdab8336-a4c8-4eb8-9a95-eb50407c6d8d" acquired by "nova.context.set_target_cell..get_or_set_cached_cell_and_set_connections" :: waited 0.000s {{(pid=107667) inner /usr/local/lib/python3.8/dist-packages/oslo_concurrency/lockutils.py:355}}
Jun 03 17:16:02.760410 n-d-791503-8 devstack@n-api.service[107667]: DEBUG oslo_concurrency.lockutils [req-988dc28f-849d-4de6-aa9e-ea4daad36eae req-62d3230c-f3ca-4a16-b4be-44b5be05361e service nova] Lock "bdab8336-a4c8-4eb8-9a95-eb50407c6d8d" released by "nova.context.set_target_cell..get_or_set_cached_cell_and_set_connections" :: held 0.001s {{(pid=107667) inner /usr/local/lib/python3.8/dist-packages/oslo_concurrency/lockutils.py:367}}
Jun 03 17:16:02.799940 n-d-791503-8 devstack@n-api.service[107667]: INFO nova.api.openstack.compute.server_external_events [req-988dc28f-849d-4de6-aa9e-ea4daad36eae req-62d3230c-f3ca-4a16-b4be-44b5be05361e service nova] Creating event network-changed:8e54207e-bf19-4c64-a862-c771cbccf925 for instance 7dd2d323-639a-4d8a-a355-5f868c8cad94 on n-h2-791503-8
Jun 03 17:16:02.815285 n-d-791503-8 devstack@n-api.service[107667]: INFO nova.api.openstack.requestlog [req-988dc28f-849d-4de6-aa9e-ea4daad36eae req-62d3230c-f3ca-4a16-b4be-44b5be05361e service nova] 10.222.0.95 "POST /compute/v2.1/os-server-external-events" status: 200 len: 179 microversion: 2.1 time: 0.091560
Jun 03 17:16:02.817126 n-d-791503-8 devstack@n-api.service[107667]: [pid: 107667|app: 0|req: 178/344] 10.222.0.95 () {64 vars in 1318 bytes} [Thu Jun 3 17:16:02 2021] POST /compute/v2.1/os-server-external-events => generated 179 bytes in 94 msecs (HTTP/1.1 200) 9 headers in 357 bytes (1 switches on core 0)
Jun 03 17:16:02.820795 n-d-791503-8 devstack@n-api.service[107666]: INFO nova.api.openstack.requestlog [None req-e2c845f3-61cb-497a-b815-e75e01a73786 tempest-FloatingIPsAssociationNegativeTestJSON-329234053 tempest-FloatingIPsAssociationNegativeTestJSON-329234053-project] 10.222.0.95 "DELETE /compute/v2.1/os-floating-ips/21526ea4-5d08-4261-b3b6-777e563d08b2" status: 202 len: 0 microversion: 2.1 time: 2.006391
Jun 03 17:16:02.825334 n-d-791503-8 devstack@n-api.service[107666]: [pid: 107666|app: 0|req: 167/345] 10.222.0.95 () {58 vars in 1263 bytes} [Thu Jun 3 17:16:00 2021] DELETE /compute/v2.1/os-floating-ips/21526ea4-5d08-4261-b3b6-777e563d08b2 => generated 0 bytes in 2012 msecs (HTTP/1.1 202) 9 headers in 361 bytes (1 switches on core 0)
Jun 03 17:16:02.830371 n-d-791503-8 devstack@n-api.service[107666]: DEBUG nova.api.openstack.wsgi [None req-cc2193b2-7bf9-4e30-94d2-3c6c8836e0dd tempest-LiveMigrationNegativeTest-363157500 tempest-LiveMigrationNegativeTest-363157500-project] Calling method '>' {{(pid=107666) _process_stack /opt/stack/nova/nova/api/openstack/wsgi.py:513}}
Jun 03 17:16:02.830988 n-d-791503-8 devstack@n-api.service[107666]: DEBUG nova.compute.api [None req-cc2193b2-7bf9-4e30-94d2-3c6c8836e0dd tempest-LiveMigrationNegativeTest-363157500 tempest-LiveMigrationNegativeTest-363157500-project] [instance: 6e523b41-bd60-43c6-ab03-35908a85b028] Fetching instance by UUID {{(pid=107666) get /opt/stack/nova/nova/compute/api.py:2790}}
Jun 03 17:16:02.842391 n-d-791503-8 devstack@n-api.service[107666]: DEBUG oslo_concurrency.lockutils [None req-cc2193b2-7bf9-4e30-94d2-3c6c8836e0dd tempest-LiveMigrationNegativeTest-363157500 tempest-LiveMigrationNegativeTest-363157500-project] Lock "bdab8336-a4c8-4eb8-9a95-eb50407c6d8d" acquired by "nova.context.set_target_cell..get_or_set_cached_cell_and_set_connections" :: waited 0.000s {{(pid=107666) inner /usr/local/lib/python3.8/dist-packages/oslo_concurrency/lockutils.py:355}}
Jun 03 17:16:02.843013 n-d-791503-8 devstack@n-api.service[107666]: DEBUG oslo_concurrency.lockutils [None req-cc2193b2-7bf9-4e30-94d2-3c6c8836e0dd tempest-LiveMigrationNegativeTest-363157500 tempest-LiveMigrationNegativeTest-363157500-project] Lock "bdab8336-a4c8-4eb8-9a95-eb50407c6d8d" released by "nova.context.set_target_cell..get_or_set_cached_cell_and_set_connections" :: held 0.001s {{(pid=107666) inner /usr/local/lib/python3.8/dist-packages/oslo_concurrency/lockutils.py:367}}
Jun 03 17:16:02.843976 n-d-791503-8 devstack@n-api.service[107666]: DEBUG oslo_concurrency.lockutils [None req-cc2193b2-7bf9-4e30-94d2-3c6c8836e0dd tempest-LiveMigrationNegativeTest-363157500 tempest-LiveMigrationNegativeTest-363157500-project] Lock "bdab8336-a4c8-4eb8-9a95-eb50407c6d8d" acquired by "nova.context.set_target_cell..get_or_set_cached_cell_and_set_connections" :: waited 0.000s {{(pid=107666) inner /usr/local/lib/python3.8/dist-packages/oslo_concurrency/lockutils.py:355}}
Jun 03 17:16:02.844574 n-d-791503-8 devstack@n-api.service[107666]: DEBUG oslo_concurrency.lockutils [None req-cc2193b2-7bf9-4e30-94d2-3c6c8836e0dd tempest-LiveMigrationNegativeTest-363157500 tempest-LiveMigrationNegativeTest-363157500-project] Lock "bdab8336-a4c8-4eb8-9a95-eb50407c6d8d" released by "nova.context.set_target_cell..get_or_set_cached_cell_and_set_connections" :: held 0.001s {{(pid=107666) inner /usr/local/lib/python3.8/dist-packages/oslo_concurrency/lockutils.py:367}}
Jun 03 17:16:02.845841 n-d-791503-8 devstack@n-api.service[107667]: DEBUG nova.api.openstack.wsgi [None req-93f3f9aa-57db-4fb2-b5fc-42d665f2c02a tempest-ServersWithSpecificFlavorTestJSON-2073277866 tempest-ServersWithSpecificFlavorTestJSON-2073277866-project] Action: 'action', calling method: >, body: {"os-getConsoleOutput": {}} {{(pid=107667) _process_stack /opt/stack/nova/nova/api/openstack/wsgi.py:511}}
Jun 03 17:16:02.847240 n-d-791503-8 devstack@n-api.service[107667]: DEBUG nova.compute.api [None req-93f3f9aa-57db-4fb2-b5fc-42d665f2c02a tempest-ServersWithSpecificFlavorTestJSON-2073277866 tempest-ServersWithSpecificFlavorTestJSON-2073277866-project] [instance: c4c6fdbb-7076-49c6-8666-56d550497bed] Fetching instance by UUID {{(pid=107667) get /opt/stack/nova/nova/compute/api.py:2790}}
Jun 03 17:16:02.856258 n-d-791503-8 devstack@n-api.service[107667]: DEBUG oslo_concurrency.lockutils [None req-93f3f9aa-57db-4fb2-b5fc-42d665f2c02a tempest-ServersWithSpecificFlavorTestJSON-2073277866 tempest-ServersWithSpecificFlavorTestJSON-2073277866-project] Lock "bdab8336-a4c8-4eb8-9a95-eb50407c6d8d" acquired by "nova.context.set_target_cell..get_or_set_cached_cell_and_set_connections" :: waited 0.000s {{(pid=107667) inner /usr/local/lib/python3.8/dist-packages/oslo_concurrency/lockutils.py:355}}
Jun 03 17:16:02.857024 n-d-791503-8 devstack@n-api.service[107667]: DEBUG oslo_concurrency.lockutils [None req-93f3f9aa-57db-4fb2-b5fc-42d665f2c02a tempest-ServersWithSpecificFlavorTestJSON-2073277866 tempest-ServersWithSpecificFlavorTestJSON-2073277866-project] Lock "bdab8336-a4c8-4eb8-9a95-eb50407c6d8d" released by "nova.context.set_target_cell..get_or_set_cached_cell_and_set_connections" :: held 0.001s {{(pid=107667) inner /usr/local/lib/python3.8/dist-packages/oslo_concurrency/lockutils.py:367}}
Jun 03 17:16:02.858050 n-d-791503-8 devstack@n-api.service[107667]: DEBUG oslo_concurrency.lockutils [None req-93f3f9aa-57db-4fb2-b5fc-42d665f2c02a tempest-ServersWithSpecificFlavorTestJSON-2073277866 tempest-ServersWithSpecificFlavorTestJSON-2073277866-project] Lock "bdab8336-a4c8-4eb8-9a95-eb50407c6d8d" acquired by "nova.context.set_target_cell..get_or_set_cached_cell_and_set_connections" :: waited 0.000s {{(pid=107667) inner /usr/local/lib/python3.8/dist-packages/oslo_concurrency/lockutils.py:355}}
Jun 03 17:16:02.858839 n-d-791503-8 devstack@n-api.service[107667]: DEBUG oslo_concurrency.lockutils [None req-93f3f9aa-57db-4fb2-b5fc-42d665f2c02a tempest-ServersWithSpecificFlavorTestJSON-2073277866 tempest-ServersWithSpecificFlavorTestJSON-2073277866-project] Lock "bdab8336-a4c8-4eb8-9a95-eb50407c6d8d" released by "nova.context.set_target_cell..get_or_set_cached_cell_and_set_connections" :: held 0.001s {{(pid=107667) inner /usr/local/lib/python3.8/dist-packages/oslo_concurrency/lockutils.py:367}}
Jun 03 17:16:02.954338 n-d-791503-8 devstack@n-api.service[107667]: INFO nova.api.openstack.requestlog [None req-93f3f9aa-57db-4fb2-b5fc-42d665f2c02a tempest-ServersWithSpecificFlavorTestJSON-2073277866 tempest-ServersWithSpecificFlavorTestJSON-2073277866-project] 10.222.0.95 "POST /compute/v2.1/servers/c4c6fdbb-7076-49c6-8666-56d550497bed/action" status: 200 len: 24569 microversion: 2.1 time: 0.133729
Jun 03 17:16:02.955236 n-d-791503-8 devstack@n-api.service[107667]: [pid: 107667|app: 0|req: 179/346] 10.222.0.95 () {60 vars in 1278 bytes} [Thu Jun 3 17:16:02 2021] POST /compute/v2.1/servers/c4c6fdbb-7076-49c6-8666-56d550497bed/action => generated 24569 bytes in 137 msecs (HTTP/1.1 200) 9 headers in 359 bytes (1 switches on core 0)
Jun 03 17:16:02.961247 n-d-791503-8 devstack@n-api.service[107667]: DEBUG nova.api.openstack.wsgi [None req-4f320f53-e4ef-4d49-8661-feabd26b9535 tempest-LiveAutoBlockMigrationV225Test-1872920539 tempest-LiveAutoBlockMigrationV225Test-1872920539-project] Calling method '>' {{(pid=107667) _process_stack /opt/stack/nova/nova/api/openstack/wsgi.py:513}}
Jun 03 17:16:02.965549 n-d-791503-8 devstack@n-api.service[107667]: DEBUG nova.compute.api [None req-4f320f53-e4ef-4d49-8661-feabd26b9535 tempest-LiveAutoBlockMigrationV225Test-1872920539 tempest-LiveAutoBlockMigrationV225Test-1872920539-project] [instance: 7dd2d323-639a-4d8a-a355-5f868c8cad94] Fetching instance by UUID {{(pid=107667) get /opt/stack/nova/nova/compute/api.py:2790}}
Jun 03 17:16:02.978330 n-d-791503-8 devstack@n-api.service[107667]: DEBUG oslo_concurrency.lockutils [None req-4f320f53-e4ef-4d49-8661-feabd26b9535 tempest-LiveAutoBlockMigrationV225Test-1872920539 tempest-LiveAutoBlockMigrationV225Test-1872920539-project] Lock "bdab8336-a4c8-4eb8-9a95-eb50407c6d8d" acquired by "nova.context.set_target_cell..get_or_set_cached_cell_and_set_connections" :: waited 0.000s {{(pid=107667) inner /usr/local/lib/python3.8/dist-packages/oslo_concurrency/lockutils.py:355}}
Jun 03 17:16:02.978921 n-d-791503-8 devstack@n-api.service[107667]: DEBUG oslo_concurrency.lockutils [None req-4f320f53-e4ef-4d49-8661-feabd26b9535 tempest-LiveAutoBlockMigrationV225Test-1872920539 tempest-LiveAutoBlockMigrationV225Test-1872920539-project] Lock "bdab8336-a4c8-4eb8-9a95-eb50407c6d8d" released by "nova.context.set_target_cell..get_or_set_cached_cell_and_set_connections" :: held 0.001s {{(pid=107667) inner /usr/local/lib/python3.8/dist-packages/oslo_concurrency/lockutils.py:367}}
Jun 03 17:16:02.980034 n-d-791503-8 devstack@n-api.service[107667]: DEBUG oslo_concurrency.lockutils [None req-4f320f53-e4ef-4d49-8661-feabd26b9535 tempest-LiveAutoBlockMigrationV225Test-1872920539 tempest-LiveAutoBlockMigrationV225Test-1872920539-project] Lock "bdab8336-a4c8-4eb8-9a95-eb50407c6d8d" acquired by "nova.context.set_target_cell..get_or_set_cached_cell_and_set_connections" :: waited 0.000s {{(pid=107667) inner /usr/local/lib/python3.8/dist-packages/oslo_concurrency/lockutils.py:355}}
Jun 03 17:16:02.981030 n-d-791503-8 devstack@n-api.service[107667]: DEBUG oslo_concurrency.lockutils [None req-4f320f53-e4ef-4d49-8661-feabd26b9535 tempest-LiveAutoBlockMigrationV225Test-1872920539 tempest-LiveAutoBlockMigrationV225Test-1872920539-project] Lock "bdab8336-a4c8-4eb8-9a95-eb50407c6d8d" released by "nova.context.set_target_cell..get_or_set_cached_cell_and_set_connections" :: held 0.001s {{(pid=107667) inner /usr/local/lib/python3.8/dist-packages/oslo_concurrency/lockutils.py:367}}
Jun 03 17:16:03.449732 n-d-791503-8 devstack@n-api.service[107666]: DEBUG nova.policy [None req-cc2193b2-7bf9-4e30-94d2-3c6c8836e0dd tempest-LiveMigrationNegativeTest-363157500 tempest-LiveMigrationNegativeTest-363157500-project] Policy check for os_compute_api:os-extended-server-attributes failed with credentials {'is_admin': False, 'user_id': 'f4a6dd7c96834818a403207a3a66dac4', 'user_domain_id': 'default', 'system_scope': None, 'domain_id': None, 'project_id': 'c2e0b846a3e14e2a8692a978b23808b7', 'project_domain_id': 'default', 'roles': ['member', 'reader'], 'is_admin_project': True, 'service_user_id': None, 'service_user_domain_id': None, 'service_project_id': None, 'service_project_domain_id': None, 'service_roles': []} {{(pid=107666) authorize /opt/stack/nova/nova/policy.py:199}}
Jun 03 17:16:03.458678 n-d-791503-8 devstack@n-api.service[107666]: INFO nova.api.openstack.requestlog [None req-cc2193b2-7bf9-4e30-94d2-3c6c8836e0dd tempest-LiveMigrationNegativeTest-363157500 tempest-LiveMigrationNegativeTest-363157500-project] 10.222.0.95 "GET /compute/v2.1/servers/6e523b41-bd60-43c6-ab03-35908a85b028" status: 200 len: 1319 microversion: 2.1 time: 0.632073
Jun 03 17:16:03.459717 n-d-791503-8 devstack@n-api.service[107666]: [pid: 107666|app: 0|req: 168/347] 10.222.0.95 () {58 vars in 1236 bytes} [Thu Jun 3 17:16:02 2021] GET /compute/v2.1/servers/6e523b41-bd60-43c6-ab03-35908a85b028 => generated 1319 bytes in 634 msecs (HTTP/1.1 200) 9 headers in 358 bytes (1 switches on core 0)
Jun 03 17:16:03.539343 n-d-791503-8 devstack@n-api.service[107667]: DEBUG nova.policy [None req-4f320f53-e4ef-4d49-8661-feabd26b9535 tempest-LiveAutoBlockMigrationV225Test-1872920539 tempest-LiveAutoBlockMigrationV225Test-1872920539-project] Policy check for os_compute_api:os-extended-server-attributes failed with credentials {'is_admin': False, 'user_id': '0d135a4504304f1ca9919fc81d6c947a', 'user_domain_id': 'default', 'system_scope': None, 'domain_id': None, 'project_id': '7ddb821e8c304a079593136602ad3f68', 'project_domain_id': 'default', 'roles': ['member', 'reader'], 'is_admin_project': True, 'service_user_id': None, 'service_user_domain_id': None, 'service_project_id': None, 'service_project_domain_id': None, 'service_roles': []} {{(pid=107667) authorize /opt/stack/nova/nova/policy.py:199}}
Jun 03 17:16:03.554512 n-d-791503-8 devstack@n-api.service[107667]: DEBUG nova.policy [None req-4f320f53-e4ef-4d49-8661-feabd26b9535 tempest-LiveAutoBlockMigrationV225Test-1872920539 tempest-LiveAutoBlockMigrationV225Test-1872920539-project] Policy check for os_compute_api:servers:show:host_status failed with credentials {'is_admin': False, 'user_id': '0d135a4504304f1ca9919fc81d6c947a', 'user_domain_id': 'default', 'system_scope': None, 'domain_id': None, 'project_id': '7ddb821e8c304a079593136602ad3f68', 'project_domain_id': 'default', 'roles': ['member', 'reader'], 'is_admin_project': True, 'service_user_id': None, 'service_user_domain_id': None, 'service_project_id': None, 'service_project_domain_id': None, 'service_roles': []} {{(pid=107667) authorize /opt/stack/nova/nova/policy.py:199}}
Jun 03 17:16:03.556150 n-d-791503-8 devstack@n-api.service[107667]: DEBUG nova.policy [None req-4f320f53-e4ef-4d49-8661-feabd26b9535 tempest-LiveAutoBlockMigrationV225Test-1872920539 tempest-LiveAutoBlockMigrationV225Test-1872920539-project] Policy check for os_compute_api:servers:show:host_status:unknown-only failed with credentials {'is_admin': False, 'user_id': '0d135a4504304f1ca9919fc81d6c947a', 'user_domain_id': 'default', 'system_scope': None, 'domain_id': None, 'project_id': '7ddb821e8c304a079593136602ad3f68', 'project_domain_id': 'default', 'roles': ['member', 'reader'], 'is_admin_project': True, 'service_user_id': None, 'service_user_domain_id': None, 'service_project_id': None, 'service_project_domain_id': None, 'service_roles': []} {{(pid=107667) authorize /opt/stack/nova/nova/policy.py:199}}
Jun 03 17:16:03.558553 n-d-791503-8 devstack@n-api.service[107667]: INFO nova.api.openstack.requestlog [None req-4f320f53-e4ef-4d49-8661-feabd26b9535 tempest-LiveAutoBlockMigrationV225Test-1872920539 tempest-LiveAutoBlockMigrationV225Test-1872920539-project] 10.222.0.95 "GET /compute/v2.1/servers/7dd2d323-639a-4d8a-a355-5f868c8cad94" status: 200 len: 1567 microversion: 2.25 time: 0.601453
Jun 03 17:16:03.559479 n-d-791503-8 devstack@n-api.service[107667]: [pid: 107667|app: 0|req: 180/348] 10.222.0.95 () {60 vars in 1277 bytes} [Thu Jun 3 17:16:02 2021] GET /compute/v2.1/servers/7dd2d323-639a-4d8a-a355-5f868c8cad94 => generated 1567 bytes in 603 msecs (HTTP/1.1 200) 9 headers in 360 bytes (1 switches on core 0)
Jun 03 17:16:03.771451 n-d-791503-8 devstack@n-api.service[107666]: DEBUG nova.api.openstack.wsgi [None req-7ab84d8e-df52-419e-ac70-e6018103550c tempest-AZAdminNegativeTestJSON-14817547 tempest-AZAdminNegativeTestJSON-14817547-project] Calling method '>' {{(pid=107666) _process_stack /opt/stack/nova/nova/api/openstack/wsgi.py:513}}
Jun 03 17:16:03.772289 n-d-791503-8 devstack@n-api.service[107666]: /usr/local/lib/python3.8/dist-packages/oslo_policy/policy.py:1064: UserWarning: Policy os_compute_api:os-availability-zone:detail failed scope check. The token used to make the request was project scoped but the policy requires ['system'] scope. This behavior may change in the future where using the intended scope is required
Jun 03 17:16:03.772289 n-d-791503-8 devstack@n-api.service[107666]: warnings.warn(msg)
Jun 03 17:16:03.773318 n-d-791503-8 devstack@n-api.service[107666]: DEBUG nova.policy [None req-7ab84d8e-df52-419e-ac70-e6018103550c tempest-AZAdminNegativeTestJSON-14817547 tempest-AZAdminNegativeTestJSON-14817547-project] Policy check for os_compute_api:os-availability-zone:detail failed with credentials {'is_admin': False, 'user_id': '2289bfbda64a47368a4254d6008bb66b', 'user_domain_id': 'default', 'system_scope': None, 'domain_id': None, 'project_id': 'ba46f16011d445a1ad81838094018d9d', 'project_domain_id': 'default', 'roles': ['member', 'reader'], 'is_admin_project': True, 'service_user_id': None, 'service_user_domain_id': None, 'service_project_id': None, 'service_project_domain_id': None, 'service_roles': []} {{(pid=107666) authorize /opt/stack/nova/nova/policy.py:199}}
Jun 03 17:16:03.773963 n-d-791503-8 devstack@n-api.service[107666]: DEBUG nova.api.openstack.wsgi [None req-7ab84d8e-df52-419e-ac70-e6018103550c tempest-AZAdminNegativeTestJSON-14817547 tempest-AZAdminNegativeTestJSON-14817547-project] Returning 403 to user: Policy doesn't allow os_compute_api:os-availability-zone:detail to be performed. {{(pid=107666) __call__ /opt/stack/nova/nova/api/openstack/wsgi.py:927}}
Jun 03 17:16:03.774912 n-d-791503-8 devstack@n-api.service[107666]: INFO nova.api.openstack.requestlog [None req-7ab84d8e-df52-419e-ac70-e6018103550c tempest-AZAdminNegativeTestJSON-14817547 tempest-AZAdminNegativeTestJSON-14817547-project] 10.222.0.95 "GET /compute/v2.1/os-availability-zone/detail" status: 403 len: 123 microversion: 2.1 time: 0.313946
Jun 03 17:16:03.776787 n-d-791503-8 devstack@n-api.service[107666]: [pid: 107666|app: 0|req: 169/349] 10.222.0.95 () {58 vars in 1185 bytes} [Thu Jun 3 17:16:03 2021] GET /compute/v2.1/os-availability-zone/detail => generated 123 bytes in 315 msecs (HTTP/1.1 403) 9 headers in 379 bytes (1 switches on core 0)
Jun 03 17:16:03.783125 n-d-791503-8 devstack@n-api.service[107666]: DEBUG nova.api.openstack.wsgi [req-121c095d-0cbb-41f8-bfec-2fabed7c9368 req-99cdf29e-2f71-4b9e-ad38-b39e71387f6f service nova] Action: 'create', calling method: >, body: {"events": [{"server_uuid": "6e523b41-bd60-43c6-ab03-35908a85b028", "name": "network-vif-plugged", "status": "completed", "tag": "d23ebc26-2cb4-4fff-8c35-5ffdfebfb091"}]} {{(pid=107666) _process_stack /opt/stack/nova/nova/api/openstack/wsgi.py:511}}
Jun 03 17:16:03.784645 n-d-791503-8 devstack@n-api.service[107666]: /usr/local/lib/python3.8/dist-packages/oslo_policy/policy.py:1064: UserWarning: Policy os_compute_api:os-server-external-events:create failed scope check. The token used to make the request was project scoped but the policy requires ['system'] scope. This behavior may change in the future where using the intended scope is required
Jun 03 17:16:03.784645 n-d-791503-8 devstack@n-api.service[107666]: warnings.warn(msg)
Jun 03 17:16:03.804540 n-d-791503-8 devstack@n-api.service[107666]: DEBUG oslo_concurrency.lockutils [req-121c095d-0cbb-41f8-bfec-2fabed7c9368 req-99cdf29e-2f71-4b9e-ad38-b39e71387f6f service nova] Lock "bdab8336-a4c8-4eb8-9a95-eb50407c6d8d" acquired by "nova.context.set_target_cell..get_or_set_cached_cell_and_set_connections" :: waited 0.000s {{(pid=107666) inner /usr/local/lib/python3.8/dist-packages/oslo_concurrency/lockutils.py:355}}
Jun 03 17:16:03.805369 n-d-791503-8 devstack@n-api.service[107666]: DEBUG oslo_concurrency.lockutils [req-121c095d-0cbb-41f8-bfec-2fabed7c9368 req-99cdf29e-2f71-4b9e-ad38-b39e71387f6f service nova] Lock "bdab8336-a4c8-4eb8-9a95-eb50407c6d8d" released by "nova.context.set_target_cell..get_or_set_cached_cell_and_set_connections" :: held 0.001s {{(pid=107666) inner /usr/local/lib/python3.8/dist-packages/oslo_concurrency/lockutils.py:367}}
Jun 03 17:16:03.821744 n-d-791503-8 devstack@n-api.service[107666]: INFO nova.api.openstack.compute.server_external_events [req-121c095d-0cbb-41f8-bfec-2fabed7c9368 req-99cdf29e-2f71-4b9e-ad38-b39e71387f6f service nova] Creating event network-vif-plugged:d23ebc26-2cb4-4fff-8c35-5ffdfebfb091 for instance 6e523b41-bd60-43c6-ab03-35908a85b028 on n-h1-791503-8
Jun 03 17:16:03.829321 n-d-791503-8 devstack@n-api.service[107666]: INFO nova.api.openstack.requestlog [req-121c095d-0cbb-41f8-bfec-2fabed7c9368 req-99cdf29e-2f71-4b9e-ad38-b39e71387f6f service nova] 10.222.0.95 "POST /compute/v2.1/os-server-external-events" status: 200 len: 183 microversion: 2.1 time: 0.051234
