Oct 04 11:10:43.700816 n-d-791135-8 devstack@c-api.service[114175]: DEBUG cinder.api.openstack.wsgi [None req-e6983b8e-e7fd-409b-8b53-a80da6c19216 tempest-TaggedBootDevicesTest_v242-1957326435 tempest-TaggedBootDevicesTest_v242-1957326435-project] Empty body provided in request {{(pid=114175) get_body /opt/stack/cinder/cinder/api/openstack/wsgi.py:715}}
Oct 04 11:10:43.701512 n-d-791135-8 devstack@c-api.service[114175]: DEBUG cinder.api.openstack.wsgi [None req-e6983b8e-e7fd-409b-8b53-a80da6c19216 tempest-TaggedBootDevicesTest_v242-1957326435 tempest-TaggedBootDevicesTest_v242-1957326435-project] Calling method 'show' {{(pid=114175) _process_stack /opt/stack/cinder/cinder/api/openstack/wsgi.py:868}}
Oct 04 11:10:43.728578 n-d-791135-8 devstack@c-api.service[114175]: /usr/local/lib/python3.8/dist-packages/oslo_context/context.py:100: DeprecationWarning: Policy enforcement is depending on the value of is_admin. This key is deprecated. Please update your policy file to use the standard policy values.
Oct 04 11:10:43.728578 n-d-791135-8 devstack@c-api.service[114175]: warnings.warn('Policy enforcement is depending on the value of '
Oct 04 11:10:43.737047 n-d-791135-8 devstack@c-api.service[114175]: INFO cinder.volume.api [None req-e6983b8e-e7fd-409b-8b53-a80da6c19216 tempest-TaggedBootDevicesTest_v242-1957326435 tempest-TaggedBootDevicesTest_v242-1957326435-project] Volume info retrieved successfully.
Oct 04 11:10:43.747547 n-d-791135-8 devstack@c-api.service[114175]: INFO cinder.api.openstack.wsgi [None req-e6983b8e-e7fd-409b-8b53-a80da6c19216 tempest-TaggedBootDevicesTest_v242-1957326435 tempest-TaggedBootDevicesTest_v242-1957326435-project] http://10.222.0.23/volume/v3/01c5a71c4dee44e4a726208c616433a6/volumes/48dd84d0-71ff-4932-9b91-781579ef72d8 returned with HTTP 200
Oct 04 11:10:43.761976 n-d-791135-8 devstack@c-api.service[114175]: [pid: 114175|app: 0|req: 184/371] 10.222.0.23 () {58 vars in 1325 bytes} [Tue Oct 4 11:10:43 2022] GET /volume/v3/01c5a71c4dee44e4a726208c616433a6/volumes/48dd84d0-71ff-4932-9b91-781579ef72d8 => generated 918 bytes in 66 msecs (HTTP/1.1 200) 7 headers in 285 bytes (2 switches on core 0)
Oct 04 11:10:44.766319 n-d-791135-8 devstack@c-api.service[114175]: DEBUG cinder.api.middleware.request_id [None req-f97ca485-6d31-4ea0-b460-c0ed5fb7e2d9 None None] RequestId filter calling following filter/app {{(pid=114175) _context_setter /opt/stack/cinder/cinder/api/middleware/request_id.py:62}}
Oct 04 11:10:44.770866 n-d-791135-8 devstack@c-api.service[114175]: INFO cinder.api.openstack.wsgi [None req-f97ca485-6d31-4ea0-b460-c0ed5fb7e2d9 tempest-TaggedBootDevicesTest_v242-1957326435 tempest-TaggedBootDevicesTest_v242-1957326435-project] GET http://10.222.0.23/volume/v3/01c5a71c4dee44e4a726208c616433a6/volumes/48dd84d0-71ff-4932-9b91-781579ef72d8
Oct 04 11:10:44.771364 n-d-791135-8 devstack@c-api.service[114175]: DEBUG cinder.api.openstack.wsgi [None req-f97ca485-6d31-4ea0-b460-c0ed5fb7e2d9 tempest-TaggedBootDevicesTest_v242-1957326435 tempest-TaggedBootDevicesTest_v242-1957326435-project] Empty body provided in request {{(pid=114175) get_body /opt/stack/cinder/cinder/api/openstack/wsgi.py:715}}
Oct 04 11:10:44.773370 n-d-791135-8 devstack@c-api.service[114175]: DEBUG cinder.api.openstack.wsgi [None req-f97ca485-6d31-4ea0-b460-c0ed5fb7e2d9 tempest-TaggedBootDevicesTest_v242-1957326435 tempest-TaggedBootDevicesTest_v242-1957326435-project] Calling method 'show' {{(pid=114175) _process_stack /opt/stack/cinder/cinder/api/openstack/wsgi.py:868}}
Oct 04 11:10:44.803396 n-d-791135-8 devstack@c-api.service[114175]: /usr/local/lib/python3.8/dist-packages/oslo_context/context.py:100: DeprecationWarning: Policy enforcement is depending on the value of is_admin. This key is deprecated. Please update your policy file to use the standard policy values.
Oct 04 11:10:44.803396 n-d-791135-8 devstack@c-api.service[114175]: warnings.warn('Policy enforcement is depending on the value of '
Oct 04 11:10:44.823269 n-d-791135-8 devstack@c-api.service[114175]: INFO cinder.volume.api [None req-f97ca485-6d31-4ea0-b460-c0ed5fb7e2d9 tempest-TaggedBootDevicesTest_v242-1957326435 tempest-TaggedBootDevicesTest_v242-1957326435-project] Volume info retrieved successfully.
Oct 04 11:10:44.849268 n-d-791135-8 devstack@c-api.service[114175]: INFO cinder.api.openstack.wsgi [None req-f97ca485-6d31-4ea0-b460-c0ed5fb7e2d9 tempest-TaggedBootDevicesTest_v242-1957326435 tempest-TaggedBootDevicesTest_v242-1957326435-project] http://10.222.0.23/volume/v3/01c5a71c4dee44e4a726208c616433a6/volumes/48dd84d0-71ff-4932-9b91-781579ef72d8 returned with HTTP 200
Oct 04 11:10:44.865140 n-d-791135-8 devstack@c-api.service[114175]: [pid: 114175|app: 0|req: 185/372] 10.222.0.23 () {58 vars in 1325 bytes} [Tue Oct 4 11:10:44 2022] GET /volume/v3/01c5a71c4dee44e4a726208c616433a6/volumes/48dd84d0-71ff-4932-9b91-781579ef72d8 => generated 918 bytes in 88 msecs (HTTP/1.1 200) 7 headers in 285 bytes (2 switches on core 0)
Oct 04 11:10:45.868789 n-d-791135-8 devstack@c-api.service[114175]: DEBUG cinder.api.middleware.request_id [None req-cfaa4dde-455e-4e85-bde8-e5e12466a82a None None] RequestId filter calling following filter/app {{(pid=114175) _context_setter /opt/stack/cinder/cinder/api/middleware/request_id.py:62}}
Oct 04 11:10:45.872251 n-d-791135-8 devstack@c-api.service[114175]: INFO cinder.api.openstack.wsgi [None req-cfaa4dde-455e-4e85-bde8-e5e12466a82a tempest-TaggedBootDevicesTest_v242-1957326435 tempest-TaggedBootDevicesTest_v242-1957326435-project] GET http://10.222.0.23/volume/v3/01c5a71c4dee44e4a726208c616433a6/volumes/48dd84d0-71ff-4932-9b91-781579ef72d8
Oct 04 11:10:45.872696 n-d-791135-8 devstack@c-api.service[114175]: DEBUG cinder.api.openstack.wsgi [None req-cfaa4dde-455e-4e85-bde8-e5e12466a82a tempest-TaggedBootDevicesTest_v242-1957326435 tempest-TaggedBootDevicesTest_v242-1957326435-project] Empty body provided in request {{(pid=114175) get_body /opt/stack/cinder/cinder/api/openstack/wsgi.py:715}}
Oct 04 11:10:45.873291 n-d-791135-8 devstack@c-api.service[114175]: DEBUG cinder.api.openstack.wsgi [None req-cfaa4dde-455e-4e85-bde8-e5e12466a82a tempest-TaggedBootDevicesTest_v242-1957326435 tempest-TaggedBootDevicesTest_v242-1957326435-project] Calling method 'show' {{(pid=114175) _process_stack /opt/stack/cinder/cinder/api/openstack/wsgi.py:868}}
Oct 04 11:10:45.903301 n-d-791135-8 devstack@c-api.service[114175]: /usr/local/lib/python3.8/dist-packages/oslo_context/context.py:100: DeprecationWarning: Policy enforcement is depending on the value of is_admin. This key is deprecated. Please update your policy file to use the standard policy values.
Oct 04 11:10:45.903301 n-d-791135-8 devstack@c-api.service[114175]: warnings.warn('Policy enforcement is depending on the value of '
Oct 04 11:10:45.922116 n-d-791135-8 devstack@c-api.service[114175]: INFO cinder.volume.api [None req-cfaa4dde-455e-4e85-bde8-e5e12466a82a tempest-TaggedBootDevicesTest_v242-1957326435 tempest-TaggedBootDevicesTest_v242-1957326435-project] Volume info retrieved successfully.
Oct 04 11:10:45.947801 n-d-791135-8 devstack@c-api.service[114175]: INFO cinder.api.openstack.wsgi [None req-cfaa4dde-455e-4e85-bde8-e5e12466a82a tempest-TaggedBootDevicesTest_v242-1957326435 tempest-TaggedBootDevicesTest_v242-1957326435-project] http://10.222.0.23/volume/v3/01c5a71c4dee44e4a726208c616433a6/volumes/48dd84d0-71ff-4932-9b91-781579ef72d8 returned with HTTP 200
Oct 04 11:10:45.970153 n-d-791135-8 devstack@c-api.service[114175]: [pid: 114175|app: 0|req: 186/373] 10.222.0.23 () {58 vars in 1325 bytes} [Tue Oct 4 11:10:45 2022] GET /volume/v3/01c5a71c4dee44e4a726208c616433a6/volumes/48dd84d0-71ff-4932-9b91-781579ef72d8 => generated 918 bytes in 102 msecs (HTTP/1.1 200) 7 headers in 285 bytes (2 switches on core 0)
Oct 04 11:10:46.895111 n-d-791135-8 devstack@c-api.service[114176]: DEBUG cinder.coordination [req-7516c9ae-eb2b-4ec5-83c1-8596f8bbd6a4 req-0852438a-4e0a-4f92-85e8-2ed184f39580 tempest-TaggedBootDevicesTest-726726768 tempest-TaggedBootDevicesTest-726726768-project] Lock "cinder-attachment_update-a73f48de-e437-4200-b020-4481a6a5652f-n-h1-791135-8" released by "attachment_update" :: held 9.705s {{(pid=114176) _synchronized /opt/stack/cinder/cinder/coordination.py:207}}
Oct 04 11:10:46.896482 n-d-791135-8 devstack@c-api.service[114176]: INFO cinder.api.openstack.wsgi [req-7516c9ae-eb2b-4ec5-83c1-8596f8bbd6a4 req-0852438a-4e0a-4f92-85e8-2ed184f39580 tempest-TaggedBootDevicesTest-726726768 tempest-TaggedBootDevicesTest-726726768-project] http://10.222.0.23/volume/v3/1df6182d03a546539effc445c7d02041/attachments/8067b6fa-2ced-4fec-b8ea-0c2259e1afca returned with HTTP 200
Oct 04 11:10:46.897885 n-d-791135-8 devstack@c-api.service[114176]: [pid: 114176|app: 0|req: 188/374] 10.222.0.39 () {64 vars in 1477 bytes} [Tue Oct 4 11:10:37 2022] PUT /volume/v3/1df6182d03a546539effc445c7d02041/attachments/8067b6fa-2ced-4fec-b8ea-0c2259e1afca => generated 762 bytes in 9751 msecs (HTTP/1.1 200) 7 headers in 286 bytes (1 switches on core 0)
Oct 04 11:10:46.941789 n-d-791135-8 devstack@c-api.service[114175]: DEBUG cinder.api.middleware.request_id [req-7516c9ae-eb2b-4ec5-83c1-8596f8bbd6a4 req-069fb9bd-3583-4635-a797-e709be49a7b5 None None] RequestId filter calling following filter/app {{(pid=114175) _context_setter /opt/stack/cinder/cinder/api/middleware/request_id.py:62}}
Oct 04 11:10:46.946870 n-d-791135-8 devstack@c-api.service[114175]: INFO cinder.api.openstack.wsgi [req-7516c9ae-eb2b-4ec5-83c1-8596f8bbd6a4 req-069fb9bd-3583-4635-a797-e709be49a7b5 tempest-TaggedBootDevicesTest-726726768 tempest-TaggedBootDevicesTest-726726768-project] POST http://10.222.0.23/volume/v3/1df6182d03a546539effc445c7d02041/attachments/8067b6fa-2ced-4fec-b8ea-0c2259e1afca/action
Oct 04 11:10:46.947568 n-d-791135-8 devstack@c-api.service[114175]: DEBUG cinder.api.openstack.wsgi [req-7516c9ae-eb2b-4ec5-83c1-8596f8bbd6a4 req-069fb9bd-3583-4635-a797-e709be49a7b5 tempest-TaggedBootDevicesTest-726726768 tempest-TaggedBootDevicesTest-726726768-project] Action body: b'{"os-complete": null}' {{(pid=114175) get_method /opt/stack/cinder/cinder/api/openstack/wsgi.py:983}}
Oct 04 11:10:46.947948 n-d-791135-8 devstack@c-api.service[114175]: DEBUG cinder.api.openstack.wsgi [req-7516c9ae-eb2b-4ec5-83c1-8596f8bbd6a4 req-069fb9bd-3583-4635-a797-e709be49a7b5 tempest-TaggedBootDevicesTest-726726768 tempest-TaggedBootDevicesTest-726726768-project] Action: 'action', calling method: complete, body: {"os-complete": null} {{(pid=114175) _process_stack /opt/stack/cinder/cinder/api/openstack/wsgi.py:866}}
Oct 04 11:10:46.973090 n-d-791135-8 devstack@c-api.service[114176]: DEBUG cinder.api.middleware.request_id [None req-58b1c054-d759-4cff-9d92-7774155bfd81 None None] RequestId filter calling following filter/app {{(pid=114176) _context_setter /opt/stack/cinder/cinder/api/middleware/request_id.py:62}}
Oct 04 11:10:46.977249 n-d-791135-8 devstack@c-api.service[114176]: INFO cinder.api.openstack.wsgi [None req-58b1c054-d759-4cff-9d92-7774155bfd81 tempest-TaggedBootDevicesTest_v242-1957326435 tempest-TaggedBootDevicesTest_v242-1957326435-project] GET http://10.222.0.23/volume/v3/01c5a71c4dee44e4a726208c616433a6/volumes/48dd84d0-71ff-4932-9b91-781579ef72d8
Oct 04 11:10:46.978013 n-d-791135-8 devstack@c-api.service[114176]: DEBUG cinder.api.openstack.wsgi [None req-58b1c054-d759-4cff-9d92-7774155bfd81 tempest-TaggedBootDevicesTest_v242-1957326435 tempest-TaggedBootDevicesTest_v242-1957326435-project] Empty body provided in request {{(pid=114176) get_body /opt/stack/cinder/cinder/api/openstack/wsgi.py:715}}
Oct 04 11:10:46.978716 n-d-791135-8 devstack@c-api.service[114176]: DEBUG cinder.api.openstack.wsgi [None req-58b1c054-d759-4cff-9d92-7774155bfd81 tempest-TaggedBootDevicesTest_v242-1957326435 tempest-TaggedBootDevicesTest_v242-1957326435-project] Calling method 'show' {{(pid=114176) _process_stack /opt/stack/cinder/cinder/api/openstack/wsgi.py:868}}
Oct 04 11:10:46.995541 n-d-791135-8 devstack@c-api.service[114176]: /usr/local/lib/python3.8/dist-packages/oslo_context/context.py:100: DeprecationWarning: Policy enforcement is depending on the value of is_admin. This key is deprecated. Please update your policy file to use the standard policy values.
Oct 04 11:10:46.995541 n-d-791135-8 devstack@c-api.service[114176]: warnings.warn('Policy enforcement is depending on the value of '
Oct 04 11:10:47.002663 n-d-791135-8 devstack@c-api.service[114176]: INFO cinder.api.openstack.wsgi [None req-58b1c054-d759-4cff-9d92-7774155bfd81 tempest-TaggedBootDevicesTest_v242-1957326435 tempest-TaggedBootDevicesTest_v242-1957326435-project] http://10.222.0.23/volume/v3/01c5a71c4dee44e4a726208c616433a6/volumes/48dd84d0-71ff-4932-9b91-781579ef72d8 returned with HTTP 404
Oct 04 11:10:47.004828 n-d-791135-8 devstack@c-api.service[114176]: [pid: 114176|app: 0|req: 189/375] 10.222.0.23 () {58 vars in 1325 bytes} [Tue Oct 4 11:10:46 2022] GET /volume/v3/01c5a71c4dee44e4a726208c616433a6/volumes/48dd84d0-71ff-4932-9b91-781579ef72d8 => generated 109 bytes in 33 msecs (HTTP/1.1 404) 7 headers in 292 bytes (2 switches on core 0)
Oct 04 11:10:47.010683 n-d-791135-8 devstack@c-api.service[114175]: /usr/local/lib/python3.8/dist-packages/oslo_context/context.py:100: DeprecationWarning: Policy enforcement is depending on the value of is_admin. This key is deprecated. Please update your policy file to use the standard policy values.
Oct 04 11:10:47.010683 n-d-791135-8 devstack@c-api.service[114175]: warnings.warn('Policy enforcement is depending on the value of '
Oct 04 11:10:47.018226 n-d-791135-8 devstack@c-api.service[114176]: DEBUG cinder.api.middleware.request_id [None req-7c4da590-af45-40eb-bd92-cdfd69d91514 None None] RequestId filter calling following filter/app {{(pid=114176) _context_setter /opt/stack/cinder/cinder/api/middleware/request_id.py:62}}
Oct 04 11:10:47.022232 n-d-791135-8 devstack@c-api.service[114176]: INFO cinder.api.openstack.wsgi [None req-7c4da590-af45-40eb-bd92-cdfd69d91514 tempest-TaggedBootDevicesTest_v242-1957326435 tempest-TaggedBootDevicesTest_v242-1957326435-project] DELETE http://10.222.0.23/volume/v3/01c5a71c4dee44e4a726208c616433a6/volumes/45a97701-4e7c-4dd1-83f0-bb83a3d96694
Oct 04 11:10:47.022705 n-d-791135-8 devstack@c-api.service[114176]: DEBUG cinder.api.openstack.wsgi [None req-7c4da590-af45-40eb-bd92-cdfd69d91514 tempest-TaggedBootDevicesTest_v242-1957326435 tempest-TaggedBootDevicesTest_v242-1957326435-project] Empty body provided in request {{(pid=114176) get_body /opt/stack/cinder/cinder/api/openstack/wsgi.py:715}}
Oct 04 11:10:47.023177 n-d-791135-8 devstack@c-api.service[114176]: DEBUG cinder.api.openstack.wsgi [None req-7c4da590-af45-40eb-bd92-cdfd69d91514 tempest-TaggedBootDevicesTest_v242-1957326435 tempest-TaggedBootDevicesTest_v242-1957326435-project] Calling method 'delete' {{(pid=114176) _process_stack /opt/stack/cinder/cinder/api/openstack/wsgi.py:868}}
Oct 04 11:10:47.023642 n-d-791135-8 devstack@c-api.service[114176]: INFO cinder.api.v3.volumes [None req-7c4da590-af45-40eb-bd92-cdfd69d91514 tempest-TaggedBootDevicesTest_v242-1957326435 tempest-TaggedBootDevicesTest_v242-1957326435-project] Delete volume with id: 45a97701-4e7c-4dd1-83f0-bb83a3d96694
Oct 04 11:10:47.046432 n-d-791135-8 devstack@c-api.service[114175]: INFO cinder.api.openstack.wsgi [req-7516c9ae-eb2b-4ec5-83c1-8596f8bbd6a4 req-069fb9bd-3583-4635-a797-e709be49a7b5 tempest-TaggedBootDevicesTest-726726768 tempest-TaggedBootDevicesTest-726726768-project] http://10.222.0.23/volume/v3/1df6182d03a546539effc445c7d02041/attachments/8067b6fa-2ced-4fec-b8ea-0c2259e1afca/action returned with HTTP 204
Oct 04 11:10:47.046893 n-d-791135-8 devstack@c-api.service[114176]: /usr/local/lib/python3.8/dist-packages/oslo_context/context.py:100: DeprecationWarning: Policy enforcement is depending on the value of is_admin. This key is deprecated. Please update your policy file to use the standard policy values.
Oct 04 11:10:47.046893 n-d-791135-8 devstack@c-api.service[114176]: warnings.warn('Policy enforcement is depending on the value of '
Oct 04 11:10:47.047388 n-d-791135-8 devstack@c-api.service[114175]: [pid: 114175|app: 0|req: 187/376] 10.222.0.39 () {64 vars in 1498 bytes} [Tue Oct 4 11:10:46 2022] POST /volume/v3/1df6182d03a546539effc445c7d02041/attachments/8067b6fa-2ced-4fec-b8ea-0c2259e1afca/action => generated 0 bytes in 107 msecs (HTTP/1.1 204) 7 headers in 292 bytes (1 switches on core 0)
Oct 04 11:10:47.049030 n-d-791135-8 devstack@c-api.service[114176]: INFO cinder.volume.api [None req-7c4da590-af45-40eb-bd92-cdfd69d91514 tempest-TaggedBootDevicesTest_v242-1957326435 tempest-TaggedBootDevicesTest_v242-1957326435-project] Volume info retrieved successfully.
Oct 04 11:10:47.085248 n-d-791135-8 devstack@c-api.service[114175]: DEBUG cinder.api.middleware.request_id [None req-8368eaae-6a05-4041-91dd-2c13dd7f8c22 None None] RequestId filter calling following filter/app {{(pid=114175) _context_setter /opt/stack/cinder/cinder/api/middleware/request_id.py:62}}
Oct 04 11:10:47.086502 n-d-791135-8 devstack@c-api.service[114175]: INFO cinder.api.openstack.wsgi [None req-8368eaae-6a05-4041-91dd-2c13dd7f8c22 None None] GET http://10.222.0.23/volume//
Oct 04 11:10:47.087195 n-d-791135-8 devstack@c-api.service[114175]: DEBUG cinder.api.openstack.wsgi [None req-8368eaae-6a05-4041-91dd-2c13dd7f8c22 None None] Empty body provided in request {{(pid=114175) get_body /opt/stack/cinder/cinder/api/openstack/wsgi.py:715}}
Oct 04 11:10:47.087995 n-d-791135-8 devstack@c-api.service[114175]: DEBUG cinder.api.openstack.wsgi [None req-8368eaae-6a05-4041-91dd-2c13dd7f8c22 None None] Calling method 'all' {{(pid=114175) _process_stack /opt/stack/cinder/cinder/api/openstack/wsgi.py:868}}
Oct 04 11:10:47.088982 n-d-791135-8 devstack@c-api.service[114175]: INFO cinder.api.openstack.wsgi [None req-8368eaae-6a05-4041-91dd-2c13dd7f8c22 None None] http://10.222.0.23/volume// returned with HTTP 300
Oct 04 11:10:47.090097 n-d-791135-8 devstack@c-api.service[114175]: [pid: 114175|app: 0|req: 188/377] 10.222.0.39 () {56 vars in 1098 bytes} [Tue Oct 4 11:10:47 2022] GET /volume/ => generated 386 bytes in 6 msecs (HTTP/1.1 300) 7 headers in 299 bytes (2 switches on core 0)
Oct 04 11:10:47.103162 n-d-791135-8 devstack@c-api.service[114176]: INFO cinder.volume.api [None req-7c4da590-af45-40eb-bd92-cdfd69d91514 tempest-TaggedBootDevicesTest_v242-1957326435 tempest-TaggedBootDevicesTest_v242-1957326435-project] Delete volume request issued successfully.
Oct 04 11:10:47.104040 n-d-791135-8 devstack@c-api.service[114176]: INFO cinder.api.openstack.wsgi [None req-7c4da590-af45-40eb-bd92-cdfd69d91514 tempest-TaggedBootDevicesTest_v242-1957326435 tempest-TaggedBootDevicesTest_v242-1957326435-project] http://10.222.0.23/volume/v3/01c5a71c4dee44e4a726208c616433a6/volumes/45a97701-4e7c-4dd1-83f0-bb83a3d96694 returned with HTTP 202
Oct 04 11:10:47.106282 n-d-791135-8 devstack@c-api.service[114176]: [pid: 114176|app: 0|req: 190/378] 10.222.0.23 () {58 vars in 1328 bytes} [Tue Oct 4 11:10:47 2022] DELETE /volume/v3/01c5a71c4dee44e4a726208c616433a6/volumes/45a97701-4e7c-4dd1-83f0-bb83a3d96694 => generated 0 bytes in 98 msecs (HTTP/1.1 202) 6 headers in 233 bytes (2 switches on core 0)
Oct 04 11:10:47.110285 n-d-791135-8 devstack@c-api.service[114175]: DEBUG cinder.api.middleware.request_id [None req-8830d7c6-0913-4d5d-8ab5-bc249ba15c86 None None] RequestId filter calling following filter/app {{(pid=114175) _context_setter /opt/stack/cinder/cinder/api/middleware/request_id.py:62}}
Oct 04 11:10:47.116721 n-d-791135-8 devstack@c-api.service[114175]: INFO cinder.api.openstack.wsgi [None req-8830d7c6-0913-4d5d-8ab5-bc249ba15c86 tempest-TaggedBootDevicesTest_v242-1957326435 tempest-TaggedBootDevicesTest_v242-1957326435-project] GET http://10.222.0.23/volume/v3/01c5a71c4dee44e4a726208c616433a6/volumes/45a97701-4e7c-4dd1-83f0-bb83a3d96694
Oct 04 11:10:47.117288 n-d-791135-8 devstack@c-api.service[114175]: DEBUG cinder.api.openstack.wsgi [None req-8830d7c6-0913-4d5d-8ab5-bc249ba15c86 tempest-TaggedBootDevicesTest_v242-1957326435 tempest-TaggedBootDevicesTest_v242-1957326435-project] Empty body provided in request {{(pid=114175) get_body /opt/stack/cinder/cinder/api/openstack/wsgi.py:715}}
Oct 04 11:10:47.117952 n-d-791135-8 devstack@c-api.service[114175]: DEBUG cinder.api.openstack.wsgi [None req-8830d7c6-0913-4d5d-8ab5-bc249ba15c86 tempest-TaggedBootDevicesTest_v242-1957326435 tempest-TaggedBootDevicesTest_v242-1957326435-project] Calling method 'show' {{(pid=114175) _process_stack /opt/stack/cinder/cinder/api/openstack/wsgi.py:868}}
Oct 04 11:10:47.130379 n-d-791135-8 devstack@c-api.service[114176]: DEBUG cinder.api.middleware.request_id [req-7516c9ae-eb2b-4ec5-83c1-8596f8bbd6a4 req-54b0b8bf-e2d4-43cd-8ff2-19c1d77259de None None] RequestId filter calling following filter/app {{(pid=114176) _context_setter /opt/stack/cinder/cinder/api/middleware/request_id.py:62}}
Oct 04 11:10:47.135648 n-d-791135-8 devstack@c-api.service[114176]: INFO cinder.api.openstack.wsgi [req-7516c9ae-eb2b-4ec5-83c1-8596f8bbd6a4 req-54b0b8bf-e2d4-43cd-8ff2-19c1d77259de tempest-TaggedBootDevicesTest-726726768 tempest-TaggedBootDevicesTest-726726768-project] GET http://10.222.0.23/volume/v3/1df6182d03a546539effc445c7d02041/volumes/da6a386a-228d-4c97-9af4-06cf5a24f5f6
Oct 04 11:10:47.136485 n-d-791135-8 devstack@c-api.service[114176]: DEBUG cinder.api.openstack.wsgi [req-7516c9ae-eb2b-4ec5-83c1-8596f8bbd6a4 req-54b0b8bf-e2d4-43cd-8ff2-19c1d77259de tempest-TaggedBootDevicesTest-726726768 tempest-TaggedBootDevicesTest-726726768-project] Empty body provided in request {{(pid=114176) get_body /opt/stack/cinder/cinder/api/openstack/wsgi.py:715}}
Oct 04 11:10:47.137849 n-d-791135-8 devstack@c-api.service[114176]: DEBUG cinder.api.openstack.wsgi [req-7516c9ae-eb2b-4ec5-83c1-8596f8bbd6a4 req-54b0b8bf-e2d4-43cd-8ff2-19c1d77259de tempest-TaggedBootDevicesTest-726726768 tempest-TaggedBootDevicesTest-726726768-project] Calling method 'show' {{(pid=114176) _process_stack /opt/stack/cinder/cinder/api/openstack/wsgi.py:868}}
Oct 04 11:10:47.154990 n-d-791135-8 devstack@c-api.service[114175]: /usr/local/lib/python3.8/dist-packages/oslo_context/context.py:100: DeprecationWarning: Policy enforcement is depending on the value of is_admin. This key is deprecated. Please update your policy file to use the standard policy values.
Oct 04 11:10:47.154990 n-d-791135-8 devstack@c-api.service[114175]: warnings.warn('Policy enforcement is depending on the value of '
Oct 04 11:10:47.183745 n-d-791135-8 devstack@c-api.service[114175]: INFO cinder.volume.api [None req-8830d7c6-0913-4d5d-8ab5-bc249ba15c86 tempest-TaggedBootDevicesTest_v242-1957326435 tempest-TaggedBootDevicesTest_v242-1957326435-project] Volume info retrieved successfully.
Oct 04 11:10:47.188071 n-d-791135-8 devstack@c-api.service[114176]: /usr/local/lib/python3.8/dist-packages/oslo_context/context.py:100: DeprecationWarning: Policy enforcement is depending on the value of is_admin. This key is deprecated. Please update your policy file to use the standard policy values.
Oct 04 11:10:47.188071 n-d-791135-8 devstack@c-api.service[114176]: warnings.warn('Policy enforcement is depending on the value of '
Oct 04 11:10:47.203227 n-d-791135-8 devstack@c-api.service[114176]: INFO cinder.volume.api [req-7516c9ae-eb2b-4ec5-83c1-8596f8bbd6a4 req-54b0b8bf-e2d4-43cd-8ff2-19c1d77259de tempest-TaggedBootDevicesTest-726726768 tempest-TaggedBootDevicesTest-726726768-project] Volume info retrieved successfully.
Oct 04 11:10:47.211262 n-d-791135-8 devstack@c-api.service[114175]: INFO cinder.api.openstack.wsgi [None req-8830d7c6-0913-4d5d-8ab5-bc249ba15c86 tempest-TaggedBootDevicesTest_v242-1957326435 tempest-TaggedBootDevicesTest_v242-1957326435-project] http://10.222.0.23/volume/v3/01c5a71c4dee44e4a726208c616433a6/volumes/45a97701-4e7c-4dd1-83f0-bb83a3d96694 returned with HTTP 200
Oct 04 11:10:47.226598 n-d-791135-8 devstack@c-api.service[114175]: [pid: 114175|app: 0|req: 189/379] 10.222.0.23 () {58 vars in 1325 bytes} [Tue Oct 4 11:10:47 2022] GET /volume/v3/01c5a71c4dee44e4a726208c616433a6/volumes/45a97701-4e7c-4dd1-83f0-bb83a3d96694 => generated 1365 bytes in 103 msecs (HTTP/1.1 200) 7 headers in 286 bytes (1 switches on core 0)
Oct 04 11:10:47.226722 n-d-791135-8 devstack@c-api.service[114176]: INFO cinder.api.openstack.wsgi [req-7516c9ae-eb2b-4ec5-83c1-8596f8bbd6a4 req-54b0b8bf-e2d4-43cd-8ff2-19c1d77259de tempest-TaggedBootDevicesTest-726726768 tempest-TaggedBootDevicesTest-726726768-project] http://10.222.0.23/volume/v3/1df6182d03a546539effc445c7d02041/volumes/da6a386a-228d-4c97-9af4-06cf5a24f5f6 returned with HTTP 200
Oct 04 11:10:47.226722 n-d-791135-8 devstack@c-api.service[114176]: [pid: 114176|app: 0|req: 191/380] 10.222.0.39 () {60 vars in 1412 bytes} [Tue Oct 4 11:10:47 2022] GET /volume/v3/1df6182d03a546539effc445c7d02041/volumes/da6a386a-228d-4c97-9af4-06cf5a24f5f6 => generated 1011 bytes in 97 msecs (HTTP/1.1 200) 7 headers in 287 bytes (2 switches on core 0)
Oct 04 11:10:47.237636 n-d-791135-8 devstack@c-api.service[114175]: DEBUG cinder.api.middleware.request_id [req-7516c9ae-eb2b-4ec5-83c1-8596f8bbd6a4 req-a41f0ba8-5fe0-45aa-9f18-69d50551f0ad None None] RequestId filter calling following filter/app {{(pid=114175) _context_setter /opt/stack/cinder/cinder/api/middleware/request_id.py:62}}
Oct 04 11:10:47.243893 n-d-791135-8 devstack@c-api.service[114175]: INFO cinder.api.openstack.wsgi [req-7516c9ae-eb2b-4ec5-83c1-8596f8bbd6a4 req-a41f0ba8-5fe0-45aa-9f18-69d50551f0ad tempest-TaggedBootDevicesTest-726726768 tempest-TaggedBootDevicesTest-726726768-project] PUT http://10.222.0.23/volume/v3/1df6182d03a546539effc445c7d02041/attachments/d3952413-ab9d-4929-8b09-727fe7aec8e7
Oct 04 11:10:47.244810 n-d-791135-8 devstack@c-api.service[114175]: DEBUG cinder.api.openstack.wsgi [req-7516c9ae-eb2b-4ec5-83c1-8596f8bbd6a4 req-a41f0ba8-5fe0-45aa-9f18-69d50551f0ad tempest-TaggedBootDevicesTest-726726768 tempest-TaggedBootDevicesTest-726726768-project] Action: 'update', calling method: version_select, body: {"attachment": {"connector": {"platform": "AMD64", "os_type": "win32", "ip": "10.222.0.39", "host": "n-h1-791135-8", "multipath": false, "initiator": "iqn.1991-05.com.microsoft:n-h1-791135-8.cbci-791135-8.local", "mountpoint": "/dev/sdb"}}} {{(pid=114175) _process_stack /opt/stack/cinder/cinder/api/openstack/wsgi.py:866}}
Oct 04 11:10:47.330818 n-d-791135-8 devstack@c-api.service[114175]: DEBUG cinder.coordination [req-7516c9ae-eb2b-4ec5-83c1-8596f8bbd6a4 req-a41f0ba8-5fe0-45aa-9f18-69d50551f0ad tempest-TaggedBootDevicesTest-726726768 tempest-TaggedBootDevicesTest-726726768-project] Acquiring lock "cinder-attachment_update-da6a386a-228d-4c97-9af4-06cf5a24f5f6-n-h1-791135-8" by "attachment_update" {{(pid=114175) _synchronized /opt/stack/cinder/cinder/coordination.py:192}}
Oct 04 11:10:47.365540 n-d-791135-8 devstack@c-api.service[114175]: DEBUG cinder.coordination [req-7516c9ae-eb2b-4ec5-83c1-8596f8bbd6a4 req-a41f0ba8-5fe0-45aa-9f18-69d50551f0ad tempest-TaggedBootDevicesTest-726726768 tempest-TaggedBootDevicesTest-726726768-project] Lock "cinder-attachment_update-da6a386a-228d-4c97-9af4-06cf5a24f5f6-n-h1-791135-8" acquired by "attachment_update" :: waited 0.047s {{(pid=114175) _synchronized /opt/stack/cinder/cinder/coordination.py:196}}
Oct 04 11:10:47.367653 n-d-791135-8 devstack@c-api.service[114175]: /usr/local/lib/python3.8/dist-packages/oslo_context/context.py:100: DeprecationWarning: Policy enforcement is depending on the value of is_admin. This key is deprecated. Please update your policy file to use the standard policy values.
Oct 04 11:10:47.367653 n-d-791135-8 devstack@c-api.service[114175]: warnings.warn('Policy enforcement is depending on the value of '
Oct 04 11:10:48.233479 n-d-791135-8 devstack@c-api.service[114176]: DEBUG cinder.api.middleware.request_id [None req-d0c26c4d-f028-4fc1-923a-7002217a7a2c None None] RequestId filter calling following filter/app {{(pid=114176) _context_setter /opt/stack/cinder/cinder/api/middleware/request_id.py:62}}
Oct 04 11:10:48.237415 n-d-791135-8 devstack@c-api.service[114176]: INFO cinder.api.openstack.wsgi [None req-d0c26c4d-f028-4fc1-923a-7002217a7a2c tempest-TaggedBootDevicesTest_v242-1957326435 tempest-TaggedBootDevicesTest_v242-1957326435-project] GET http://10.222.0.23/volume/v3/01c5a71c4dee44e4a726208c616433a6/volumes/45a97701-4e7c-4dd1-83f0-bb83a3d96694
Oct 04 11:10:48.237951 n-d-791135-8 devstack@c-api.service[114176]: DEBUG cinder.api.openstack.wsgi [None req-d0c26c4d-f028-4fc1-923a-7002217a7a2c tempest-TaggedBootDevicesTest_v242-1957326435 tempest-TaggedBootDevicesTest_v242-1957326435-project] Empty body provided in request {{(pid=114176) get_body /opt/stack/cinder/cinder/api/openstack/wsgi.py:715}}
Oct 04 11:10:48.238506 n-d-791135-8 devstack@c-api.service[114176]: DEBUG cinder.api.openstack.wsgi [None req-d0c26c4d-f028-4fc1-923a-7002217a7a2c tempest-TaggedBootDevicesTest_v242-1957326435 tempest-TaggedBootDevicesTest_v242-1957326435-project] Calling method 'show' {{(pid=114176) _process_stack /opt/stack/cinder/cinder/api/openstack/wsgi.py:868}}
Oct 04 11:10:48.262194 n-d-791135-8 devstack@c-api.service[114176]: /usr/local/lib/python3.8/dist-packages/oslo_context/context.py:100: DeprecationWarning: Policy enforcement is depending on the value of is_admin. This key is deprecated. Please update your policy file to use the standard policy values.
Oct 04 11:10:48.262194 n-d-791135-8 devstack@c-api.service[114176]: warnings.warn('Policy enforcement is depending on the value of '
Oct 04 11:10:48.270909 n-d-791135-8 devstack@c-api.service[114176]: INFO cinder.volume.api [None req-d0c26c4d-f028-4fc1-923a-7002217a7a2c tempest-TaggedBootDevicesTest_v242-1957326435 tempest-TaggedBootDevicesTest_v242-1957326435-project] Volume info retrieved successfully.
Oct 04 11:10:48.287846 n-d-791135-8 devstack@c-api.service[114176]: INFO cinder.api.openstack.wsgi [None req-d0c26c4d-f028-4fc1-923a-7002217a7a2c tempest-TaggedBootDevicesTest_v242-1957326435 tempest-TaggedBootDevicesTest_v242-1957326435-project] http://10.222.0.23/volume/v3/01c5a71c4dee44e4a726208c616433a6/volumes/45a97701-4e7c-4dd1-83f0-bb83a3d96694 returned with HTTP 200
Oct 04 11:10:48.289679 n-d-791135-8 devstack@c-api.service[114176]: [pid: 114176|app: 0|req: 192/381] 10.222.0.23 () {58 vars in 1325 bytes} [Tue Oct 4 11:10:48 2022] GET /volume/v3/01c5a71c4dee44e4a726208c616433a6/volumes/45a97701-4e7c-4dd1-83f0-bb83a3d96694 => generated 1365 bytes in 58 msecs (HTTP/1.1 200) 7 headers in 286 bytes (1 switches on core 0)
Oct 04 11:10:49.311205 n-d-791135-8 devstack@c-api.service[114176]: DEBUG cinder.api.middleware.request_id [None req-9dd8796a-8a16-482d-9a88-64b12f601664 None None] RequestId filter calling following filter/app {{(pid=114176) _context_setter /opt/stack/cinder/cinder/api/middleware/request_id.py:62}}
Oct 04 11:10:49.314898 n-d-791135-8 devstack@c-api.service[114176]: INFO cinder.api.openstack.wsgi [None req-9dd8796a-8a16-482d-9a88-64b12f601664 tempest-TaggedBootDevicesTest_v242-1957326435 tempest-TaggedBootDevicesTest_v242-1957326435-project] GET http://10.222.0.23/volume/v3/01c5a71c4dee44e4a726208c616433a6/volumes/45a97701-4e7c-4dd1-83f0-bb83a3d96694
Oct 04 11:10:49.315349 n-d-791135-8 devstack@c-api.service[114176]: DEBUG cinder.api.openstack.wsgi [None req-9dd8796a-8a16-482d-9a88-64b12f601664 tempest-TaggedBootDevicesTest_v242-1957326435 tempest-TaggedBootDevicesTest_v242-1957326435-project] Empty body provided in request {{(pid=114176) get_body /opt/stack/cinder/cinder/api/openstack/wsgi.py:715}}
Oct 04 11:10:49.315808 n-d-791135-8 devstack@c-api.service[114176]: DEBUG cinder.api.openstack.wsgi [None req-9dd8796a-8a16-482d-9a88-64b12f601664 tempest-TaggedBootDevicesTest_v242-1957326435 tempest-TaggedBootDevicesTest_v242-1957326435-project] Calling method 'show' {{(pid=114176) _process_stack /opt/stack/cinder/cinder/api/openstack/wsgi.py:868}}
Oct 04 11:10:49.346824 n-d-791135-8 devstack@c-api.service[114176]: /usr/local/lib/python3.8/dist-packages/oslo_context/context.py:100: DeprecationWarning: Policy enforcement is depending on the value of is_admin. This key is deprecated. Please update your policy file to use the standard policy values.
Oct 04 11:10:49.346824 n-d-791135-8 devstack@c-api.service[114176]: warnings.warn('Policy enforcement is depending on the value of '
Oct 04 11:10:49.360838 n-d-791135-8 devstack@c-api.service[114176]: INFO cinder.volume.api [None req-9dd8796a-8a16-482d-9a88-64b12f601664 tempest-TaggedBootDevicesTest_v242-1957326435 tempest-TaggedBootDevicesTest_v242-1957326435-project] Volume info retrieved successfully.
Oct 04 11:10:49.402047 n-d-791135-8 devstack@c-api.service[114176]: INFO cinder.api.openstack.wsgi [None req-9dd8796a-8a16-482d-9a88-64b12f601664 tempest-TaggedBootDevicesTest_v242-1957326435 tempest-TaggedBootDevicesTest_v242-1957326435-project] http://10.222.0.23/volume/v3/01c5a71c4dee44e4a726208c616433a6/volumes/45a97701-4e7c-4dd1-83f0-bb83a3d96694 returned with HTTP 200
Oct 04 11:10:49.403538 n-d-791135-8 devstack@c-api.service[114176]: [pid: 114176|app: 0|req: 193/382] 10.222.0.23 () {58 vars in 1325 bytes} [Tue Oct 4 11:10:49 2022] GET /volume/v3/01c5a71c4dee44e4a726208c616433a6/volumes/45a97701-4e7c-4dd1-83f0-bb83a3d96694 => generated 1365 bytes in 93 msecs (HTTP/1.1 200) 7 headers in 286 bytes (1 switches on core 0)
Oct 04 11:10:50.422090 n-d-791135-8 devstack@c-api.service[114176]: DEBUG cinder.api.middleware.request_id [None req-7e8741ad-de96-4e02-b2b0-5102785aebc8 None None] RequestId filter calling following filter/app {{(pid=114176) _context_setter /opt/stack/cinder/cinder/api/middleware/request_id.py:62}}
Oct 04 11:10:50.426708 n-d-791135-8 devstack@c-api.service[114176]: INFO cinder.api.openstack.wsgi [None req-7e8741ad-de96-4e02-b2b0-5102785aebc8 tempest-TaggedBootDevicesTest_v242-1957326435 tempest-TaggedBootDevicesTest_v242-1957326435-project] GET http://10.222.0.23/volume/v3/01c5a71c4dee44e4a726208c616433a6/volumes/45a97701-4e7c-4dd1-83f0-bb83a3d96694
Oct 04 11:10:50.427497 n-d-791135-8 devstack@c-api.service[114176]: DEBUG cinder.api.openstack.wsgi [None req-7e8741ad-de96-4e02-b2b0-5102785aebc8 tempest-TaggedBootDevicesTest_v242-1957326435 tempest-TaggedBootDevicesTest_v242-1957326435-project] Empty body provided in request {{(pid=114176) get_body /opt/stack/cinder/cinder/api/openstack/wsgi.py:715}}
Oct 04 11:10:50.428240 n-d-791135-8 devstack@c-api.service[114176]: DEBUG cinder.api.openstack.wsgi [None req-7e8741ad-de96-4e02-b2b0-5102785aebc8 tempest-TaggedBootDevicesTest_v242-1957326435 tempest-TaggedBootDevicesTest_v242-1957326435-project] Calling method 'show' {{(pid=114176) _process_stack /opt/stack/cinder/cinder/api/openstack/wsgi.py:868}}
Oct 04 11:10:50.453096 n-d-791135-8 devstack@c-api.service[114176]: /usr/local/lib/python3.8/dist-packages/oslo_context/context.py:100: DeprecationWarning: Policy enforcement is depending on the value of is_admin. This key is deprecated. Please update your policy file to use the standard policy values.
Oct 04 11:10:50.453096 n-d-791135-8 devstack@c-api.service[114176]: warnings.warn('Policy enforcement is depending on the value of '
Oct 04 11:10:50.462170 n-d-791135-8 devstack@c-api.service[114176]: INFO cinder.volume.api [None req-7e8741ad-de96-4e02-b2b0-5102785aebc8 tempest-TaggedBootDevicesTest_v242-1957326435 tempest-TaggedBootDevicesTest_v242-1957326435-project] Volume info retrieved successfully.
Oct 04 11:10:50.474077 n-d-791135-8 devstack@c-api.service[114176]: INFO cinder.api.openstack.wsgi [None req-7e8741ad-de96-4e02-b2b0-5102785aebc8 tempest-TaggedBootDevicesTest_v242-1957326435 tempest-TaggedBootDevicesTest_v242-1957326435-project] http://10.222.0.23/volume/v3/01c5a71c4dee44e4a726208c616433a6/volumes/45a97701-4e7c-4dd1-83f0-bb83a3d96694 returned with HTTP 200
Oct 04 11:10:50.475899 n-d-791135-8 devstack@c-api.service[114176]: [pid: 114176|app: 0|req: 194/383] 10.222.0.23 () {58 vars in 1325 bytes} [Tue Oct 4 11:10:50 2022] GET /volume/v3/01c5a71c4dee44e4a726208c616433a6/volumes/45a97701-4e7c-4dd1-83f0-bb83a3d96694 => generated 1365 bytes in 56 msecs (HTTP/1.1 200) 7 headers in 286 bytes (1 switches on core 0)
Oct 04 11:10:51.494783 n-d-791135-8 devstack@c-api.service[114176]: DEBUG cinder.api.middleware.request_id [None req-52a23da7-0809-469f-83bb-611f1662520d None None] RequestId filter calling following filter/app {{(pid=114176) _context_setter /opt/stack/cinder/cinder/api/middleware/request_id.py:62}}
Oct 04 11:10:51.501201 n-d-791135-8 devstack@c-api.service[114176]: INFO cinder.api.openstack.wsgi [None req-52a23da7-0809-469f-83bb-611f1662520d tempest-TaggedBootDevicesTest_v242-1957326435 tempest-TaggedBootDevicesTest_v242-1957326435-project] GET http://10.222.0.23/volume/v3/01c5a71c4dee44e4a726208c616433a6/volumes/45a97701-4e7c-4dd1-83f0-bb83a3d96694
Oct 04 11:10:51.502053 n-d-791135-8 devstack@c-api.service[114176]: DEBUG cinder.api.openstack.wsgi [None req-52a23da7-0809-469f-83bb-611f1662520d tempest-TaggedBootDevicesTest_v242-1957326435 tempest-TaggedBootDevicesTest_v242-1957326435-project] Empty body provided in request {{(pid=114176) get_body /opt/stack/cinder/cinder/api/openstack/wsgi.py:715}}
Oct 04 11:10:51.502687 n-d-791135-8 devstack@c-api.service[114176]: DEBUG cinder.api.openstack.wsgi [None req-52a23da7-0809-469f-83bb-611f1662520d tempest-TaggedBootDevicesTest_v242-1957326435 tempest-TaggedBootDevicesTest_v242-1957326435-project] Calling method 'show' {{(pid=114176) _process_stack /opt/stack/cinder/cinder/api/openstack/wsgi.py:868}}
Oct 04 11:10:51.527837 n-d-791135-8 devstack@c-api.service[114176]: INFO cinder.api.openstack.wsgi [None req-52a23da7-0809-469f-83bb-611f1662520d tempest-TaggedBootDevicesTest_v242-1957326435 tempest-TaggedBootDevicesTest_v242-1957326435-project] http://10.222.0.23/volume/v3/01c5a71c4dee44e4a726208c616433a6/volumes/45a97701-4e7c-4dd1-83f0-bb83a3d96694 returned with HTTP 404
Oct 04 11:10:51.529042 n-d-791135-8 devstack@c-api.service[114176]: [pid: 114176|app: 0|req: 195/384] 10.222.0.23 () {58 vars in 1325 bytes} [Tue Oct 4 11:10:51 2022] GET /volume/v3/01c5a71c4dee44e4a726208c616433a6/volumes/45a97701-4e7c-4dd1-83f0-bb83a3d96694 => generated 109 bytes in 35 msecs (HTTP/1.1 404) 7 headers in 292 bytes (2 switches on core 0)
Oct 04 11:10:55.222577 n-d-791135-8 devstack@c-api.service[114175]: DEBUG cinder.coordination [req-7516c9ae-eb2b-4ec5-83c1-8596f8bbd6a4 req-a41f0ba8-5fe0-45aa-9f18-69d50551f0ad tempest-TaggedBootDevicesTest-726726768 tempest-TaggedBootDevicesTest-726726768-project] Lock "cinder-attachment_update-da6a386a-228d-4c97-9af4-06cf5a24f5f6-n-h1-791135-8" released by "attachment_update" :: held 7.858s {{(pid=114175) _synchronized /opt/stack/cinder/cinder/coordination.py:207}}
Oct 04 11:10:55.224433 n-d-791135-8 devstack@c-api.service[114175]: INFO cinder.api.openstack.wsgi [req-7516c9ae-eb2b-4ec5-83c1-8596f8bbd6a4 req-a41f0ba8-5fe0-45aa-9f18-69d50551f0ad tempest-TaggedBootDevicesTest-726726768 tempest-TaggedBootDevicesTest-726726768-project] http://10.222.0.23/volume/v3/1df6182d03a546539effc445c7d02041/attachments/d3952413-ab9d-4929-8b09-727fe7aec8e7 returned with HTTP 200
Oct 04 11:10:55.226543 n-d-791135-8 devstack@c-api.service[114175]: [pid: 114175|app: 0|req: 190/385] 10.222.0.39 () {64 vars in 1477 bytes} [Tue Oct 4 11:10:47 2022] PUT /volume/v3/1df6182d03a546539effc445c7d02041/attachments/d3952413-ab9d-4929-8b09-727fe7aec8e7 => generated 762 bytes in 7990 msecs (HTTP/1.1 200) 7 headers in 286 bytes (1 switches on core 0)
Oct 04 11:10:55.266655 n-d-791135-8 devstack@c-api.service[114176]: DEBUG cinder.api.middleware.request_id [req-7516c9ae-eb2b-4ec5-83c1-8596f8bbd6a4 req-524b3558-124b-476d-b6f3-8e6399848e71 None None] RequestId filter calling following filter/app {{(pid=114176) _context_setter /opt/stack/cinder/cinder/api/middleware/request_id.py:62}}
Oct 04 11:10:55.272480 n-d-791135-8 devstack@c-api.service[114176]: INFO cinder.api.openstack.wsgi [req-7516c9ae-eb2b-4ec5-83c1-8596f8bbd6a4 req-524b3558-124b-476d-b6f3-8e6399848e71 tempest-TaggedBootDevicesTest-726726768 tempest-TaggedBootDevicesTest-726726768-project] POST http://10.222.0.23/volume/v3/1df6182d03a546539effc445c7d02041/attachments/d3952413-ab9d-4929-8b09-727fe7aec8e7/action
Oct 04 11:10:55.273226 n-d-791135-8 devstack@c-api.service[114176]: DEBUG cinder.api.openstack.wsgi [req-7516c9ae-eb2b-4ec5-83c1-8596f8bbd6a4 req-524b3558-124b-476d-b6f3-8e6399848e71 tempest-TaggedBootDevicesTest-726726768 tempest-TaggedBootDevicesTest-726726768-project] Action body: b'{"os-complete": null}' {{(pid=114176) get_method /opt/stack/cinder/cinder/api/openstack/wsgi.py:983}}
Oct 04 11:10:55.273603 n-d-791135-8 devstack@c-api.service[114176]: DEBUG cinder.api.openstack.wsgi [req-7516c9ae-eb2b-4ec5-83c1-8596f8bbd6a4 req-524b3558-124b-476d-b6f3-8e6399848e71 tempest-TaggedBootDevicesTest-726726768 tempest-TaggedBootDevicesTest-726726768-project] Action: 'action', calling method: complete, body: {"os-complete": null} {{(pid=114176) _process_stack /opt/stack/cinder/cinder/api/openstack/wsgi.py:866}}
Oct 04 11:10:55.363297 n-d-791135-8 devstack@c-api.service[114176]: /usr/local/lib/python3.8/dist-packages/oslo_context/context.py:100: DeprecationWarning: Policy enforcement is depending on the value of is_admin. This key is deprecated. Please update your policy file to use the standard policy values.
Oct 04 11:10:55.363297 n-d-791135-8 devstack@c-api.service[114176]: warnings.warn('Policy enforcement is depending on the value of '
Oct 04 11:10:55.398459 n-d-791135-8 devstack@c-api.service[114176]: INFO cinder.api.openstack.wsgi [req-7516c9ae-eb2b-4ec5-83c1-8596f8bbd6a4 req-524b3558-124b-476d-b6f3-8e6399848e71 tempest-TaggedBootDevicesTest-726726768 tempest-TaggedBootDevicesTest-726726768-project] http://10.222.0.23/volume/v3/1df6182d03a546539effc445c7d02041/attachments/d3952413-ab9d-4929-8b09-727fe7aec8e7/action returned with HTTP 204
Oct 04 11:10:55.399785 n-d-791135-8 devstack@c-api.service[114176]: [pid: 114176|app: 0|req: 196/386] 10.222.0.39 () {64 vars in 1498 bytes} [Tue Oct 4 11:10:55 2022] POST /volume/v3/1df6182d03a546539effc445c7d02041/attachments/d3952413-ab9d-4929-8b09-727fe7aec8e7/action => generated 0 bytes in 134 msecs (HTTP/1.1 204) 7 headers in 292 bytes (1 switches on core 0)
Oct 04 11:10:55.452512 n-d-791135-8 devstack@c-api.service[114175]: DEBUG cinder.api.middleware.request_id [None req-ae7c57f0-1f0c-4995-9e7f-1fbb7ab80d04 None None] RequestId filter calling following filter/app {{(pid=114175) _context_setter /opt/stack/cinder/cinder/api/middleware/request_id.py:62}}
Oct 04 11:10:55.456849 n-d-791135-8 devstack@c-api.service[114175]: INFO cinder.api.openstack.wsgi [None req-ae7c57f0-1f0c-4995-9e7f-1fbb7ab80d04 None None] GET http://10.222.0.23/volume//
Oct 04 11:10:55.457440 n-d-791135-8 devstack@c-api.service[114175]: DEBUG cinder.api.openstack.wsgi [None req-ae7c57f0-1f0c-4995-9e7f-1fbb7ab80d04 None None] Empty body provided in request {{(pid=114175) get_body /opt/stack/cinder/cinder/api/openstack/wsgi.py:715}}
Oct 04 11:10:55.460490 n-d-791135-8 devstack@c-api.service[114175]: DEBUG cinder.api.openstack.wsgi [None req-ae7c57f0-1f0c-4995-9e7f-1fbb7ab80d04 None None] Calling method 'all' {{(pid=114175) _process_stack /opt/stack/cinder/cinder/api/openstack/wsgi.py:868}}
Oct 04 11:10:55.461574 n-d-791135-8 devstack@c-api.service[114175]: INFO cinder.api.openstack.wsgi [None req-ae7c57f0-1f0c-4995-9e7f-1fbb7ab80d04 None None] http://10.222.0.23/volume// returned with HTTP 300
Oct 04 11:10:55.466417 n-d-791135-8 devstack@c-api.service[114175]: [pid: 114175|app: 0|req: 191/387] 10.222.0.39 () {56 vars in 1098 bytes} [Tue Oct 4 11:10:55 2022] GET /volume/ => generated 386 bytes in 17 msecs (HTTP/1.1 300) 7 headers in 299 bytes (1 switches on core 0)
Oct 04 11:10:55.475800 n-d-791135-8 devstack@c-api.service[114176]: DEBUG cinder.api.middleware.request_id [req-7516c9ae-eb2b-4ec5-83c1-8596f8bbd6a4 req-a02b9127-bfa4-45e0-9acd-7e39322fd0b5 None None] RequestId filter calling following filter/app {{(pid=114176) _context_setter /opt/stack/cinder/cinder/api/middleware/request_id.py:62}}
Oct 04 11:10:55.480094 n-d-791135-8 devstack@c-api.service[114176]: INFO cinder.api.openstack.wsgi [req-7516c9ae-eb2b-4ec5-83c1-8596f8bbd6a4 req-a02b9127-bfa4-45e0-9acd-7e39322fd0b5 tempest-TaggedBootDevicesTest-726726768 tempest-TaggedBootDevicesTest-726726768-project] GET http://10.222.0.23/volume/v3/1df6182d03a546539effc445c7d02041/volumes/7ab20f79-ad7f-4ece-9f09-2e7d93683e2c
Oct 04 11:10:55.480637 n-d-791135-8 devstack@c-api.service[114176]: DEBUG cinder.api.openstack.wsgi [req-7516c9ae-eb2b-4ec5-83c1-8596f8bbd6a4 req-a02b9127-bfa4-45e0-9acd-7e39322fd0b5 tempest-TaggedBootDevicesTest-726726768 tempest-TaggedBootDevicesTest-726726768-project] Empty body provided in request {{(pid=114176) get_body /opt/stack/cinder/cinder/api/openstack/wsgi.py:715}}
Oct 04 11:10:55.481384 n-d-791135-8 devstack@c-api.service[114176]: DEBUG cinder.api.openstack.wsgi [req-7516c9ae-eb2b-4ec5-83c1-8596f8bbd6a4 req-a02b9127-bfa4-45e0-9acd-7e39322fd0b5 tempest-TaggedBootDevicesTest-726726768 tempest-TaggedBootDevicesTest-726726768-project] Calling method 'show' {{(pid=114176) _process_stack /opt/stack/cinder/cinder/api/openstack/wsgi.py:868}}
Oct 04 11:10:55.534338 n-d-791135-8 devstack@c-api.service[114176]: /usr/local/lib/python3.8/dist-packages/oslo_context/context.py:100: DeprecationWarning: Policy enforcement is depending on the value of is_admin. This key is deprecated. Please update your policy file to use the standard policy values.
Oct 04 11:10:55.534338 n-d-791135-8 devstack@c-api.service[114176]: warnings.warn('Policy enforcement is depending on the value of '
Oct 04 11:10:55.554031 n-d-791135-8 devstack@c-api.service[114176]: INFO cinder.volume.api [req-7516c9ae-eb2b-4ec5-83c1-8596f8bbd6a4 req-a02b9127-bfa4-45e0-9acd-7e39322fd0b5 tempest-TaggedBootDevicesTest-726726768 tempest-TaggedBootDevicesTest-726726768-project] Volume info retrieved successfully.
Oct 04 11:10:55.575922 n-d-791135-8 devstack@c-api.service[114176]: DEBUG dbcounter [-] [114176] Writing DB stats cinder:SELECT=92,cinder:UPDATE=6,cinder:INSERT=2 {{(pid=114176) stat_writer /usr/local/lib/python3.8/dist-packages/dbcounter.py:114}}
Oct 04 11:10:55.587687 n-d-791135-8 devstack@c-api.service[114176]: INFO cinder.api.openstack.wsgi [req-7516c9ae-eb2b-4ec5-83c1-8596f8bbd6a4 req-a02b9127-bfa4-45e0-9acd-7e39322fd0b5 tempest-TaggedBootDevicesTest-726726768 tempest-TaggedBootDevicesTest-726726768-project] http://10.222.0.23/volume/v3/1df6182d03a546539effc445c7d02041/volumes/7ab20f79-ad7f-4ece-9f09-2e7d93683e2c returned with HTTP 200
Oct 04 11:10:55.589178 n-d-791135-8 devstack@c-api.service[114176]: [pid: 114176|app: 0|req: 197/388] 10.222.0.39 () {60 vars in 1412 bytes} [Tue Oct 4 11:10:55 2022] GET /volume/v3/1df6182d03a546539effc445c7d02041/volumes/7ab20f79-ad7f-4ece-9f09-2e7d93683e2c => generated 1011 bytes in 115 msecs (HTTP/1.1 200) 7 headers in 287 bytes (1 switches on core 0)
Oct 04 11:10:55.606160 n-d-791135-8 devstack@c-api.service[114175]: DEBUG cinder.api.middleware.request_id [req-7516c9ae-eb2b-4ec5-83c1-8596f8bbd6a4 req-94787183-c51c-4b72-bcd4-0513bfe4e163 None None] RequestId filter calling following filter/app {{(pid=114175) _context_setter /opt/stack/cinder/cinder/api/middleware/request_id.py:62}}
Oct 04 11:10:55.613200 n-d-791135-8 devstack@c-api.service[114175]: INFO cinder.api.openstack.wsgi [req-7516c9ae-eb2b-4ec5-83c1-8596f8bbd6a4 req-94787183-c51c-4b72-bcd4-0513bfe4e163 tempest-TaggedBootDevicesTest-726726768 tempest-TaggedBootDevicesTest-726726768-project] PUT http://10.222.0.23/volume/v3/1df6182d03a546539effc445c7d02041/attachments/1a8197a5-ddd6-49ec-b7a0-450eefa842cb
Oct 04 11:10:55.616253 n-d-791135-8 devstack@c-api.service[114175]: DEBUG cinder.api.openstack.wsgi [req-7516c9ae-eb2b-4ec5-83c1-8596f8bbd6a4 req-94787183-c51c-4b72-bcd4-0513bfe4e163 tempest-TaggedBootDevicesTest-726726768 tempest-TaggedBootDevicesTest-726726768-project] Action: 'update', calling method: version_select, body: {"attachment": {"connector": {"platform": "AMD64", "os_type": "win32", "ip": "10.222.0.39", "host": "n-h1-791135-8", "multipath": false, "initiator": "iqn.1991-05.com.microsoft:n-h1-791135-8.cbci-791135-8.local", "mountpoint": "/dev/sdc"}}} {{(pid=114175) _process_stack /opt/stack/cinder/cinder/api/openstack/wsgi.py:866}}
Oct 04 11:10:55.660938 n-d-791135-8 devstack@c-api.service[114175]: DEBUG cinder.coordination [req-7516c9ae-eb2b-4ec5-83c1-8596f8bbd6a4 req-94787183-c51c-4b72-bcd4-0513bfe4e163 tempest-TaggedBootDevicesTest-726726768 tempest-TaggedBootDevicesTest-726726768-project] Acquiring lock "cinder-attachment_update-7ab20f79-ad7f-4ece-9f09-2e7d93683e2c-n-h1-791135-8" by "attachment_update" {{(pid=114175) _synchronized /opt/stack/cinder/cinder/coordination.py:192}}
Oct 04 11:10:55.672371 n-d-791135-8 devstack@c-api.service[114175]: DEBUG cinder.coordination [req-7516c9ae-eb2b-4ec5-83c1-8596f8bbd6a4 req-94787183-c51c-4b72-bcd4-0513bfe4e163 tempest-TaggedBootDevicesTest-726726768 tempest-TaggedBootDevicesTest-726726768-project] Lock "cinder-attachment_update-7ab20f79-ad7f-4ece-9f09-2e7d93683e2c-n-h1-791135-8" acquired by "attachment_update" :: waited 0.012s {{(pid=114175) _synchronized /opt/stack/cinder/cinder/coordination.py:196}}
Oct 04 11:10:55.678959 n-d-791135-8 devstack@c-api.service[114175]: /usr/local/lib/python3.8/dist-packages/oslo_context/context.py:100: DeprecationWarning: Policy enforcement is depending on the value of is_admin. This key is deprecated. Please update your policy file to use the standard policy values.
Oct 04 11:10:55.678959 n-d-791135-8 devstack@c-api.service[114175]: warnings.warn('Policy enforcement is depending on the value of '
