Aug 25 06:05:04.918031 n-d-791135-2 devstack@placement-api.service[107714]: DEBUG placement.objects.research_context [req-54b73f53-c5f7-4362-aaa9-afc7c0aa6294 req-ff8e05bf-6ed0-47e0-8210-013729bcb499 service placement] found 2 providers after filtering by previous result {{(pid=107714) get_provider_ids_matching /opt/stack/placement/placement/objects/research_context.py:594}}
Aug 25 06:05:04.930725 n-d-791135-2 devstack@placement-api.service[107714]: DEBUG placement.objects.allocation_candidate [req-54b73f53-c5f7-4362-aaa9-afc7c0aa6294 req-ff8e05bf-6ed0-47e0-8210-013729bcb499 service placement] RequestGroup(use_same_provider=False, resources={DISK_GB:1, MEMORY_MB:1024, VCPU:1}, traits=(), aggregates=[]) (suffix '') returned 2 matches {{(pid=107714) _get_by_requests /opt/stack/placement/placement/objects/allocation_candidate.py:156}}
Aug 25 06:05:04.931430 n-d-791135-2 devstack@placement-api.service[107714]: DEBUG placement.objects.allocation_candidate [req-54b73f53-c5f7-4362-aaa9-afc7c0aa6294 req-ff8e05bf-6ed0-47e0-8210-013729bcb499 service placement] Merging candidates yields 2 allocation requests and 2 provider summaries {{(pid=107714) _merge_candidates /opt/stack/placement/placement/objects/allocation_candidate.py:809}}
Aug 25 06:05:04.933246 n-d-791135-2 devstack@placement-api.service[107714]: INFO placement.requestlog [req-54b73f53-c5f7-4362-aaa9-afc7c0aa6294 req-ff8e05bf-6ed0-47e0-8210-013729bcb499 service placement] 10.222.0.49 "GET /placement/allocation_candidates?limit=1000&resources=DISK_GB%3A1%2CMEMORY_MB%3A1024%2CVCPU%3A1&root_required=%21COMPUTE_STATUS_DISABLED" status: 200 len: 1309 microversion: 1.36
Aug 25 06:05:04.934144 n-d-791135-2 devstack@placement-api.service[107714]: [pid: 107714|app: 0|req: 77/154] 10.222.0.49 () {60 vars in 1506 bytes} [Thu Aug 25 06:05:04 2022] GET /placement/allocation_candidates?limit=1000&resources=DISK_GB%3A1%2CMEMORY_MB%3A1024%2CVCPU%3A1&root_required=%21COMPUTE_STATUS_DISABLED => generated 1309 bytes in 95 msecs (HTTP/1.1 200) 8 headers in 297 bytes (1 switches on core 0)
Aug 25 06:05:05.089448 n-d-791135-2 devstack@placement-api.service[107713]: DEBUG placement.requestlog [req-54b73f53-c5f7-4362-aaa9-afc7c0aa6294 req-73f20194-6ef9-4e92-bae0-a17c825ac894 None None] Starting request: 10.222.0.49 "GET /placement/allocations/86b4fa21-fa07-4fd0-86ff-09cecce6a6bc" {{(pid=107713) __call__ /opt/stack/placement/placement/requestlog.py:55}}
Aug 25 06:05:05.106805 n-d-791135-2 devstack@placement-api.service[107713]: INFO placement.requestlog [req-54b73f53-c5f7-4362-aaa9-afc7c0aa6294 req-73f20194-6ef9-4e92-bae0-a17c825ac894 service placement] 10.222.0.49 "GET /placement/allocations/86b4fa21-fa07-4fd0-86ff-09cecce6a6bc" status: 200 len: 19 microversion: 1.28
Aug 25 06:05:05.107508 n-d-791135-2 devstack@placement-api.service[107713]: [pid: 107713|app: 0|req: 78/155] 10.222.0.49 () {60 vars in 1380 bytes} [Thu Aug 25 06:05:05 2022] GET /placement/allocations/86b4fa21-fa07-4fd0-86ff-09cecce6a6bc => generated 19 bytes in 18 msecs (HTTP/1.1 200) 8 headers in 295 bytes (1 switches on core 0)
Aug 25 06:05:05.114901 n-d-791135-2 devstack@placement-api.service[107714]: DEBUG placement.requestlog [req-54b73f53-c5f7-4362-aaa9-afc7c0aa6294 req-1a8919f0-6160-43b5-84fd-5dadc8ffd192 None None] Starting request: 10.222.0.49 "PUT /placement/allocations/86b4fa21-fa07-4fd0-86ff-09cecce6a6bc" {{(pid=107714) __call__ /opt/stack/placement/placement/requestlog.py:55}}
Aug 25 06:05:05.157334 n-d-791135-2 devstack@placement-api.service[107714]: DEBUG dbcounter [-] [107714] Writing DB stats placement:SELECT=78,placement:DELETE=7,placement:UPDATE=7,placement:INSERT=8 {{(pid=107714) stat_writer /usr/local/lib/python3.8/dist-packages/dbcounter.py:114}}
Aug 25 06:05:05.237877 n-d-791135-2 devstack@placement-api.service[107714]: DEBUG placement.handlers.allocation [req-54b73f53-c5f7-4362-aaa9-afc7c0aa6294 req-1a8919f0-6160-43b5-84fd-5dadc8ffd192 service placement] Successfully wrote allocations [, , ] {{(pid=107714) _update_consumers_and_create_allocations /opt/stack/placement/placement/handlers/allocation.py:462}}
Aug 25 06:05:05.245308 n-d-791135-2 devstack@placement-api.service[107714]: INFO placement.requestlog [req-54b73f53-c5f7-4362-aaa9-afc7c0aa6294 req-1a8919f0-6160-43b5-84fd-5dadc8ffd192 service placement] 10.222.0.49 "PUT /placement/allocations/86b4fa21-fa07-4fd0-86ff-09cecce6a6bc" status: 204 len: 0 microversion: 1.36
Aug 25 06:05:05.245966 n-d-791135-2 devstack@placement-api.service[107714]: [pid: 107714|app: 0|req: 78/156] 10.222.0.49 () {64 vars in 1433 bytes} [Thu Aug 25 06:05:05 2022] PUT /placement/allocations/86b4fa21-fa07-4fd0-86ff-09cecce6a6bc => generated 0 bytes in 132 msecs (HTTP/1.1 204) 5 headers in 199 bytes (2 switches on core 0)
Aug 25 06:05:05.806666 n-d-791135-2 devstack@placement-api.service[107713]: DEBUG placement.requestlog [req-54b73f53-c5f7-4362-aaa9-afc7c0aa6294 req-44bafd1f-8d68-4948-a14c-b8ae15b35690 None None] Starting request: 10.222.0.57 "GET /placement/allocations/86b4fa21-fa07-4fd0-86ff-09cecce6a6bc" {{(pid=107713) __call__ /opt/stack/placement/placement/requestlog.py:55}}
Aug 25 06:05:05.839147 n-d-791135-2 devstack@placement-api.service[107713]: INFO placement.requestlog [req-54b73f53-c5f7-4362-aaa9-afc7c0aa6294 req-44bafd1f-8d68-4948-a14c-b8ae15b35690 service placement] 10.222.0.57 "GET /placement/allocations/86b4fa21-fa07-4fd0-86ff-09cecce6a6bc" status: 200 len: 259 microversion: 1.28
Aug 25 06:05:05.840517 n-d-791135-2 devstack@placement-api.service[107713]: [pid: 107713|app: 0|req: 79/157] 10.222.0.57 () {60 vars in 1377 bytes} [Thu Aug 25 06:05:05 2022] GET /placement/allocations/86b4fa21-fa07-4fd0-86ff-09cecce6a6bc => generated 259 bytes in 33 msecs (HTTP/1.1 200) 8 headers in 296 bytes (1 switches on core 0)
Aug 25 06:05:11.918463 n-d-791135-2 devstack@placement-api.service[107714]: DEBUG placement.requestlog [req-9e903ac5-e92c-4fc2-93e7-46ca313bd8ba req-9b02f77c-d9d5-45d0-ae66-bb45445ece89 None None] Starting request: 10.222.0.57 "GET /placement/resource_providers/1356aac3-b9b8-44e1-b5bd-5ffa946449c8/allocations" {{(pid=107714) __call__ /opt/stack/placement/placement/requestlog.py:55}}
Aug 25 06:05:11.964562 n-d-791135-2 devstack@placement-api.service[107714]: INFO placement.requestlog [req-9e903ac5-e92c-4fc2-93e7-46ca313bd8ba req-9b02f77c-d9d5-45d0-ae66-bb45445ece89 service placement] 10.222.0.57 "GET /placement/resource_providers/1356aac3-b9b8-44e1-b5bd-5ffa946449c8/allocations" status: 200 len: 457 microversion: 1.0
Aug 25 06:05:11.965847 n-d-791135-2 devstack@placement-api.service[107714]: [pid: 107714|app: 0|req: 79/158] 10.222.0.57 () {58 vars in 1390 bytes} [Thu Aug 25 06:05:11 2022] GET /placement/resource_providers/1356aac3-b9b8-44e1-b5bd-5ffa946449c8/allocations => generated 457 bytes in 48 msecs (HTTP/1.1 200) 6 headers in 224 bytes (1 switches on core 0)
Aug 25 06:05:13.044616 n-d-791135-2 devstack@placement-api.service[107713]: DEBUG placement.requestlog [req-3b0c2468-a30e-48f9-a19c-bbcf2d6719e0 req-90767fcd-2808-473d-bbc6-4a40cfcc4b05 None None] Starting request: 10.222.0.18 "GET /placement/resource_providers/edcce3f4-3a5e-4b6f-8c36-7f91e27687f4/allocations" {{(pid=107713) __call__ /opt/stack/placement/placement/requestlog.py:55}}
Aug 25 06:05:13.087237 n-d-791135-2 devstack@placement-api.service[107713]: INFO placement.requestlog [req-3b0c2468-a30e-48f9-a19c-bbcf2d6719e0 req-90767fcd-2808-473d-bbc6-4a40cfcc4b05 service placement] 10.222.0.18 "GET /placement/resource_providers/edcce3f4-3a5e-4b6f-8c36-7f91e27687f4/allocations" status: 200 len: 659 microversion: 1.0
Aug 25 06:05:13.087927 n-d-791135-2 devstack@placement-api.service[107713]: [pid: 107713|app: 0|req: 80/159] 10.222.0.18 () {58 vars in 1390 bytes} [Thu Aug 25 06:05:13 2022] GET /placement/resource_providers/edcce3f4-3a5e-4b6f-8c36-7f91e27687f4/allocations => generated 659 bytes in 43 msecs (HTTP/1.1 200) 6 headers in 224 bytes (1 switches on core 0)
Aug 25 06:05:13.279138 n-d-791135-2 devstack@placement-api.service[107714]: DEBUG placement.requestlog [None req-9144bd18-4b3a-40ba-885f-8272667a2a12 None None] Starting request: 10.222.0.49 "GET /placement/resource_providers/cf3e8193-bdb2-4659-aff1-0e3727a0d682/aggregates" {{(pid=107714) __call__ /opt/stack/placement/placement/requestlog.py:55}}
Aug 25 06:05:13.449407 n-d-791135-2 devstack@placement-api.service[107714]: INFO placement.requestlog [None req-9144bd18-4b3a-40ba-885f-8272667a2a12 service placement] 10.222.0.49 "GET /placement/resource_providers/cf3e8193-bdb2-4659-aff1-0e3727a0d682/aggregates" status: 404 len: 235 microversion: 1.1
Aug 25 06:05:13.450577 n-d-791135-2 devstack@placement-api.service[107714]: [pid: 107714|app: 0|req: 80/160] 10.222.0.49 () {58 vars in 1362 bytes} [Thu Aug 25 06:05:13 2022] GET /placement/resource_providers/cf3e8193-bdb2-4659-aff1-0e3727a0d682/aggregates => generated 235 bytes in 172 msecs (HTTP/1.1 404) 5 headers in 202 bytes (1 switches on core 0)
Aug 25 06:05:13.459625 n-d-791135-2 devstack@placement-api.service[107713]: DEBUG placement.requestlog [None req-f6d9d9a4-d7ff-45dc-8712-63ec9ab53ab6 None None] Starting request: 10.222.0.49 "DELETE /placement/resource_providers/cf3e8193-bdb2-4659-aff1-0e3727a0d682" {{(pid=107713) __call__ /opt/stack/placement/placement/requestlog.py:55}}
Aug 25 06:05:13.470858 n-d-791135-2 devstack@placement-api.service[107713]: DEBUG placement.wsgi_wrapper [None req-f6d9d9a4-d7ff-45dc-8712-63ec9ab53ab6 service placement] Placement API returning an error response: No resource provider with uuid cf3e8193-bdb2-4659-aff1-0e3727a0d682 found for delete {{(pid=107713) call_func /opt/stack/placement/placement/wsgi_wrapper.py:31}}
Aug 25 06:05:13.472824 n-d-791135-2 devstack@placement-api.service[107713]: INFO placement.requestlog [None req-f6d9d9a4-d7ff-45dc-8712-63ec9ab53ab6 service placement] 10.222.0.49 "DELETE /placement/resource_providers/cf3e8193-bdb2-4659-aff1-0e3727a0d682" status: 404 len: 246 microversion: 1.1
Aug 25 06:05:13.474349 n-d-791135-2 devstack@placement-api.service[107713]: [pid: 107713|app: 0|req: 81/161] 10.222.0.49 () {60 vars in 1351 bytes} [Thu Aug 25 06:05:13 2022] DELETE /placement/resource_providers/cf3e8193-bdb2-4659-aff1-0e3727a0d682 => generated 246 bytes in 15 msecs (HTTP/1.1 404) 6 headers in 231 bytes (1 switches on core 0)
Aug 25 06:05:16.492916 n-d-791135-2 devstack@placement-api.service[107714]: DEBUG placement.requestlog [req-8dca8727-7d02-418b-aeb9-e09386e37bf9 req-aa4317eb-a642-473a-8d8d-5b060d901a58 None None] Starting request: 10.222.0.49 "GET /placement/allocation_candidates?limit=1000&resources=DISK_GB%3A2%2CMEMORY_MB%3A1024%2CVCPU%3A1&root_required=%21COMPUTE_STATUS_DISABLED" {{(pid=107714) __call__ /opt/stack/placement/placement/requestlog.py:55}}
Aug 25 06:05:16.586137 n-d-791135-2 devstack@placement-api.service[107714]: DEBUG placement.objects.research_context [req-8dca8727-7d02-418b-aeb9-e09386e37bf9 req-aa4317eb-a642-473a-8d8d-5b060d901a58 service placement] getting providers with 2 DISK_GB {{(pid=107714) __init__ /opt/stack/placement/placement/objects/research_context.py:136}}
Aug 25 06:05:16.593181 n-d-791135-2 devstack@placement-api.service[107714]: DEBUG placement.objects.research_context [req-8dca8727-7d02-418b-aeb9-e09386e37bf9 req-aa4317eb-a642-473a-8d8d-5b060d901a58 service placement] getting providers with 1024 MEMORY_MB {{(pid=107714) __init__ /opt/stack/placement/placement/objects/research_context.py:136}}
Aug 25 06:05:16.599319 n-d-791135-2 devstack@placement-api.service[107714]: DEBUG placement.objects.research_context [req-8dca8727-7d02-418b-aeb9-e09386e37bf9 req-aa4317eb-a642-473a-8d8d-5b060d901a58 service placement] getting providers with 1 VCPU {{(pid=107714) __init__ /opt/stack/placement/placement/objects/research_context.py:136}}
Aug 25 06:05:16.610869 n-d-791135-2 devstack@placement-api.service[107714]: DEBUG placement.objects.research_context [req-8dca8727-7d02-418b-aeb9-e09386e37bf9 req-aa4317eb-a642-473a-8d8d-5b060d901a58 service placement] found 2 providers with available 2 DISK_GB {{(pid=107714) get_provider_ids_matching /opt/stack/placement/placement/objects/research_context.py:563}}
Aug 25 06:05:16.611158 n-d-791135-2 devstack@placement-api.service[107714]: DEBUG placement.objects.research_context [req-8dca8727-7d02-418b-aeb9-e09386e37bf9 req-aa4317eb-a642-473a-8d8d-5b060d901a58 service placement] found 2 providers with available 1024 MEMORY_MB {{(pid=107714) get_provider_ids_matching /opt/stack/placement/placement/objects/research_context.py:563}}
Aug 25 06:05:16.611474 n-d-791135-2 devstack@placement-api.service[107714]: DEBUG placement.objects.research_context [req-8dca8727-7d02-418b-aeb9-e09386e37bf9 req-aa4317eb-a642-473a-8d8d-5b060d901a58 service placement] found 2 providers after filtering by previous result {{(pid=107714) get_provider_ids_matching /opt/stack/placement/placement/objects/research_context.py:594}}
Aug 25 06:05:16.611922 n-d-791135-2 devstack@placement-api.service[107714]: DEBUG placement.objects.research_context [req-8dca8727-7d02-418b-aeb9-e09386e37bf9 req-aa4317eb-a642-473a-8d8d-5b060d901a58 service placement] found 2 providers with available 1 VCPU {{(pid=107714) get_provider_ids_matching /opt/stack/placement/placement/objects/research_context.py:563}}
Aug 25 06:05:16.612184 n-d-791135-2 devstack@placement-api.service[107714]: DEBUG placement.objects.research_context [req-8dca8727-7d02-418b-aeb9-e09386e37bf9 req-aa4317eb-a642-473a-8d8d-5b060d901a58 service placement] found 2 providers after filtering by previous result {{(pid=107714) get_provider_ids_matching /opt/stack/placement/placement/objects/research_context.py:594}}
Aug 25 06:05:16.625028 n-d-791135-2 devstack@placement-api.service[107714]: DEBUG placement.objects.allocation_candidate [req-8dca8727-7d02-418b-aeb9-e09386e37bf9 req-aa4317eb-a642-473a-8d8d-5b060d901a58 service placement] RequestGroup(use_same_provider=False, resources={DISK_GB:2, MEMORY_MB:1024, VCPU:1}, traits=(), aggregates=[]) (suffix '') returned 2 matches {{(pid=107714) _get_by_requests /opt/stack/placement/placement/objects/allocation_candidate.py:156}}
Aug 25 06:05:16.625781 n-d-791135-2 devstack@placement-api.service[107714]: DEBUG placement.objects.allocation_candidate [req-8dca8727-7d02-418b-aeb9-e09386e37bf9 req-aa4317eb-a642-473a-8d8d-5b060d901a58 service placement] Merging candidates yields 2 allocation requests and 2 provider summaries {{(pid=107714) _merge_candidates /opt/stack/placement/placement/objects/allocation_candidate.py:809}}
Aug 25 06:05:16.627722 n-d-791135-2 devstack@placement-api.service[107714]: INFO placement.requestlog [req-8dca8727-7d02-418b-aeb9-e09386e37bf9 req-aa4317eb-a642-473a-8d8d-5b060d901a58 service placement] 10.222.0.49 "GET /placement/allocation_candidates?limit=1000&resources=DISK_GB%3A2%2CMEMORY_MB%3A1024%2CVCPU%3A1&root_required=%21COMPUTE_STATUS_DISABLED" status: 200 len: 1309 microversion: 1.36
Aug 25 06:05:16.628782 n-d-791135-2 devstack@placement-api.service[107714]: [pid: 107714|app: 0|req: 81/162] 10.222.0.49 () {60 vars in 1506 bytes} [Thu Aug 25 06:05:16 2022] GET /placement/allocation_candidates?limit=1000&resources=DISK_GB%3A2%2CMEMORY_MB%3A1024%2CVCPU%3A1&root_required=%21COMPUTE_STATUS_DISABLED => generated 1309 bytes in 136 msecs (HTTP/1.1 200) 8 headers in 297 bytes (1 switches on core 0)
Aug 25 06:05:16.720819 n-d-791135-2 devstack@placement-api.service[107713]: DEBUG placement.requestlog [req-8dca8727-7d02-418b-aeb9-e09386e37bf9 req-0c1b4f27-7709-45b4-b170-cab2ded91044 None None] Starting request: 10.222.0.49 "GET /placement/allocations/2e5b4150-9008-4ce6-a96d-9d9925fe8f61" {{(pid=107713) __call__ /opt/stack/placement/placement/requestlog.py:55}}
Aug 25 06:05:16.734048 n-d-791135-2 devstack@placement-api.service[107713]: INFO placement.requestlog [req-8dca8727-7d02-418b-aeb9-e09386e37bf9 req-0c1b4f27-7709-45b4-b170-cab2ded91044 service placement] 10.222.0.49 "GET /placement/allocations/2e5b4150-9008-4ce6-a96d-9d9925fe8f61" status: 200 len: 19 microversion: 1.28
Aug 25 06:05:16.741497 n-d-791135-2 devstack@placement-api.service[107713]: [pid: 107713|app: 0|req: 82/163] 10.222.0.49 () {60 vars in 1380 bytes} [Thu Aug 25 06:05:16 2022] GET /placement/allocations/2e5b4150-9008-4ce6-a96d-9d9925fe8f61 => generated 19 bytes in 21 msecs (HTTP/1.1 200) 8 headers in 295 bytes (1 switches on core 0)
Aug 25 06:05:16.742386 n-d-791135-2 devstack@placement-api.service[107714]: DEBUG placement.requestlog [req-8dca8727-7d02-418b-aeb9-e09386e37bf9 req-f197a949-689f-400c-bfff-0a36b37c0b34 None None] Starting request: 10.222.0.49 "PUT /placement/allocations/2e5b4150-9008-4ce6-a96d-9d9925fe8f61" {{(pid=107714) __call__ /opt/stack/placement/placement/requestlog.py:55}}
Aug 25 06:05:16.862041 n-d-791135-2 devstack@placement-api.service[107714]: DEBUG placement.handlers.allocation [req-8dca8727-7d02-418b-aeb9-e09386e37bf9 req-f197a949-689f-400c-bfff-0a36b37c0b34 service placement] Successfully wrote allocations [, , ] {{(pid=107714) _update_consumers_and_create_allocations /opt/stack/placement/placement/handlers/allocation.py:462}}
Aug 25 06:05:16.867822 n-d-791135-2 devstack@placement-api.service[107714]: INFO placement.requestlog [req-8dca8727-7d02-418b-aeb9-e09386e37bf9 req-f197a949-689f-400c-bfff-0a36b37c0b34 service placement] 10.222.0.49 "PUT /placement/allocations/2e5b4150-9008-4ce6-a96d-9d9925fe8f61" status: 204 len: 0 microversion: 1.36
Aug 25 06:05:16.868604 n-d-791135-2 devstack@placement-api.service[107714]: [pid: 107714|app: 0|req: 82/164] 10.222.0.49 () {64 vars in 1433 bytes} [Thu Aug 25 06:05:16 2022] PUT /placement/allocations/2e5b4150-9008-4ce6-a96d-9d9925fe8f61 => generated 0 bytes in 127 msecs (HTTP/1.1 204) 5 headers in 199 bytes (1 switches on core 0)
Aug 25 06:05:17.362230 n-d-791135-2 devstack@placement-api.service[107713]: DEBUG placement.requestlog [req-8dca8727-7d02-418b-aeb9-e09386e37bf9 req-3681ea16-9aaf-46ed-8aad-73f64873b0e1 None None] Starting request: 10.222.0.18 "GET /placement/allocations/2e5b4150-9008-4ce6-a96d-9d9925fe8f61" {{(pid=107713) __call__ /opt/stack/placement/placement/requestlog.py:55}}
Aug 25 06:05:17.387131 n-d-791135-2 devstack@placement-api.service[107713]: INFO placement.requestlog [req-8dca8727-7d02-418b-aeb9-e09386e37bf9 req-3681ea16-9aaf-46ed-8aad-73f64873b0e1 service placement] 10.222.0.18 "GET /placement/allocations/2e5b4150-9008-4ce6-a96d-9d9925fe8f61" status: 200 len: 259 microversion: 1.28
Aug 25 06:05:17.390198 n-d-791135-2 devstack@placement-api.service[107713]: [pid: 107713|app: 0|req: 83/165] 10.222.0.18 () {60 vars in 1377 bytes} [Thu Aug 25 06:05:17 2022] GET /placement/allocations/2e5b4150-9008-4ce6-a96d-9d9925fe8f61 => generated 259 bytes in 28 msecs (HTTP/1.1 200) 8 headers in 296 bytes (1 switches on core 0)
Aug 25 06:05:19.020950 n-d-791135-2 devstack@placement-api.service[107714]: DEBUG placement.requestlog [None req-2899294f-453b-46f4-8f1c-15f9727fd291 None None] Starting request: 10.222.0.49 "GET /placement/resource_providers/e9b6fb3a-6c3f-4614-a99c-515e4df7a267/aggregates" {{(pid=107714) __call__ /opt/stack/placement/placement/requestlog.py:55}}
Aug 25 06:05:19.116266 n-d-791135-2 devstack@placement-api.service[107714]: INFO placement.requestlog [None req-2899294f-453b-46f4-8f1c-15f9727fd291 service placement] 10.222.0.49 "GET /placement/resource_providers/e9b6fb3a-6c3f-4614-a99c-515e4df7a267/aggregates" status: 404 len: 235 microversion: 1.1
Aug 25 06:05:19.117329 n-d-791135-2 devstack@placement-api.service[107714]: [pid: 107714|app: 0|req: 83/166] 10.222.0.49 () {58 vars in 1362 bytes} [Thu Aug 25 06:05:19 2022] GET /placement/resource_providers/e9b6fb3a-6c3f-4614-a99c-515e4df7a267/aggregates => generated 235 bytes in 97 msecs (HTTP/1.1 404) 5 headers in 202 bytes (1 switches on core 0)
Aug 25 06:05:19.133697 n-d-791135-2 devstack@placement-api.service[107713]: DEBUG placement.requestlog [None req-eebc16b2-282a-4cf6-b66c-ac400cb80c15 None None] Starting request: 10.222.0.49 "DELETE /placement/resource_providers/e9b6fb3a-6c3f-4614-a99c-515e4df7a267" {{(pid=107713) __call__ /opt/stack/placement/placement/requestlog.py:55}}
Aug 25 06:05:19.159668 n-d-791135-2 devstack@placement-api.service[107713]: DEBUG placement.wsgi_wrapper [None req-eebc16b2-282a-4cf6-b66c-ac400cb80c15 service placement] Placement API returning an error response: No resource provider with uuid e9b6fb3a-6c3f-4614-a99c-515e4df7a267 found for delete {{(pid=107713) call_func /opt/stack/placement/placement/wsgi_wrapper.py:31}}
Aug 25 06:05:19.161640 n-d-791135-2 devstack@placement-api.service[107713]: INFO placement.requestlog [None req-eebc16b2-282a-4cf6-b66c-ac400cb80c15 service placement] 10.222.0.49 "DELETE /placement/resource_providers/e9b6fb3a-6c3f-4614-a99c-515e4df7a267" status: 404 len: 246 microversion: 1.1
Aug 25 06:05:19.162488 n-d-791135-2 devstack@placement-api.service[107713]: [pid: 107713|app: 0|req: 84/167] 10.222.0.49 () {60 vars in 1351 bytes} [Thu Aug 25 06:05:19 2022] DELETE /placement/resource_providers/e9b6fb3a-6c3f-4614-a99c-515e4df7a267 => generated 246 bytes in 29 msecs (HTTP/1.1 404) 6 headers in 231 bytes (2 switches on core 0)
Aug 25 06:05:23.121582 n-d-791135-2 devstack@placement-api.service[107714]: DEBUG placement.requestlog [req-31016295-b3e6-42da-b8a5-5ae3ad702732 req-e7f7c9af-610c-4e1b-afc4-01d95ab01348 None None] Starting request: 10.222.0.57 "GET /placement/allocations/e438bf33-a64f-41f8-919a-70631b7a7e2e" {{(pid=107714) __call__ /opt/stack/placement/placement/requestlog.py:55}}
Aug 25 06:05:23.137999 n-d-791135-2 devstack@placement-api.service[107714]: INFO placement.requestlog [req-31016295-b3e6-42da-b8a5-5ae3ad702732 req-e7f7c9af-610c-4e1b-afc4-01d95ab01348 service placement] 10.222.0.57 "GET /placement/allocations/e438bf33-a64f-41f8-919a-70631b7a7e2e" status: 200 len: 259 microversion: 1.28
Aug 25 06:05:23.138702 n-d-791135-2 devstack@placement-api.service[107714]: [pid: 107714|app: 0|req: 84/168] 10.222.0.57 () {60 vars in 1377 bytes} [Thu Aug 25 06:05:23 2022] GET /placement/allocations/e438bf33-a64f-41f8-919a-70631b7a7e2e => generated 259 bytes in 17 msecs (HTTP/1.1 200) 8 headers in 296 bytes (2 switches on core 0)
Aug 25 06:05:24.160864 n-d-791135-2 devstack@placement-api.service[107713]: DEBUG placement.requestlog [req-7612dd80-088d-4ed8-82c6-79c52c30a6e3 req-cb221353-3565-40bb-b05a-2649eaeae2e4 None None] Starting request: 10.222.0.49 "GET /placement/allocations/86b4fa21-fa07-4fd0-86ff-09cecce6a6bc" {{(pid=107713) __call__ /opt/stack/placement/placement/requestlog.py:55}}
Aug 25 06:05:24.179525 n-d-791135-2 devstack@placement-api.service[107713]: INFO placement.requestlog [req-7612dd80-088d-4ed8-82c6-79c52c30a6e3 req-cb221353-3565-40bb-b05a-2649eaeae2e4 service placement] 10.222.0.49 "GET /placement/allocations/86b4fa21-fa07-4fd0-86ff-09cecce6a6bc" status: 200 len: 259 microversion: 1.28
Aug 25 06:05:24.179924 n-d-791135-2 devstack@placement-api.service[107713]: [pid: 107713|app: 0|req: 85/169] 10.222.0.49 () {60 vars in 1380 bytes} [Thu Aug 25 06:05:24 2022] GET /placement/allocations/86b4fa21-fa07-4fd0-86ff-09cecce6a6bc => generated 259 bytes in 19 msecs (HTTP/1.1 200) 8 headers in 296 bytes (1 switches on core 0)
Aug 25 06:05:24.186693 n-d-791135-2 devstack@placement-api.service[107714]: DEBUG placement.requestlog [req-7612dd80-088d-4ed8-82c6-79c52c30a6e3 req-de3bc182-ef8a-4f98-bf3f-eff8fb60c926 None None] Starting request: 10.222.0.49 "GET /placement/allocations/86b4fa21-fa07-4fd0-86ff-09cecce6a6bc" {{(pid=107714) __call__ /opt/stack/placement/placement/requestlog.py:55}}
Aug 25 06:05:24.211841 n-d-791135-2 devstack@placement-api.service[107714]: INFO placement.requestlog [req-7612dd80-088d-4ed8-82c6-79c52c30a6e3 req-de3bc182-ef8a-4f98-bf3f-eff8fb60c926 service placement] 10.222.0.49 "GET /placement/allocations/86b4fa21-fa07-4fd0-86ff-09cecce6a6bc" status: 200 len: 259 microversion: 1.28
Aug 25 06:05:24.218581 n-d-791135-2 devstack@placement-api.service[107714]: [pid: 107714|app: 0|req: 85/170] 10.222.0.49 () {60 vars in 1380 bytes} [Thu Aug 25 06:05:24 2022] GET /placement/allocations/86b4fa21-fa07-4fd0-86ff-09cecce6a6bc => generated 259 bytes in 32 msecs (HTTP/1.1 200) 8 headers in 296 bytes (1 switches on core 0)
Aug 25 06:05:24.219202 n-d-791135-2 devstack@placement-api.service[107713]: DEBUG placement.requestlog [req-7612dd80-088d-4ed8-82c6-79c52c30a6e3 req-b13c8412-589e-441f-b3a2-3a2362eb6e9c None None] Starting request: 10.222.0.49 "GET /placement/allocations/909bb002-7204-41ae-b9bd-face84d5ef82" {{(pid=107713) __call__ /opt/stack/placement/placement/requestlog.py:55}}
Aug 25 06:05:24.232105 n-d-791135-2 devstack@placement-api.service[107713]: INFO placement.requestlog [req-7612dd80-088d-4ed8-82c6-79c52c30a6e3 req-b13c8412-589e-441f-b3a2-3a2362eb6e9c service placement] 10.222.0.49 "GET /placement/allocations/909bb002-7204-41ae-b9bd-face84d5ef82" status: 200 len: 19 microversion: 1.28
Aug 25 06:05:24.232772 n-d-791135-2 devstack@placement-api.service[107713]: [pid: 107713|app: 0|req: 86/171] 10.222.0.49 () {60 vars in 1380 bytes} [Thu Aug 25 06:05:24 2022] GET /placement/allocations/909bb002-7204-41ae-b9bd-face84d5ef82 => generated 19 bytes in 15 msecs (HTTP/1.1 200) 8 headers in 295 bytes (2 switches on core 0)
Aug 25 06:05:24.240805 n-d-791135-2 devstack@placement-api.service[107714]: DEBUG placement.requestlog [req-7612dd80-088d-4ed8-82c6-79c52c30a6e3 req-18f6781e-ad5e-4042-a60d-742aa19c3131 None None] Starting request: 10.222.0.49 "POST /placement/allocations" {{(pid=107714) __call__ /opt/stack/placement/placement/requestlog.py:55}}
Aug 25 06:05:24.350645 n-d-791135-2 devstack@placement-api.service[107714]: DEBUG dbcounter [-] [107714] Writing DB stats placement:SELECT=75,placement:INSERT=12,placement:DELETE=6,placement:UPDATE=7 {{(pid=107714) stat_writer /usr/local/lib/python3.8/dist-packages/dbcounter.py:114}}
Aug 25 06:05:24.353264 n-d-791135-2 devstack@placement-api.service[107714]: DEBUG placement.handlers.allocation [req-7612dd80-088d-4ed8-82c6-79c52c30a6e3 req-18f6781e-ad5e-4042-a60d-742aa19c3131 service placement] Successfully wrote allocations [, , , , , ] {{(pid=107714) _update_consumers_and_create_allocations /opt/stack/placement/placement/handlers/allocation.py:572}}
Aug 25 06:05:24.364951 n-d-791135-2 devstack@placement-api.service[107714]: INFO placement.requestlog [req-7612dd80-088d-4ed8-82c6-79c52c30a6e3 req-18f6781e-ad5e-4042-a60d-742aa19c3131 service placement] 10.222.0.49 "POST /placement/allocations" status: 204 len: 0 microversion: 1.28
Aug 25 06:05:24.366352 n-d-791135-2 devstack@placement-api.service[107714]: [pid: 107714|app: 0|req: 86/172] 10.222.0.49 () {64 vars in 1323 bytes} [Thu Aug 25 06:05:24 2022] POST /placement/allocations => generated 0 bytes in 125 msecs (HTTP/1.1 204) 5 headers in 199 bytes (1 switches on core 0)
Aug 25 06:05:24.739660 n-d-791135-2 devstack@placement-api.service[107713]: DEBUG placement.requestlog [req-79fe8b8d-c798-42df-ae6b-35aa1971a807 req-20296883-9cc2-48c2-937b-2308c611a852 None None] Starting request: 10.222.0.18 "DELETE /placement/allocations/26430e49-a332-4a66-9c7b-c13e0e0dcf46" {{(pid=107713) __call__ /opt/stack/placement/placement/requestlog.py:55}}
Aug 25 06:05:24.789322 n-d-791135-2 devstack@placement-api.service[107713]: DEBUG placement.handlers.allocation [req-79fe8b8d-c798-42df-ae6b-35aa1971a807 req-20296883-9cc2-48c2-937b-2308c611a852 service placement] Successfully deleted allocations [, , ] {{(pid=107713) delete_allocations /opt/stack/placement/placement/handlers/allocation.py:627}}
Aug 25 06:05:24.791007 n-d-791135-2 devstack@placement-api.service[107713]: INFO placement.requestlog [req-79fe8b8d-c798-42df-ae6b-35aa1971a807 req-20296883-9cc2-48c2-937b-2308c611a852 service placement] 10.222.0.18 "DELETE /placement/allocations/26430e49-a332-4a66-9c7b-c13e0e0dcf46" status: 204 len: 0 microversion: 1.0
Aug 25 06:05:24.793483 n-d-791135-2 devstack@placement-api.service[107713]: [pid: 107713|app: 0|req: 87/173] 10.222.0.18 () {60 vars in 1355 bytes} [Thu Aug 25 06:05:24 2022] DELETE /placement/allocations/26430e49-a332-4a66-9c7b-c13e0e0dcf46 => generated 0 bytes in 54 msecs (HTTP/1.1 204) 5 headers in 198 bytes (1 switches on core 0)
Aug 25 06:05:24.994203 n-d-791135-2 devstack@placement-api.service[107714]: DEBUG placement.requestlog [req-7612dd80-088d-4ed8-82c6-79c52c30a6e3 req-cf257ddd-6cbc-4aa3-b806-edc421258bd3 None None] Starting request: 10.222.0.49 "GET /placement/allocation_candidates?limit=1000&resources=DISK_GB%3A1%2CMEMORY_MB%3A512%2CVCPU%3A1&root_required=%21COMPUTE_STATUS_DISABLED" {{(pid=107714) __call__ /opt/stack/placement/placement/requestlog.py:55}}
Aug 25 06:05:25.086566 n-d-791135-2 devstack@placement-api.service[107714]: DEBUG placement.objects.research_context [req-7612dd80-088d-4ed8-82c6-79c52c30a6e3 req-cf257ddd-6cbc-4aa3-b806-edc421258bd3 service placement] getting providers with 1 DISK_GB {{(pid=107714) __init__ /opt/stack/placement/placement/objects/research_context.py:136}}
Aug 25 06:05:25.104486 n-d-791135-2 devstack@placement-api.service[107714]: DEBUG placement.objects.research_context [req-7612dd80-088d-4ed8-82c6-79c52c30a6e3 req-cf257ddd-6cbc-4aa3-b806-edc421258bd3 service placement] getting providers with 512 MEMORY_MB {{(pid=107714) __init__ /opt/stack/placement/placement/objects/research_context.py:136}}
Aug 25 06:05:25.114244 n-d-791135-2 devstack@placement-api.service[107714]: DEBUG placement.objects.research_context [req-7612dd80-088d-4ed8-82c6-79c52c30a6e3 req-cf257ddd-6cbc-4aa3-b806-edc421258bd3 service placement] getting providers with 1 VCPU {{(pid=107714) __init__ /opt/stack/placement/placement/objects/research_context.py:136}}
Aug 25 06:05:25.121107 n-d-791135-2 devstack@placement-api.service[107714]: DEBUG placement.objects.research_context [req-7612dd80-088d-4ed8-82c6-79c52c30a6e3 req-cf257ddd-6cbc-4aa3-b806-edc421258bd3 service placement] found 2 providers with available 1 DISK_GB {{(pid=107714) get_provider_ids_matching /opt/stack/placement/placement/objects/research_context.py:563}}
Aug 25 06:05:25.123272 n-d-791135-2 devstack@placement-api.service[107714]: DEBUG placement.objects.research_context [req-7612dd80-088d-4ed8-82c6-79c52c30a6e3 req-cf257ddd-6cbc-4aa3-b806-edc421258bd3 service placement] found 2 providers with available 512 MEMORY_MB {{(pid=107714) get_provider_ids_matching /opt/stack/placement/placement/objects/research_context.py:563}}
Aug 25 06:05:25.123778 n-d-791135-2 devstack@placement-api.service[107714]: DEBUG placement.objects.research_context [req-7612dd80-088d-4ed8-82c6-79c52c30a6e3 req-cf257ddd-6cbc-4aa3-b806-edc421258bd3 service placement] found 2 providers after filtering by previous result {{(pid=107714) get_provider_ids_matching /opt/stack/placement/placement/objects/research_context.py:594}}
Aug 25 06:05:25.124487 n-d-791135-2 devstack@placement-api.service[107714]: DEBUG placement.objects.research_context [req-7612dd80-088d-4ed8-82c6-79c52c30a6e3 req-cf257ddd-6cbc-4aa3-b806-edc421258bd3 service placement] found 2 providers with available 1 VCPU {{(pid=107714) get_provider_ids_matching /opt/stack/placement/placement/objects/research_context.py:563}}
Aug 25 06:05:25.126220 n-d-791135-2 devstack@placement-api.service[107714]: DEBUG placement.objects.research_context [req-7612dd80-088d-4ed8-82c6-79c52c30a6e3 req-cf257ddd-6cbc-4aa3-b806-edc421258bd3 service placement] found 2 providers after filtering by previous result {{(pid=107714) get_provider_ids_matching /opt/stack/placement/placement/objects/research_context.py:594}}
Aug 25 06:05:25.155935 n-d-791135-2 devstack@placement-api.service[107714]: DEBUG placement.objects.allocation_candidate [req-7612dd80-088d-4ed8-82c6-79c52c30a6e3 req-cf257ddd-6cbc-4aa3-b806-edc421258bd3 service placement] RequestGroup(use_same_provider=False, resources={DISK_GB:1, MEMORY_MB:512, VCPU:1}, traits=(), aggregates=[]) (suffix '') returned 2 matches {{(pid=107714) _get_by_requests /opt/stack/placement/placement/objects/allocation_candidate.py:156}}
Aug 25 06:05:25.156348 n-d-791135-2 devstack@placement-api.service[107714]: DEBUG placement.objects.allocation_candidate [req-7612dd80-088d-4ed8-82c6-79c52c30a6e3 req-cf257ddd-6cbc-4aa3-b806-edc421258bd3 service placement] Merging candidates yields 2 allocation requests and 2 provider summaries {{(pid=107714) _merge_candidates /opt/stack/placement/placement/objects/allocation_candidate.py:809}}
Aug 25 06:05:25.160962 n-d-791135-2 devstack@placement-api.service[107714]: INFO placement.requestlog [req-7612dd80-088d-4ed8-82c6-79c52c30a6e3 req-cf257ddd-6cbc-4aa3-b806-edc421258bd3 service placement] 10.222.0.49 "GET /placement/allocation_candidates?limit=1000&resources=DISK_GB%3A1%2CMEMORY_MB%3A512%2CVCPU%3A1&root_required=%21COMPUTE_STATUS_DISABLED" status: 200 len: 1307 microversion: 1.36
Aug 25 06:05:25.161678 n-d-791135-2 devstack@placement-api.service[107714]: [pid: 107714|app: 0|req: 87/174] 10.222.0.49 () {60 vars in 1504 bytes} [Thu Aug 25 06:05:24 2022] GET /placement/allocation_candidates?limit=1000&resources=DISK_GB%3A1%2CMEMORY_MB%3A512%2CVCPU%3A1&root_required=%21COMPUTE_STATUS_DISABLED => generated 1307 bytes in 168 msecs (HTTP/1.1 200) 8 headers in 297 bytes (1 switches on core 0)
Aug 25 06:05:25.354344 n-d-791135-2 devstack@placement-api.service[107713]: DEBUG placement.requestlog [req-7612dd80-088d-4ed8-82c6-79c52c30a6e3 req-97399b41-3cf1-4b75-9be7-527253ce51e1 None None] Starting request: 10.222.0.49 "GET /placement/allocations/86b4fa21-fa07-4fd0-86ff-09cecce6a6bc" {{(pid=107713) __call__ /opt/stack/placement/placement/requestlog.py:55}}
Aug 25 06:05:25.356024 n-d-791135-2 devstack@placement-api.service[107714]: DEBUG placement.requestlog [req-3965adfe-af03-4bb2-8755-28e9bd3d3a42 req-8effc102-51b9-4f70-8afa-78f33bf1cb7b None None] Starting request: 10.222.0.18 "GET /placement/resource_providers/edcce3f4-3a5e-4b6f-8c36-7f91e27687f4/allocations" {{(pid=107714) __call__ /opt/stack/placement/placement/requestlog.py:55}}
Aug 25 06:05:25.383047 n-d-791135-2 devstack@placement-api.service[107713]: DEBUG dbcounter [-] [107713] Writing DB stats placement:SELECT=80,placement:INSERT=8,placement:DELETE=7,placement:UPDATE=5 {{(pid=107713) stat_writer /usr/local/lib/python3.8/dist-packages/dbcounter.py:114}}
Aug 25 06:05:25.392157 n-d-791135-2 devstack@placement-api.service[107713]: INFO placement.requestlog [req-7612dd80-088d-4ed8-82c6-79c52c30a6e3 req-97399b41-3cf1-4b75-9be7-527253ce51e1 service placement] 10.222.0.49 "GET /placement/allocations/86b4fa21-fa07-4fd0-86ff-09cecce6a6bc" status: 200 len: 19 microversion: 1.28
Aug 25 06:05:25.393424 n-d-791135-2 devstack@placement-api.service[107713]: [pid: 107713|app: 0|req: 88/175] 10.222.0.49 () {60 vars in 1380 bytes} [Thu Aug 25 06:05:25 2022] GET /placement/allocations/86b4fa21-fa07-4fd0-86ff-09cecce6a6bc => generated 19 bytes in 39 msecs (HTTP/1.1 200) 8 headers in 295 bytes (1 switches on core 0)
Aug 25 06:05:25.415006 n-d-791135-2 devstack@placement-api.service[107713]: DEBUG placement.requestlog [req-7612dd80-088d-4ed8-82c6-79c52c30a6e3 req-2bd8ad22-3073-4760-b149-b88a3b62149e None None] Starting request: 10.222.0.49 "PUT /placement/allocations/86b4fa21-fa07-4fd0-86ff-09cecce6a6bc" {{(pid=107713) __call__ /opt/stack/placement/placement/requestlog.py:55}}
Aug 25 06:05:25.448846 n-d-791135-2 devstack@placement-api.service[107714]: INFO placement.requestlog [req-3965adfe-af03-4bb2-8755-28e9bd3d3a42 req-8effc102-51b9-4f70-8afa-78f33bf1cb7b service placement] 10.222.0.18 "GET /placement/resource_providers/edcce3f4-3a5e-4b6f-8c36-7f91e27687f4/allocations" status: 200 len: 659 microversion: 1.0
Aug 25 06:05:25.451269 n-d-791135-2 devstack@placement-api.service[107714]: [pid: 107714|app: 0|req: 88/176] 10.222.0.18 () {58 vars in 1390 bytes} [Thu Aug 25 06:05:25 2022] GET /placement/resource_providers/edcce3f4-3a5e-4b6f-8c36-7f91e27687f4/allocations => generated 659 bytes in 96 msecs (HTTP/1.1 200) 6 headers in 224 bytes (1 switches on core 0)
Aug 25 06:05:25.546395 n-d-791135-2 devstack@placement-api.service[107713]: DEBUG placement.handlers.allocation [req-7612dd80-088d-4ed8-82c6-79c52c30a6e3 req-2bd8ad22-3073-4760-b149-b88a3b62149e service placement] Successfully wrote allocations [, , ] {{(pid=107713) _update_consumers_and_create_allocations /opt/stack/placement/placement/handlers/allocation.py:462}}
Aug 25 06:05:25.551181 n-d-791135-2 devstack@placement-api.service[107713]: INFO placement.requestlog [req-7612dd80-088d-4ed8-82c6-79c52c30a6e3 req-2bd8ad22-3073-4760-b149-b88a3b62149e service placement] 10.222.0.49 "PUT /placement/allocations/86b4fa21-fa07-4fd0-86ff-09cecce6a6bc" status: 204 len: 0 microversion: 1.36
Aug 25 06:05:25.552215 n-d-791135-2 devstack@placement-api.service[107713]: [pid: 107713|app: 0|req: 89/177] 10.222.0.49 () {64 vars in 1433 bytes} [Thu Aug 25 06:05:25 2022] PUT /placement/allocations/86b4fa21-fa07-4fd0-86ff-09cecce6a6bc => generated 0 bytes in 138 msecs (HTTP/1.1 204) 5 headers in 199 bytes (2 switches on core 0)
Aug 25 06:05:25.926164 n-d-791135-2 devstack@placement-api.service[107714]: DEBUG placement.requestlog [req-3965adfe-af03-4bb2-8755-28e9bd3d3a42 req-e97513fb-7e09-47cc-b9fb-b3c029decd45 None None] Starting request: 10.222.0.18 "GET /placement/allocations/91055b6d-9faa-42c1-b8ba-d25773734156" {{(pid=107714) __call__ /opt/stack/placement/placement/requestlog.py:55}}
Aug 25 06:05:25.950951 n-d-791135-2 devstack@placement-api.service[107714]: INFO placement.requestlog [req-3965adfe-af03-4bb2-8755-28e9bd3d3a42 req-e97513fb-7e09-47cc-b9fb-b3c029decd45 service placement] 10.222.0.18 "GET /placement/allocations/91055b6d-9faa-42c1-b8ba-d25773734156" status: 200 len: 259 microversion: 1.28
Aug 25 06:05:25.951724 n-d-791135-2 devstack@placement-api.service[107714]: [pid: 107714|app: 0|req: 89/178] 10.222.0.18 () {60 vars in 1377 bytes} [Thu Aug 25 06:05:25 2022] GET /placement/allocations/91055b6d-9faa-42c1-b8ba-d25773734156 => generated 259 bytes in 26 msecs (HTTP/1.1 200) 8 headers in 296 bytes (1 switches on core 0)
Aug 25 06:05:25.960058 n-d-791135-2 devstack@placement-api.service[107713]: DEBUG placement.requestlog [req-3965adfe-af03-4bb2-8755-28e9bd3d3a42 req-fa4e89a5-5542-4291-a073-241ffa0ed182 None None] Starting request: 10.222.0.18 "PUT /placement/allocations/91055b6d-9faa-42c1-b8ba-d25773734156" {{(pid=107713) __call__ /opt/stack/placement/placement/requestlog.py:55}}
Aug 25 06:05:26.068634 n-d-791135-2 devstack@placement-api.service[107713]: DEBUG placement.handlers.allocation [req-3965adfe-af03-4bb2-8755-28e9bd3d3a42 req-fa4e89a5-5542-4291-a073-241ffa0ed182 service placement] Successfully wrote allocations [, , ] {{(pid=107713) _update_consumers_and_create_allocations /opt/stack/placement/placement/handlers/allocation.py:462}}
Aug 25 06:05:26.076672 n-d-791135-2 devstack@placement-api.service[107713]: INFO placement.requestlog [req-3965adfe-af03-4bb2-8755-28e9bd3d3a42 req-fa4e89a5-5542-4291-a073-241ffa0ed182 service placement] 10.222.0.18 "PUT /placement/allocations/91055b6d-9faa-42c1-b8ba-d25773734156" status: 204 len: 0 microversion: 1.28
Aug 25 06:05:26.077737 n-d-791135-2 devstack@placement-api.service[107713]: [pid: 107713|app: 0|req: 90/179] 10.222.0.18 () {64 vars in 1430 bytes} [Thu Aug 25 06:05:25 2022] PUT /placement/allocations/91055b6d-9faa-42c1-b8ba-d25773734156 => generated 0 bytes in 118 msecs (HTTP/1.1 204) 5 headers in 199 bytes (1 switches on core 0)
Aug 25 06:05:26.219487 n-d-791135-2 devstack@placement-api.service[107714]: DEBUG placement.requestlog [req-7612dd80-088d-4ed8-82c6-79c52c30a6e3 req-b330897d-1369-45a4-8c5f-a7e755b39369 None None] Starting request: 10.222.0.18 "GET /placement/allocations/86b4fa21-fa07-4fd0-86ff-09cecce6a6bc" {{(pid=107714) __call__ /opt/stack/placement/placement/requestlog.py:55}}
Aug 25 06:05:26.257933 n-d-791135-2 devstack@placement-api.service[107714]: INFO placement.requestlog [req-7612dd80-088d-4ed8-82c6-79c52c30a6e3 req-b330897d-1369-45a4-8c5f-a7e755b39369 service placement] 10.222.0.18 "GET /placement/allocations/86b4fa21-fa07-4fd0-86ff-09cecce6a6bc" status: 200 len: 258 microversion: 1.28
Aug 25 06:05:26.260272 n-d-791135-2 devstack@placement-api.service[107714]: [pid: 107714|app: 0|req: 90/180] 10.222.0.18 () {60 vars in 1377 bytes} [Thu Aug 25 06:05:26 2022] GET /placement/allocations/86b4fa21-fa07-4fd0-86ff-09cecce6a6bc => generated 258 bytes in 41 msecs (HTTP/1.1 200) 8 headers in 296 bytes (1 switches on core 0)
Aug 25 06:05:28.228900 n-d-791135-2 devstack@placement-api.service[107713]: DEBUG placement.requestlog [None req-5ab4fbda-2b16-4235-8e9a-ee3a91ed79e7 None None] Starting request: 10.222.0.49 "GET /placement/resource_providers/a5e42a45-d300-40a0-ab33-4d6c0c166ab1/aggregates" {{(pid=107713) __call__ /opt/stack/placement/placement/requestlog.py:55}}
Aug 25 06:05:28.243589 n-d-791135-2 devstack@placement-api.service[107713]: INFO placement.requestlog [None req-5ab4fbda-2b16-4235-8e9a-ee3a91ed79e7 service placement] 10.222.0.49 "GET /placement/resource_providers/a5e42a45-d300-40a0-ab33-4d6c0c166ab1/aggregates" status: 404 len: 235 microversion: 1.1
Aug 25 06:05:28.244200 n-d-791135-2 devstack@placement-api.service[107713]: [pid: 107713|app: 0|req: 91/181] 10.222.0.49 () {58 vars in 1362 bytes} [Thu Aug 25 06:05:28 2022] GET /placement/resource_providers/a5e42a45-d300-40a0-ab33-4d6c0c166ab1/aggregates => generated 235 bytes in 16 msecs (HTTP/1.1 404) 5 headers in 202 bytes (1 switches on core 0)
Aug 25 06:05:28.331104 n-d-791135-2 devstack@placement-api.service[107714]: DEBUG placement.requestlog [None req-01a1540c-d1eb-4146-9558-6c1ba53935d4 None None] Starting request: 10.222.0.49 "DELETE /placement/resource_providers/a5e42a45-d300-40a0-ab33-4d6c0c166ab1" {{(pid=107714) __call__ /opt/stack/placement/placement/requestlog.py:55}}
Aug 25 06:05:28.341956 n-d-791135-2 devstack@placement-api.service[107713]: DEBUG placement.requestlog [req-4624713f-698d-40b6-a7f3-28b6a69e8b63 req-d941dde5-ad7c-4c56-80df-c23ed2a5278d None None] Starting request: 10.222.0.49 "GET /placement/allocation_candidates?limit=1000&resources=DISK_GB%3A1%2CMEMORY_MB%3A1024%2CVCPU%3A1&root_required=%21COMPUTE_STATUS_DISABLED" {{(pid=107713) __call__ /opt/stack/placement/placement/requestlog.py:55}}
Aug 25 06:05:28.352591 n-d-791135-2 devstack@placement-api.service[107714]: DEBUG placement.wsgi_wrapper [None req-01a1540c-d1eb-4146-9558-6c1ba53935d4 service placement] Placement API returning an error response: No resource provider with uuid a5e42a45-d300-40a0-ab33-4d6c0c166ab1 found for delete {{(pid=107714) call_func /opt/stack/placement/placement/wsgi_wrapper.py:31}}
Aug 25 06:05:28.353849 n-d-791135-2 devstack@placement-api.service[107714]: INFO placement.requestlog [None req-01a1540c-d1eb-4146-9558-6c1ba53935d4 service placement] 10.222.0.49 "DELETE /placement/resource_providers/a5e42a45-d300-40a0-ab33-4d6c0c166ab1" status: 404 len: 246 microversion: 1.1
Aug 25 06:05:28.354896 n-d-791135-2 devstack@placement-api.service[107714]: [pid: 107714|app: 0|req: 91/182] 10.222.0.49 () {60 vars in 1351 bytes} [Thu Aug 25 06:05:28 2022] DELETE /placement/resource_providers/a5e42a45-d300-40a0-ab33-4d6c0c166ab1 => generated 246 bytes in 24 msecs (HTTP/1.1 404) 6 headers in 231 bytes (1 switches on core 0)
Aug 25 06:05:28.400684 n-d-791135-2 devstack@placement-api.service[107713]: DEBUG placement.objects.research_context [req-4624713f-698d-40b6-a7f3-28b6a69e8b63 req-d941dde5-ad7c-4c56-80df-c23ed2a5278d service placement] getting providers with 1 DISK_GB {{(pid=107713) __init__ /opt/stack/placement/placement/objects/research_context.py:136}}
Aug 25 06:05:28.407667 n-d-791135-2 devstack@placement-api.service[107713]: DEBUG placement.objects.research_context [req-4624713f-698d-40b6-a7f3-28b6a69e8b63 req-d941dde5-ad7c-4c56-80df-c23ed2a5278d service placement] getting providers with 1024 MEMORY_MB {{(pid=107713) __init__ /opt/stack/placement/placement/objects/research_context.py:136}}
Aug 25 06:05:28.415540 n-d-791135-2 devstack@placement-api.service[107713]: DEBUG placement.objects.research_context [req-4624713f-698d-40b6-a7f3-28b6a69e8b63 req-d941dde5-ad7c-4c56-80df-c23ed2a5278d service placement] getting providers with 1 VCPU {{(pid=107713) __init__ /opt/stack/placement/placement/objects/research_context.py:136}}
Aug 25 06:05:28.422076 n-d-791135-2 devstack@placement-api.service[107713]: DEBUG placement.objects.research_context [req-4624713f-698d-40b6-a7f3-28b6a69e8b63 req-d941dde5-ad7c-4c56-80df-c23ed2a5278d service placement] found 2 providers with available 1 DISK_GB {{(pid=107713) get_provider_ids_matching /opt/stack/placement/placement/objects/research_context.py:563}}
Aug 25 06:05:28.422647 n-d-791135-2 devstack@placement-api.service[107713]: DEBUG placement.objects.research_context [req-4624713f-698d-40b6-a7f3-28b6a69e8b63 req-d941dde5-ad7c-4c56-80df-c23ed2a5278d service placement] found 2 providers with available 1024 MEMORY_MB {{(pid=107713) get_provider_ids_matching /opt/stack/placement/placement/objects/research_context.py:563}}
Aug 25 06:05:28.423117 n-d-791135-2 devstack@placement-api.service[107713]: DEBUG placement.objects.research_context [req-4624713f-698d-40b6-a7f3-28b6a69e8b63 req-d941dde5-ad7c-4c56-80df-c23ed2a5278d service placement] found 2 providers after filtering by previous result {{(pid=107713) get_provider_ids_matching /opt/stack/placement/placement/objects/research_context.py:594}}
Aug 25 06:05:28.423604 n-d-791135-2 devstack@placement-api.service[107713]: DEBUG placement.objects.research_context [req-4624713f-698d-40b6-a7f3-28b6a69e8b63 req-d941dde5-ad7c-4c56-80df-c23ed2a5278d service placement] found 2 providers with available 1 VCPU {{(pid=107713) get_provider_ids_matching /opt/stack/placement/placement/objects/research_context.py:563}}
Aug 25 06:05:28.424024 n-d-791135-2 devstack@placement-api.service[107713]: DEBUG placement.objects.research_context [req-4624713f-698d-40b6-a7f3-28b6a69e8b63 req-d941dde5-ad7c-4c56-80df-c23ed2a5278d service placement] found 2 providers after filtering by previous result {{(pid=107713) get_provider_ids_matching /opt/stack/placement/placement/objects/research_context.py:594}}
Aug 25 06:05:28.435634 n-d-791135-2 devstack@placement-api.service[107713]: DEBUG placement.objects.allocation_candidate [req-4624713f-698d-40b6-a7f3-28b6a69e8b63 req-d941dde5-ad7c-4c56-80df-c23ed2a5278d service placement] RequestGroup(use_same_provider=False, resources={DISK_GB:1, MEMORY_MB:1024, VCPU:1}, traits=(), aggregates=[]) (suffix '') returned 2 matches {{(pid=107713) _get_by_requests /opt/stack/placement/placement/objects/allocation_candidate.py:156}}
Aug 25 06:05:28.436271 n-d-791135-2 devstack@placement-api.service[107713]: DEBUG placement.objects.allocation_candidate [req-4624713f-698d-40b6-a7f3-28b6a69e8b63 req-d941dde5-ad7c-4c56-80df-c23ed2a5278d service placement] Merging candidates yields 2 allocation requests and 2 provider summaries {{(pid=107713) _merge_candidates /opt/stack/placement/placement/objects/allocation_candidate.py:809}}
Aug 25 06:05:28.438527 n-d-791135-2 devstack@placement-api.service[107713]: INFO placement.requestlog [req-4624713f-698d-40b6-a7f3-28b6a69e8b63 req-d941dde5-ad7c-4c56-80df-c23ed2a5278d service placement] 10.222.0.49 "GET /placement/allocation_candidates?limit=1000&resources=DISK_GB%3A1%2CMEMORY_MB%3A1024%2CVCPU%3A1&root_required=%21COMPUTE_STATUS_DISABLED" status: 200 len: 1309 microversion: 1.36
Aug 25 06:05:28.439534 n-d-791135-2 devstack@placement-api.service[107713]: [pid: 107713|app: 0|req: 92/183] 10.222.0.49 () {60 vars in 1506 bytes} [Thu Aug 25 06:05:28 2022] GET /placement/allocation_candidates?limit=1000&resources=DISK_GB%3A1%2CMEMORY_MB%3A1024%2CVCPU%3A1&root_required=%21COMPUTE_STATUS_DISABLED => generated 1309 bytes in 98 msecs (HTTP/1.1 200) 8 headers in 297 bytes (1 switches on core 0)
Aug 25 06:05:28.528738 n-d-791135-2 devstack@placement-api.service[107714]: DEBUG placement.requestlog [req-4624713f-698d-40b6-a7f3-28b6a69e8b63 req-a12a2994-0c47-408e-8848-f0427470faeb None None] Starting request: 10.222.0.49 "GET /placement/allocations/1f2aa16b-41e4-40f6-b780-489d33e5808f" {{(pid=107714) __call__ /opt/stack/placement/placement/requestlog.py:55}}
Aug 25 06:05:28.558726 n-d-791135-2 devstack@placement-api.service[107714]: INFO placement.requestlog [req-4624713f-698d-40b6-a7f3-28b6a69e8b63 req-a12a2994-0c47-408e-8848-f0427470faeb service placement] 10.222.0.49 "GET /placement/allocations/1f2aa16b-41e4-40f6-b780-489d33e5808f" status: 200 len: 19 microversion: 1.28
Aug 25 06:05:28.565671 n-d-791135-2 devstack@placement-api.service[107714]: [pid: 107714|app: 0|req: 92/184] 10.222.0.49 () {60 vars in 1380 bytes} [Thu Aug 25 06:05:28 2022] GET /placement/allocations/1f2aa16b-41e4-40f6-b780-489d33e5808f => generated 19 bytes in 37 msecs (HTTP/1.1 200) 8 headers in 295 bytes (1 switches on core 0)
Aug 25 06:05:28.571726 n-d-791135-2 devstack@placement-api.service[107713]: DEBUG placement.requestlog [req-4624713f-698d-40b6-a7f3-28b6a69e8b63 req-919f5c88-10f0-4a1e-9925-9e5772fecea0 None None] Starting request: 10.222.0.49 "PUT /placement/allocations/1f2aa16b-41e4-40f6-b780-489d33e5808f" {{(pid=107713) __call__ /opt/stack/placement/placement/requestlog.py:55}}
Aug 25 06:05:28.715101 n-d-791135-2 devstack@placement-api.service[107713]: DEBUG placement.handlers.allocation [req-4624713f-698d-40b6-a7f3-28b6a69e8b63 req-919f5c88-10f0-4a1e-9925-9e5772fecea0 service placement] Successfully wrote allocations [, , ] {{(pid=107713) _update_consumers_and_create_allocations /opt/stack/placement/placement/handlers/allocation.py:462}}
Aug 25 06:05:28.722370 n-d-791135-2 devstack@placement-api.service[107713]: INFO placement.requestlog [req-4624713f-698d-40b6-a7f3-28b6a69e8b63 req-919f5c88-10f0-4a1e-9925-9e5772fecea0 service placement] 10.222.0.49 "PUT /placement/allocations/1f2aa16b-41e4-40f6-b780-489d33e5808f" status: 204 len: 0 microversion: 1.36
