Aug 25 06:34:45.866943 n-d-791135-2 devstack@placement-api.service[107713]: DEBUG placement.requestlog [req-ae972ab8-150f-47eb-aa6a-fc59b50e2eea req-103d9f58-e05f-48d4-b58a-7ab94c8ee130 None None] Starting request: 10.222.0.57 "GET /placement/resource_providers/1356aac3-b9b8-44e1-b5bd-5ffa946449c8/allocations" {{(pid=107713) __call__ /opt/stack/placement/placement/requestlog.py:55}}
Aug 25 06:34:45.932205 n-d-791135-2 devstack@placement-api.service[107713]: INFO placement.requestlog [req-ae972ab8-150f-47eb-aa6a-fc59b50e2eea req-103d9f58-e05f-48d4-b58a-7ab94c8ee130 service placement] 10.222.0.57 "GET /placement/resource_providers/1356aac3-b9b8-44e1-b5bd-5ffa946449c8/allocations" status: 200 len: 255 microversion: 1.0
Aug 25 06:34:45.939747 n-d-791135-2 devstack@placement-api.service[107713]: [pid: 107713|app: 0|req: 537/1072] 10.222.0.57 () {58 vars in 1390 bytes} [Thu Aug 25 06:34:45 2022] GET /placement/resource_providers/1356aac3-b9b8-44e1-b5bd-5ffa946449c8/allocations => generated 255 bytes in 73 msecs (HTTP/1.1 200) 6 headers in 224 bytes (1 switches on core 0)
Aug 25 06:34:51.283785 n-d-791135-2 devstack@placement-api.service[107714]: DEBUG placement.requestlog [req-af1573e0-cfbe-4cd0-a15d-be77ee2942b4 req-2ce25317-286c-43ac-a196-5f7cbc980279 None None] Starting request: 10.222.0.18 "DELETE /placement/allocations/793b5b39-3344-46f0-9e82-f4fbd632bd65" {{(pid=107714) __call__ /opt/stack/placement/placement/requestlog.py:55}}
Aug 25 06:34:51.351482 n-d-791135-2 devstack@placement-api.service[107714]: DEBUG placement.handlers.allocation [req-af1573e0-cfbe-4cd0-a15d-be77ee2942b4 req-2ce25317-286c-43ac-a196-5f7cbc980279 service placement] Successfully deleted allocations [, , ] {{(pid=107714) delete_allocations /opt/stack/placement/placement/handlers/allocation.py:627}}
Aug 25 06:34:51.352206 n-d-791135-2 devstack@placement-api.service[107714]: INFO placement.requestlog [req-af1573e0-cfbe-4cd0-a15d-be77ee2942b4 req-2ce25317-286c-43ac-a196-5f7cbc980279 service placement] 10.222.0.18 "DELETE /placement/allocations/793b5b39-3344-46f0-9e82-f4fbd632bd65" status: 204 len: 0 microversion: 1.0
Aug 25 06:34:51.353153 n-d-791135-2 devstack@placement-api.service[107714]: [pid: 107714|app: 0|req: 536/1073] 10.222.0.18 () {60 vars in 1355 bytes} [Thu Aug 25 06:34:51 2022] DELETE /placement/allocations/793b5b39-3344-46f0-9e82-f4fbd632bd65 => generated 0 bytes in 70 msecs (HTTP/1.1 204) 5 headers in 198 bytes (1 switches on core 0)
Aug 25 06:34:51.525245 n-d-791135-2 devstack@placement-api.service[107713]: DEBUG placement.requestlog [req-8a3ad0d1-674d-48b0-a0a5-2bda4245ab00 req-cd4e2758-295d-4028-aa5d-4ba16febdcb4 None None] Starting request: 10.222.0.49 "GET /placement/allocation_candidates?limit=1000&resources=DISK_GB%3A1%2CMEMORY_MB%3A1024%2CVCPU%3A1&root_required=%21COMPUTE_STATUS_DISABLED" {{(pid=107713) __call__ /opt/stack/placement/placement/requestlog.py:55}}
Aug 25 06:34:51.660285 n-d-791135-2 devstack@placement-api.service[107713]: DEBUG placement.objects.research_context [req-8a3ad0d1-674d-48b0-a0a5-2bda4245ab00 req-cd4e2758-295d-4028-aa5d-4ba16febdcb4 service placement] getting providers with 1 DISK_GB {{(pid=107713) __init__ /opt/stack/placement/placement/objects/research_context.py:136}}
Aug 25 06:34:51.706869 n-d-791135-2 devstack@placement-api.service[107713]: DEBUG placement.objects.research_context [req-8a3ad0d1-674d-48b0-a0a5-2bda4245ab00 req-cd4e2758-295d-4028-aa5d-4ba16febdcb4 service placement] getting providers with 1024 MEMORY_MB {{(pid=107713) __init__ /opt/stack/placement/placement/objects/research_context.py:136}}
Aug 25 06:34:51.748690 n-d-791135-2 devstack@placement-api.service[107713]: DEBUG placement.objects.research_context [req-8a3ad0d1-674d-48b0-a0a5-2bda4245ab00 req-cd4e2758-295d-4028-aa5d-4ba16febdcb4 service placement] getting providers with 1 VCPU {{(pid=107713) __init__ /opt/stack/placement/placement/objects/research_context.py:136}}
Aug 25 06:34:51.788684 n-d-791135-2 devstack@placement-api.service[107713]: DEBUG placement.objects.research_context [req-8a3ad0d1-674d-48b0-a0a5-2bda4245ab00 req-cd4e2758-295d-4028-aa5d-4ba16febdcb4 service placement] found 2 providers with available 1 DISK_GB {{(pid=107713) get_provider_ids_matching /opt/stack/placement/placement/objects/research_context.py:563}}
Aug 25 06:34:51.788914 n-d-791135-2 devstack@placement-api.service[107713]: DEBUG placement.objects.research_context [req-8a3ad0d1-674d-48b0-a0a5-2bda4245ab00 req-cd4e2758-295d-4028-aa5d-4ba16febdcb4 service placement] found 2 providers with available 1024 MEMORY_MB {{(pid=107713) get_provider_ids_matching /opt/stack/placement/placement/objects/research_context.py:563}}
Aug 25 06:34:51.789165 n-d-791135-2 devstack@placement-api.service[107713]: DEBUG placement.objects.research_context [req-8a3ad0d1-674d-48b0-a0a5-2bda4245ab00 req-cd4e2758-295d-4028-aa5d-4ba16febdcb4 service placement] found 2 providers after filtering by previous result {{(pid=107713) get_provider_ids_matching /opt/stack/placement/placement/objects/research_context.py:594}}
Aug 25 06:34:51.796433 n-d-791135-2 devstack@placement-api.service[107713]: DEBUG placement.objects.research_context [req-8a3ad0d1-674d-48b0-a0a5-2bda4245ab00 req-cd4e2758-295d-4028-aa5d-4ba16febdcb4 service placement] found 2 providers with available 1 VCPU {{(pid=107713) get_provider_ids_matching /opt/stack/placement/placement/objects/research_context.py:563}}
Aug 25 06:34:51.803592 n-d-791135-2 devstack@placement-api.service[107713]: DEBUG placement.objects.research_context [req-8a3ad0d1-674d-48b0-a0a5-2bda4245ab00 req-cd4e2758-295d-4028-aa5d-4ba16febdcb4 service placement] found 2 providers after filtering by previous result {{(pid=107713) get_provider_ids_matching /opt/stack/placement/placement/objects/research_context.py:594}}
Aug 25 06:34:51.860951 n-d-791135-2 devstack@placement-api.service[107713]: DEBUG placement.objects.allocation_candidate [req-8a3ad0d1-674d-48b0-a0a5-2bda4245ab00 req-cd4e2758-295d-4028-aa5d-4ba16febdcb4 service placement] RequestGroup(use_same_provider=False, resources={DISK_GB:1, MEMORY_MB:1024, VCPU:1}, traits=(), aggregates=[]) (suffix '') returned 2 matches {{(pid=107713) _get_by_requests /opt/stack/placement/placement/objects/allocation_candidate.py:156}}
Aug 25 06:34:51.861529 n-d-791135-2 devstack@placement-api.service[107713]: DEBUG placement.objects.allocation_candidate [req-8a3ad0d1-674d-48b0-a0a5-2bda4245ab00 req-cd4e2758-295d-4028-aa5d-4ba16febdcb4 service placement] Merging candidates yields 2 allocation requests and 2 provider summaries {{(pid=107713) _merge_candidates /opt/stack/placement/placement/objects/allocation_candidate.py:809}}
Aug 25 06:34:51.866798 n-d-791135-2 devstack@placement-api.service[107713]: INFO placement.requestlog [req-8a3ad0d1-674d-48b0-a0a5-2bda4245ab00 req-cd4e2758-295d-4028-aa5d-4ba16febdcb4 service placement] 10.222.0.49 "GET /placement/allocation_candidates?limit=1000&resources=DISK_GB%3A1%2CMEMORY_MB%3A1024%2CVCPU%3A1&root_required=%21COMPUTE_STATUS_DISABLED" status: 200 len: 1309 microversion: 1.36
Aug 25 06:34:51.877163 n-d-791135-2 devstack@placement-api.service[107713]: [pid: 107713|app: 0|req: 538/1074] 10.222.0.49 () {60 vars in 1506 bytes} [Thu Aug 25 06:34:51 2022] GET /placement/allocation_candidates?limit=1000&resources=DISK_GB%3A1%2CMEMORY_MB%3A1024%2CVCPU%3A1&root_required=%21COMPUTE_STATUS_DISABLED => generated 1309 bytes in 352 msecs (HTTP/1.1 200) 8 headers in 297 bytes (1 switches on core 0)
Aug 25 06:34:51.972080 n-d-791135-2 devstack@placement-api.service[107714]: DEBUG placement.requestlog [req-8a3ad0d1-674d-48b0-a0a5-2bda4245ab00 req-af8cac1b-6840-482b-a428-b0158ca47ec9 None None] Starting request: 10.222.0.49 "GET /placement/allocations/3b4b72c8-1a0b-4e14-ba3a-f8f1b994b3bc" {{(pid=107714) __call__ /opt/stack/placement/placement/requestlog.py:55}}
Aug 25 06:34:52.052705 n-d-791135-2 devstack@placement-api.service[107714]: INFO placement.requestlog [req-8a3ad0d1-674d-48b0-a0a5-2bda4245ab00 req-af8cac1b-6840-482b-a428-b0158ca47ec9 service placement] 10.222.0.49 "GET /placement/allocations/3b4b72c8-1a0b-4e14-ba3a-f8f1b994b3bc" status: 200 len: 19 microversion: 1.28
Aug 25 06:34:52.053098 n-d-791135-2 devstack@placement-api.service[107714]: [pid: 107714|app: 0|req: 537/1075] 10.222.0.49 () {60 vars in 1380 bytes} [Thu Aug 25 06:34:51 2022] GET /placement/allocations/3b4b72c8-1a0b-4e14-ba3a-f8f1b994b3bc => generated 19 bytes in 82 msecs (HTTP/1.1 200) 8 headers in 295 bytes (1 switches on core 0)
Aug 25 06:34:52.061772 n-d-791135-2 devstack@placement-api.service[107713]: DEBUG placement.requestlog [req-8a3ad0d1-674d-48b0-a0a5-2bda4245ab00 req-4fb862e8-922d-4496-9c8e-b1729c5a159e None None] Starting request: 10.222.0.49 "PUT /placement/allocations/3b4b72c8-1a0b-4e14-ba3a-f8f1b994b3bc" {{(pid=107713) __call__ /opt/stack/placement/placement/requestlog.py:55}}
Aug 25 06:34:52.352502 n-d-791135-2 devstack@placement-api.service[107713]: DEBUG placement.handlers.allocation [req-8a3ad0d1-674d-48b0-a0a5-2bda4245ab00 req-4fb862e8-922d-4496-9c8e-b1729c5a159e service placement] Successfully wrote allocations [, , ] {{(pid=107713) _update_consumers_and_create_allocations /opt/stack/placement/placement/handlers/allocation.py:462}}
Aug 25 06:34:52.366263 n-d-791135-2 devstack@placement-api.service[107713]: INFO placement.requestlog [req-8a3ad0d1-674d-48b0-a0a5-2bda4245ab00 req-4fb862e8-922d-4496-9c8e-b1729c5a159e service placement] 10.222.0.49 "PUT /placement/allocations/3b4b72c8-1a0b-4e14-ba3a-f8f1b994b3bc" status: 204 len: 0 microversion: 1.36
Aug 25 06:34:52.367004 n-d-791135-2 devstack@placement-api.service[107713]: [pid: 107713|app: 0|req: 539/1076] 10.222.0.49 () {64 vars in 1433 bytes} [Thu Aug 25 06:34:52 2022] PUT /placement/allocations/3b4b72c8-1a0b-4e14-ba3a-f8f1b994b3bc => generated 0 bytes in 306 msecs (HTTP/1.1 204) 5 headers in 199 bytes (2 switches on core 0)
Aug 25 06:34:53.138328 n-d-791135-2 devstack@placement-api.service[107714]: DEBUG placement.requestlog [req-8a3ad0d1-674d-48b0-a0a5-2bda4245ab00 req-4467f151-0ebf-48c1-89e8-ec04b1ae066d None None] Starting request: 10.222.0.57 "GET /placement/allocations/3b4b72c8-1a0b-4e14-ba3a-f8f1b994b3bc" {{(pid=107714) __call__ /opt/stack/placement/placement/requestlog.py:55}}
Aug 25 06:34:53.201842 n-d-791135-2 devstack@placement-api.service[107714]: INFO placement.requestlog [req-8a3ad0d1-674d-48b0-a0a5-2bda4245ab00 req-4467f151-0ebf-48c1-89e8-ec04b1ae066d service placement] 10.222.0.57 "GET /placement/allocations/3b4b72c8-1a0b-4e14-ba3a-f8f1b994b3bc" status: 200 len: 259 microversion: 1.28
Aug 25 06:34:53.202762 n-d-791135-2 devstack@placement-api.service[107714]: [pid: 107714|app: 0|req: 538/1077] 10.222.0.57 () {60 vars in 1377 bytes} [Thu Aug 25 06:34:53 2022] GET /placement/allocations/3b4b72c8-1a0b-4e14-ba3a-f8f1b994b3bc => generated 259 bytes in 64 msecs (HTTP/1.1 200) 8 headers in 296 bytes (1 switches on core 0)
Aug 25 06:34:59.220422 n-d-791135-2 devstack@placement-api.service[107713]: DEBUG placement.requestlog [req-942fcbe9-b036-46f1-8ed4-1abdafc93542 req-3dbaadb0-b721-48a2-b35d-80ae104e6b88 None None] Starting request: 10.222.0.49 "GET /placement/allocation_candidates?limit=1000&resources=DISK_GB%3A1%2CMEMORY_MB%3A1024%2CVCPU%3A1&root_required=%21COMPUTE_STATUS_DISABLED" {{(pid=107713) __call__ /opt/stack/placement/placement/requestlog.py:55}}
Aug 25 06:34:59.291569 n-d-791135-2 devstack@placement-api.service[107713]: DEBUG placement.objects.research_context [req-942fcbe9-b036-46f1-8ed4-1abdafc93542 req-3dbaadb0-b721-48a2-b35d-80ae104e6b88 service placement] getting providers with 1 DISK_GB {{(pid=107713) __init__ /opt/stack/placement/placement/objects/research_context.py:136}}
Aug 25 06:34:59.298212 n-d-791135-2 devstack@placement-api.service[107713]: DEBUG placement.objects.research_context [req-942fcbe9-b036-46f1-8ed4-1abdafc93542 req-3dbaadb0-b721-48a2-b35d-80ae104e6b88 service placement] getting providers with 1024 MEMORY_MB {{(pid=107713) __init__ /opt/stack/placement/placement/objects/research_context.py:136}}
Aug 25 06:34:59.308433 n-d-791135-2 devstack@placement-api.service[107713]: DEBUG placement.objects.research_context [req-942fcbe9-b036-46f1-8ed4-1abdafc93542 req-3dbaadb0-b721-48a2-b35d-80ae104e6b88 service placement] getting providers with 1 VCPU {{(pid=107713) __init__ /opt/stack/placement/placement/objects/research_context.py:136}}
Aug 25 06:34:59.332810 n-d-791135-2 devstack@placement-api.service[107713]: DEBUG placement.objects.research_context [req-942fcbe9-b036-46f1-8ed4-1abdafc93542 req-3dbaadb0-b721-48a2-b35d-80ae104e6b88 service placement] found 2 providers with available 1 DISK_GB {{(pid=107713) get_provider_ids_matching /opt/stack/placement/placement/objects/research_context.py:563}}
Aug 25 06:34:59.333376 n-d-791135-2 devstack@placement-api.service[107713]: DEBUG placement.objects.research_context [req-942fcbe9-b036-46f1-8ed4-1abdafc93542 req-3dbaadb0-b721-48a2-b35d-80ae104e6b88 service placement] found 2 providers with available 1024 MEMORY_MB {{(pid=107713) get_provider_ids_matching /opt/stack/placement/placement/objects/research_context.py:563}}
Aug 25 06:34:59.334894 n-d-791135-2 devstack@placement-api.service[107713]: DEBUG placement.objects.research_context [req-942fcbe9-b036-46f1-8ed4-1abdafc93542 req-3dbaadb0-b721-48a2-b35d-80ae104e6b88 service placement] found 2 providers after filtering by previous result {{(pid=107713) get_provider_ids_matching /opt/stack/placement/placement/objects/research_context.py:594}}
Aug 25 06:34:59.335601 n-d-791135-2 devstack@placement-api.service[107713]: DEBUG placement.objects.research_context [req-942fcbe9-b036-46f1-8ed4-1abdafc93542 req-3dbaadb0-b721-48a2-b35d-80ae104e6b88 service placement] found 2 providers with available 1 VCPU {{(pid=107713) get_provider_ids_matching /opt/stack/placement/placement/objects/research_context.py:563}}
Aug 25 06:34:59.336086 n-d-791135-2 devstack@placement-api.service[107713]: DEBUG placement.objects.research_context [req-942fcbe9-b036-46f1-8ed4-1abdafc93542 req-3dbaadb0-b721-48a2-b35d-80ae104e6b88 service placement] found 2 providers after filtering by previous result {{(pid=107713) get_provider_ids_matching /opt/stack/placement/placement/objects/research_context.py:594}}
Aug 25 06:34:59.359185 n-d-791135-2 devstack@placement-api.service[107713]: DEBUG placement.objects.allocation_candidate [req-942fcbe9-b036-46f1-8ed4-1abdafc93542 req-3dbaadb0-b721-48a2-b35d-80ae104e6b88 service placement] RequestGroup(use_same_provider=False, resources={DISK_GB:1, MEMORY_MB:1024, VCPU:1}, traits=(), aggregates=[]) (suffix '') returned 2 matches {{(pid=107713) _get_by_requests /opt/stack/placement/placement/objects/allocation_candidate.py:156}}
Aug 25 06:34:59.360452 n-d-791135-2 devstack@placement-api.service[107713]: DEBUG placement.objects.allocation_candidate [req-942fcbe9-b036-46f1-8ed4-1abdafc93542 req-3dbaadb0-b721-48a2-b35d-80ae104e6b88 service placement] Merging candidates yields 2 allocation requests and 2 provider summaries {{(pid=107713) _merge_candidates /opt/stack/placement/placement/objects/allocation_candidate.py:809}}
Aug 25 06:34:59.362897 n-d-791135-2 devstack@placement-api.service[107713]: INFO placement.requestlog [req-942fcbe9-b036-46f1-8ed4-1abdafc93542 req-3dbaadb0-b721-48a2-b35d-80ae104e6b88 service placement] 10.222.0.49 "GET /placement/allocation_candidates?limit=1000&resources=DISK_GB%3A1%2CMEMORY_MB%3A1024%2CVCPU%3A1&root_required=%21COMPUTE_STATUS_DISABLED" status: 200 len: 1309 microversion: 1.36
Aug 25 06:34:59.363882 n-d-791135-2 devstack@placement-api.service[107713]: [pid: 107713|app: 0|req: 540/1078] 10.222.0.49 () {60 vars in 1506 bytes} [Thu Aug 25 06:34:59 2022] GET /placement/allocation_candidates?limit=1000&resources=DISK_GB%3A1%2CMEMORY_MB%3A1024%2CVCPU%3A1&root_required=%21COMPUTE_STATUS_DISABLED => generated 1309 bytes in 144 msecs (HTTP/1.1 200) 8 headers in 297 bytes (1 switches on core 0)
Aug 25 06:34:59.601785 n-d-791135-2 devstack@placement-api.service[107714]: DEBUG placement.requestlog [req-942fcbe9-b036-46f1-8ed4-1abdafc93542 req-8435b609-0d03-4a72-a356-93382d9ce492 None None] Starting request: 10.222.0.49 "GET /placement/allocations/793b5b39-3344-46f0-9e82-f4fbd632bd65" {{(pid=107714) __call__ /opt/stack/placement/placement/requestlog.py:55}}
Aug 25 06:34:59.618507 n-d-791135-2 devstack@placement-api.service[107714]: INFO placement.requestlog [req-942fcbe9-b036-46f1-8ed4-1abdafc93542 req-8435b609-0d03-4a72-a356-93382d9ce492 service placement] 10.222.0.49 "GET /placement/allocations/793b5b39-3344-46f0-9e82-f4fbd632bd65" status: 200 len: 19 microversion: 1.28
Aug 25 06:34:59.619593 n-d-791135-2 devstack@placement-api.service[107714]: [pid: 107714|app: 0|req: 539/1079] 10.222.0.49 () {60 vars in 1380 bytes} [Thu Aug 25 06:34:59 2022] GET /placement/allocations/793b5b39-3344-46f0-9e82-f4fbd632bd65 => generated 19 bytes in 18 msecs (HTTP/1.1 200) 8 headers in 295 bytes (1 switches on core 0)
Aug 25 06:34:59.643341 n-d-791135-2 devstack@placement-api.service[107713]: DEBUG placement.requestlog [req-942fcbe9-b036-46f1-8ed4-1abdafc93542 req-c4d9225c-bfe7-4048-893c-aab244a97b2c None None] Starting request: 10.222.0.49 "PUT /placement/allocations/793b5b39-3344-46f0-9e82-f4fbd632bd65" {{(pid=107713) __call__ /opt/stack/placement/placement/requestlog.py:55}}
Aug 25 06:34:59.749077 n-d-791135-2 devstack@placement-api.service[107713]: DEBUG placement.handlers.allocation [req-942fcbe9-b036-46f1-8ed4-1abdafc93542 req-c4d9225c-bfe7-4048-893c-aab244a97b2c service placement] Successfully wrote allocations [, , ] {{(pid=107713) _update_consumers_and_create_allocations /opt/stack/placement/placement/handlers/allocation.py:462}}
Aug 25 06:34:59.763577 n-d-791135-2 devstack@placement-api.service[107713]: INFO placement.requestlog [req-942fcbe9-b036-46f1-8ed4-1abdafc93542 req-c4d9225c-bfe7-4048-893c-aab244a97b2c service placement] 10.222.0.49 "PUT /placement/allocations/793b5b39-3344-46f0-9e82-f4fbd632bd65" status: 204 len: 0 microversion: 1.36
Aug 25 06:34:59.764857 n-d-791135-2 devstack@placement-api.service[107713]: [pid: 107713|app: 0|req: 541/1080] 10.222.0.49 () {64 vars in 1433 bytes} [Thu Aug 25 06:34:59 2022] PUT /placement/allocations/793b5b39-3344-46f0-9e82-f4fbd632bd65 => generated 0 bytes in 122 msecs (HTTP/1.1 204) 5 headers in 199 bytes (1 switches on core 0)
Aug 25 06:35:00.103123 n-d-791135-2 devstack@placement-api.service[107714]: DEBUG placement.requestlog [req-942fcbe9-b036-46f1-8ed4-1abdafc93542 req-24ef88e8-ded2-4600-b845-66767ab5c536 None None] Starting request: 10.222.0.57 "GET /placement/allocations/793b5b39-3344-46f0-9e82-f4fbd632bd65" {{(pid=107714) __call__ /opt/stack/placement/placement/requestlog.py:55}}
Aug 25 06:35:00.132635 n-d-791135-2 devstack@placement-api.service[107714]: INFO placement.requestlog [req-942fcbe9-b036-46f1-8ed4-1abdafc93542 req-24ef88e8-ded2-4600-b845-66767ab5c536 service placement] 10.222.0.57 "GET /placement/allocations/793b5b39-3344-46f0-9e82-f4fbd632bd65" status: 200 len: 259 microversion: 1.28
Aug 25 06:35:00.133562 n-d-791135-2 devstack@placement-api.service[107714]: [pid: 107714|app: 0|req: 540/1081] 10.222.0.57 () {60 vars in 1377 bytes} [Thu Aug 25 06:35:00 2022] GET /placement/allocations/793b5b39-3344-46f0-9e82-f4fbd632bd65 => generated 259 bytes in 31 msecs (HTTP/1.1 200) 8 headers in 296 bytes (1 switches on core 0)
Aug 25 06:35:03.246722 n-d-791135-2 devstack@placement-api.service[107713]: DEBUG placement.requestlog [None req-1b4ee7fd-11fe-40e5-8865-8bfc4d1bac75 None None] Starting request: 10.222.0.49 "GET /placement/resource_providers/b5811351-4540-4439-aab5-2ffa1b41a35d/aggregates" {{(pid=107713) __call__ /opt/stack/placement/placement/requestlog.py:55}}
Aug 25 06:35:03.259213 n-d-791135-2 devstack@placement-api.service[107713]: INFO placement.requestlog [None req-1b4ee7fd-11fe-40e5-8865-8bfc4d1bac75 service placement] 10.222.0.49 "GET /placement/resource_providers/b5811351-4540-4439-aab5-2ffa1b41a35d/aggregates" status: 404 len: 235 microversion: 1.1
Aug 25 06:35:03.268069 n-d-791135-2 devstack@placement-api.service[107713]: [pid: 107713|app: 0|req: 542/1082] 10.222.0.49 () {58 vars in 1362 bytes} [Thu Aug 25 06:35:03 2022] GET /placement/resource_providers/b5811351-4540-4439-aab5-2ffa1b41a35d/aggregates => generated 235 bytes in 22 msecs (HTTP/1.1 404) 5 headers in 202 bytes (1 switches on core 0)
Aug 25 06:35:03.307467 n-d-791135-2 devstack@placement-api.service[107714]: DEBUG placement.requestlog [None req-63a7620b-d4f0-4766-a6db-d7a299c2a881 None None] Starting request: 10.222.0.49 "DELETE /placement/resource_providers/b5811351-4540-4439-aab5-2ffa1b41a35d" {{(pid=107714) __call__ /opt/stack/placement/placement/requestlog.py:55}}
Aug 25 06:35:03.366345 n-d-791135-2 devstack@placement-api.service[107714]: DEBUG placement.wsgi_wrapper [None req-63a7620b-d4f0-4766-a6db-d7a299c2a881 service placement] Placement API returning an error response: No resource provider with uuid b5811351-4540-4439-aab5-2ffa1b41a35d found for delete {{(pid=107714) call_func /opt/stack/placement/placement/wsgi_wrapper.py:31}}
Aug 25 06:35:03.370438 n-d-791135-2 devstack@placement-api.service[107714]: INFO placement.requestlog [None req-63a7620b-d4f0-4766-a6db-d7a299c2a881 service placement] 10.222.0.49 "DELETE /placement/resource_providers/b5811351-4540-4439-aab5-2ffa1b41a35d" status: 404 len: 246 microversion: 1.1
Aug 25 06:35:03.371159 n-d-791135-2 devstack@placement-api.service[107714]: [pid: 107714|app: 0|req: 541/1083] 10.222.0.49 () {60 vars in 1351 bytes} [Thu Aug 25 06:35:03 2022] DELETE /placement/resource_providers/b5811351-4540-4439-aab5-2ffa1b41a35d => generated 246 bytes in 67 msecs (HTTP/1.1 404) 6 headers in 231 bytes (1 switches on core 0)
Aug 25 06:35:07.602209 n-d-791135-2 devstack@placement-api.service[107713]: DEBUG placement.requestlog [req-8796d7d1-6115-41b5-aef9-9521fbf2ccc2 req-498e45a9-d0cc-4bb7-ac74-e2d5254d1411 None None] Starting request: 10.222.0.49 "GET /placement/allocation_candidates?in_tree=1356aac3-b9b8-44e1-b5bd-5ffa946449c8&limit=1000&resources=DISK_GB%3A1%2CMEMORY_MB%3A1024%2CVCPU%3A1&root_required=%21COMPUTE_STATUS_DISABLED" {{(pid=107713) __call__ /opt/stack/placement/placement/requestlog.py:55}}
Aug 25 06:35:07.736867 n-d-791135-2 devstack@placement-api.service[107713]: DEBUG placement.objects.research_context [req-8796d7d1-6115-41b5-aef9-9521fbf2ccc2 req-498e45a9-d0cc-4bb7-ac74-e2d5254d1411 service placement] Group getting allocation candidates in the same tree with the root provider 1356aac3-b9b8-44e1-b5bd-5ffa946449c8 {{(pid=107713) __init__ /opt/stack/placement/placement/objects/research_context.py:124}}
Aug 25 06:35:07.737147 n-d-791135-2 devstack@placement-api.service[107713]: DEBUG placement.objects.research_context [req-8796d7d1-6115-41b5-aef9-9521fbf2ccc2 req-498e45a9-d0cc-4bb7-ac74-e2d5254d1411 service placement] getting providers with 1 DISK_GB {{(pid=107713) __init__ /opt/stack/placement/placement/objects/research_context.py:136}}
Aug 25 06:35:07.780224 n-d-791135-2 devstack@placement-api.service[107713]: DEBUG placement.objects.research_context [req-8796d7d1-6115-41b5-aef9-9521fbf2ccc2 req-498e45a9-d0cc-4bb7-ac74-e2d5254d1411 service placement] getting providers with 1024 MEMORY_MB {{(pid=107713) __init__ /opt/stack/placement/placement/objects/research_context.py:136}}
Aug 25 06:35:07.812296 n-d-791135-2 devstack@placement-api.service[107713]: DEBUG placement.objects.research_context [req-8796d7d1-6115-41b5-aef9-9521fbf2ccc2 req-498e45a9-d0cc-4bb7-ac74-e2d5254d1411 service placement] getting providers with 1 VCPU {{(pid=107713) __init__ /opt/stack/placement/placement/objects/research_context.py:136}}
Aug 25 06:35:07.834512 n-d-791135-2 devstack@placement-api.service[107713]: DEBUG placement.objects.research_context [req-8796d7d1-6115-41b5-aef9-9521fbf2ccc2 req-498e45a9-d0cc-4bb7-ac74-e2d5254d1411 service placement] found 1 providers with available 1 DISK_GB {{(pid=107713) get_provider_ids_matching /opt/stack/placement/placement/objects/research_context.py:563}}
Aug 25 06:35:07.836538 n-d-791135-2 devstack@placement-api.service[107713]: DEBUG placement.objects.research_context [req-8796d7d1-6115-41b5-aef9-9521fbf2ccc2 req-498e45a9-d0cc-4bb7-ac74-e2d5254d1411 service placement] found 1 providers with available 1024 MEMORY_MB {{(pid=107713) get_provider_ids_matching /opt/stack/placement/placement/objects/research_context.py:563}}
Aug 25 06:35:07.836823 n-d-791135-2 devstack@placement-api.service[107713]: DEBUG placement.objects.research_context [req-8796d7d1-6115-41b5-aef9-9521fbf2ccc2 req-498e45a9-d0cc-4bb7-ac74-e2d5254d1411 service placement] found 1 providers after filtering by previous result {{(pid=107713) get_provider_ids_matching /opt/stack/placement/placement/objects/research_context.py:594}}
Aug 25 06:35:07.837089 n-d-791135-2 devstack@placement-api.service[107713]: DEBUG placement.objects.research_context [req-8796d7d1-6115-41b5-aef9-9521fbf2ccc2 req-498e45a9-d0cc-4bb7-ac74-e2d5254d1411 service placement] found 1 providers with available 1 VCPU {{(pid=107713) get_provider_ids_matching /opt/stack/placement/placement/objects/research_context.py:563}}
Aug 25 06:35:07.837366 n-d-791135-2 devstack@placement-api.service[107713]: DEBUG placement.objects.research_context [req-8796d7d1-6115-41b5-aef9-9521fbf2ccc2 req-498e45a9-d0cc-4bb7-ac74-e2d5254d1411 service placement] found 1 providers after filtering by previous result {{(pid=107713) get_provider_ids_matching /opt/stack/placement/placement/objects/research_context.py:594}}
Aug 25 06:35:07.864289 n-d-791135-2 devstack@placement-api.service[107713]: DEBUG placement.objects.allocation_candidate [req-8796d7d1-6115-41b5-aef9-9521fbf2ccc2 req-498e45a9-d0cc-4bb7-ac74-e2d5254d1411 service placement] RequestGroup(use_same_provider=False, resources={DISK_GB:1, MEMORY_MB:1024, VCPU:1}, traits=(), aggregates=[]) (suffix '') returned 1 matches {{(pid=107713) _get_by_requests /opt/stack/placement/placement/objects/allocation_candidate.py:156}}
Aug 25 06:35:07.865538 n-d-791135-2 devstack@placement-api.service[107713]: DEBUG placement.objects.allocation_candidate [req-8796d7d1-6115-41b5-aef9-9521fbf2ccc2 req-498e45a9-d0cc-4bb7-ac74-e2d5254d1411 service placement] Merging candidates yields 1 allocation requests and 1 provider summaries {{(pid=107713) _merge_candidates /opt/stack/placement/placement/objects/allocation_candidate.py:809}}
Aug 25 06:35:07.868930 n-d-791135-2 devstack@placement-api.service[107713]: INFO placement.requestlog [req-8796d7d1-6115-41b5-aef9-9521fbf2ccc2 req-498e45a9-d0cc-4bb7-ac74-e2d5254d1411 service placement] 10.222.0.49 "GET /placement/allocation_candidates?in_tree=1356aac3-b9b8-44e1-b5bd-5ffa946449c8&limit=1000&resources=DISK_GB%3A1%2CMEMORY_MB%3A1024%2CVCPU%3A1&root_required=%21COMPUTE_STATUS_DISABLED" status: 200 len: 679 microversion: 1.36
Aug 25 06:35:07.890448 n-d-791135-2 devstack@placement-api.service[107713]: [pid: 107713|app: 0|req: 543/1084] 10.222.0.49 () {60 vars in 1596 bytes} [Thu Aug 25 06:35:07 2022] GET /placement/allocation_candidates?in_tree=1356aac3-b9b8-44e1-b5bd-5ffa946449c8&limit=1000&resources=DISK_GB%3A1%2CMEMORY_MB%3A1024%2CVCPU%3A1&root_required=%21COMPUTE_STATUS_DISABLED => generated 679 bytes in 275 msecs (HTTP/1.1 200) 8 headers in 296 bytes (1 switches on core 0)
Aug 25 06:35:08.055644 n-d-791135-2 devstack@placement-api.service[107714]: DEBUG placement.requestlog [req-8796d7d1-6115-41b5-aef9-9521fbf2ccc2 req-4210d46c-72d8-4284-b2a2-128f7be61861 None None] Starting request: 10.222.0.49 "GET /placement/allocations/626b77bf-ee9f-4372-ae86-5cce980867e8" {{(pid=107714) __call__ /opt/stack/placement/placement/requestlog.py:55}}
Aug 25 06:35:08.090935 n-d-791135-2 devstack@placement-api.service[107714]: INFO placement.requestlog [req-8796d7d1-6115-41b5-aef9-9521fbf2ccc2 req-4210d46c-72d8-4284-b2a2-128f7be61861 service placement] 10.222.0.49 "GET /placement/allocations/626b77bf-ee9f-4372-ae86-5cce980867e8" status: 200 len: 19 microversion: 1.28
Aug 25 06:35:08.100262 n-d-791135-2 devstack@placement-api.service[107714]: [pid: 107714|app: 0|req: 542/1085] 10.222.0.49 () {60 vars in 1380 bytes} [Thu Aug 25 06:35:08 2022] GET /placement/allocations/626b77bf-ee9f-4372-ae86-5cce980867e8 => generated 19 bytes in 45 msecs (HTTP/1.1 200) 8 headers in 295 bytes (1 switches on core 0)
Aug 25 06:35:08.119090 n-d-791135-2 devstack@placement-api.service[107713]: DEBUG placement.requestlog [req-8796d7d1-6115-41b5-aef9-9521fbf2ccc2 req-4a476977-d202-46f2-a6f5-f320ecdafd0b None None] Starting request: 10.222.0.49 "PUT /placement/allocations/626b77bf-ee9f-4372-ae86-5cce980867e8" {{(pid=107713) __call__ /opt/stack/placement/placement/requestlog.py:55}}
Aug 25 06:35:08.192231 n-d-791135-2 devstack@placement-api.service[107713]: DEBUG dbcounter [-] [107713] Writing DB stats placement:SELECT=82,placement:INSERT=10,placement:DELETE=4,placement:UPDATE=4 {{(pid=107713) stat_writer /usr/local/lib/python3.8/dist-packages/dbcounter.py:114}}
Aug 25 06:35:08.296928 n-d-791135-2 devstack@placement-api.service[107713]: DEBUG placement.handlers.allocation [req-8796d7d1-6115-41b5-aef9-9521fbf2ccc2 req-4a476977-d202-46f2-a6f5-f320ecdafd0b service placement] Successfully wrote allocations [, , ] {{(pid=107713) _update_consumers_and_create_allocations /opt/stack/placement/placement/handlers/allocation.py:462}}
Aug 25 06:35:08.305893 n-d-791135-2 devstack@placement-api.service[107713]: INFO placement.requestlog [req-8796d7d1-6115-41b5-aef9-9521fbf2ccc2 req-4a476977-d202-46f2-a6f5-f320ecdafd0b service placement] 10.222.0.49 "PUT /placement/allocations/626b77bf-ee9f-4372-ae86-5cce980867e8" status: 204 len: 0 microversion: 1.36
Aug 25 06:35:08.306806 n-d-791135-2 devstack@placement-api.service[107713]: [pid: 107713|app: 0|req: 544/1086] 10.222.0.49 () {64 vars in 1433 bytes} [Thu Aug 25 06:35:08 2022] PUT /placement/allocations/626b77bf-ee9f-4372-ae86-5cce980867e8 => generated 0 bytes in 188 msecs (HTTP/1.1 204) 5 headers in 199 bytes (1 switches on core 0)
Aug 25 06:35:09.470152 n-d-791135-2 devstack@placement-api.service[107714]: DEBUG placement.requestlog [req-8796d7d1-6115-41b5-aef9-9521fbf2ccc2 req-1d917d37-5c97-414d-94ca-cbb4135d6539 None None] Starting request: 10.222.0.57 "GET /placement/allocations/626b77bf-ee9f-4372-ae86-5cce980867e8" {{(pid=107714) __call__ /opt/stack/placement/placement/requestlog.py:55}}
Aug 25 06:35:09.532484 n-d-791135-2 devstack@placement-api.service[107714]: INFO placement.requestlog [req-8796d7d1-6115-41b5-aef9-9521fbf2ccc2 req-1d917d37-5c97-414d-94ca-cbb4135d6539 service placement] 10.222.0.57 "GET /placement/allocations/626b77bf-ee9f-4372-ae86-5cce980867e8" status: 200 len: 259 microversion: 1.28
Aug 25 06:35:09.533131 n-d-791135-2 devstack@placement-api.service[107714]: [pid: 107714|app: 0|req: 543/1087] 10.222.0.57 () {60 vars in 1377 bytes} [Thu Aug 25 06:35:09 2022] GET /placement/allocations/626b77bf-ee9f-4372-ae86-5cce980867e8 => generated 259 bytes in 64 msecs (HTTP/1.1 200) 8 headers in 296 bytes (1 switches on core 0)
Aug 25 06:35:13.918917 n-d-791135-2 devstack@placement-api.service[107713]: DEBUG placement.requestlog [None req-198bdfc8-d059-48c2-a9db-5e82a9b639b7 None None] Starting request: 10.222.0.49 "GET /placement/resource_providers/d4fb13ff-6c37-4b1b-905c-7ec2cac0b1ea/aggregates" {{(pid=107713) __call__ /opt/stack/placement/placement/requestlog.py:55}}
Aug 25 06:35:13.934251 n-d-791135-2 devstack@placement-api.service[107713]: INFO placement.requestlog [None req-198bdfc8-d059-48c2-a9db-5e82a9b639b7 service placement] 10.222.0.49 "GET /placement/resource_providers/d4fb13ff-6c37-4b1b-905c-7ec2cac0b1ea/aggregates" status: 404 len: 235 microversion: 1.1
Aug 25 06:35:13.935114 n-d-791135-2 devstack@placement-api.service[107713]: [pid: 107713|app: 0|req: 545/1088] 10.222.0.49 () {58 vars in 1362 bytes} [Thu Aug 25 06:35:13 2022] GET /placement/resource_providers/d4fb13ff-6c37-4b1b-905c-7ec2cac0b1ea/aggregates => generated 235 bytes in 16 msecs (HTTP/1.1 404) 5 headers in 202 bytes (1 switches on core 0)
Aug 25 06:35:13.962903 n-d-791135-2 devstack@placement-api.service[107714]: DEBUG placement.requestlog [None req-3ef4d367-cc71-4f94-836d-6932d7350b97 None None] Starting request: 10.222.0.49 "DELETE /placement/resource_providers/d4fb13ff-6c37-4b1b-905c-7ec2cac0b1ea" {{(pid=107714) __call__ /opt/stack/placement/placement/requestlog.py:55}}
Aug 25 06:35:13.975101 n-d-791135-2 devstack@placement-api.service[107714]: DEBUG placement.wsgi_wrapper [None req-3ef4d367-cc71-4f94-836d-6932d7350b97 service placement] Placement API returning an error response: No resource provider with uuid d4fb13ff-6c37-4b1b-905c-7ec2cac0b1ea found for delete {{(pid=107714) call_func /opt/stack/placement/placement/wsgi_wrapper.py:31}}
Aug 25 06:35:13.978293 n-d-791135-2 devstack@placement-api.service[107714]: INFO placement.requestlog [None req-3ef4d367-cc71-4f94-836d-6932d7350b97 service placement] 10.222.0.49 "DELETE /placement/resource_providers/d4fb13ff-6c37-4b1b-905c-7ec2cac0b1ea" status: 404 len: 246 microversion: 1.1
Aug 25 06:35:13.979630 n-d-791135-2 devstack@placement-api.service[107714]: [pid: 107714|app: 0|req: 544/1089] 10.222.0.49 () {60 vars in 1351 bytes} [Thu Aug 25 06:35:13 2022] DELETE /placement/resource_providers/d4fb13ff-6c37-4b1b-905c-7ec2cac0b1ea => generated 246 bytes in 17 msecs (HTTP/1.1 404) 6 headers in 231 bytes (1 switches on core 0)
Aug 25 06:35:17.416920 n-d-791135-2 devstack@placement-api.service[107713]: DEBUG placement.requestlog [req-a630fba0-b4da-4f93-b6f3-e819fe2930bb req-9ad35ada-984b-4313-b514-8e8817b42dda None None] Starting request: 10.222.0.18 "DELETE /placement/allocations/226e03b8-eec1-4a54-ad86-1b232c6fd551" {{(pid=107713) __call__ /opt/stack/placement/placement/requestlog.py:55}}
Aug 25 06:35:17.512708 n-d-791135-2 devstack@placement-api.service[107713]: DEBUG placement.handlers.allocation [req-a630fba0-b4da-4f93-b6f3-e819fe2930bb req-9ad35ada-984b-4313-b514-8e8817b42dda service placement] Successfully deleted allocations [, , ] {{(pid=107713) delete_allocations /opt/stack/placement/placement/handlers/allocation.py:627}}
Aug 25 06:35:17.513427 n-d-791135-2 devstack@placement-api.service[107713]: INFO placement.requestlog [req-a630fba0-b4da-4f93-b6f3-e819fe2930bb req-9ad35ada-984b-4313-b514-8e8817b42dda service placement] 10.222.0.18 "DELETE /placement/allocations/226e03b8-eec1-4a54-ad86-1b232c6fd551" status: 204 len: 0 microversion: 1.0
Aug 25 06:35:17.519743 n-d-791135-2 devstack@placement-api.service[107713]: [pid: 107713|app: 0|req: 546/1090] 10.222.0.18 () {60 vars in 1355 bytes} [Thu Aug 25 06:35:17 2022] DELETE /placement/allocations/226e03b8-eec1-4a54-ad86-1b232c6fd551 => generated 0 bytes in 101 msecs (HTTP/1.1 204) 5 headers in 198 bytes (1 switches on core 0)
Aug 25 06:35:23.971978 n-d-791135-2 devstack@placement-api.service[107714]: DEBUG dbcounter [-] [107714] Writing DB stats placement:SELECT=33,placement:DELETE=2 {{(pid=107714) stat_writer /usr/local/lib/python3.8/dist-packages/dbcounter.py:114}}
Aug 25 06:35:27.493988 n-d-791135-2 devstack@placement-api.service[107713]: DEBUG dbcounter [-] [107713] Writing DB stats placement:INSERT=6,placement:SELECT=21,placement:DELETE=4,placement:UPDATE=2 {{(pid=107713) stat_writer /usr/local/lib/python3.8/dist-packages/dbcounter.py:114}}
Aug 25 06:35:29.642499 n-d-791135-2 devstack@placement-api.service[107714]: DEBUG placement.requestlog [None req-79f31161-4bf4-4904-bb1e-2f3c26507ca9 None None] Starting request: 10.222.0.49 "GET /placement/resource_providers/ea7457eb-25b5-4562-8418-12e662019ef5/aggregates" {{(pid=107714) __call__ /opt/stack/placement/placement/requestlog.py:55}}
Aug 25 06:35:29.660160 n-d-791135-2 devstack@placement-api.service[107714]: INFO placement.requestlog [None req-79f31161-4bf4-4904-bb1e-2f3c26507ca9 service placement] 10.222.0.49 "GET /placement/resource_providers/ea7457eb-25b5-4562-8418-12e662019ef5/aggregates" status: 404 len: 235 microversion: 1.1
Aug 25 06:35:29.660757 n-d-791135-2 devstack@placement-api.service[107714]: [pid: 107714|app: 0|req: 545/1091] 10.222.0.49 () {58 vars in 1362 bytes} [Thu Aug 25 06:35:29 2022] GET /placement/resource_providers/ea7457eb-25b5-4562-8418-12e662019ef5/aggregates => generated 235 bytes in 19 msecs (HTTP/1.1 404) 5 headers in 202 bytes (1 switches on core 0)
Aug 25 06:35:29.682312 n-d-791135-2 devstack@placement-api.service[107713]: DEBUG placement.requestlog [None req-c3950808-ca26-40c6-870d-029a5b42846a None None] Starting request: 10.222.0.49 "DELETE /placement/resource_providers/ea7457eb-25b5-4562-8418-12e662019ef5" {{(pid=107713) __call__ /opt/stack/placement/placement/requestlog.py:55}}
Aug 25 06:35:29.719855 n-d-791135-2 devstack@placement-api.service[107713]: DEBUG placement.wsgi_wrapper [None req-c3950808-ca26-40c6-870d-029a5b42846a service placement] Placement API returning an error response: No resource provider with uuid ea7457eb-25b5-4562-8418-12e662019ef5 found for delete {{(pid=107713) call_func /opt/stack/placement/placement/wsgi_wrapper.py:31}}
Aug 25 06:35:29.728373 n-d-791135-2 devstack@placement-api.service[107713]: INFO placement.requestlog [None req-c3950808-ca26-40c6-870d-029a5b42846a service placement] 10.222.0.49 "DELETE /placement/resource_providers/ea7457eb-25b5-4562-8418-12e662019ef5" status: 404 len: 246 microversion: 1.1
Aug 25 06:35:29.728900 n-d-791135-2 devstack@placement-api.service[107713]: [pid: 107713|app: 0|req: 547/1092] 10.222.0.49 () {60 vars in 1351 bytes} [Thu Aug 25 06:35:29 2022] DELETE /placement/resource_providers/ea7457eb-25b5-4562-8418-12e662019ef5 => generated 246 bytes in 47 msecs (HTTP/1.1 404) 6 headers in 231 bytes (1 switches on core 0)
Aug 25 06:35:39.654423 n-d-791135-2 devstack@placement-api.service[107714]: DEBUG dbcounter [-] [107714] Writing DB stats placement:SELECT=2 {{(pid=107714) stat_writer /usr/local/lib/python3.8/dist-packages/dbcounter.py:114}}
Aug 25 06:35:39.709279 n-d-791135-2 devstack@placement-api.service[107713]: DEBUG dbcounter [-] [107713] Writing DB stats placement:SELECT=2 {{(pid=107713) stat_writer /usr/local/lib/python3.8/dist-packages/dbcounter.py:114}}
Aug 25 06:35:44.709730 n-d-791135-2 devstack@placement-api.service[107714]: DEBUG placement.requestlog [req-f5e6a174-37be-48c6-9837-98be3774926a req-6b8311b9-dd7e-46a1-9d2e-b2ede91a50a3 None None] Starting request: 10.222.0.57 "GET /placement/resource_providers/1356aac3-b9b8-44e1-b5bd-5ffa946449c8/allocations" {{(pid=107714) __call__ /opt/stack/placement/placement/requestlog.py:55}}
Aug 25 06:35:44.764943 n-d-791135-2 devstack@placement-api.service[107714]: INFO placement.requestlog [req-f5e6a174-37be-48c6-9837-98be3774926a req-6b8311b9-dd7e-46a1-9d2e-b2ede91a50a3 service placement] 10.222.0.57 "GET /placement/resource_providers/1356aac3-b9b8-44e1-b5bd-5ffa946449c8/allocations" status: 200 len: 558 microversion: 1.0
Aug 25 06:35:44.766485 n-d-791135-2 devstack@placement-api.service[107714]: [pid: 107714|app: 0|req: 546/1093] 10.222.0.57 () {58 vars in 1390 bytes} [Thu Aug 25 06:35:44 2022] GET /placement/resource_providers/1356aac3-b9b8-44e1-b5bd-5ffa946449c8/allocations => generated 558 bytes in 57 msecs (HTTP/1.1 200) 6 headers in 224 bytes (1 switches on core 0)
Aug 25 06:35:46.738034 n-d-791135-2 devstack@placement-api.service[107713]: DEBUG placement.requestlog [req-a014514f-7710-40ed-80b6-8484095d9a91 req-e757f99e-d963-4fb7-9183-65f337c37218 None None] Starting request: 10.222.0.18 "GET /placement/resource_providers/edcce3f4-3a5e-4b6f-8c36-7f91e27687f4/allocations" {{(pid=107713) __call__ /opt/stack/placement/placement/requestlog.py:55}}
Aug 25 06:35:46.807198 n-d-791135-2 devstack@placement-api.service[107713]: INFO placement.requestlog [req-a014514f-7710-40ed-80b6-8484095d9a91 req-e757f99e-d963-4fb7-9183-65f337c37218 service placement] 10.222.0.18 "GET /placement/resource_providers/edcce3f4-3a5e-4b6f-8c36-7f91e27687f4/allocations" status: 200 len: 154 microversion: 1.0
Aug 25 06:35:46.822291 n-d-791135-2 devstack@placement-api.service[107713]: [pid: 107713|app: 0|req: 548/1094] 10.222.0.18 () {58 vars in 1390 bytes} [Thu Aug 25 06:35:46 2022] GET /placement/resource_providers/edcce3f4-3a5e-4b6f-8c36-7f91e27687f4/allocations => generated 154 bytes in 84 msecs (HTTP/1.1 200) 6 headers in 224 bytes (1 switches on core 0)
Aug 25 06:35:46.875432 n-d-791135-2 devstack@placement-api.service[107714]: DEBUG placement.requestlog [req-d4e28739-9632-4bcd-9086-cf52b166c241 req-b63fd4b6-2d4c-465b-8e2b-f136664801f8 None None] Starting request: 10.222.0.49 "GET /placement/allocation_candidates?in_tree=edcce3f4-3a5e-4b6f-8c36-7f91e27687f4&limit=1000&resources=DISK_GB%3A1%2CMEMORY_MB%3A1024%2CVCPU%3A1&root_required=%21COMPUTE_STATUS_DISABLED" {{(pid=107714) __call__ /opt/stack/placement/placement/requestlog.py:55}}
Aug 25 06:35:46.964874 n-d-791135-2 devstack@placement-api.service[107713]: DEBUG placement.requestlog [req-7522bd7a-438b-4f40-b2be-f7dd3348d57c req-0d946cc8-aedc-46c7-bbd3-614a25789241 None None] Starting request: 10.222.0.49 "GET /placement/allocation_candidates?limit=1000&resources=DISK_GB%3A1%2CMEMORY_MB%3A1024%2CVCPU%3A1&root_required=%21COMPUTE_STATUS_DISABLED" {{(pid=107713) __call__ /opt/stack/placement/placement/requestlog.py:55}}
Aug 25 06:35:47.074695 n-d-791135-2 devstack@placement-api.service[107714]: DEBUG placement.objects.research_context [req-d4e28739-9632-4bcd-9086-cf52b166c241 req-b63fd4b6-2d4c-465b-8e2b-f136664801f8 service placement] Group getting allocation candidates in the same tree with the root provider edcce3f4-3a5e-4b6f-8c36-7f91e27687f4 {{(pid=107714) __init__ /opt/stack/placement/placement/objects/research_context.py:124}}
Aug 25 06:35:47.074971 n-d-791135-2 devstack@placement-api.service[107714]: DEBUG placement.objects.research_context [req-d4e28739-9632-4bcd-9086-cf52b166c241 req-b63fd4b6-2d4c-465b-8e2b-f136664801f8 service placement] getting providers with 1 DISK_GB {{(pid=107714) __init__ /opt/stack/placement/placement/objects/research_context.py:136}}
Aug 25 06:35:47.102277 n-d-791135-2 devstack@placement-api.service[107714]: DEBUG placement.objects.research_context [req-d4e28739-9632-4bcd-9086-cf52b166c241 req-b63fd4b6-2d4c-465b-8e2b-f136664801f8 service placement] getting providers with 1024 MEMORY_MB {{(pid=107714) __init__ /opt/stack/placement/placement/objects/research_context.py:136}}
Aug 25 06:35:47.113672 n-d-791135-2 devstack@placement-api.service[107713]: DEBUG placement.objects.research_context [req-7522bd7a-438b-4f40-b2be-f7dd3348d57c req-0d946cc8-aedc-46c7-bbd3-614a25789241 service placement] getting providers with 1 DISK_GB {{(pid=107713) __init__ /opt/stack/placement/placement/objects/research_context.py:136}}
Aug 25 06:35:47.125085 n-d-791135-2 devstack@placement-api.service[107714]: DEBUG placement.objects.research_context [req-d4e28739-9632-4bcd-9086-cf52b166c241 req-b63fd4b6-2d4c-465b-8e2b-f136664801f8 service placement] getting providers with 1 VCPU {{(pid=107714) __init__ /opt/stack/placement/placement/objects/research_context.py:136}}
Aug 25 06:35:47.132625 n-d-791135-2 devstack@placement-api.service[107713]: DEBUG placement.objects.research_context [req-7522bd7a-438b-4f40-b2be-f7dd3348d57c req-0d946cc8-aedc-46c7-bbd3-614a25789241 service placement] getting providers with 1024 MEMORY_MB {{(pid=107713) __init__ /opt/stack/placement/placement/objects/research_context.py:136}}
Aug 25 06:35:47.152398 n-d-791135-2 devstack@placement-api.service[107714]: DEBUG placement.objects.research_context [req-d4e28739-9632-4bcd-9086-cf52b166c241 req-b63fd4b6-2d4c-465b-8e2b-f136664801f8 service placement] found 1 providers with available 1 DISK_GB {{(pid=107714) get_provider_ids_matching /opt/stack/placement/placement/objects/research_context.py:563}}
Aug 25 06:35:47.152678 n-d-791135-2 devstack@placement-api.service[107714]: DEBUG placement.objects.research_context [req-d4e28739-9632-4bcd-9086-cf52b166c241 req-b63fd4b6-2d4c-465b-8e2b-f136664801f8 service placement] found 1 providers with available 1024 MEMORY_MB {{(pid=107714) get_provider_ids_matching /opt/stack/placement/placement/objects/research_context.py:563}}
Aug 25 06:35:47.152955 n-d-791135-2 devstack@placement-api.service[107714]: DEBUG placement.objects.research_context [req-d4e28739-9632-4bcd-9086-cf52b166c241 req-b63fd4b6-2d4c-465b-8e2b-f136664801f8 service placement] found 1 providers after filtering by previous result {{(pid=107714) get_provider_ids_matching /opt/stack/placement/placement/objects/research_context.py:594}}
Aug 25 06:35:47.153349 n-d-791135-2 devstack@placement-api.service[107714]: DEBUG placement.objects.research_context [req-d4e28739-9632-4bcd-9086-cf52b166c241 req-b63fd4b6-2d4c-465b-8e2b-f136664801f8 service placement] found 1 providers with available 1 VCPU {{(pid=107714) get_provider_ids_matching /opt/stack/placement/placement/objects/research_context.py:563}}
Aug 25 06:35:47.153997 n-d-791135-2 devstack@placement-api.service[107714]: DEBUG placement.objects.research_context [req-d4e28739-9632-4bcd-9086-cf52b166c241 req-b63fd4b6-2d4c-465b-8e2b-f136664801f8 service placement] found 1 providers after filtering by previous result {{(pid=107714) get_provider_ids_matching /opt/stack/placement/placement/objects/research_context.py:594}}
Aug 25 06:35:47.163172 n-d-791135-2 devstack@placement-api.service[107713]: DEBUG placement.objects.research_context [req-7522bd7a-438b-4f40-b2be-f7dd3348d57c req-0d946cc8-aedc-46c7-bbd3-614a25789241 service placement] getting providers with 1 VCPU {{(pid=107713) __init__ /opt/stack/placement/placement/objects/research_context.py:136}}
Aug 25 06:35:47.181999 n-d-791135-2 devstack@placement-api.service[107713]: DEBUG placement.objects.research_context [req-7522bd7a-438b-4f40-b2be-f7dd3348d57c req-0d946cc8-aedc-46c7-bbd3-614a25789241 service placement] found 2 providers with available 1 DISK_GB {{(pid=107713) get_provider_ids_matching /opt/stack/placement/placement/objects/research_context.py:563}}
Aug 25 06:35:47.183210 n-d-791135-2 devstack@placement-api.service[107713]: DEBUG placement.objects.research_context [req-7522bd7a-438b-4f40-b2be-f7dd3348d57c req-0d946cc8-aedc-46c7-bbd3-614a25789241 service placement] found 2 providers with available 1024 MEMORY_MB {{(pid=107713) get_provider_ids_matching /opt/stack/placement/placement/objects/research_context.py:563}}
Aug 25 06:35:47.190404 n-d-791135-2 devstack@placement-api.service[107713]: DEBUG placement.objects.research_context [req-7522bd7a-438b-4f40-b2be-f7dd3348d57c req-0d946cc8-aedc-46c7-bbd3-614a25789241 service placement] found 2 providers after filtering by previous result {{(pid=107713) get_provider_ids_matching /opt/stack/placement/placement/objects/research_context.py:594}}
Aug 25 06:35:47.190930 n-d-791135-2 devstack@placement-api.service[107713]: DEBUG placement.objects.research_context [req-7522bd7a-438b-4f40-b2be-f7dd3348d57c req-0d946cc8-aedc-46c7-bbd3-614a25789241 service placement] found 2 providers with available 1 VCPU {{(pid=107713) get_provider_ids_matching /opt/stack/placement/placement/objects/research_context.py:563}}
Aug 25 06:35:47.191714 n-d-791135-2 devstack@placement-api.service[107713]: DEBUG placement.objects.research_context [req-7522bd7a-438b-4f40-b2be-f7dd3348d57c req-0d946cc8-aedc-46c7-bbd3-614a25789241 service placement] found 2 providers after filtering by previous result {{(pid=107713) get_provider_ids_matching /opt/stack/placement/placement/objects/research_context.py:594}}
Aug 25 06:35:47.209911 n-d-791135-2 devstack@placement-api.service[107714]: DEBUG placement.objects.allocation_candidate [req-d4e28739-9632-4bcd-9086-cf52b166c241 req-b63fd4b6-2d4c-465b-8e2b-f136664801f8 service placement] RequestGroup(use_same_provider=False, resources={DISK_GB:1, MEMORY_MB:1024, VCPU:1}, traits=(), aggregates=[]) (suffix '') returned 1 matches {{(pid=107714) _get_by_requests /opt/stack/placement/placement/objects/allocation_candidate.py:156}}
Aug 25 06:35:47.218543 n-d-791135-2 devstack@placement-api.service[107714]: DEBUG placement.objects.allocation_candidate [req-d4e28739-9632-4bcd-9086-cf52b166c241 req-b63fd4b6-2d4c-465b-8e2b-f136664801f8 service placement] Merging candidates yields 1 allocation requests and 1 provider summaries {{(pid=107714) _merge_candidates /opt/stack/placement/placement/objects/allocation_candidate.py:809}}
Aug 25 06:35:47.220502 n-d-791135-2 devstack@placement-api.service[107714]: INFO placement.requestlog [req-d4e28739-9632-4bcd-9086-cf52b166c241 req-b63fd4b6-2d4c-465b-8e2b-f136664801f8 service placement] 10.222.0.49 "GET /placement/allocation_candidates?in_tree=edcce3f4-3a5e-4b6f-8c36-7f91e27687f4&limit=1000&resources=DISK_GB%3A1%2CMEMORY_MB%3A1024%2CVCPU%3A1&root_required=%21COMPUTE_STATUS_DISABLED" status: 200 len: 679 microversion: 1.36
Aug 25 06:35:47.245708 n-d-791135-2 devstack@placement-api.service[107714]: [pid: 107714|app: 0|req: 547/1095] 10.222.0.49 () {60 vars in 1596 bytes} [Thu Aug 25 06:35:46 2022] GET /placement/allocation_candidates?in_tree=edcce3f4-3a5e-4b6f-8c36-7f91e27687f4&limit=1000&resources=DISK_GB%3A1%2CMEMORY_MB%3A1024%2CVCPU%3A1&root_required=%21COMPUTE_STATUS_DISABLED => generated 679 bytes in 369 msecs (HTTP/1.1 200) 8 headers in 296 bytes (1 switches on core 0)
Aug 25 06:35:47.259863 n-d-791135-2 devstack@placement-api.service[107713]: DEBUG placement.objects.allocation_candidate [req-7522bd7a-438b-4f40-b2be-f7dd3348d57c req-0d946cc8-aedc-46c7-bbd3-614a25789241 service placement] RequestGroup(use_same_provider=False, resources={DISK_GB:1, MEMORY_MB:1024, VCPU:1}, traits=(), aggregates=[]) (suffix '') returned 2 matches {{(pid=107713) _get_by_requests /opt/stack/placement/placement/objects/allocation_candidate.py:156}}
