Aug 25 06:33:03.536728 n-d-791135-2 devstack@placement-api.service[107713]: [pid: 107713|app: 0|req: 522/1041] 10.222.0.18 () {60 vars in 1355 bytes} [Thu Aug 25 06:33:03 2022] DELETE /placement/allocations/57a9063e-0dc6-4d1d-a701-9eba498f5880 => generated 0 bytes in 59 msecs (HTTP/1.1 204) 5 headers in 198 bytes (1 switches on core 0)
Aug 25 06:33:10.158549 n-d-791135-2 devstack@placement-api.service[107714]: DEBUG dbcounter [-] [107714] Writing DB stats placement:SELECT=29 {{(pid=107714) stat_writer /usr/local/lib/python3.8/dist-packages/dbcounter.py:114}}
Aug 25 06:33:13.216262 n-d-791135-2 devstack@placement-api.service[107714]: DEBUG placement.requestlog [None req-5f50477c-268c-4b50-87b3-69681170251c None None] Starting request: 10.222.0.49 "GET /placement/resource_providers/8e2df807-5ca0-4ece-9dc8-234ea8ef7bd8/aggregates" {{(pid=107714) __call__ /opt/stack/placement/placement/requestlog.py:55}}
Aug 25 06:33:13.247196 n-d-791135-2 devstack@placement-api.service[107714]: INFO placement.requestlog [None req-5f50477c-268c-4b50-87b3-69681170251c service placement] 10.222.0.49 "GET /placement/resource_providers/8e2df807-5ca0-4ece-9dc8-234ea8ef7bd8/aggregates" status: 404 len: 235 microversion: 1.1
Aug 25 06:33:13.249380 n-d-791135-2 devstack@placement-api.service[107714]: [pid: 107714|app: 0|req: 520/1042] 10.222.0.49 () {58 vars in 1362 bytes} [Thu Aug 25 06:33:13 2022] GET /placement/resource_providers/8e2df807-5ca0-4ece-9dc8-234ea8ef7bd8/aggregates => generated 235 bytes in 34 msecs (HTTP/1.1 404) 5 headers in 202 bytes (1 switches on core 0)
Aug 25 06:33:13.288917 n-d-791135-2 devstack@placement-api.service[107713]: DEBUG placement.requestlog [None req-54fef284-3f4a-4c9c-9957-a298862d4804 None None] Starting request: 10.222.0.49 "DELETE /placement/resource_providers/8e2df807-5ca0-4ece-9dc8-234ea8ef7bd8" {{(pid=107713) __call__ /opt/stack/placement/placement/requestlog.py:55}}
Aug 25 06:33:13.296608 n-d-791135-2 devstack@placement-api.service[107713]: DEBUG dbcounter [-] [107713] Writing DB stats placement:SELECT=50,placement:INSERT=6,placement:DELETE=4,placement:UPDATE=2 {{(pid=107713) stat_writer /usr/local/lib/python3.8/dist-packages/dbcounter.py:114}}
Aug 25 06:33:13.302521 n-d-791135-2 devstack@placement-api.service[107713]: DEBUG placement.wsgi_wrapper [None req-54fef284-3f4a-4c9c-9957-a298862d4804 service placement] Placement API returning an error response: No resource provider with uuid 8e2df807-5ca0-4ece-9dc8-234ea8ef7bd8 found for delete {{(pid=107713) call_func /opt/stack/placement/placement/wsgi_wrapper.py:31}}
Aug 25 06:33:13.304249 n-d-791135-2 devstack@placement-api.service[107713]: INFO placement.requestlog [None req-54fef284-3f4a-4c9c-9957-a298862d4804 service placement] 10.222.0.49 "DELETE /placement/resource_providers/8e2df807-5ca0-4ece-9dc8-234ea8ef7bd8" status: 404 len: 246 microversion: 1.1
Aug 25 06:33:13.307527 n-d-791135-2 devstack@placement-api.service[107713]: [pid: 107713|app: 0|req: 523/1043] 10.222.0.49 () {60 vars in 1351 bytes} [Thu Aug 25 06:33:13 2022] DELETE /placement/resource_providers/8e2df807-5ca0-4ece-9dc8-234ea8ef7bd8 => generated 246 bytes in 19 msecs (HTTP/1.1 404) 6 headers in 231 bytes (1 switches on core 0)
Aug 25 06:33:23.236348 n-d-791135-2 devstack@placement-api.service[107714]: DEBUG dbcounter [-] [107714] Writing DB stats placement:SELECT=2 {{(pid=107714) stat_writer /usr/local/lib/python3.8/dist-packages/dbcounter.py:114}}
Aug 25 06:33:23.322367 n-d-791135-2 devstack@placement-api.service[107713]: DEBUG dbcounter [-] [107713] Writing DB stats placement:SELECT=1 {{(pid=107713) stat_writer /usr/local/lib/python3.8/dist-packages/dbcounter.py:114}}
Aug 25 06:33:25.393975 n-d-791135-2 devstack@placement-api.service[107714]: DEBUG placement.requestlog [req-9f3f8707-36cc-450b-b8b5-39fa97710d97 req-ec826f8d-1032-4bcc-8d3d-ccbeca8cbd3f None None] Starting request: 10.222.0.49 "GET /placement/allocation_candidates?limit=1000&resources=DISK_GB%3A1%2CMEMORY_MB%3A1024%2CVCPU%3A1&root_required=%21COMPUTE_STATUS_DISABLED" {{(pid=107714) __call__ /opt/stack/placement/placement/requestlog.py:55}}
Aug 25 06:33:25.511082 n-d-791135-2 devstack@placement-api.service[107714]: DEBUG placement.objects.research_context [req-9f3f8707-36cc-450b-b8b5-39fa97710d97 req-ec826f8d-1032-4bcc-8d3d-ccbeca8cbd3f service placement] getting providers with 1 DISK_GB {{(pid=107714) __init__ /opt/stack/placement/placement/objects/research_context.py:136}}
Aug 25 06:33:25.532344 n-d-791135-2 devstack@placement-api.service[107714]: DEBUG placement.objects.research_context [req-9f3f8707-36cc-450b-b8b5-39fa97710d97 req-ec826f8d-1032-4bcc-8d3d-ccbeca8cbd3f service placement] getting providers with 1024 MEMORY_MB {{(pid=107714) __init__ /opt/stack/placement/placement/objects/research_context.py:136}}
Aug 25 06:33:25.551703 n-d-791135-2 devstack@placement-api.service[107714]: DEBUG placement.objects.research_context [req-9f3f8707-36cc-450b-b8b5-39fa97710d97 req-ec826f8d-1032-4bcc-8d3d-ccbeca8cbd3f service placement] getting providers with 1 VCPU {{(pid=107714) __init__ /opt/stack/placement/placement/objects/research_context.py:136}}
Aug 25 06:33:25.557358 n-d-791135-2 devstack@placement-api.service[107714]: DEBUG placement.objects.research_context [req-9f3f8707-36cc-450b-b8b5-39fa97710d97 req-ec826f8d-1032-4bcc-8d3d-ccbeca8cbd3f service placement] found 2 providers with available 1 DISK_GB {{(pid=107714) get_provider_ids_matching /opt/stack/placement/placement/objects/research_context.py:563}}
Aug 25 06:33:25.557636 n-d-791135-2 devstack@placement-api.service[107714]: DEBUG placement.objects.research_context [req-9f3f8707-36cc-450b-b8b5-39fa97710d97 req-ec826f8d-1032-4bcc-8d3d-ccbeca8cbd3f service placement] found 2 providers with available 1024 MEMORY_MB {{(pid=107714) get_provider_ids_matching /opt/stack/placement/placement/objects/research_context.py:563}}
Aug 25 06:33:25.558081 n-d-791135-2 devstack@placement-api.service[107714]: DEBUG placement.objects.research_context [req-9f3f8707-36cc-450b-b8b5-39fa97710d97 req-ec826f8d-1032-4bcc-8d3d-ccbeca8cbd3f service placement] found 2 providers after filtering by previous result {{(pid=107714) get_provider_ids_matching /opt/stack/placement/placement/objects/research_context.py:594}}
Aug 25 06:33:25.558479 n-d-791135-2 devstack@placement-api.service[107714]: DEBUG placement.objects.research_context [req-9f3f8707-36cc-450b-b8b5-39fa97710d97 req-ec826f8d-1032-4bcc-8d3d-ccbeca8cbd3f service placement] found 2 providers with available 1 VCPU {{(pid=107714) get_provider_ids_matching /opt/stack/placement/placement/objects/research_context.py:563}}
Aug 25 06:33:25.559046 n-d-791135-2 devstack@placement-api.service[107714]: DEBUG placement.objects.research_context [req-9f3f8707-36cc-450b-b8b5-39fa97710d97 req-ec826f8d-1032-4bcc-8d3d-ccbeca8cbd3f service placement] found 2 providers after filtering by previous result {{(pid=107714) get_provider_ids_matching /opt/stack/placement/placement/objects/research_context.py:594}}
Aug 25 06:33:25.585287 n-d-791135-2 devstack@placement-api.service[107714]: DEBUG placement.objects.allocation_candidate [req-9f3f8707-36cc-450b-b8b5-39fa97710d97 req-ec826f8d-1032-4bcc-8d3d-ccbeca8cbd3f service placement] RequestGroup(use_same_provider=False, resources={DISK_GB:1, MEMORY_MB:1024, VCPU:1}, traits=(), aggregates=[]) (suffix '') returned 2 matches {{(pid=107714) _get_by_requests /opt/stack/placement/placement/objects/allocation_candidate.py:156}}
Aug 25 06:33:25.585921 n-d-791135-2 devstack@placement-api.service[107714]: DEBUG placement.objects.allocation_candidate [req-9f3f8707-36cc-450b-b8b5-39fa97710d97 req-ec826f8d-1032-4bcc-8d3d-ccbeca8cbd3f service placement] Merging candidates yields 2 allocation requests and 2 provider summaries {{(pid=107714) _merge_candidates /opt/stack/placement/placement/objects/allocation_candidate.py:809}}
Aug 25 06:33:25.593411 n-d-791135-2 devstack@placement-api.service[107714]: INFO placement.requestlog [req-9f3f8707-36cc-450b-b8b5-39fa97710d97 req-ec826f8d-1032-4bcc-8d3d-ccbeca8cbd3f service placement] 10.222.0.49 "GET /placement/allocation_candidates?limit=1000&resources=DISK_GB%3A1%2CMEMORY_MB%3A1024%2CVCPU%3A1&root_required=%21COMPUTE_STATUS_DISABLED" status: 200 len: 1309 microversion: 1.36
Aug 25 06:33:25.594296 n-d-791135-2 devstack@placement-api.service[107714]: [pid: 107714|app: 0|req: 521/1044] 10.222.0.49 () {60 vars in 1506 bytes} [Thu Aug 25 06:33:25 2022] GET /placement/allocation_candidates?limit=1000&resources=DISK_GB%3A1%2CMEMORY_MB%3A1024%2CVCPU%3A1&root_required=%21COMPUTE_STATUS_DISABLED => generated 1309 bytes in 200 msecs (HTTP/1.1 200) 8 headers in 297 bytes (1 switches on core 0)
Aug 25 06:33:25.824329 n-d-791135-2 devstack@placement-api.service[107713]: DEBUG placement.requestlog [req-9f3f8707-36cc-450b-b8b5-39fa97710d97 req-77ce3675-5605-41a6-9835-a40d4ea208ca None None] Starting request: 10.222.0.49 "GET /placement/allocations/66edd4c1-b89a-4af8-a2ba-e068a8aeb745" {{(pid=107713) __call__ /opt/stack/placement/placement/requestlog.py:55}}
Aug 25 06:33:25.857364 n-d-791135-2 devstack@placement-api.service[107713]: INFO placement.requestlog [req-9f3f8707-36cc-450b-b8b5-39fa97710d97 req-77ce3675-5605-41a6-9835-a40d4ea208ca service placement] 10.222.0.49 "GET /placement/allocations/66edd4c1-b89a-4af8-a2ba-e068a8aeb745" status: 200 len: 19 microversion: 1.28
Aug 25 06:33:25.858066 n-d-791135-2 devstack@placement-api.service[107713]: [pid: 107713|app: 0|req: 524/1045] 10.222.0.49 () {60 vars in 1380 bytes} [Thu Aug 25 06:33:25 2022] GET /placement/allocations/66edd4c1-b89a-4af8-a2ba-e068a8aeb745 => generated 19 bytes in 34 msecs (HTTP/1.1 200) 8 headers in 295 bytes (1 switches on core 0)
Aug 25 06:33:25.880251 n-d-791135-2 devstack@placement-api.service[107714]: DEBUG placement.requestlog [req-9f3f8707-36cc-450b-b8b5-39fa97710d97 req-316b6226-5efc-48fe-b743-ba5625da8cb7 None None] Starting request: 10.222.0.49 "PUT /placement/allocations/66edd4c1-b89a-4af8-a2ba-e068a8aeb745" {{(pid=107714) __call__ /opt/stack/placement/placement/requestlog.py:55}}
Aug 25 06:33:26.287529 n-d-791135-2 devstack@placement-api.service[107714]: DEBUG placement.handlers.allocation [req-9f3f8707-36cc-450b-b8b5-39fa97710d97 req-316b6226-5efc-48fe-b743-ba5625da8cb7 service placement] Successfully wrote allocations [, , ] {{(pid=107714) _update_consumers_and_create_allocations /opt/stack/placement/placement/handlers/allocation.py:462}}
Aug 25 06:33:26.294896 n-d-791135-2 devstack@placement-api.service[107714]: INFO placement.requestlog [req-9f3f8707-36cc-450b-b8b5-39fa97710d97 req-316b6226-5efc-48fe-b743-ba5625da8cb7 service placement] 10.222.0.49 "PUT /placement/allocations/66edd4c1-b89a-4af8-a2ba-e068a8aeb745" status: 204 len: 0 microversion: 1.36
Aug 25 06:33:26.304770 n-d-791135-2 devstack@placement-api.service[107714]: [pid: 107714|app: 0|req: 522/1046] 10.222.0.49 () {64 vars in 1433 bytes} [Thu Aug 25 06:33:25 2022] PUT /placement/allocations/66edd4c1-b89a-4af8-a2ba-e068a8aeb745 => generated 0 bytes in 428 msecs (HTTP/1.1 204) 5 headers in 199 bytes (1 switches on core 0)
Aug 25 06:33:26.968457 n-d-791135-2 devstack@placement-api.service[107713]: DEBUG placement.requestlog [req-9f3f8707-36cc-450b-b8b5-39fa97710d97 req-c6aa9f69-2226-4858-98f5-341f14727809 None None] Starting request: 10.222.0.18 "GET /placement/allocations/66edd4c1-b89a-4af8-a2ba-e068a8aeb745" {{(pid=107713) __call__ /opt/stack/placement/placement/requestlog.py:55}}
Aug 25 06:33:27.020221 n-d-791135-2 devstack@placement-api.service[107713]: INFO placement.requestlog [req-9f3f8707-36cc-450b-b8b5-39fa97710d97 req-c6aa9f69-2226-4858-98f5-341f14727809 service placement] 10.222.0.18 "GET /placement/allocations/66edd4c1-b89a-4af8-a2ba-e068a8aeb745" status: 200 len: 259 microversion: 1.28
Aug 25 06:33:27.023529 n-d-791135-2 devstack@placement-api.service[107713]: [pid: 107713|app: 0|req: 525/1047] 10.222.0.18 () {60 vars in 1377 bytes} [Thu Aug 25 06:33:26 2022] GET /placement/allocations/66edd4c1-b89a-4af8-a2ba-e068a8aeb745 => generated 259 bytes in 55 msecs (HTTP/1.1 200) 8 headers in 296 bytes (1 switches on core 0)
Aug 25 06:33:29.582653 n-d-791135-2 devstack@placement-api.service[107714]: DEBUG placement.requestlog [None req-9525b317-bb34-47e5-9704-2912fbd68a25 None None] Starting request: 10.222.0.49 "GET /placement/resource_providers/2aad8469-3b8d-4bf7-b267-1916da9c347a/aggregates" {{(pid=107714) __call__ /opt/stack/placement/placement/requestlog.py:55}}
Aug 25 06:33:29.621041 n-d-791135-2 devstack@placement-api.service[107714]: INFO placement.requestlog [None req-9525b317-bb34-47e5-9704-2912fbd68a25 service placement] 10.222.0.49 "GET /placement/resource_providers/2aad8469-3b8d-4bf7-b267-1916da9c347a/aggregates" status: 404 len: 235 microversion: 1.1
Aug 25 06:33:29.621839 n-d-791135-2 devstack@placement-api.service[107714]: [pid: 107714|app: 0|req: 523/1048] 10.222.0.49 () {58 vars in 1362 bytes} [Thu Aug 25 06:33:29 2022] GET /placement/resource_providers/2aad8469-3b8d-4bf7-b267-1916da9c347a/aggregates => generated 235 bytes in 40 msecs (HTTP/1.1 404) 5 headers in 202 bytes (1 switches on core 0)
Aug 25 06:33:29.655437 n-d-791135-2 devstack@placement-api.service[107713]: DEBUG placement.requestlog [None req-2728aa47-015b-4636-bb37-7fbdfcff4fa6 None None] Starting request: 10.222.0.49 "DELETE /placement/resource_providers/2aad8469-3b8d-4bf7-b267-1916da9c347a" {{(pid=107713) __call__ /opt/stack/placement/placement/requestlog.py:55}}
Aug 25 06:33:29.680498 n-d-791135-2 devstack@placement-api.service[107713]: DEBUG placement.wsgi_wrapper [None req-2728aa47-015b-4636-bb37-7fbdfcff4fa6 service placement] Placement API returning an error response: No resource provider with uuid 2aad8469-3b8d-4bf7-b267-1916da9c347a found for delete {{(pid=107713) call_func /opt/stack/placement/placement/wsgi_wrapper.py:31}}
Aug 25 06:33:29.681509 n-d-791135-2 devstack@placement-api.service[107713]: INFO placement.requestlog [None req-2728aa47-015b-4636-bb37-7fbdfcff4fa6 service placement] 10.222.0.49 "DELETE /placement/resource_providers/2aad8469-3b8d-4bf7-b267-1916da9c347a" status: 404 len: 246 microversion: 1.1
Aug 25 06:33:29.682226 n-d-791135-2 devstack@placement-api.service[107713]: [pid: 107713|app: 0|req: 526/1049] 10.222.0.49 () {60 vars in 1351 bytes} [Thu Aug 25 06:33:29 2022] DELETE /placement/resource_providers/2aad8469-3b8d-4bf7-b267-1916da9c347a => generated 246 bytes in 27 msecs (HTTP/1.1 404) 6 headers in 231 bytes (1 switches on core 0)
Aug 25 06:33:39.627426 n-d-791135-2 devstack@placement-api.service[107714]: DEBUG dbcounter [-] [107714] Writing DB stats placement:SELECT=29,placement:INSERT=6,placement:DELETE=2,placement:UPDATE=2 {{(pid=107714) stat_writer /usr/local/lib/python3.8/dist-packages/dbcounter.py:114}}
Aug 25 06:33:39.676456 n-d-791135-2 devstack@placement-api.service[107713]: DEBUG dbcounter [-] [107713] Writing DB stats placement:SELECT=8 {{(pid=107713) stat_writer /usr/local/lib/python3.8/dist-packages/dbcounter.py:114}}
Aug 25 06:33:40.557751 n-d-791135-2 devstack@placement-api.service[107714]: DEBUG placement.requestlog [req-3ac0ff04-988f-4a94-90a7-53810f5a5058 req-0249824d-8fd3-498e-8bd3-2bbe68cb9266 None None] Starting request: 10.222.0.57 "GET /placement/resource_providers/1356aac3-b9b8-44e1-b5bd-5ffa946449c8/allocations" {{(pid=107714) __call__ /opt/stack/placement/placement/requestlog.py:55}}
Aug 25 06:33:40.653812 n-d-791135-2 devstack@placement-api.service[107714]: INFO placement.requestlog [req-3ac0ff04-988f-4a94-90a7-53810f5a5058 req-0249824d-8fd3-498e-8bd3-2bbe68cb9266 service placement] 10.222.0.57 "GET /placement/resource_providers/1356aac3-b9b8-44e1-b5bd-5ffa946449c8/allocations" status: 200 len: 342 microversion: 1.0
Aug 25 06:33:40.655739 n-d-791135-2 devstack@placement-api.service[107714]: [pid: 107714|app: 0|req: 524/1050] 10.222.0.57 () {58 vars in 1390 bytes} [Thu Aug 25 06:33:40 2022] GET /placement/resource_providers/1356aac3-b9b8-44e1-b5bd-5ffa946449c8/allocations => generated 342 bytes in 98 msecs (HTTP/1.1 200) 6 headers in 224 bytes (1 switches on core 0)
Aug 25 06:33:47.732320 n-d-791135-2 devstack@placement-api.service[107713]: DEBUG placement.requestlog [req-7a2b5d59-2c64-4ec3-8ae9-67f37fc1ca4f req-26dee90c-db74-4cfa-8645-5600773d266b None None] Starting request: 10.222.0.18 "GET /placement/resource_providers/edcce3f4-3a5e-4b6f-8c36-7f91e27687f4/allocations" {{(pid=107713) __call__ /opt/stack/placement/placement/requestlog.py:55}}
Aug 25 06:33:47.808736 n-d-791135-2 devstack@placement-api.service[107713]: INFO placement.requestlog [req-7a2b5d59-2c64-4ec3-8ae9-67f37fc1ca4f req-26dee90c-db74-4cfa-8645-5600773d266b service placement] 10.222.0.18 "GET /placement/resource_providers/edcce3f4-3a5e-4b6f-8c36-7f91e27687f4/allocations" status: 200 len: 255 microversion: 1.0
Aug 25 06:33:47.809361 n-d-791135-2 devstack@placement-api.service[107713]: [pid: 107713|app: 0|req: 527/1051] 10.222.0.18 () {58 vars in 1390 bytes} [Thu Aug 25 06:33:47 2022] GET /placement/resource_providers/edcce3f4-3a5e-4b6f-8c36-7f91e27687f4/allocations => generated 255 bytes in 77 msecs (HTTP/1.1 200) 6 headers in 224 bytes (1 switches on core 0)
Aug 25 06:33:48.528254 n-d-791135-2 devstack@placement-api.service[107714]: DEBUG placement.requestlog [req-1a5d7d34-e340-4f81-be09-8c4fd8b58bba req-04f43096-1971-4c89-94c2-49b1a0f970ed None None] Starting request: 10.222.0.57 "DELETE /placement/allocations/695715ad-cd2b-4531-a800-328c4f0d946f" {{(pid=107714) __call__ /opt/stack/placement/placement/requestlog.py:55}}
Aug 25 06:33:48.572103 n-d-791135-2 devstack@placement-api.service[107714]: DEBUG placement.handlers.allocation [req-1a5d7d34-e340-4f81-be09-8c4fd8b58bba req-04f43096-1971-4c89-94c2-49b1a0f970ed service placement] Successfully deleted allocations [, ] {{(pid=107714) delete_allocations /opt/stack/placement/placement/handlers/allocation.py:627}}
Aug 25 06:33:48.572602 n-d-791135-2 devstack@placement-api.service[107714]: INFO placement.requestlog [req-1a5d7d34-e340-4f81-be09-8c4fd8b58bba req-04f43096-1971-4c89-94c2-49b1a0f970ed service placement] 10.222.0.57 "DELETE /placement/allocations/695715ad-cd2b-4531-a800-328c4f0d946f" status: 204 len: 0 microversion: 1.0
Aug 25 06:33:48.573519 n-d-791135-2 devstack@placement-api.service[107714]: [pid: 107714|app: 0|req: 525/1052] 10.222.0.57 () {60 vars in 1355 bytes} [Thu Aug 25 06:33:48 2022] DELETE /placement/allocations/695715ad-cd2b-4531-a800-328c4f0d946f => generated 0 bytes in 45 msecs (HTTP/1.1 204) 5 headers in 198 bytes (1 switches on core 0)
Aug 25 06:33:53.499528 n-d-791135-2 devstack@placement-api.service[107713]: DEBUG placement.requestlog [None req-6de019f4-0631-4d12-9681-ea34ea577ebf None None] Starting request: 10.222.0.49 "GET /placement/resource_providers/be505b13-7f58-4d2d-a140-c4f240d6e934/aggregates" {{(pid=107713) __call__ /opt/stack/placement/placement/requestlog.py:55}}
Aug 25 06:33:53.531614 n-d-791135-2 devstack@placement-api.service[107713]: INFO placement.requestlog [None req-6de019f4-0631-4d12-9681-ea34ea577ebf service placement] 10.222.0.49 "GET /placement/resource_providers/be505b13-7f58-4d2d-a140-c4f240d6e934/aggregates" status: 404 len: 235 microversion: 1.1
Aug 25 06:33:53.534799 n-d-791135-2 devstack@placement-api.service[107713]: [pid: 107713|app: 0|req: 528/1053] 10.222.0.49 () {58 vars in 1362 bytes} [Thu Aug 25 06:33:53 2022] GET /placement/resource_providers/be505b13-7f58-4d2d-a140-c4f240d6e934/aggregates => generated 235 bytes in 36 msecs (HTTP/1.1 404) 5 headers in 202 bytes (1 switches on core 0)
Aug 25 06:33:53.721900 n-d-791135-2 devstack@placement-api.service[107714]: DEBUG placement.requestlog [None req-bfc8e229-db76-43aa-a57c-ca3694830df4 None None] Starting request: 10.222.0.49 "DELETE /placement/resource_providers/be505b13-7f58-4d2d-a140-c4f240d6e934" {{(pid=107714) __call__ /opt/stack/placement/placement/requestlog.py:55}}
Aug 25 06:33:53.733209 n-d-791135-2 devstack@placement-api.service[107714]: DEBUG placement.wsgi_wrapper [None req-bfc8e229-db76-43aa-a57c-ca3694830df4 service placement] Placement API returning an error response: No resource provider with uuid be505b13-7f58-4d2d-a140-c4f240d6e934 found for delete {{(pid=107714) call_func /opt/stack/placement/placement/wsgi_wrapper.py:31}}
Aug 25 06:33:53.739691 n-d-791135-2 devstack@placement-api.service[107714]: INFO placement.requestlog [None req-bfc8e229-db76-43aa-a57c-ca3694830df4 service placement] 10.222.0.49 "DELETE /placement/resource_providers/be505b13-7f58-4d2d-a140-c4f240d6e934" status: 404 len: 246 microversion: 1.1
Aug 25 06:33:53.743226 n-d-791135-2 devstack@placement-api.service[107714]: [pid: 107714|app: 0|req: 526/1054] 10.222.0.49 () {60 vars in 1351 bytes} [Thu Aug 25 06:33:53 2022] DELETE /placement/resource_providers/be505b13-7f58-4d2d-a140-c4f240d6e934 => generated 246 bytes in 21 msecs (HTTP/1.1 404) 6 headers in 231 bytes (1 switches on core 0)
Aug 25 06:33:59.602436 n-d-791135-2 devstack@placement-api.service[107713]: DEBUG placement.requestlog [req-9540d3e8-42d4-439d-ba16-8c1158026675 req-d34af5ac-e894-42ae-9b9b-daba2c7f237b None None] Starting request: 10.222.0.18 "DELETE /placement/allocations/66edd4c1-b89a-4af8-a2ba-e068a8aeb745" {{(pid=107713) __call__ /opt/stack/placement/placement/requestlog.py:55}}
Aug 25 06:33:59.687932 n-d-791135-2 devstack@placement-api.service[107713]: DEBUG placement.handlers.allocation [req-9540d3e8-42d4-439d-ba16-8c1158026675 req-d34af5ac-e894-42ae-9b9b-daba2c7f237b service placement] Successfully deleted allocations [, , ] {{(pid=107713) delete_allocations /opt/stack/placement/placement/handlers/allocation.py:627}}
Aug 25 06:33:59.689868 n-d-791135-2 devstack@placement-api.service[107713]: INFO placement.requestlog [req-9540d3e8-42d4-439d-ba16-8c1158026675 req-d34af5ac-e894-42ae-9b9b-daba2c7f237b service placement] 10.222.0.18 "DELETE /placement/allocations/66edd4c1-b89a-4af8-a2ba-e068a8aeb745" status: 204 len: 0 microversion: 1.0
Aug 25 06:33:59.694781 n-d-791135-2 devstack@placement-api.service[107713]: [pid: 107713|app: 0|req: 529/1055] 10.222.0.18 () {60 vars in 1355 bytes} [Thu Aug 25 06:33:59 2022] DELETE /placement/allocations/66edd4c1-b89a-4af8-a2ba-e068a8aeb745 => generated 0 bytes in 92 msecs (HTTP/1.1 204) 5 headers in 198 bytes (1 switches on core 0)
Aug 25 06:34:03.748268 n-d-791135-2 devstack@placement-api.service[107714]: DEBUG dbcounter [-] [107714] Writing DB stats placement:SELECT=15,placement:DELETE=2 {{(pid=107714) stat_writer /usr/local/lib/python3.8/dist-packages/dbcounter.py:114}}
Aug 25 06:34:07.871082 n-d-791135-2 devstack@placement-api.service[107714]: DEBUG placement.requestlog [None req-76050202-19bf-489f-b791-0dc5bafb29b3 None None] Starting request: 10.222.0.49 "GET /placement/resource_providers/be72af1a-2ca2-4708-b2c0-e121831cdfe4/aggregates" {{(pid=107714) __call__ /opt/stack/placement/placement/requestlog.py:55}}
Aug 25 06:34:07.885382 n-d-791135-2 devstack@placement-api.service[107714]: INFO placement.requestlog [None req-76050202-19bf-489f-b791-0dc5bafb29b3 service placement] 10.222.0.49 "GET /placement/resource_providers/be72af1a-2ca2-4708-b2c0-e121831cdfe4/aggregates" status: 404 len: 235 microversion: 1.1
Aug 25 06:34:07.891064 n-d-791135-2 devstack@placement-api.service[107714]: [pid: 107714|app: 0|req: 527/1056] 10.222.0.49 () {58 vars in 1362 bytes} [Thu Aug 25 06:34:07 2022] GET /placement/resource_providers/be72af1a-2ca2-4708-b2c0-e121831cdfe4/aggregates => generated 235 bytes in 17 msecs (HTTP/1.1 404) 5 headers in 202 bytes (1 switches on core 0)
Aug 25 06:34:07.923410 n-d-791135-2 devstack@placement-api.service[107713]: DEBUG placement.requestlog [None req-83cc0765-4505-4ee2-b273-623209387bbc None None] Starting request: 10.222.0.49 "DELETE /placement/resource_providers/be72af1a-2ca2-4708-b2c0-e121831cdfe4" {{(pid=107713) __call__ /opt/stack/placement/placement/requestlog.py:55}}
Aug 25 06:34:07.941709 n-d-791135-2 devstack@placement-api.service[107713]: DEBUG placement.wsgi_wrapper [None req-83cc0765-4505-4ee2-b273-623209387bbc service placement] Placement API returning an error response: No resource provider with uuid be72af1a-2ca2-4708-b2c0-e121831cdfe4 found for delete {{(pid=107713) call_func /opt/stack/placement/placement/wsgi_wrapper.py:31}}
Aug 25 06:34:07.946600 n-d-791135-2 devstack@placement-api.service[107713]: INFO placement.requestlog [None req-83cc0765-4505-4ee2-b273-623209387bbc service placement] 10.222.0.49 "DELETE /placement/resource_providers/be72af1a-2ca2-4708-b2c0-e121831cdfe4" status: 404 len: 246 microversion: 1.1
Aug 25 06:34:07.949430 n-d-791135-2 devstack@placement-api.service[107713]: [pid: 107713|app: 0|req: 530/1057] 10.222.0.49 () {60 vars in 1351 bytes} [Thu Aug 25 06:34:07 2022] DELETE /placement/resource_providers/be72af1a-2ca2-4708-b2c0-e121831cdfe4 => generated 246 bytes in 26 msecs (HTTP/1.1 404) 6 headers in 231 bytes (2 switches on core 0)
Aug 25 06:34:09.980281 n-d-791135-2 devstack@placement-api.service[107714]: DEBUG placement.requestlog [None req-84aa8765-f35e-4592-949c-751c24c68d2e None None] Starting request: 10.222.0.49 "GET /placement/resource_providers/47e09285-4072-420d-b00c-40708dd5aeb4/aggregates" {{(pid=107714) __call__ /opt/stack/placement/placement/requestlog.py:55}}
Aug 25 06:34:09.998577 n-d-791135-2 devstack@placement-api.service[107714]: INFO placement.requestlog [None req-84aa8765-f35e-4592-949c-751c24c68d2e service placement] 10.222.0.49 "GET /placement/resource_providers/47e09285-4072-420d-b00c-40708dd5aeb4/aggregates" status: 404 len: 235 microversion: 1.1
Aug 25 06:34:10.004561 n-d-791135-2 devstack@placement-api.service[107714]: [pid: 107714|app: 0|req: 528/1058] 10.222.0.49 () {58 vars in 1362 bytes} [Thu Aug 25 06:34:09 2022] GET /placement/resource_providers/47e09285-4072-420d-b00c-40708dd5aeb4/aggregates => generated 235 bytes in 24 msecs (HTTP/1.1 404) 5 headers in 202 bytes (1 switches on core 0)
Aug 25 06:34:10.015187 n-d-791135-2 devstack@placement-api.service[107713]: DEBUG placement.requestlog [None req-608848a8-fd6e-40e4-ab69-6cb8c383a207 None None] Starting request: 10.222.0.49 "DELETE /placement/resource_providers/47e09285-4072-420d-b00c-40708dd5aeb4" {{(pid=107713) __call__ /opt/stack/placement/placement/requestlog.py:55}}
Aug 25 06:34:10.033245 n-d-791135-2 devstack@placement-api.service[107713]: DEBUG dbcounter [-] [107713] Writing DB stats placement:SELECT=18,placement:DELETE=2 {{(pid=107713) stat_writer /usr/local/lib/python3.8/dist-packages/dbcounter.py:114}}
Aug 25 06:34:10.050388 n-d-791135-2 devstack@placement-api.service[107713]: DEBUG placement.wsgi_wrapper [None req-608848a8-fd6e-40e4-ab69-6cb8c383a207 service placement] Placement API returning an error response: No resource provider with uuid 47e09285-4072-420d-b00c-40708dd5aeb4 found for delete {{(pid=107713) call_func /opt/stack/placement/placement/wsgi_wrapper.py:31}}
Aug 25 06:34:10.055840 n-d-791135-2 devstack@placement-api.service[107713]: INFO placement.requestlog [None req-608848a8-fd6e-40e4-ab69-6cb8c383a207 service placement] 10.222.0.49 "DELETE /placement/resource_providers/47e09285-4072-420d-b00c-40708dd5aeb4" status: 404 len: 246 microversion: 1.1
Aug 25 06:34:10.056249 n-d-791135-2 devstack@placement-api.service[107713]: [pid: 107713|app: 0|req: 531/1059] 10.222.0.49 () {60 vars in 1351 bytes} [Thu Aug 25 06:34:10 2022] DELETE /placement/resource_providers/47e09285-4072-420d-b00c-40708dd5aeb4 => generated 246 bytes in 42 msecs (HTTP/1.1 404) 6 headers in 231 bytes (1 switches on core 0)
Aug 25 06:34:19.996955 n-d-791135-2 devstack@placement-api.service[107714]: DEBUG dbcounter [-] [107714] Writing DB stats placement:SELECT=4 {{(pid=107714) stat_writer /usr/local/lib/python3.8/dist-packages/dbcounter.py:114}}
Aug 25 06:34:20.048000 n-d-791135-2 devstack@placement-api.service[107713]: DEBUG dbcounter [-] [107713] Writing DB stats placement:SELECT=1 {{(pid=107713) stat_writer /usr/local/lib/python3.8/dist-packages/dbcounter.py:114}}
Aug 25 06:34:23.253567 n-d-791135-2 devstack@placement-api.service[107714]: DEBUG placement.requestlog [None req-e7acd246-937a-4189-a4b8-576ba0710dea None None] Starting request: 10.222.0.49 "GET /placement/resource_providers/c6de2b10-b03b-45b8-a791-74618a36696d/aggregates" {{(pid=107714) __call__ /opt/stack/placement/placement/requestlog.py:55}}
Aug 25 06:34:23.272200 n-d-791135-2 devstack@placement-api.service[107714]: INFO placement.requestlog [None req-e7acd246-937a-4189-a4b8-576ba0710dea service placement] 10.222.0.49 "GET /placement/resource_providers/c6de2b10-b03b-45b8-a791-74618a36696d/aggregates" status: 404 len: 235 microversion: 1.1
Aug 25 06:34:23.274413 n-d-791135-2 devstack@placement-api.service[107714]: [pid: 107714|app: 0|req: 529/1060] 10.222.0.49 () {58 vars in 1362 bytes} [Thu Aug 25 06:34:23 2022] GET /placement/resource_providers/c6de2b10-b03b-45b8-a791-74618a36696d/aggregates => generated 235 bytes in 21 msecs (HTTP/1.1 404) 5 headers in 202 bytes (1 switches on core 0)
Aug 25 06:34:23.301827 n-d-791135-2 devstack@placement-api.service[107713]: DEBUG placement.requestlog [None req-66a34b6f-fc71-4baa-8a7d-414bd6af1e21 None None] Starting request: 10.222.0.49 "DELETE /placement/resource_providers/c6de2b10-b03b-45b8-a791-74618a36696d" {{(pid=107713) __call__ /opt/stack/placement/placement/requestlog.py:55}}
Aug 25 06:34:23.321090 n-d-791135-2 devstack@placement-api.service[107713]: DEBUG placement.wsgi_wrapper [None req-66a34b6f-fc71-4baa-8a7d-414bd6af1e21 service placement] Placement API returning an error response: No resource provider with uuid c6de2b10-b03b-45b8-a791-74618a36696d found for delete {{(pid=107713) call_func /opt/stack/placement/placement/wsgi_wrapper.py:31}}
Aug 25 06:34:23.323600 n-d-791135-2 devstack@placement-api.service[107713]: INFO placement.requestlog [None req-66a34b6f-fc71-4baa-8a7d-414bd6af1e21 service placement] 10.222.0.49 "DELETE /placement/resource_providers/c6de2b10-b03b-45b8-a791-74618a36696d" status: 404 len: 246 microversion: 1.1
Aug 25 06:34:23.329817 n-d-791135-2 devstack@placement-api.service[107713]: [pid: 107713|app: 0|req: 532/1061] 10.222.0.49 () {60 vars in 1351 bytes} [Thu Aug 25 06:34:23 2022] DELETE /placement/resource_providers/c6de2b10-b03b-45b8-a791-74618a36696d => generated 246 bytes in 29 msecs (HTTP/1.1 404) 6 headers in 231 bytes (1 switches on core 0)
Aug 25 06:34:30.312796 n-d-791135-2 devstack@placement-api.service[107714]: DEBUG placement.requestlog [req-4ac02e93-0ce0-4553-bb21-70a6f5270c1c req-87a0a89e-a001-4b67-8d70-71f9e7c95bda None None] Starting request: 10.222.0.49 "GET /placement/allocation_candidates?limit=1000&resources=DISK_GB%3A1%2CMEMORY_MB%3A1024%2CVCPU%3A1&root_required=%21COMPUTE_STATUS_DISABLED" {{(pid=107714) __call__ /opt/stack/placement/placement/requestlog.py:55}}
Aug 25 06:34:31.448001 n-d-791135-2 devstack@placement-api.service[107714]: DEBUG placement.objects.research_context [req-4ac02e93-0ce0-4553-bb21-70a6f5270c1c req-87a0a89e-a001-4b67-8d70-71f9e7c95bda service placement] getting providers with 1 DISK_GB {{(pid=107714) __init__ /opt/stack/placement/placement/objects/research_context.py:136}}
Aug 25 06:34:31.482988 n-d-791135-2 devstack@placement-api.service[107714]: DEBUG placement.objects.research_context [req-4ac02e93-0ce0-4553-bb21-70a6f5270c1c req-87a0a89e-a001-4b67-8d70-71f9e7c95bda service placement] getting providers with 1024 MEMORY_MB {{(pid=107714) __init__ /opt/stack/placement/placement/objects/research_context.py:136}}
Aug 25 06:34:31.518162 n-d-791135-2 devstack@placement-api.service[107714]: DEBUG placement.objects.research_context [req-4ac02e93-0ce0-4553-bb21-70a6f5270c1c req-87a0a89e-a001-4b67-8d70-71f9e7c95bda service placement] getting providers with 1 VCPU {{(pid=107714) __init__ /opt/stack/placement/placement/objects/research_context.py:136}}
Aug 25 06:34:31.539278 n-d-791135-2 devstack@placement-api.service[107714]: DEBUG placement.objects.research_context [req-4ac02e93-0ce0-4553-bb21-70a6f5270c1c req-87a0a89e-a001-4b67-8d70-71f9e7c95bda service placement] found 2 providers with available 1 DISK_GB {{(pid=107714) get_provider_ids_matching /opt/stack/placement/placement/objects/research_context.py:563}}
Aug 25 06:34:31.543464 n-d-791135-2 devstack@placement-api.service[107714]: DEBUG placement.objects.research_context [req-4ac02e93-0ce0-4553-bb21-70a6f5270c1c req-87a0a89e-a001-4b67-8d70-71f9e7c95bda service placement] found 2 providers with available 1024 MEMORY_MB {{(pid=107714) get_provider_ids_matching /opt/stack/placement/placement/objects/research_context.py:563}}
Aug 25 06:34:31.544152 n-d-791135-2 devstack@placement-api.service[107714]: DEBUG placement.objects.research_context [req-4ac02e93-0ce0-4553-bb21-70a6f5270c1c req-87a0a89e-a001-4b67-8d70-71f9e7c95bda service placement] found 2 providers after filtering by previous result {{(pid=107714) get_provider_ids_matching /opt/stack/placement/placement/objects/research_context.py:594}}
Aug 25 06:34:31.546781 n-d-791135-2 devstack@placement-api.service[107714]: DEBUG placement.objects.research_context [req-4ac02e93-0ce0-4553-bb21-70a6f5270c1c req-87a0a89e-a001-4b67-8d70-71f9e7c95bda service placement] found 2 providers with available 1 VCPU {{(pid=107714) get_provider_ids_matching /opt/stack/placement/placement/objects/research_context.py:563}}
Aug 25 06:34:31.547219 n-d-791135-2 devstack@placement-api.service[107714]: DEBUG placement.objects.research_context [req-4ac02e93-0ce0-4553-bb21-70a6f5270c1c req-87a0a89e-a001-4b67-8d70-71f9e7c95bda service placement] found 2 providers after filtering by previous result {{(pid=107714) get_provider_ids_matching /opt/stack/placement/placement/objects/research_context.py:594}}
Aug 25 06:34:31.603471 n-d-791135-2 devstack@placement-api.service[107714]: DEBUG placement.objects.allocation_candidate [req-4ac02e93-0ce0-4553-bb21-70a6f5270c1c req-87a0a89e-a001-4b67-8d70-71f9e7c95bda service placement] RequestGroup(use_same_provider=False, resources={DISK_GB:1, MEMORY_MB:1024, VCPU:1}, traits=(), aggregates=[]) (suffix '') returned 2 matches {{(pid=107714) _get_by_requests /opt/stack/placement/placement/objects/allocation_candidate.py:156}}
Aug 25 06:34:31.612866 n-d-791135-2 devstack@placement-api.service[107714]: DEBUG placement.objects.allocation_candidate [req-4ac02e93-0ce0-4553-bb21-70a6f5270c1c req-87a0a89e-a001-4b67-8d70-71f9e7c95bda service placement] Merging candidates yields 2 allocation requests and 2 provider summaries {{(pid=107714) _merge_candidates /opt/stack/placement/placement/objects/allocation_candidate.py:809}}
Aug 25 06:34:31.616782 n-d-791135-2 devstack@placement-api.service[107714]: INFO placement.requestlog [req-4ac02e93-0ce0-4553-bb21-70a6f5270c1c req-87a0a89e-a001-4b67-8d70-71f9e7c95bda service placement] 10.222.0.49 "GET /placement/allocation_candidates?limit=1000&resources=DISK_GB%3A1%2CMEMORY_MB%3A1024%2CVCPU%3A1&root_required=%21COMPUTE_STATUS_DISABLED" status: 200 len: 1309 microversion: 1.36
Aug 25 06:34:31.617492 n-d-791135-2 devstack@placement-api.service[107714]: [pid: 107714|app: 0|req: 530/1062] 10.222.0.49 () {60 vars in 1506 bytes} [Thu Aug 25 06:34:30 2022] GET /placement/allocation_candidates?limit=1000&resources=DISK_GB%3A1%2CMEMORY_MB%3A1024%2CVCPU%3A1&root_required=%21COMPUTE_STATUS_DISABLED => generated 1309 bytes in 1305 msecs (HTTP/1.1 200) 8 headers in 297 bytes (1 switches on core 0)
Aug 25 06:34:31.957272 n-d-791135-2 devstack@placement-api.service[107713]: DEBUG placement.requestlog [req-3f532b58-a174-4bb2-9f47-eab6078c3237 req-7dbf3ff0-3bd8-45ee-b569-3a795b4d1bac None None] Starting request: 10.222.0.49 "GET /placement/allocation_candidates?limit=1000&resources=DISK_GB%3A1%2CMEMORY_MB%3A1024%2CVCPU%3A1&root_required=%21COMPUTE_STATUS_DISABLED" {{(pid=107713) __call__ /opt/stack/placement/placement/requestlog.py:55}}
Aug 25 06:34:32.192354 n-d-791135-2 devstack@placement-api.service[107714]: DEBUG placement.requestlog [req-4ac02e93-0ce0-4553-bb21-70a6f5270c1c req-419c51b3-c34e-4212-a5d9-98e6ecc2e1ee None None] Starting request: 10.222.0.49 "GET /placement/allocations/226e03b8-eec1-4a54-ad86-1b232c6fd551" {{(pid=107714) __call__ /opt/stack/placement/placement/requestlog.py:55}}
Aug 25 06:34:32.212622 n-d-791135-2 devstack@placement-api.service[107713]: DEBUG placement.objects.research_context [req-3f532b58-a174-4bb2-9f47-eab6078c3237 req-7dbf3ff0-3bd8-45ee-b569-3a795b4d1bac service placement] getting providers with 1 DISK_GB {{(pid=107713) __init__ /opt/stack/placement/placement/objects/research_context.py:136}}
Aug 25 06:34:32.230121 n-d-791135-2 devstack@placement-api.service[107714]: INFO placement.requestlog [req-4ac02e93-0ce0-4553-bb21-70a6f5270c1c req-419c51b3-c34e-4212-a5d9-98e6ecc2e1ee service placement] 10.222.0.49 "GET /placement/allocations/226e03b8-eec1-4a54-ad86-1b232c6fd551" status: 200 len: 19 microversion: 1.28
Aug 25 06:34:32.230516 n-d-791135-2 devstack@placement-api.service[107714]: [pid: 107714|app: 0|req: 531/1063] 10.222.0.49 () {60 vars in 1380 bytes} [Thu Aug 25 06:34:32 2022] GET /placement/allocations/226e03b8-eec1-4a54-ad86-1b232c6fd551 => generated 19 bytes in 39 msecs (HTTP/1.1 200) 8 headers in 295 bytes (1 switches on core 0)
Aug 25 06:34:32.238854 n-d-791135-2 devstack@placement-api.service[107714]: DEBUG placement.requestlog [req-4ac02e93-0ce0-4553-bb21-70a6f5270c1c req-567f3c19-8380-477e-804e-7a76f7e6e42f None None] Starting request: 10.222.0.49 "PUT /placement/allocations/226e03b8-eec1-4a54-ad86-1b232c6fd551" {{(pid=107714) __call__ /opt/stack/placement/placement/requestlog.py:55}}
Aug 25 06:34:32.267748 n-d-791135-2 devstack@placement-api.service[107713]: DEBUG placement.objects.research_context [req-3f532b58-a174-4bb2-9f47-eab6078c3237 req-7dbf3ff0-3bd8-45ee-b569-3a795b4d1bac service placement] getting providers with 1024 MEMORY_MB {{(pid=107713) __init__ /opt/stack/placement/placement/objects/research_context.py:136}}
Aug 25 06:34:32.337713 n-d-791135-2 devstack@placement-api.service[107713]: DEBUG placement.objects.research_context [req-3f532b58-a174-4bb2-9f47-eab6078c3237 req-7dbf3ff0-3bd8-45ee-b569-3a795b4d1bac service placement] getting providers with 1 VCPU {{(pid=107713) __init__ /opt/stack/placement/placement/objects/research_context.py:136}}
Aug 25 06:34:32.371846 n-d-791135-2 devstack@placement-api.service[107713]: DEBUG placement.objects.research_context [req-3f532b58-a174-4bb2-9f47-eab6078c3237 req-7dbf3ff0-3bd8-45ee-b569-3a795b4d1bac service placement] found 2 providers with available 1 DISK_GB {{(pid=107713) get_provider_ids_matching /opt/stack/placement/placement/objects/research_context.py:563}}
Aug 25 06:34:32.372023 n-d-791135-2 devstack@placement-api.service[107713]: DEBUG placement.objects.research_context [req-3f532b58-a174-4bb2-9f47-eab6078c3237 req-7dbf3ff0-3bd8-45ee-b569-3a795b4d1bac service placement] found 2 providers with available 1024 MEMORY_MB {{(pid=107713) get_provider_ids_matching /opt/stack/placement/placement/objects/research_context.py:563}}
Aug 25 06:34:32.373903 n-d-791135-2 devstack@placement-api.service[107713]: DEBUG placement.objects.research_context [req-3f532b58-a174-4bb2-9f47-eab6078c3237 req-7dbf3ff0-3bd8-45ee-b569-3a795b4d1bac service placement] found 2 providers after filtering by previous result {{(pid=107713) get_provider_ids_matching /opt/stack/placement/placement/objects/research_context.py:594}}
Aug 25 06:34:32.378110 n-d-791135-2 devstack@placement-api.service[107713]: DEBUG placement.objects.research_context [req-3f532b58-a174-4bb2-9f47-eab6078c3237 req-7dbf3ff0-3bd8-45ee-b569-3a795b4d1bac service placement] found 2 providers with available 1 VCPU {{(pid=107713) get_provider_ids_matching /opt/stack/placement/placement/objects/research_context.py:563}}
Aug 25 06:34:32.385236 n-d-791135-2 devstack@placement-api.service[107713]: DEBUG placement.objects.research_context [req-3f532b58-a174-4bb2-9f47-eab6078c3237 req-7dbf3ff0-3bd8-45ee-b569-3a795b4d1bac service placement] found 2 providers after filtering by previous result {{(pid=107713) get_provider_ids_matching /opt/stack/placement/placement/objects/research_context.py:594}}
Aug 25 06:34:32.462072 n-d-791135-2 devstack@placement-api.service[107713]: DEBUG placement.objects.allocation_candidate [req-3f532b58-a174-4bb2-9f47-eab6078c3237 req-7dbf3ff0-3bd8-45ee-b569-3a795b4d1bac service placement] RequestGroup(use_same_provider=False, resources={DISK_GB:1, MEMORY_MB:1024, VCPU:1}, traits=(), aggregates=[]) (suffix '') returned 2 matches {{(pid=107713) _get_by_requests /opt/stack/placement/placement/objects/allocation_candidate.py:156}}
Aug 25 06:34:32.470416 n-d-791135-2 devstack@placement-api.service[107713]: DEBUG placement.objects.allocation_candidate [req-3f532b58-a174-4bb2-9f47-eab6078c3237 req-7dbf3ff0-3bd8-45ee-b569-3a795b4d1bac service placement] Merging candidates yields 2 allocation requests and 2 provider summaries {{(pid=107713) _merge_candidates /opt/stack/placement/placement/objects/allocation_candidate.py:809}}
Aug 25 06:34:32.475978 n-d-791135-2 devstack@placement-api.service[107713]: INFO placement.requestlog [req-3f532b58-a174-4bb2-9f47-eab6078c3237 req-7dbf3ff0-3bd8-45ee-b569-3a795b4d1bac service placement] 10.222.0.49 "GET /placement/allocation_candidates?limit=1000&resources=DISK_GB%3A1%2CMEMORY_MB%3A1024%2CVCPU%3A1&root_required=%21COMPUTE_STATUS_DISABLED" status: 200 len: 1309 microversion: 1.36
Aug 25 06:34:32.490788 n-d-791135-2 devstack@placement-api.service[107713]: [pid: 107713|app: 0|req: 533/1064] 10.222.0.49 () {60 vars in 1506 bytes} [Thu Aug 25 06:34:31 2022] GET /placement/allocation_candidates?limit=1000&resources=DISK_GB%3A1%2CMEMORY_MB%3A1024%2CVCPU%3A1&root_required=%21COMPUTE_STATUS_DISABLED => generated 1309 bytes in 534 msecs (HTTP/1.1 200) 8 headers in 297 bytes (1 switches on core 0)
Aug 25 06:34:32.686092 n-d-791135-2 devstack@placement-api.service[107714]: DEBUG placement.handlers.allocation [req-4ac02e93-0ce0-4553-bb21-70a6f5270c1c req-567f3c19-8380-477e-804e-7a76f7e6e42f service placement] Successfully wrote allocations [, , ] {{(pid=107714) _update_consumers_and_create_allocations /opt/stack/placement/placement/handlers/allocation.py:462}}
Aug 25 06:34:32.695897 n-d-791135-2 devstack@placement-api.service[107714]: INFO placement.requestlog [req-4ac02e93-0ce0-4553-bb21-70a6f5270c1c req-567f3c19-8380-477e-804e-7a76f7e6e42f service placement] 10.222.0.49 "PUT /placement/allocations/226e03b8-eec1-4a54-ad86-1b232c6fd551" status: 204 len: 0 microversion: 1.36
Aug 25 06:34:32.722530 n-d-791135-2 devstack@placement-api.service[107714]: [pid: 107714|app: 0|req: 532/1065] 10.222.0.49 () {64 vars in 1433 bytes} [Thu Aug 25 06:34:32 2022] PUT /placement/allocations/226e03b8-eec1-4a54-ad86-1b232c6fd551 => generated 0 bytes in 459 msecs (HTTP/1.1 204) 5 headers in 199 bytes (1 switches on core 0)
Aug 25 06:34:32.935115 n-d-791135-2 devstack@placement-api.service[107713]: DEBUG placement.requestlog [req-3f532b58-a174-4bb2-9f47-eab6078c3237 req-b122bc4d-bebf-41cd-a89e-8af73f503e9c None None] Starting request: 10.222.0.49 "GET /placement/allocations/1921a963-1d3b-4666-aeb3-34b4b7c4d966" {{(pid=107713) __call__ /opt/stack/placement/placement/requestlog.py:55}}
Aug 25 06:34:32.979703 n-d-791135-2 devstack@placement-api.service[107713]: INFO placement.requestlog [req-3f532b58-a174-4bb2-9f47-eab6078c3237 req-b122bc4d-bebf-41cd-a89e-8af73f503e9c service placement] 10.222.0.49 "GET /placement/allocations/1921a963-1d3b-4666-aeb3-34b4b7c4d966" status: 200 len: 19 microversion: 1.28
Aug 25 06:34:32.981125 n-d-791135-2 devstack@placement-api.service[107713]: [pid: 107713|app: 0|req: 534/1066] 10.222.0.49 () {60 vars in 1380 bytes} [Thu Aug 25 06:34:32 2022] GET /placement/allocations/1921a963-1d3b-4666-aeb3-34b4b7c4d966 => generated 19 bytes in 46 msecs (HTTP/1.1 200) 8 headers in 295 bytes (1 switches on core 0)
Aug 25 06:34:32.987103 n-d-791135-2 devstack@placement-api.service[107714]: DEBUG placement.requestlog [req-3f532b58-a174-4bb2-9f47-eab6078c3237 req-5dd75ab9-fe0a-4349-8146-89efe5472edc None None] Starting request: 10.222.0.49 "PUT /placement/allocations/1921a963-1d3b-4666-aeb3-34b4b7c4d966" {{(pid=107714) __call__ /opt/stack/placement/placement/requestlog.py:55}}
Aug 25 06:34:33.288396 n-d-791135-2 devstack@placement-api.service[107714]: DEBUG placement.handlers.allocation [req-3f532b58-a174-4bb2-9f47-eab6078c3237 req-5dd75ab9-fe0a-4349-8146-89efe5472edc service placement] Successfully wrote allocations [, , ] {{(pid=107714) _update_consumers_and_create_allocations /opt/stack/placement/placement/handlers/allocation.py:462}}
Aug 25 06:34:33.296883 n-d-791135-2 devstack@placement-api.service[107714]: INFO placement.requestlog [req-3f532b58-a174-4bb2-9f47-eab6078c3237 req-5dd75ab9-fe0a-4349-8146-89efe5472edc service placement] 10.222.0.49 "PUT /placement/allocations/1921a963-1d3b-4666-aeb3-34b4b7c4d966" status: 204 len: 0 microversion: 1.36
Aug 25 06:34:33.361667 n-d-791135-2 devstack@placement-api.service[107714]: [pid: 107714|app: 0|req: 533/1067] 10.222.0.49 () {64 vars in 1433 bytes} [Thu Aug 25 06:34:32 2022] PUT /placement/allocations/1921a963-1d3b-4666-aeb3-34b4b7c4d966 => generated 0 bytes in 312 msecs (HTTP/1.1 204) 5 headers in 199 bytes (1 switches on core 0)
Aug 25 06:34:33.779467 n-d-791135-2 devstack@placement-api.service[107713]: DEBUG placement.requestlog [req-4ac02e93-0ce0-4553-bb21-70a6f5270c1c req-4b18b80a-572e-40b8-830a-33891d80d5bc None None] Starting request: 10.222.0.18 "GET /placement/allocations/226e03b8-eec1-4a54-ad86-1b232c6fd551" {{(pid=107713) __call__ /opt/stack/placement/placement/requestlog.py:55}}
Aug 25 06:34:33.844038 n-d-791135-2 devstack@placement-api.service[107713]: INFO placement.requestlog [req-4ac02e93-0ce0-4553-bb21-70a6f5270c1c req-4b18b80a-572e-40b8-830a-33891d80d5bc service placement] 10.222.0.18 "GET /placement/allocations/226e03b8-eec1-4a54-ad86-1b232c6fd551" status: 200 len: 259 microversion: 1.28
Aug 25 06:34:33.847347 n-d-791135-2 devstack@placement-api.service[107713]: [pid: 107713|app: 0|req: 535/1068] 10.222.0.18 () {60 vars in 1377 bytes} [Thu Aug 25 06:34:33 2022] GET /placement/allocations/226e03b8-eec1-4a54-ad86-1b232c6fd551 => generated 259 bytes in 68 msecs (HTTP/1.1 200) 8 headers in 296 bytes (1 switches on core 0)
Aug 25 06:34:34.848410 n-d-791135-2 devstack@placement-api.service[107714]: DEBUG placement.requestlog [req-3f532b58-a174-4bb2-9f47-eab6078c3237 req-fd9721e7-ddaf-433a-9ead-fd5de88c4f84 None None] Starting request: 10.222.0.18 "GET /placement/allocations/1921a963-1d3b-4666-aeb3-34b4b7c4d966" {{(pid=107714) __call__ /opt/stack/placement/placement/requestlog.py:55}}
Aug 25 06:34:34.925935 n-d-791135-2 devstack@placement-api.service[107714]: INFO placement.requestlog [req-3f532b58-a174-4bb2-9f47-eab6078c3237 req-fd9721e7-ddaf-433a-9ead-fd5de88c4f84 service placement] 10.222.0.18 "GET /placement/allocations/1921a963-1d3b-4666-aeb3-34b4b7c4d966" status: 200 len: 259 microversion: 1.28
Aug 25 06:34:34.927240 n-d-791135-2 devstack@placement-api.service[107714]: [pid: 107714|app: 0|req: 534/1069] 10.222.0.18 () {60 vars in 1377 bytes} [Thu Aug 25 06:34:34 2022] GET /placement/allocations/1921a963-1d3b-4666-aeb3-34b4b7c4d966 => generated 259 bytes in 80 msecs (HTTP/1.1 200) 8 headers in 296 bytes (1 switches on core 0)
Aug 25 06:34:43.821625 n-d-791135-2 devstack@placement-api.service[107713]: DEBUG dbcounter [-] [107713] Writing DB stats placement:SELECT=20 {{(pid=107713) stat_writer /usr/local/lib/python3.8/dist-packages/dbcounter.py:114}}
Aug 25 06:34:44.897980 n-d-791135-2 devstack@placement-api.service[107713]: DEBUG placement.requestlog [req-d5b4c95c-1a93-43a0-bb0f-3a4c88d3c2dc req-039e5e0a-169e-4135-ac9e-efcf238c46a1 None None] Starting request: 10.222.0.18 "GET /placement/resource_providers/edcce3f4-3a5e-4b6f-8c36-7f91e27687f4/allocations" {{(pid=107713) __call__ /opt/stack/placement/placement/requestlog.py:55}}
Aug 25 06:34:44.915498 n-d-791135-2 devstack@placement-api.service[107714]: DEBUG dbcounter [-] [107714] Writing DB stats placement:SELECT=48,placement:INSERT=10,placement:DELETE=4,placement:UPDATE=4 {{(pid=107714) stat_writer /usr/local/lib/python3.8/dist-packages/dbcounter.py:114}}
Aug 25 06:34:44.969038 n-d-791135-2 devstack@placement-api.service[107713]: INFO placement.requestlog [req-d5b4c95c-1a93-43a0-bb0f-3a4c88d3c2dc req-039e5e0a-169e-4135-ac9e-efcf238c46a1 service placement] 10.222.0.18 "GET /placement/resource_providers/edcce3f4-3a5e-4b6f-8c36-7f91e27687f4/allocations" status: 200 len: 356 microversion: 1.0
Aug 25 06:34:44.969548 n-d-791135-2 devstack@placement-api.service[107713]: [pid: 107713|app: 0|req: 536/1070] 10.222.0.18 () {58 vars in 1390 bytes} [Thu Aug 25 06:34:44 2022] GET /placement/resource_providers/edcce3f4-3a5e-4b6f-8c36-7f91e27687f4/allocations => generated 356 bytes in 72 msecs (HTTP/1.1 200) 6 headers in 224 bytes (1 switches on core 0)
Aug 25 06:34:45.631511 n-d-791135-2 devstack@placement-api.service[107714]: DEBUG placement.requestlog [req-812c1caa-7c8f-4799-947b-86638506a973 req-d6614398-a9cb-4922-95dd-b4649a465a91 None None] Starting request: 10.222.0.18 "GET /placement/allocations/226e03b8-eec1-4a54-ad86-1b232c6fd551" {{(pid=107714) __call__ /opt/stack/placement/placement/requestlog.py:55}}
Aug 25 06:34:45.687752 n-d-791135-2 devstack@placement-api.service[107714]: INFO placement.requestlog [req-812c1caa-7c8f-4799-947b-86638506a973 req-d6614398-a9cb-4922-95dd-b4649a465a91 service placement] 10.222.0.18 "GET /placement/allocations/226e03b8-eec1-4a54-ad86-1b232c6fd551" status: 200 len: 259 microversion: 1.28
Aug 25 06:34:45.691831 n-d-791135-2 devstack@placement-api.service[107714]: [pid: 107714|app: 0|req: 535/1071] 10.222.0.18 () {60 vars in 1377 bytes} [Thu Aug 25 06:34:45 2022] GET /placement/allocations/226e03b8-eec1-4a54-ad86-1b232c6fd551 => generated 259 bytes in 61 msecs (HTTP/1.1 200) 8 headers in 296 bytes (2 switches on core 0)
