Oct 06 06:36:59.602477 n-d-791135-10 devstack@placement-api.service[108208]: DEBUG placement.objects.research_context [req-9638fcf4-6575-407a-8a69-bb13d03981ae req-6c857598-e674-4a7e-ae48-72f3f6d418c7 service placement] found 2 providers after filtering by previous result {{(pid=108208) get_provider_ids_matching /opt/stack/placement/placement/objects/research_context.py:594}}
Oct 06 06:36:59.627176 n-d-791135-10 devstack@placement-api.service[108208]: DEBUG placement.objects.allocation_candidate [req-9638fcf4-6575-407a-8a69-bb13d03981ae req-6c857598-e674-4a7e-ae48-72f3f6d418c7 service placement] RequestGroup(use_same_provider=False, resources={DISK_GB:1, MEMORY_MB:1024, VCPU:1}, traits=(), aggregates=[]) (suffix '') returned 2 matches {{(pid=108208) _get_by_requests /opt/stack/placement/placement/objects/allocation_candidate.py:156}}
Oct 06 06:36:59.627915 n-d-791135-10 devstack@placement-api.service[108208]: DEBUG placement.objects.allocation_candidate [req-9638fcf4-6575-407a-8a69-bb13d03981ae req-6c857598-e674-4a7e-ae48-72f3f6d418c7 service placement] Merging candidates yields 2 allocation requests and 2 provider summaries {{(pid=108208) _merge_candidates /opt/stack/placement/placement/objects/allocation_candidate.py:809}}
Oct 06 06:36:59.630034 n-d-791135-10 devstack@placement-api.service[108208]: INFO placement.requestlog [req-9638fcf4-6575-407a-8a69-bb13d03981ae req-6c857598-e674-4a7e-ae48-72f3f6d418c7 service placement] 10.222.0.25 "GET /placement/allocation_candidates?limit=1000&resources=DISK_GB%3A1%2CMEMORY_MB%3A1024%2CVCPU%3A1&root_required=%21COMPUTE_STATUS_DISABLED" status: 200 len: 1309 microversion: 1.36
Oct 06 06:36:59.645585 n-d-791135-10 devstack@placement-api.service[108208]: [pid: 108208|app: 0|req: 47/95] 10.222.0.25 () {60 vars in 1506 bytes} [Thu Oct 6 06:36:59 2022] GET /placement/allocation_candidates?limit=1000&resources=DISK_GB%3A1%2CMEMORY_MB%3A1024%2CVCPU%3A1&root_required=%21COMPUTE_STATUS_DISABLED => generated 1309 bytes in 119 msecs (HTTP/1.1 200) 8 headers in 297 bytes (1 switches on core 0)
Oct 06 06:36:59.666530 n-d-791135-10 devstack@placement-api.service[108207]: DEBUG placement.requestlog [req-d4c37dad-8e30-49ff-a569-cb23085f3a76 req-a9775d4e-51be-4f1c-b959-c9cd41a91cc0 None None] Starting request: 10.222.0.25 "GET /placement/resource_providers?name=n-h2-791135-10" {{(pid=108207) __call__ /opt/stack/placement/placement/requestlog.py:55}}
Oct 06 06:36:59.698726 n-d-791135-10 devstack@placement-api.service[108207]: INFO placement.requestlog [req-d4c37dad-8e30-49ff-a569-cb23085f3a76 req-a9775d4e-51be-4f1c-b959-c9cd41a91cc0 service placement] 10.222.0.25 "GET /placement/resource_providers?name=n-h2-791135-10" status: 200 len: 442 microversion: 1.0
Oct 06 06:36:59.700122 n-d-791135-10 devstack@placement-api.service[108207]: [pid: 108207|app: 0|req: 49/96] 10.222.0.25 () {58 vars in 1276 bytes} [Thu Oct 6 06:36:59 2022] GET /placement/resource_providers?name=n-h2-791135-10 => generated 442 bytes in 34 msecs (HTTP/1.1 200) 6 headers in 224 bytes (1 switches on core 0)
Oct 06 06:36:59.709549 n-d-791135-10 devstack@placement-api.service[108208]: DEBUG placement.requestlog [req-d4c37dad-8e30-49ff-a569-cb23085f3a76 req-ba097e46-8300-4406-98cd-e30648c1b570 None None] Starting request: 10.222.0.25 "GET /placement/resource_providers/541726c3-e8cc-43a6-bf0a-2d97a5d56066/aggregates" {{(pid=108208) __call__ /opt/stack/placement/placement/requestlog.py:55}}
Oct 06 06:36:59.727222 n-d-791135-10 devstack@placement-api.service[108207]: DEBUG placement.requestlog [req-9638fcf4-6575-407a-8a69-bb13d03981ae req-0af58c77-5adf-47ad-a58c-611a79912ad0 None None] Starting request: 10.222.0.25 "GET /placement/allocations/a49adb49-f364-4dff-bd20-a7e3224cc6c0" {{(pid=108207) __call__ /opt/stack/placement/placement/requestlog.py:55}}
Oct 06 06:36:59.733065 n-d-791135-10 devstack@placement-api.service[108208]: INFO placement.requestlog [req-d4c37dad-8e30-49ff-a569-cb23085f3a76 req-ba097e46-8300-4406-98cd-e30648c1b570 service placement] 10.222.0.25 "GET /placement/resource_providers/541726c3-e8cc-43a6-bf0a-2d97a5d56066/aggregates" status: 200 len: 54 microversion: 1.19
Oct 06 06:36:59.734975 n-d-791135-10 devstack@placement-api.service[108208]: [pid: 108208|app: 0|req: 48/97] 10.222.0.25 () {60 vars in 1425 bytes} [Thu Oct 6 06:36:59 2022] GET /placement/resource_providers/541726c3-e8cc-43a6-bf0a-2d97a5d56066/aggregates => generated 54 bytes in 25 msecs (HTTP/1.1 200) 8 headers in 295 bytes (2 switches on core 0)
Oct 06 06:36:59.739666 n-d-791135-10 devstack@placement-api.service[108207]: INFO placement.requestlog [req-9638fcf4-6575-407a-8a69-bb13d03981ae req-0af58c77-5adf-47ad-a58c-611a79912ad0 service placement] 10.222.0.25 "GET /placement/allocations/a49adb49-f364-4dff-bd20-a7e3224cc6c0" status: 200 len: 19 microversion: 1.28
Oct 06 06:36:59.740308 n-d-791135-10 devstack@placement-api.service[108207]: [pid: 108207|app: 0|req: 50/98] 10.222.0.25 () {60 vars in 1380 bytes} [Thu Oct 6 06:36:59 2022] GET /placement/allocations/a49adb49-f364-4dff-bd20-a7e3224cc6c0 => generated 19 bytes in 13 msecs (HTTP/1.1 200) 8 headers in 295 bytes (1 switches on core 0)
Oct 06 06:36:59.741908 n-d-791135-10 devstack@placement-api.service[108208]: DEBUG placement.requestlog [req-d4c37dad-8e30-49ff-a569-cb23085f3a76 req-a8693429-9940-4734-a83c-635b3af1e0cb None None] Starting request: 10.222.0.25 "PUT /placement/resource_providers/541726c3-e8cc-43a6-bf0a-2d97a5d56066/aggregates" {{(pid=108208) __call__ /opt/stack/placement/placement/requestlog.py:55}}
Oct 06 06:36:59.747686 n-d-791135-10 devstack@placement-api.service[108207]: DEBUG placement.requestlog [req-9638fcf4-6575-407a-8a69-bb13d03981ae req-5e890bc7-ed0a-4909-8d6a-9b0c65671fc2 None None] Starting request: 10.222.0.25 "PUT /placement/allocations/a49adb49-f364-4dff-bd20-a7e3224cc6c0" {{(pid=108207) __call__ /opt/stack/placement/placement/requestlog.py:55}}
Oct 06 06:36:59.763826 n-d-791135-10 devstack@placement-api.service[108208]: DEBUG placement.objects.resource_provider [req-d4c37dad-8e30-49ff-a569-cb23085f3a76 req-a8693429-9940-4734-a83c-635b3af1e0cb service placement] _ensure_aggregate() did not find aggregate 25c8318b-7575-44f3-b773-9c6424a61ff6. Attempting to create it. {{(pid=108208) _ensure_aggregate /opt/stack/placement/placement/objects/resource_provider.py:321}}
Oct 06 06:36:59.765691 n-d-791135-10 devstack@placement-api.service[108208]: DEBUG placement.objects.resource_provider [req-d4c37dad-8e30-49ff-a569-cb23085f3a76 req-a8693429-9940-4734-a83c-635b3af1e0cb service placement] _ensure_aggregate() created new aggregate 25c8318b-7575-44f3-b773-9c6424a61ff6 (id=4). {{(pid=108208) _ensure_aggregate /opt/stack/placement/placement/objects/resource_provider.py:327}}
Oct 06 06:36:59.768759 n-d-791135-10 devstack@placement-api.service[108208]: DEBUG placement.objects.resource_provider [req-d4c37dad-8e30-49ff-a569-cb23085f3a76 req-a8693429-9940-4734-a83c-635b3af1e0cb service placement] Setting aggregates for provider 541726c3-e8cc-43a6-bf0a-2d97a5d56066. Successfully associated aggregate 25c8318b-7575-44f3-b773-9c6424a61ff6. {{(pid=108208) _set_aggregates /opt/stack/placement/placement/objects/resource_provider.py:389}}
Oct 06 06:36:59.841347 n-d-791135-10 devstack@placement-api.service[108208]: INFO placement.requestlog [req-d4c37dad-8e30-49ff-a569-cb23085f3a76 req-a8693429-9940-4734-a83c-635b3af1e0cb service placement] 10.222.0.25 "PUT /placement/resource_providers/541726c3-e8cc-43a6-bf0a-2d97a5d56066/aggregates" status: 200 len: 92 microversion: 1.19
Oct 06 06:36:59.842086 n-d-791135-10 devstack@placement-api.service[108208]: [pid: 108208|app: 0|req: 49/99] 10.222.0.25 () {64 vars in 1477 bytes} [Thu Oct 6 06:36:59 2022] PUT /placement/resource_providers/541726c3-e8cc-43a6-bf0a-2d97a5d56066/aggregates => generated 92 bytes in 100 msecs (HTTP/1.1 200) 8 headers in 295 bytes (2 switches on core 0)
Oct 06 06:36:59.917808 n-d-791135-10 devstack@placement-api.service[108207]: DEBUG dbcounter [-] [108207] Writing DB stats placement:UPDATE=9,placement:SELECT=76,placement:DELETE=7,placement:INSERT=8 {{(pid=108207) stat_writer /usr/local/lib/python3.8/dist-packages/dbcounter.py:114}}
Oct 06 06:36:59.924424 n-d-791135-10 devstack@placement-api.service[108207]: DEBUG placement.handlers.allocation [req-9638fcf4-6575-407a-8a69-bb13d03981ae req-5e890bc7-ed0a-4909-8d6a-9b0c65671fc2 service placement] Successfully wrote allocations [, , ] {{(pid=108207) _update_consumers_and_create_allocations /opt/stack/placement/placement/handlers/allocation.py:462}}
Oct 06 06:36:59.996054 n-d-791135-10 devstack@placement-api.service[108208]: DEBUG placement.requestlog [req-9beff2fa-3295-482f-a9a0-ce20d6da2c66 req-49b68fab-030d-46a4-b9cb-9303e1c51b1e None None] Starting request: 10.222.0.25 "GET /placement/resource_providers?name=n-h2-791135-10" {{(pid=108208) __call__ /opt/stack/placement/placement/requestlog.py:55}}
Oct 06 06:37:00.010628 n-d-791135-10 devstack@placement-api.service[108207]: INFO placement.requestlog [req-9638fcf4-6575-407a-8a69-bb13d03981ae req-5e890bc7-ed0a-4909-8d6a-9b0c65671fc2 service placement] 10.222.0.25 "PUT /placement/allocations/a49adb49-f364-4dff-bd20-a7e3224cc6c0" status: 204 len: 0 microversion: 1.36
Oct 06 06:37:00.011385 n-d-791135-10 devstack@placement-api.service[108207]: [pid: 108207|app: 0|req: 51/100] 10.222.0.25 () {64 vars in 1433 bytes} [Thu Oct 6 06:36:59 2022] PUT /placement/allocations/a49adb49-f364-4dff-bd20-a7e3224cc6c0 => generated 0 bytes in 264 msecs (HTTP/1.1 204) 5 headers in 199 bytes (1 switches on core 0)
Oct 06 06:37:00.021053 n-d-791135-10 devstack@placement-api.service[108208]: INFO placement.requestlog [req-9beff2fa-3295-482f-a9a0-ce20d6da2c66 req-49b68fab-030d-46a4-b9cb-9303e1c51b1e service placement] 10.222.0.25 "GET /placement/resource_providers?name=n-h2-791135-10" status: 200 len: 442 microversion: 1.0
Oct 06 06:37:00.029949 n-d-791135-10 devstack@placement-api.service[108207]: DEBUG placement.requestlog [req-9beff2fa-3295-482f-a9a0-ce20d6da2c66 req-bb8f215e-4945-4f94-9cea-4c183bc26b93 None None] Starting request: 10.222.0.25 "GET /placement/resource_providers/541726c3-e8cc-43a6-bf0a-2d97a5d56066/aggregates" {{(pid=108207) __call__ /opt/stack/placement/placement/requestlog.py:55}}
Oct 06 06:37:00.037957 n-d-791135-10 devstack@placement-api.service[108208]: [pid: 108208|app: 0|req: 50/101] 10.222.0.25 () {58 vars in 1276 bytes} [Thu Oct 6 06:36:59 2022] GET /placement/resource_providers?name=n-h2-791135-10 => generated 442 bytes in 34 msecs (HTTP/1.1 200) 6 headers in 224 bytes (1 switches on core 0)
Oct 06 06:37:00.055370 n-d-791135-10 devstack@placement-api.service[108207]: INFO placement.requestlog [req-9beff2fa-3295-482f-a9a0-ce20d6da2c66 req-bb8f215e-4945-4f94-9cea-4c183bc26b93 service placement] 10.222.0.25 "GET /placement/resource_providers/541726c3-e8cc-43a6-bf0a-2d97a5d56066/aggregates" status: 200 len: 92 microversion: 1.19
Oct 06 06:37:00.059806 n-d-791135-10 devstack@placement-api.service[108207]: [pid: 108207|app: 0|req: 52/102] 10.222.0.25 () {60 vars in 1425 bytes} [Thu Oct 6 06:37:00 2022] GET /placement/resource_providers/541726c3-e8cc-43a6-bf0a-2d97a5d56066/aggregates => generated 92 bytes in 30 msecs (HTTP/1.1 200) 8 headers in 295 bytes (2 switches on core 0)
Oct 06 06:37:00.060574 n-d-791135-10 devstack@placement-api.service[108208]: DEBUG placement.requestlog [req-9beff2fa-3295-482f-a9a0-ce20d6da2c66 req-a01dd009-1bbe-4f2e-ac73-411421af4c6f None None] Starting request: 10.222.0.25 "PUT /placement/resource_providers/541726c3-e8cc-43a6-bf0a-2d97a5d56066/aggregates" {{(pid=108208) __call__ /opt/stack/placement/placement/requestlog.py:55}}
Oct 06 06:37:00.123356 n-d-791135-10 devstack@placement-api.service[108208]: DEBUG placement.objects.resource_provider [req-9beff2fa-3295-482f-a9a0-ce20d6da2c66 req-a01dd009-1bbe-4f2e-ac73-411421af4c6f service placement] Setting aggregates for provider 541726c3-e8cc-43a6-bf0a-2d97a5d56066. Successfully disassociated aggregate 25c8318b-7575-44f3-b773-9c6424a61ff6. {{(pid=108208) _set_aggregates /opt/stack/placement/placement/objects/resource_provider.py:404}}
Oct 06 06:37:00.234528 n-d-791135-10 devstack@placement-api.service[108208]: INFO placement.requestlog [req-9beff2fa-3295-482f-a9a0-ce20d6da2c66 req-a01dd009-1bbe-4f2e-ac73-411421af4c6f service placement] 10.222.0.25 "PUT /placement/resource_providers/541726c3-e8cc-43a6-bf0a-2d97a5d56066/aggregates" status: 200 len: 54 microversion: 1.19
Oct 06 06:37:00.234944 n-d-791135-10 devstack@placement-api.service[108208]: [pid: 108208|app: 0|req: 51/103] 10.222.0.25 () {64 vars in 1477 bytes} [Thu Oct 6 06:37:00 2022] PUT /placement/resource_providers/541726c3-e8cc-43a6-bf0a-2d97a5d56066/aggregates => generated 54 bytes in 175 msecs (HTTP/1.1 200) 8 headers in 295 bytes (2 switches on core 0)
Oct 06 06:37:00.505108 n-d-791135-10 devstack@placement-api.service[108207]: DEBUG placement.requestlog [req-9638fcf4-6575-407a-8a69-bb13d03981ae req-d7081152-c927-4fd3-bfe3-a97e166fdfa8 None None] Starting request: 10.222.0.23 "GET /placement/allocations/a49adb49-f364-4dff-bd20-a7e3224cc6c0" {{(pid=108207) __call__ /opt/stack/placement/placement/requestlog.py:55}}
Oct 06 06:37:00.549454 n-d-791135-10 devstack@placement-api.service[108207]: INFO placement.requestlog [req-9638fcf4-6575-407a-8a69-bb13d03981ae req-d7081152-c927-4fd3-bfe3-a97e166fdfa8 service placement] 10.222.0.23 "GET /placement/allocations/a49adb49-f364-4dff-bd20-a7e3224cc6c0" status: 200 len: 259 microversion: 1.28
Oct 06 06:37:00.550135 n-d-791135-10 devstack@placement-api.service[108207]: [pid: 108207|app: 0|req: 53/104] 10.222.0.23 () {60 vars in 1377 bytes} [Thu Oct 6 06:37:00 2022] GET /placement/allocations/a49adb49-f364-4dff-bd20-a7e3224cc6c0 => generated 259 bytes in 45 msecs (HTTP/1.1 200) 8 headers in 296 bytes (1 switches on core 0)
Oct 06 06:37:01.098686 n-d-791135-10 devstack@placement-api.service[108208]: DEBUG placement.requestlog [req-9022191b-2b06-48ee-8a3c-a33a3ef3a265 req-7e6364c1-d183-46a0-bb89-b65e4c0f8eda None None] Starting request: 10.222.0.25 "GET /placement/resource_providers?name=n-h2-791135-10" {{(pid=108208) __call__ /opt/stack/placement/placement/requestlog.py:55}}
Oct 06 06:37:01.116944 n-d-791135-10 devstack@placement-api.service[108208]: INFO placement.requestlog [req-9022191b-2b06-48ee-8a3c-a33a3ef3a265 req-7e6364c1-d183-46a0-bb89-b65e4c0f8eda service placement] 10.222.0.25 "GET /placement/resource_providers?name=n-h2-791135-10" status: 200 len: 442 microversion: 1.0
Oct 06 06:37:01.118373 n-d-791135-10 devstack@placement-api.service[108208]: [pid: 108208|app: 0|req: 52/105] 10.222.0.25 () {58 vars in 1276 bytes} [Thu Oct 6 06:37:01 2022] GET /placement/resource_providers?name=n-h2-791135-10 => generated 442 bytes in 19 msecs (HTTP/1.1 200) 6 headers in 224 bytes (1 switches on core 0)
Oct 06 06:37:01.125065 n-d-791135-10 devstack@placement-api.service[108207]: DEBUG placement.requestlog [req-9022191b-2b06-48ee-8a3c-a33a3ef3a265 req-af7698c8-36b1-430e-8fce-6690a7f5ba64 None None] Starting request: 10.222.0.25 "GET /placement/resource_providers/541726c3-e8cc-43a6-bf0a-2d97a5d56066/aggregates" {{(pid=108207) __call__ /opt/stack/placement/placement/requestlog.py:55}}
Oct 06 06:37:01.142758 n-d-791135-10 devstack@placement-api.service[108207]: INFO placement.requestlog [req-9022191b-2b06-48ee-8a3c-a33a3ef3a265 req-af7698c8-36b1-430e-8fce-6690a7f5ba64 service placement] 10.222.0.25 "GET /placement/resource_providers/541726c3-e8cc-43a6-bf0a-2d97a5d56066/aggregates" status: 200 len: 54 microversion: 1.19
Oct 06 06:37:01.143279 n-d-791135-10 devstack@placement-api.service[108207]: [pid: 108207|app: 0|req: 54/106] 10.222.0.25 () {60 vars in 1425 bytes} [Thu Oct 6 06:37:01 2022] GET /placement/resource_providers/541726c3-e8cc-43a6-bf0a-2d97a5d56066/aggregates => generated 54 bytes in 19 msecs (HTTP/1.1 200) 8 headers in 295 bytes (2 switches on core 0)
Oct 06 06:37:01.144307 n-d-791135-10 devstack@placement-api.service[108208]: DEBUG placement.requestlog [req-9638fcf4-6575-407a-8a69-bb13d03981ae req-3eb63007-cdb6-44f8-880d-78d699c0b280 None None] Starting request: 10.222.0.23 "GET /placement/resource_providers/541726c3-e8cc-43a6-bf0a-2d97a5d56066/allocations" {{(pid=108208) __call__ /opt/stack/placement/placement/requestlog.py:55}}
Oct 06 06:37:01.151503 n-d-791135-10 devstack@placement-api.service[108207]: DEBUG placement.requestlog [req-9022191b-2b06-48ee-8a3c-a33a3ef3a265 req-705eafde-bba1-4710-ae52-794f83202af3 None None] Starting request: 10.222.0.25 "PUT /placement/resource_providers/541726c3-e8cc-43a6-bf0a-2d97a5d56066/aggregates" {{(pid=108207) __call__ /opt/stack/placement/placement/requestlog.py:55}}
Oct 06 06:37:01.178263 n-d-791135-10 devstack@placement-api.service[108208]: INFO placement.requestlog [req-9638fcf4-6575-407a-8a69-bb13d03981ae req-3eb63007-cdb6-44f8-880d-78d699c0b280 service placement] 10.222.0.23 "GET /placement/resource_providers/541726c3-e8cc-43a6-bf0a-2d97a5d56066/allocations" status: 200 len: 255 microversion: 1.0
Oct 06 06:37:01.178975 n-d-791135-10 devstack@placement-api.service[108208]: [pid: 108208|app: 0|req: 53/107] 10.222.0.23 () {58 vars in 1390 bytes} [Thu Oct 6 06:37:01 2022] GET /placement/resource_providers/541726c3-e8cc-43a6-bf0a-2d97a5d56066/allocations => generated 255 bytes in 36 msecs (HTTP/1.1 200) 6 headers in 224 bytes (2 switches on core 0)
Oct 06 06:37:01.186020 n-d-791135-10 devstack@placement-api.service[108208]: DEBUG placement.requestlog [req-9638fcf4-6575-407a-8a69-bb13d03981ae req-1863e8a6-d384-4df8-a5b1-432357b05ed9 None None] Starting request: 10.222.0.23 "GET /placement/allocations/a49adb49-f364-4dff-bd20-a7e3224cc6c0" {{(pid=108208) __call__ /opt/stack/placement/placement/requestlog.py:55}}
Oct 06 06:37:01.198242 n-d-791135-10 devstack@placement-api.service[108207]: DEBUG placement.objects.resource_provider [req-9022191b-2b06-48ee-8a3c-a33a3ef3a265 req-705eafde-bba1-4710-ae52-794f83202af3 service placement] _ensure_aggregate() did not find aggregate 74cbfdb3-fa8b-461d-959b-dcaf638361df. Attempting to create it. {{(pid=108207) _ensure_aggregate /opt/stack/placement/placement/objects/resource_provider.py:321}}
Oct 06 06:37:01.199666 n-d-791135-10 devstack@placement-api.service[108207]: DEBUG placement.objects.resource_provider [req-9022191b-2b06-48ee-8a3c-a33a3ef3a265 req-705eafde-bba1-4710-ae52-794f83202af3 service placement] _ensure_aggregate() created new aggregate 74cbfdb3-fa8b-461d-959b-dcaf638361df (id=5). {{(pid=108207) _ensure_aggregate /opt/stack/placement/placement/objects/resource_provider.py:327}}
Oct 06 06:37:01.202665 n-d-791135-10 devstack@placement-api.service[108207]: DEBUG placement.objects.resource_provider [req-9022191b-2b06-48ee-8a3c-a33a3ef3a265 req-705eafde-bba1-4710-ae52-794f83202af3 service placement] Setting aggregates for provider 541726c3-e8cc-43a6-bf0a-2d97a5d56066. Successfully associated aggregate 74cbfdb3-fa8b-461d-959b-dcaf638361df. {{(pid=108207) _set_aggregates /opt/stack/placement/placement/objects/resource_provider.py:389}}
Oct 06 06:37:01.207339 n-d-791135-10 devstack@placement-api.service[108208]: INFO placement.requestlog [req-9638fcf4-6575-407a-8a69-bb13d03981ae req-1863e8a6-d384-4df8-a5b1-432357b05ed9 service placement] 10.222.0.23 "GET /placement/allocations/a49adb49-f364-4dff-bd20-a7e3224cc6c0" status: 200 len: 259 microversion: 1.28
Oct 06 06:37:01.207782 n-d-791135-10 devstack@placement-api.service[108208]: [pid: 108208|app: 0|req: 54/108] 10.222.0.23 () {60 vars in 1377 bytes} [Thu Oct 6 06:37:01 2022] GET /placement/allocations/a49adb49-f364-4dff-bd20-a7e3224cc6c0 => generated 259 bytes in 22 msecs (HTTP/1.1 200) 8 headers in 296 bytes (2 switches on core 0)
Oct 06 06:37:01.214250 n-d-791135-10 devstack@placement-api.service[108208]: DEBUG placement.requestlog [req-9638fcf4-6575-407a-8a69-bb13d03981ae req-041d527d-507d-42fc-ae07-0e7b1838c5e6 None None] Starting request: 10.222.0.23 "GET /placement/allocations/00157c1d-e828-4f8e-9dc6-033387c19fc1" {{(pid=108208) __call__ /opt/stack/placement/placement/requestlog.py:55}}
Oct 06 06:37:01.230944 n-d-791135-10 devstack@placement-api.service[108208]: INFO placement.requestlog [req-9638fcf4-6575-407a-8a69-bb13d03981ae req-041d527d-507d-42fc-ae07-0e7b1838c5e6 service placement] 10.222.0.23 "GET /placement/allocations/00157c1d-e828-4f8e-9dc6-033387c19fc1" status: 200 len: 259 microversion: 1.28
Oct 06 06:37:01.231637 n-d-791135-10 devstack@placement-api.service[108208]: [pid: 108208|app: 0|req: 55/109] 10.222.0.23 () {60 vars in 1377 bytes} [Thu Oct 6 06:37:01 2022] GET /placement/allocations/00157c1d-e828-4f8e-9dc6-033387c19fc1 => generated 259 bytes in 18 msecs (HTTP/1.1 200) 8 headers in 296 bytes (2 switches on core 0)
Oct 06 06:37:01.319469 n-d-791135-10 devstack@placement-api.service[108207]: INFO placement.requestlog [req-9022191b-2b06-48ee-8a3c-a33a3ef3a265 req-705eafde-bba1-4710-ae52-794f83202af3 service placement] 10.222.0.25 "PUT /placement/resource_providers/541726c3-e8cc-43a6-bf0a-2d97a5d56066/aggregates" status: 200 len: 92 microversion: 1.19
Oct 06 06:37:01.320242 n-d-791135-10 devstack@placement-api.service[108207]: [pid: 108207|app: 0|req: 55/110] 10.222.0.25 () {64 vars in 1477 bytes} [Thu Oct 6 06:37:01 2022] PUT /placement/resource_providers/541726c3-e8cc-43a6-bf0a-2d97a5d56066/aggregates => generated 92 bytes in 169 msecs (HTTP/1.1 200) 8 headers in 295 bytes (2 switches on core 0)
Oct 06 06:37:02.223518 n-d-791135-10 devstack@placement-api.service[108208]: DEBUG placement.requestlog [req-0bd75a19-69e1-4167-a844-7c01f8c9f533 req-08306900-66d8-480f-96c5-c4b745f04bf0 None None] Starting request: 10.222.0.25 "GET /placement/resource_providers?name=n-h2-791135-10" {{(pid=108208) __call__ /opt/stack/placement/placement/requestlog.py:55}}
Oct 06 06:37:02.252770 n-d-791135-10 devstack@placement-api.service[108208]: INFO placement.requestlog [req-0bd75a19-69e1-4167-a844-7c01f8c9f533 req-08306900-66d8-480f-96c5-c4b745f04bf0 service placement] 10.222.0.25 "GET /placement/resource_providers?name=n-h2-791135-10" status: 200 len: 442 microversion: 1.0
Oct 06 06:37:02.253510 n-d-791135-10 devstack@placement-api.service[108208]: [pid: 108208|app: 0|req: 56/111] 10.222.0.25 () {58 vars in 1276 bytes} [Thu Oct 6 06:37:02 2022] GET /placement/resource_providers?name=n-h2-791135-10 => generated 442 bytes in 30 msecs (HTTP/1.1 200) 6 headers in 224 bytes (1 switches on core 0)
Oct 06 06:37:02.261185 n-d-791135-10 devstack@placement-api.service[108207]: DEBUG placement.requestlog [req-0bd75a19-69e1-4167-a844-7c01f8c9f533 req-db4af687-3b37-4c13-877e-8a3056d00266 None None] Starting request: 10.222.0.25 "GET /placement/resource_providers/541726c3-e8cc-43a6-bf0a-2d97a5d56066/aggregates" {{(pid=108207) __call__ /opt/stack/placement/placement/requestlog.py:55}}
Oct 06 06:37:02.289945 n-d-791135-10 devstack@placement-api.service[108207]: INFO placement.requestlog [req-0bd75a19-69e1-4167-a844-7c01f8c9f533 req-db4af687-3b37-4c13-877e-8a3056d00266 service placement] 10.222.0.25 "GET /placement/resource_providers/541726c3-e8cc-43a6-bf0a-2d97a5d56066/aggregates" status: 200 len: 92 microversion: 1.19
Oct 06 06:37:02.290771 n-d-791135-10 devstack@placement-api.service[108207]: [pid: 108207|app: 0|req: 56/112] 10.222.0.25 () {60 vars in 1425 bytes} [Thu Oct 6 06:37:02 2022] GET /placement/resource_providers/541726c3-e8cc-43a6-bf0a-2d97a5d56066/aggregates => generated 92 bytes in 31 msecs (HTTP/1.1 200) 8 headers in 295 bytes (1 switches on core 0)
Oct 06 06:37:02.298317 n-d-791135-10 devstack@placement-api.service[108208]: DEBUG placement.requestlog [req-0bd75a19-69e1-4167-a844-7c01f8c9f533 req-ea4d2d41-1d43-4163-94bf-0e3ae0475585 None None] Starting request: 10.222.0.25 "PUT /placement/resource_providers/541726c3-e8cc-43a6-bf0a-2d97a5d56066/aggregates" {{(pid=108208) __call__ /opt/stack/placement/placement/requestlog.py:55}}
Oct 06 06:37:02.334231 n-d-791135-10 devstack@placement-api.service[108208]: DEBUG placement.objects.resource_provider [req-0bd75a19-69e1-4167-a844-7c01f8c9f533 req-ea4d2d41-1d43-4163-94bf-0e3ae0475585 service placement] Setting aggregates for provider 541726c3-e8cc-43a6-bf0a-2d97a5d56066. Successfully disassociated aggregate 74cbfdb3-fa8b-461d-959b-dcaf638361df. {{(pid=108208) _set_aggregates /opt/stack/placement/placement/objects/resource_provider.py:404}}
Oct 06 06:37:02.463417 n-d-791135-10 devstack@placement-api.service[108208]: INFO placement.requestlog [req-0bd75a19-69e1-4167-a844-7c01f8c9f533 req-ea4d2d41-1d43-4163-94bf-0e3ae0475585 service placement] 10.222.0.25 "PUT /placement/resource_providers/541726c3-e8cc-43a6-bf0a-2d97a5d56066/aggregates" status: 200 len: 54 microversion: 1.19
Oct 06 06:37:02.464013 n-d-791135-10 devstack@placement-api.service[108208]: [pid: 108208|app: 0|req: 57/113] 10.222.0.25 () {64 vars in 1477 bytes} [Thu Oct 6 06:37:02 2022] PUT /placement/resource_providers/541726c3-e8cc-43a6-bf0a-2d97a5d56066/aggregates => generated 54 bytes in 166 msecs (HTTP/1.1 200) 8 headers in 295 bytes (1 switches on core 0)
Oct 06 06:37:02.550225 n-d-791135-10 devstack@placement-api.service[108207]: DEBUG placement.requestlog [req-562da507-fdd7-4e40-a467-8721b19705f8 req-ed660750-a0a6-47d5-a905-8743ab17a19c None None] Starting request: 10.222.0.25 "GET /placement/allocation_candidates?limit=1000&resources=DISK_GB%3A1%2CMEMORY_MB%3A1024%2CVCPU%3A1&root_required=%21COMPUTE_STATUS_DISABLED" {{(pid=108207) __call__ /opt/stack/placement/placement/requestlog.py:55}}
Oct 06 06:37:02.615783 n-d-791135-10 devstack@placement-api.service[108207]: DEBUG placement.objects.research_context [req-562da507-fdd7-4e40-a467-8721b19705f8 req-ed660750-a0a6-47d5-a905-8743ab17a19c service placement] getting providers with 1 DISK_GB {{(pid=108207) __init__ /opt/stack/placement/placement/objects/research_context.py:136}}
Oct 06 06:37:02.626384 n-d-791135-10 devstack@placement-api.service[108207]: DEBUG placement.objects.research_context [req-562da507-fdd7-4e40-a467-8721b19705f8 req-ed660750-a0a6-47d5-a905-8743ab17a19c service placement] getting providers with 1024 MEMORY_MB {{(pid=108207) __init__ /opt/stack/placement/placement/objects/research_context.py:136}}
Oct 06 06:37:02.634100 n-d-791135-10 devstack@placement-api.service[108207]: DEBUG placement.objects.research_context [req-562da507-fdd7-4e40-a467-8721b19705f8 req-ed660750-a0a6-47d5-a905-8743ab17a19c service placement] getting providers with 1 VCPU {{(pid=108207) __init__ /opt/stack/placement/placement/objects/research_context.py:136}}
Oct 06 06:37:02.640783 n-d-791135-10 devstack@placement-api.service[108207]: DEBUG placement.objects.research_context [req-562da507-fdd7-4e40-a467-8721b19705f8 req-ed660750-a0a6-47d5-a905-8743ab17a19c service placement] found 2 providers with available 1 DISK_GB {{(pid=108207) get_provider_ids_matching /opt/stack/placement/placement/objects/research_context.py:563}}
Oct 06 06:37:02.641377 n-d-791135-10 devstack@placement-api.service[108207]: DEBUG placement.objects.research_context [req-562da507-fdd7-4e40-a467-8721b19705f8 req-ed660750-a0a6-47d5-a905-8743ab17a19c service placement] found 2 providers with available 1024 MEMORY_MB {{(pid=108207) get_provider_ids_matching /opt/stack/placement/placement/objects/research_context.py:563}}
Oct 06 06:37:02.643660 n-d-791135-10 devstack@placement-api.service[108207]: DEBUG placement.objects.research_context [req-562da507-fdd7-4e40-a467-8721b19705f8 req-ed660750-a0a6-47d5-a905-8743ab17a19c service placement] found 2 providers after filtering by previous result {{(pid=108207) get_provider_ids_matching /opt/stack/placement/placement/objects/research_context.py:594}}
Oct 06 06:37:02.645341 n-d-791135-10 devstack@placement-api.service[108207]: DEBUG placement.objects.research_context [req-562da507-fdd7-4e40-a467-8721b19705f8 req-ed660750-a0a6-47d5-a905-8743ab17a19c service placement] found 2 providers with available 1 VCPU {{(pid=108207) get_provider_ids_matching /opt/stack/placement/placement/objects/research_context.py:563}}
Oct 06 06:37:02.646127 n-d-791135-10 devstack@placement-api.service[108207]: DEBUG placement.objects.research_context [req-562da507-fdd7-4e40-a467-8721b19705f8 req-ed660750-a0a6-47d5-a905-8743ab17a19c service placement] found 2 providers after filtering by previous result {{(pid=108207) get_provider_ids_matching /opt/stack/placement/placement/objects/research_context.py:594}}
Oct 06 06:37:02.659690 n-d-791135-10 devstack@placement-api.service[108207]: DEBUG placement.objects.allocation_candidate [req-562da507-fdd7-4e40-a467-8721b19705f8 req-ed660750-a0a6-47d5-a905-8743ab17a19c service placement] RequestGroup(use_same_provider=False, resources={DISK_GB:1, MEMORY_MB:1024, VCPU:1}, traits=(), aggregates=[]) (suffix '') returned 2 matches {{(pid=108207) _get_by_requests /opt/stack/placement/placement/objects/allocation_candidate.py:156}}
Oct 06 06:37:02.660317 n-d-791135-10 devstack@placement-api.service[108207]: DEBUG placement.objects.allocation_candidate [req-562da507-fdd7-4e40-a467-8721b19705f8 req-ed660750-a0a6-47d5-a905-8743ab17a19c service placement] Merging candidates yields 2 allocation requests and 2 provider summaries {{(pid=108207) _merge_candidates /opt/stack/placement/placement/objects/allocation_candidate.py:809}}
Oct 06 06:37:02.662368 n-d-791135-10 devstack@placement-api.service[108207]: INFO placement.requestlog [req-562da507-fdd7-4e40-a467-8721b19705f8 req-ed660750-a0a6-47d5-a905-8743ab17a19c service placement] 10.222.0.25 "GET /placement/allocation_candidates?limit=1000&resources=DISK_GB%3A1%2CMEMORY_MB%3A1024%2CVCPU%3A1&root_required=%21COMPUTE_STATUS_DISABLED" status: 200 len: 1309 microversion: 1.36
Oct 06 06:37:02.670141 n-d-791135-10 devstack@placement-api.service[108207]: [pid: 108207|app: 0|req: 57/114] 10.222.0.25 () {60 vars in 1506 bytes} [Thu Oct 6 06:37:02 2022] GET /placement/allocation_candidates?limit=1000&resources=DISK_GB%3A1%2CMEMORY_MB%3A1024%2CVCPU%3A1&root_required=%21COMPUTE_STATUS_DISABLED => generated 1309 bytes in 120 msecs (HTTP/1.1 200) 8 headers in 297 bytes (1 switches on core 0)
Oct 06 06:37:02.759981 n-d-791135-10 devstack@placement-api.service[108208]: DEBUG placement.requestlog [req-562da507-fdd7-4e40-a467-8721b19705f8 req-7afa6d1d-093f-4e20-b1d5-f1a1727a292f None None] Starting request: 10.222.0.25 "GET /placement/allocations/ab5b0875-d5a3-4f55-836e-47617bba2d0b" {{(pid=108208) __call__ /opt/stack/placement/placement/requestlog.py:55}}
Oct 06 06:37:02.781187 n-d-791135-10 devstack@placement-api.service[108208]: INFO placement.requestlog [req-562da507-fdd7-4e40-a467-8721b19705f8 req-7afa6d1d-093f-4e20-b1d5-f1a1727a292f service placement] 10.222.0.25 "GET /placement/allocations/ab5b0875-d5a3-4f55-836e-47617bba2d0b" status: 200 len: 19 microversion: 1.28
Oct 06 06:37:02.782739 n-d-791135-10 devstack@placement-api.service[108208]: [pid: 108208|app: 0|req: 58/115] 10.222.0.25 () {60 vars in 1380 bytes} [Thu Oct 6 06:37:02 2022] GET /placement/allocations/ab5b0875-d5a3-4f55-836e-47617bba2d0b => generated 19 bytes in 23 msecs (HTTP/1.1 200) 8 headers in 295 bytes (1 switches on core 0)
Oct 06 06:37:02.788510 n-d-791135-10 devstack@placement-api.service[108207]: DEBUG placement.requestlog [req-562da507-fdd7-4e40-a467-8721b19705f8 req-feb2c876-f4ce-4177-9c5f-95c015b9e43e None None] Starting request: 10.222.0.25 "PUT /placement/allocations/ab5b0875-d5a3-4f55-836e-47617bba2d0b" {{(pid=108207) __call__ /opt/stack/placement/placement/requestlog.py:55}}
Oct 06 06:37:03.248790 n-d-791135-10 devstack@placement-api.service[108207]: DEBUG placement.handlers.allocation [req-562da507-fdd7-4e40-a467-8721b19705f8 req-feb2c876-f4ce-4177-9c5f-95c015b9e43e service placement] Successfully wrote allocations [, , ] {{(pid=108207) _update_consumers_and_create_allocations /opt/stack/placement/placement/handlers/allocation.py:462}}
Oct 06 06:37:03.341763 n-d-791135-10 devstack@placement-api.service[108207]: INFO placement.requestlog [req-562da507-fdd7-4e40-a467-8721b19705f8 req-feb2c876-f4ce-4177-9c5f-95c015b9e43e service placement] 10.222.0.25 "PUT /placement/allocations/ab5b0875-d5a3-4f55-836e-47617bba2d0b" status: 204 len: 0 microversion: 1.36
Oct 06 06:37:03.357144 n-d-791135-10 devstack@placement-api.service[108207]: [pid: 108207|app: 0|req: 58/116] 10.222.0.25 () {64 vars in 1433 bytes} [Thu Oct 6 06:37:02 2022] PUT /placement/allocations/ab5b0875-d5a3-4f55-836e-47617bba2d0b => generated 0 bytes in 554 msecs (HTTP/1.1 204) 5 headers in 199 bytes (1 switches on core 0)
Oct 06 06:37:03.534027 n-d-791135-10 devstack@placement-api.service[108208]: DEBUG placement.requestlog [req-a5cf6054-f3a2-4ac6-8402-70841c3f6de0 req-17314e97-10c1-478a-b043-e6c0449a91bb None None] Starting request: 10.222.0.23 "GET /placement/resource_providers/541726c3-e8cc-43a6-bf0a-2d97a5d56066/allocations" {{(pid=108208) __call__ /opt/stack/placement/placement/requestlog.py:55}}
Oct 06 06:37:03.689495 n-d-791135-10 devstack@placement-api.service[108208]: INFO placement.requestlog [req-a5cf6054-f3a2-4ac6-8402-70841c3f6de0 req-17314e97-10c1-478a-b043-e6c0449a91bb service placement] 10.222.0.23 "GET /placement/resource_providers/541726c3-e8cc-43a6-bf0a-2d97a5d56066/allocations" status: 200 len: 356 microversion: 1.0
Oct 06 06:37:03.690318 n-d-791135-10 devstack@placement-api.service[108208]: [pid: 108208|app: 0|req: 59/117] 10.222.0.23 () {58 vars in 1390 bytes} [Thu Oct 6 06:37:03 2022] GET /placement/resource_providers/541726c3-e8cc-43a6-bf0a-2d97a5d56066/allocations => generated 356 bytes in 156 msecs (HTTP/1.1 200) 6 headers in 224 bytes (1 switches on core 0)
Oct 06 06:37:03.888153 n-d-791135-10 devstack@placement-api.service[108207]: DEBUG placement.requestlog [req-a5cf6054-f3a2-4ac6-8402-70841c3f6de0 req-16b31654-91a8-4c0e-bb02-046e091dd626 None None] Starting request: 10.222.0.23 "GET /placement/resource_providers/541726c3-e8cc-43a6-bf0a-2d97a5d56066/allocations" {{(pid=108207) __call__ /opt/stack/placement/placement/requestlog.py:55}}
Oct 06 06:37:03.926477 n-d-791135-10 devstack@placement-api.service[108207]: INFO placement.requestlog [req-a5cf6054-f3a2-4ac6-8402-70841c3f6de0 req-16b31654-91a8-4c0e-bb02-046e091dd626 service placement] 10.222.0.23 "GET /placement/resource_providers/541726c3-e8cc-43a6-bf0a-2d97a5d56066/allocations" status: 200 len: 356 microversion: 1.0
Oct 06 06:37:03.928747 n-d-791135-10 devstack@placement-api.service[108207]: [pid: 108207|app: 0|req: 59/118] 10.222.0.23 () {58 vars in 1390 bytes} [Thu Oct 6 06:37:03 2022] GET /placement/resource_providers/541726c3-e8cc-43a6-bf0a-2d97a5d56066/allocations => generated 356 bytes in 41 msecs (HTTP/1.1 200) 6 headers in 224 bytes (1 switches on core 0)
Oct 06 06:37:03.934927 n-d-791135-10 devstack@placement-api.service[108208]: DEBUG placement.requestlog [req-a5cf6054-f3a2-4ac6-8402-70841c3f6de0 req-9616d95d-db51-41bf-8461-6957012739bb None None] Starting request: 10.222.0.23 "GET /placement/allocations/a49adb49-f364-4dff-bd20-a7e3224cc6c0" {{(pid=108208) __call__ /opt/stack/placement/placement/requestlog.py:55}}
Oct 06 06:37:03.962663 n-d-791135-10 devstack@placement-api.service[108208]: INFO placement.requestlog [req-a5cf6054-f3a2-4ac6-8402-70841c3f6de0 req-9616d95d-db51-41bf-8461-6957012739bb service placement] 10.222.0.23 "GET /placement/allocations/a49adb49-f364-4dff-bd20-a7e3224cc6c0" status: 200 len: 259 microversion: 1.28
Oct 06 06:37:03.963377 n-d-791135-10 devstack@placement-api.service[108208]: [pid: 108208|app: 0|req: 60/119] 10.222.0.23 () {60 vars in 1377 bytes} [Thu Oct 6 06:37:03 2022] GET /placement/allocations/a49adb49-f364-4dff-bd20-a7e3224cc6c0 => generated 259 bytes in 29 msecs (HTTP/1.1 200) 8 headers in 296 bytes (1 switches on core 0)
Oct 06 06:37:03.971912 n-d-791135-10 devstack@placement-api.service[108207]: DEBUG placement.requestlog [req-a5cf6054-f3a2-4ac6-8402-70841c3f6de0 req-bf225524-c944-4312-89f2-f1fd0320c965 None None] Starting request: 10.222.0.23 "GET /placement/allocations/ab5b0875-d5a3-4f55-836e-47617bba2d0b" {{(pid=108207) __call__ /opt/stack/placement/placement/requestlog.py:55}}
Oct 06 06:37:03.991595 n-d-791135-10 devstack@placement-api.service[108207]: INFO placement.requestlog [req-a5cf6054-f3a2-4ac6-8402-70841c3f6de0 req-bf225524-c944-4312-89f2-f1fd0320c965 service placement] 10.222.0.23 "GET /placement/allocations/ab5b0875-d5a3-4f55-836e-47617bba2d0b" status: 200 len: 259 microversion: 1.28
Oct 06 06:37:03.993090 n-d-791135-10 devstack@placement-api.service[108207]: [pid: 108207|app: 0|req: 60/120] 10.222.0.23 () {60 vars in 1377 bytes} [Thu Oct 6 06:37:03 2022] GET /placement/allocations/ab5b0875-d5a3-4f55-836e-47617bba2d0b => generated 259 bytes in 21 msecs (HTTP/1.1 200) 8 headers in 296 bytes (1 switches on core 0)
Oct 06 06:37:03.999791 n-d-791135-10 devstack@placement-api.service[108208]: DEBUG placement.requestlog [req-a5cf6054-f3a2-4ac6-8402-70841c3f6de0 req-119afa3d-7a8c-4ee2-ac62-443c59a71b54 None None] Starting request: 10.222.0.23 "GET /placement/allocations/00157c1d-e828-4f8e-9dc6-033387c19fc1" {{(pid=108208) __call__ /opt/stack/placement/placement/requestlog.py:55}}
Oct 06 06:37:04.056134 n-d-791135-10 devstack@placement-api.service[108208]: INFO placement.requestlog [req-a5cf6054-f3a2-4ac6-8402-70841c3f6de0 req-119afa3d-7a8c-4ee2-ac62-443c59a71b54 service placement] 10.222.0.23 "GET /placement/allocations/00157c1d-e828-4f8e-9dc6-033387c19fc1" status: 200 len: 259 microversion: 1.28
Oct 06 06:37:04.056514 n-d-791135-10 devstack@placement-api.service[108208]: [pid: 108208|app: 0|req: 61/121] 10.222.0.23 () {60 vars in 1377 bytes} [Thu Oct 6 06:37:03 2022] GET /placement/allocations/00157c1d-e828-4f8e-9dc6-033387c19fc1 => generated 259 bytes in 57 msecs (HTTP/1.1 200) 8 headers in 296 bytes (2 switches on core 0)
Oct 06 06:37:04.362351 n-d-791135-10 devstack@placement-api.service[108207]: DEBUG placement.requestlog [req-a842ffcd-a401-450b-b5a2-de9af256c074 req-2630cb08-e230-4eb2-b80d-c368749bdf54 None None] Starting request: 10.222.0.25 "GET /placement/resource_providers?name=n-h2-791135-10" {{(pid=108207) __call__ /opt/stack/placement/placement/requestlog.py:55}}
Oct 06 06:37:04.389736 n-d-791135-10 devstack@placement-api.service[108207]: INFO placement.requestlog [req-a842ffcd-a401-450b-b5a2-de9af256c074 req-2630cb08-e230-4eb2-b80d-c368749bdf54 service placement] 10.222.0.25 "GET /placement/resource_providers?name=n-h2-791135-10" status: 200 len: 442 microversion: 1.0
Oct 06 06:37:04.391152 n-d-791135-10 devstack@placement-api.service[108207]: [pid: 108207|app: 0|req: 61/122] 10.222.0.25 () {58 vars in 1276 bytes} [Thu Oct 6 06:37:04 2022] GET /placement/resource_providers?name=n-h2-791135-10 => generated 442 bytes in 29 msecs (HTTP/1.1 200) 6 headers in 224 bytes (1 switches on core 0)
Oct 06 06:37:04.400383 n-d-791135-10 devstack@placement-api.service[108208]: DEBUG placement.requestlog [req-a842ffcd-a401-450b-b5a2-de9af256c074 req-315984a8-5b87-4239-afda-d6277d1bc5c4 None None] Starting request: 10.222.0.25 "GET /placement/resource_providers/541726c3-e8cc-43a6-bf0a-2d97a5d56066/aggregates" {{(pid=108208) __call__ /opt/stack/placement/placement/requestlog.py:55}}
Oct 06 06:37:04.449169 n-d-791135-10 devstack@placement-api.service[108208]: INFO placement.requestlog [req-a842ffcd-a401-450b-b5a2-de9af256c074 req-315984a8-5b87-4239-afda-d6277d1bc5c4 service placement] 10.222.0.25 "GET /placement/resource_providers/541726c3-e8cc-43a6-bf0a-2d97a5d56066/aggregates" status: 200 len: 54 microversion: 1.19
Oct 06 06:37:04.449915 n-d-791135-10 devstack@placement-api.service[108208]: [pid: 108208|app: 0|req: 62/123] 10.222.0.25 () {60 vars in 1425 bytes} [Thu Oct 6 06:37:04 2022] GET /placement/resource_providers/541726c3-e8cc-43a6-bf0a-2d97a5d56066/aggregates => generated 54 bytes in 50 msecs (HTTP/1.1 200) 8 headers in 295 bytes (1 switches on core 0)
Oct 06 06:37:04.460656 n-d-791135-10 devstack@placement-api.service[108207]: DEBUG placement.requestlog [req-a842ffcd-a401-450b-b5a2-de9af256c074 req-f5fc00ae-80be-43a5-abef-cfd53a39c9b3 None None] Starting request: 10.222.0.25 "PUT /placement/resource_providers/541726c3-e8cc-43a6-bf0a-2d97a5d56066/aggregates" {{(pid=108207) __call__ /opt/stack/placement/placement/requestlog.py:55}}
Oct 06 06:37:04.498195 n-d-791135-10 devstack@placement-api.service[108207]: DEBUG placement.objects.resource_provider [req-a842ffcd-a401-450b-b5a2-de9af256c074 req-f5fc00ae-80be-43a5-abef-cfd53a39c9b3 service placement] _ensure_aggregate() did not find aggregate b2b67ccb-943b-456b-96b3-70289b2ab0b4. Attempting to create it. {{(pid=108207) _ensure_aggregate /opt/stack/placement/placement/objects/resource_provider.py:321}}
Oct 06 06:37:04.501238 n-d-791135-10 devstack@placement-api.service[108207]: DEBUG placement.objects.resource_provider [req-a842ffcd-a401-450b-b5a2-de9af256c074 req-f5fc00ae-80be-43a5-abef-cfd53a39c9b3 service placement] _ensure_aggregate() created new aggregate b2b67ccb-943b-456b-96b3-70289b2ab0b4 (id=6). {{(pid=108207) _ensure_aggregate /opt/stack/placement/placement/objects/resource_provider.py:327}}
Oct 06 06:37:04.507300 n-d-791135-10 devstack@placement-api.service[108207]: DEBUG placement.objects.resource_provider [req-a842ffcd-a401-450b-b5a2-de9af256c074 req-f5fc00ae-80be-43a5-abef-cfd53a39c9b3 service placement] Setting aggregates for provider 541726c3-e8cc-43a6-bf0a-2d97a5d56066. Successfully associated aggregate b2b67ccb-943b-456b-96b3-70289b2ab0b4. {{(pid=108207) _set_aggregates /opt/stack/placement/placement/objects/resource_provider.py:389}}
Oct 06 06:37:04.616434 n-d-791135-10 devstack@placement-api.service[108207]: INFO placement.requestlog [req-a842ffcd-a401-450b-b5a2-de9af256c074 req-f5fc00ae-80be-43a5-abef-cfd53a39c9b3 service placement] 10.222.0.25 "PUT /placement/resource_providers/541726c3-e8cc-43a6-bf0a-2d97a5d56066/aggregates" status: 200 len: 92 microversion: 1.19
Oct 06 06:37:04.620697 n-d-791135-10 devstack@placement-api.service[108207]: [pid: 108207|app: 0|req: 62/124] 10.222.0.25 () {64 vars in 1477 bytes} [Thu Oct 6 06:37:04 2022] PUT /placement/resource_providers/541726c3-e8cc-43a6-bf0a-2d97a5d56066/aggregates => generated 92 bytes in 163 msecs (HTTP/1.1 200) 8 headers in 295 bytes (1 switches on core 0)
Oct 06 06:37:04.684537 n-d-791135-10 devstack@placement-api.service[108208]: DEBUG placement.requestlog [req-562da507-fdd7-4e40-a467-8721b19705f8 req-5481048c-989c-4d1d-b590-327bd37befdd None None] Starting request: 10.222.0.23 "GET /placement/allocations/ab5b0875-d5a3-4f55-836e-47617bba2d0b" {{(pid=108208) __call__ /opt/stack/placement/placement/requestlog.py:55}}
Oct 06 06:37:04.705684 n-d-791135-10 devstack@placement-api.service[108208]: DEBUG dbcounter [-] [108208] Writing DB stats placement:SELECT=90,placement:INSERT=4,placement:UPDATE=4,placement:DELETE=2 {{(pid=108208) stat_writer /usr/local/lib/python3.8/dist-packages/dbcounter.py:114}}
Oct 06 06:37:04.717193 n-d-791135-10 devstack@placement-api.service[108208]: INFO placement.requestlog [req-562da507-fdd7-4e40-a467-8721b19705f8 req-5481048c-989c-4d1d-b590-327bd37befdd service placement] 10.222.0.23 "GET /placement/allocations/ab5b0875-d5a3-4f55-836e-47617bba2d0b" status: 200 len: 259 microversion: 1.28
Oct 06 06:37:04.720044 n-d-791135-10 devstack@placement-api.service[108208]: [pid: 108208|app: 0|req: 63/125] 10.222.0.23 () {60 vars in 1377 bytes} [Thu Oct 6 06:37:04 2022] GET /placement/allocations/ab5b0875-d5a3-4f55-836e-47617bba2d0b => generated 259 bytes in 36 msecs (HTTP/1.1 200) 8 headers in 296 bytes (1 switches on core 0)
Oct 06 06:37:04.739472 n-d-791135-10 devstack@placement-api.service[108207]: DEBUG placement.requestlog [req-e95583d5-ab84-4324-8477-8b10d0affd2a req-7b6843c7-8e5d-4524-966a-fe225253cbd0 None None] Starting request: 10.222.0.25 "GET /placement/resource_providers?name=n-h2-791135-10" {{(pid=108207) __call__ /opt/stack/placement/placement/requestlog.py:55}}
Oct 06 06:37:04.755892 n-d-791135-10 devstack@placement-api.service[108207]: INFO placement.requestlog [req-e95583d5-ab84-4324-8477-8b10d0affd2a req-7b6843c7-8e5d-4524-966a-fe225253cbd0 service placement] 10.222.0.25 "GET /placement/resource_providers?name=n-h2-791135-10" status: 200 len: 442 microversion: 1.0
Oct 06 06:37:04.756889 n-d-791135-10 devstack@placement-api.service[108207]: [pid: 108207|app: 0|req: 63/126] 10.222.0.25 () {58 vars in 1276 bytes} [Thu Oct 6 06:37:04 2022] GET /placement/resource_providers?name=n-h2-791135-10 => generated 442 bytes in 17 msecs (HTTP/1.1 200) 6 headers in 224 bytes (1 switches on core 0)
Oct 06 06:37:04.763516 n-d-791135-10 devstack@placement-api.service[108208]: DEBUG placement.requestlog [req-e95583d5-ab84-4324-8477-8b10d0affd2a req-0d98f0b7-18c4-4341-90b0-2c95c37e7d15 None None] Starting request: 10.222.0.25 "GET /placement/resource_providers/541726c3-e8cc-43a6-bf0a-2d97a5d56066/aggregates" {{(pid=108208) __call__ /opt/stack/placement/placement/requestlog.py:55}}
Oct 06 06:37:04.777375 n-d-791135-10 devstack@placement-api.service[108208]: INFO placement.requestlog [req-e95583d5-ab84-4324-8477-8b10d0affd2a req-0d98f0b7-18c4-4341-90b0-2c95c37e7d15 service placement] 10.222.0.25 "GET /placement/resource_providers/541726c3-e8cc-43a6-bf0a-2d97a5d56066/aggregates" status: 200 len: 92 microversion: 1.19
Oct 06 06:37:04.778390 n-d-791135-10 devstack@placement-api.service[108208]: [pid: 108208|app: 0|req: 64/127] 10.222.0.25 () {60 vars in 1425 bytes} [Thu Oct 6 06:37:04 2022] GET /placement/resource_providers/541726c3-e8cc-43a6-bf0a-2d97a5d56066/aggregates => generated 92 bytes in 15 msecs (HTTP/1.1 200) 8 headers in 295 bytes (1 switches on core 0)
Oct 06 06:37:04.786542 n-d-791135-10 devstack@placement-api.service[108207]: DEBUG placement.requestlog [req-e95583d5-ab84-4324-8477-8b10d0affd2a req-adb5ec32-313a-4054-97a7-bfe135471ec9 None None] Starting request: 10.222.0.25 "PUT /placement/resource_providers/541726c3-e8cc-43a6-bf0a-2d97a5d56066/aggregates" {{(pid=108207) __call__ /opt/stack/placement/placement/requestlog.py:55}}
Oct 06 06:37:04.856440 n-d-791135-10 devstack@placement-api.service[108207]: DEBUG placement.objects.resource_provider [req-e95583d5-ab84-4324-8477-8b10d0affd2a req-adb5ec32-313a-4054-97a7-bfe135471ec9 service placement] Setting aggregates for provider 541726c3-e8cc-43a6-bf0a-2d97a5d56066. Successfully disassociated aggregate b2b67ccb-943b-456b-96b3-70289b2ab0b4. {{(pid=108207) _set_aggregates /opt/stack/placement/placement/objects/resource_provider.py:404}}
Oct 06 06:37:04.908360 n-d-791135-10 devstack@placement-api.service[108207]: INFO placement.requestlog [req-e95583d5-ab84-4324-8477-8b10d0affd2a req-adb5ec32-313a-4054-97a7-bfe135471ec9 service placement] 10.222.0.25 "PUT /placement/resource_providers/541726c3-e8cc-43a6-bf0a-2d97a5d56066/aggregates" status: 200 len: 54 microversion: 1.19
Oct 06 06:37:04.909081 n-d-791135-10 devstack@placement-api.service[108207]: [pid: 108207|app: 0|req: 64/128] 10.222.0.25 () {64 vars in 1477 bytes} [Thu Oct 6 06:37:04 2022] PUT /placement/resource_providers/541726c3-e8cc-43a6-bf0a-2d97a5d56066/aggregates => generated 54 bytes in 123 msecs (HTTP/1.1 200) 8 headers in 295 bytes (1 switches on core 0)
Oct 06 06:37:05.184161 n-d-791135-10 devstack@placement-api.service[108208]: DEBUG placement.requestlog [req-562da507-fdd7-4e40-a467-8721b19705f8 req-6754a24c-605e-4d92-b9a6-131861db142e None None] Starting request: 10.222.0.23 "GET /placement/resource_providers/541726c3-e8cc-43a6-bf0a-2d97a5d56066/allocations" {{(pid=108208) __call__ /opt/stack/placement/placement/requestlog.py:55}}
Oct 06 06:37:05.231289 n-d-791135-10 devstack@placement-api.service[108208]: INFO placement.requestlog [req-562da507-fdd7-4e40-a467-8721b19705f8 req-6754a24c-605e-4d92-b9a6-131861db142e service placement] 10.222.0.23 "GET /placement/resource_providers/541726c3-e8cc-43a6-bf0a-2d97a5d56066/allocations" status: 200 len: 356 microversion: 1.0
Oct 06 06:37:05.232187 n-d-791135-10 devstack@placement-api.service[108208]: [pid: 108208|app: 0|req: 65/129] 10.222.0.23 () {58 vars in 1390 bytes} [Thu Oct 6 06:37:05 2022] GET /placement/resource_providers/541726c3-e8cc-43a6-bf0a-2d97a5d56066/allocations => generated 356 bytes in 48 msecs (HTTP/1.1 200) 6 headers in 224 bytes (1 switches on core 0)
Oct 06 06:37:05.238404 n-d-791135-10 devstack@placement-api.service[108207]: DEBUG placement.requestlog [req-562da507-fdd7-4e40-a467-8721b19705f8 req-fee8d6a5-eeef-47a3-843c-659694914e76 None None] Starting request: 10.222.0.23 "GET /placement/allocations/a49adb49-f364-4dff-bd20-a7e3224cc6c0" {{(pid=108207) __call__ /opt/stack/placement/placement/requestlog.py:55}}
Oct 06 06:37:05.274233 n-d-791135-10 devstack@placement-api.service[108207]: INFO placement.requestlog [req-562da507-fdd7-4e40-a467-8721b19705f8 req-fee8d6a5-eeef-47a3-843c-659694914e76 service placement] 10.222.0.23 "GET /placement/allocations/a49adb49-f364-4dff-bd20-a7e3224cc6c0" status: 200 len: 259 microversion: 1.28
Oct 06 06:37:05.275229 n-d-791135-10 devstack@placement-api.service[108207]: [pid: 108207|app: 0|req: 65/130] 10.222.0.23 () {60 vars in 1377 bytes} [Thu Oct 6 06:37:05 2022] GET /placement/allocations/a49adb49-f364-4dff-bd20-a7e3224cc6c0 => generated 259 bytes in 37 msecs (HTTP/1.1 200) 8 headers in 296 bytes (2 switches on core 0)
Oct 06 06:37:05.287856 n-d-791135-10 devstack@placement-api.service[108208]: DEBUG placement.requestlog [req-562da507-fdd7-4e40-a467-8721b19705f8 req-a7dff0d1-e22b-4cee-82c6-eb3d3686ef92 None None] Starting request: 10.222.0.23 "GET /placement/allocations/ab5b0875-d5a3-4f55-836e-47617bba2d0b" {{(pid=108208) __call__ /opt/stack/placement/placement/requestlog.py:55}}
Oct 06 06:37:05.330005 n-d-791135-10 devstack@placement-api.service[108208]: INFO placement.requestlog [req-562da507-fdd7-4e40-a467-8721b19705f8 req-a7dff0d1-e22b-4cee-82c6-eb3d3686ef92 service placement] 10.222.0.23 "GET /placement/allocations/ab5b0875-d5a3-4f55-836e-47617bba2d0b" status: 200 len: 259 microversion: 1.28
