Jun 11 19:50:54.850794 n-d-790519-5 devstack@n-api.service[114658]: warnings.warn(msg)
Jun 11 19:50:55.360965 n-d-790519-5 devstack@n-api.service[114659]: INFO nova.api.openstack.requestlog [None req-669b3374-d66c-46f7-b7bf-65cde8d747cb tempest-FlavorsAccessNegativeTestJSON-520574083 tempest-FlavorsAccessNegativeTestJSON-520574083-project-admin] 10.222.0.30 "POST /compute/v2.1/flavors/16340111/action" status: 200 len: 21 microversion: 2.1 time: 0.851405
Jun 11 19:50:55.364256 n-d-790519-5 devstack@n-api.service[114659]: [pid: 114659|app: 0|req: 63/128] 10.222.0.30 () {60 vars in 1194 bytes} [Fri Jun 11 19:50:54 2021] POST /compute/v2.1/flavors/16340111/action => generated 21 bytes in 856 msecs (HTTP/1.1 200) 9 headers in 356 bytes (1 switches on core 0)
Jun 11 19:50:55.366561 n-d-790519-5 devstack@n-api.service[114658]: INFO nova.api.openstack.requestlog [None req-bc329202-c53f-4248-8826-8522c0ece850 tempest-FlavorsExtraSpecsTestJSON-1104448163 tempest-FlavorsExtraSpecsTestJSON-1104448163-project-admin] 10.222.0.30 "DELETE /compute/v2.1/flavors/746835536/os-extra_specs/hw:numa_nodes" status: 200 len: 0 microversion: 2.1 time: 0.519586
Jun 11 19:50:55.374421 n-d-790519-5 devstack@n-api.service[114658]: [pid: 114658|app: 0|req: 66/129] 10.222.0.30 () {58 vars in 1245 bytes} [Fri Jun 11 19:50:54 2021] DELETE /compute/v2.1/flavors/746835536/os-extra_specs/hw:numa_nodes => generated 0 bytes in 531 msecs (HTTP/1.1 200) 9 headers in 355 bytes (1 switches on core 0)
Jun 11 19:50:55.387397 n-d-790519-5 devstack@n-api.service[114658]: DEBUG nova.api.openstack.wsgi [None req-0f477820-858b-4850-932a-b9f5b922b113 tempest-AggregatesAdminTestJSON-1240006618 tempest-AggregatesAdminTestJSON-1240006618-project] Calling method '>' {{(pid=114658) _process_stack /opt/stack/nova/nova/api/openstack/wsgi.py:513}}
Jun 11 19:50:55.389350 n-d-790519-5 devstack@n-api.service[114659]: DEBUG nova.api.openstack.wsgi [None req-33df7f70-46df-4984-95e3-98bc939dbc29 tempest-FlavorsAdminTestJSON-1925436305 tempest-FlavorsAdminTestJSON-1925436305-project-admin] Calling method '>' {{(pid=114659) _process_stack /opt/stack/nova/nova/api/openstack/wsgi.py:513}}
Jun 11 19:50:55.396971 n-d-790519-5 devstack@n-api.service[114658]: DEBUG nova.compute.api [None req-0f477820-858b-4850-932a-b9f5b922b113 tempest-AggregatesAdminTestJSON-1240006618 tempest-AggregatesAdminTestJSON-1240006618-project] [instance: acedc82a-831d-415b-8b37-d53e1d70c4cf] Fetching instance by UUID {{(pid=114658) get /opt/stack/nova/nova/compute/api.py:2795}}
Jun 11 19:50:55.425192 n-d-790519-5 devstack@n-api.service[114658]: DEBUG oslo_concurrency.lockutils [None req-0f477820-858b-4850-932a-b9f5b922b113 tempest-AggregatesAdminTestJSON-1240006618 tempest-AggregatesAdminTestJSON-1240006618-project] Lock "9c8e483b-23ce-4ea6-8b88-7d2d116a209b" acquired by "nova.context.set_target_cell..get_or_set_cached_cell_and_set_connections" :: waited 0.000s {{(pid=114658) inner /usr/local/lib/python3.8/dist-packages/oslo_concurrency/lockutils.py:355}}
Jun 11 19:50:55.426679 n-d-790519-5 devstack@n-api.service[114658]: DEBUG oslo_concurrency.lockutils [None req-0f477820-858b-4850-932a-b9f5b922b113 tempest-AggregatesAdminTestJSON-1240006618 tempest-AggregatesAdminTestJSON-1240006618-project] Lock "9c8e483b-23ce-4ea6-8b88-7d2d116a209b" released by "nova.context.set_target_cell..get_or_set_cached_cell_and_set_connections" :: held 0.003s {{(pid=114658) inner /usr/local/lib/python3.8/dist-packages/oslo_concurrency/lockutils.py:367}}
Jun 11 19:50:55.428093 n-d-790519-5 devstack@n-api.service[114658]: DEBUG oslo_concurrency.lockutils [None req-0f477820-858b-4850-932a-b9f5b922b113 tempest-AggregatesAdminTestJSON-1240006618 tempest-AggregatesAdminTestJSON-1240006618-project] Lock "9c8e483b-23ce-4ea6-8b88-7d2d116a209b" acquired by "nova.context.set_target_cell..get_or_set_cached_cell_and_set_connections" :: waited 0.000s {{(pid=114658) inner /usr/local/lib/python3.8/dist-packages/oslo_concurrency/lockutils.py:355}}
Jun 11 19:50:55.429362 n-d-790519-5 devstack@n-api.service[114658]: DEBUG oslo_concurrency.lockutils [None req-0f477820-858b-4850-932a-b9f5b922b113 tempest-AggregatesAdminTestJSON-1240006618 tempest-AggregatesAdminTestJSON-1240006618-project] Lock "9c8e483b-23ce-4ea6-8b88-7d2d116a209b" released by "nova.context.set_target_cell..get_or_set_cached_cell_and_set_connections" :: held 0.001s {{(pid=114658) inner /usr/local/lib/python3.8/dist-packages/oslo_concurrency/lockutils.py:367}}
Jun 11 19:50:55.445709 n-d-790519-5 devstack@n-api.service[114658]: /opt/stack/nova/nova/db/sqlalchemy/api.py:1217: SAWarning: TypeDecorator SoftDeleteInteger() will not produce a cache key because the ``cache_ok`` flag is not set to True. Set this flag to True if this type object's state is safe to use in a cache key, or False to disable this warning.
Jun 11 19:50:55.445709 n-d-790519-5 devstack@n-api.service[114658]: result = _build_instance_get(context, columns_to_join=columns_to_join).\
Jun 11 19:50:55.470391 n-d-790519-5 devstack@n-api.service[114659]: INFO nova.api.openstack.requestlog [None req-33df7f70-46df-4984-95e3-98bc939dbc29 tempest-FlavorsAdminTestJSON-1925436305 tempest-FlavorsAdminTestJSON-1925436305-project-admin] 10.222.0.30 "GET /compute/v2.1/flavors/detail" status: 200 len: 5394 microversion: 2.1 time: 0.102730
Jun 11 19:50:55.571254 n-d-790519-5 devstack@n-api.service[114659]: [pid: 114659|app: 0|req: 64/130] 10.222.0.30 () {58 vars in 1146 bytes} [Fri Jun 11 19:50:55 2021] GET /compute/v2.1/flavors/detail => generated 5394 bytes in 122 msecs (HTTP/1.1 200) 9 headers in 358 bytes (1 switches on core 0)
Jun 11 19:50:55.571254 n-d-790519-5 devstack@n-api.service[114659]: DEBUG nova.api.openstack.wsgi [None req-02b43872-3a11-48a0-b610-90094743549f tempest-FlavorsAccessNegativeTestJSON-520574083 tempest-FlavorsAccessNegativeTestJSON-520574083-project-admin] Calling method '>' {{(pid=114659) _process_stack /opt/stack/nova/nova/api/openstack/wsgi.py:513}}
Jun 11 19:50:55.735713 n-d-790519-5 devstack@n-api.service[114659]: INFO nova.api.openstack.requestlog [None req-02b43872-3a11-48a0-b610-90094743549f tempest-FlavorsAccessNegativeTestJSON-520574083 tempest-FlavorsAccessNegativeTestJSON-520574083-project-admin] 10.222.0.30 "DELETE /compute/v2.1/flavors/16340111" status: 202 len: 0 microversion: 2.1 time: 0.247865
Jun 11 19:50:55.736369 n-d-790519-5 devstack@n-api.service[114659]: [pid: 114659|app: 0|req: 65/131] 10.222.0.30 () {58 vars in 1155 bytes} [Fri Jun 11 19:50:55 2021] DELETE /compute/v2.1/flavors/16340111 => generated 0 bytes in 249 msecs (HTTP/1.1 202) 9 headers in 361 bytes (1 switches on core 0)
Jun 11 19:50:55.754512 n-d-790519-5 devstack@n-api.service[114659]: DEBUG nova.api.openstack.wsgi [None req-c8e4cfac-831b-4916-b66a-3e3773718767 tempest-FlavorsExtraSpecsTestJSON-1104448163 tempest-FlavorsExtraSpecsTestJSON-1104448163-project-admin] Calling method '>' {{(pid=114659) _process_stack /opt/stack/nova/nova/api/openstack/wsgi.py:513}}
Jun 11 19:50:55.756641 n-d-790519-5 devstack@n-api.service[114659]: /usr/local/lib/python3.8/dist-packages/oslo_policy/policy.py:1064: UserWarning: Policy os_compute_api:os-flavor-extra-specs:delete failed scope check. The token used to make the request was project scoped but the policy requires ['system'] scope. This behavior may change in the future where using the intended scope is required
Jun 11 19:50:55.756641 n-d-790519-5 devstack@n-api.service[114659]: warnings.warn(msg)
Jun 11 19:50:55.875553 n-d-790519-5 devstack@n-api.service[114659]: INFO nova.api.openstack.requestlog [None req-c8e4cfac-831b-4916-b66a-3e3773718767 tempest-FlavorsExtraSpecsTestJSON-1104448163 tempest-FlavorsExtraSpecsTestJSON-1104448163-project-admin] 10.222.0.30 "DELETE /compute/v2.1/flavors/746835536/os-extra_specs/hw:cpu_policy" status: 200 len: 0 microversion: 2.1 time: 0.131454
Jun 11 19:50:55.881517 n-d-790519-5 devstack@n-api.service[114659]: [pid: 114659|app: 0|req: 66/132] 10.222.0.30 () {58 vars in 1245 bytes} [Fri Jun 11 19:50:55 2021] DELETE /compute/v2.1/flavors/746835536/os-extra_specs/hw:cpu_policy => generated 0 bytes in 140 msecs (HTTP/1.1 200) 9 headers in 355 bytes (1 switches on core 0)
Jun 11 19:50:55.888788 n-d-790519-5 devstack@n-api.service[114659]: DEBUG nova.api.openstack.wsgi [None req-bd66c197-6c6e-487f-95fc-0de68ae670ae tempest-FlavorsAdminTestJSON-1020176023 tempest-FlavorsAdminTestJSON-1020176023-project] Calling method '>' {{(pid=114659) _process_stack /opt/stack/nova/nova/api/openstack/wsgi.py:513}}
Jun 11 19:50:55.927627 n-d-790519-5 devstack@n-api.service[114659]: INFO nova.api.openstack.requestlog [None req-bd66c197-6c6e-487f-95fc-0de68ae670ae tempest-FlavorsAdminTestJSON-1020176023 tempest-FlavorsAdminTestJSON-1020176023-project] 10.222.0.30 "GET /compute/v2.1/flavors/detail" status: 200 len: 5394 microversion: 2.1 time: 0.044321
Jun 11 19:50:55.928691 n-d-790519-5 devstack@n-api.service[114659]: [pid: 114659|app: 0|req: 67/133] 10.222.0.30 () {58 vars in 1146 bytes} [Fri Jun 11 19:50:55 2021] GET /compute/v2.1/flavors/detail => generated 5394 bytes in 46 msecs (HTTP/1.1 200) 9 headers in 358 bytes (1 switches on core 0)
Jun 11 19:50:55.949640 n-d-790519-5 devstack@n-api.service[114659]: DEBUG nova.api.openstack.wsgi [None req-7dd68c30-4394-4169-ad6e-15c59ce1b85c tempest-FlavorsAccessNegativeTestJSON-520574083 tempest-FlavorsAccessNegativeTestJSON-520574083-project-admin] Calling method '>' {{(pid=114659) _process_stack /opt/stack/nova/nova/api/openstack/wsgi.py:513}}
Jun 11 19:50:55.981901 n-d-790519-5 devstack@n-api.service[114659]: INFO nova.api.openstack.requestlog [None req-7dd68c30-4394-4169-ad6e-15c59ce1b85c tempest-FlavorsAccessNegativeTestJSON-520574083 tempest-FlavorsAccessNegativeTestJSON-520574083-project-admin] 10.222.0.30 "GET /compute/v2.1/flavors/detail" status: 200 len: 5394 microversion: 2.1 time: 0.041331
Jun 11 19:50:55.984995 n-d-790519-5 devstack@n-api.service[114658]: DEBUG nova.policy [None req-0f477820-858b-4850-932a-b9f5b922b113 tempest-AggregatesAdminTestJSON-1240006618 tempest-AggregatesAdminTestJSON-1240006618-project] Policy check for os_compute_api:os-extended-server-attributes failed with credentials {'is_admin': False, 'user_id': '1e6bb4aaaa7f4c1c98fbc14932bb2f35', 'user_domain_id': 'default', 'system_scope': None, 'domain_id': None, 'project_id': '6c911b210a3e4ff1a45d482017222178', 'project_domain_id': 'default', 'roles': ['reader', 'member'], 'is_admin_project': True, 'service_user_id': None, 'service_user_domain_id': None, 'service_project_id': None, 'service_project_domain_id': None, 'service_roles': []} {{(pid=114658) authorize /opt/stack/nova/nova/policy.py:199}}
Jun 11 19:50:55.988950 n-d-790519-5 devstack@n-api.service[114658]: /opt/stack/nova/nova/db/sqlalchemy/api.py:2775: SAWarning: TypeDecorator SoftDeleteInteger() will not produce a cache key because the ``cache_ok`` flag is not set to True. Set this flag to True if this type object's state is safe to use in a cache key, or False to disable this warning.
Jun 11 19:50:55.988950 n-d-790519-5 devstack@n-api.service[114658]: return _block_device_mapping_get_query(context).filter(
Jun 11 19:50:55.994711 n-d-790519-5 devstack@n-api.service[114659]: [pid: 114659|app: 0|req: 68/134] 10.222.0.30 () {58 vars in 1146 bytes} [Fri Jun 11 19:50:55 2021] GET /compute/v2.1/flavors/detail => generated 5394 bytes in 58 msecs (HTTP/1.1 200) 9 headers in 358 bytes (1 switches on core 0)
Jun 11 19:50:55.998684 n-d-790519-5 devstack@n-api.service[114658]: INFO nova.api.openstack.requestlog [None req-0f477820-858b-4850-932a-b9f5b922b113 tempest-AggregatesAdminTestJSON-1240006618 tempest-AggregatesAdminTestJSON-1240006618-project] 10.222.0.30 "GET /compute/v2.1/servers/acedc82a-831d-415b-8b37-d53e1d70c4cf" status: 200 len: 1338 microversion: 2.1 time: 0.621994
Jun 11 19:50:55.999316 n-d-790519-5 devstack@n-api.service[114658]: [pid: 114658|app: 0|req: 67/135] 10.222.0.30 () {58 vars in 1236 bytes} [Fri Jun 11 19:50:55 2021] GET /compute/v2.1/servers/acedc82a-831d-415b-8b37-d53e1d70c4cf => generated 1338 bytes in 624 msecs (HTTP/1.1 200) 9 headers in 358 bytes (1 switches on core 0)
Jun 11 19:50:56.017790 n-d-790519-5 devstack@n-api.service[114658]: DEBUG nova.api.openstack.wsgi [None req-ef0eb5d2-6b35-4adb-8e1f-2ed5cd61a024 tempest-FlavorsExtraSpecsTestJSON-1104448163 tempest-FlavorsExtraSpecsTestJSON-1104448163-project-admin] Calling method '>' {{(pid=114658) _process_stack /opt/stack/nova/nova/api/openstack/wsgi.py:513}}
Jun 11 19:50:56.034114 n-d-790519-5 devstack@n-api.service[114658]: INFO nova.api.openstack.requestlog [None req-ef0eb5d2-6b35-4adb-8e1f-2ed5cd61a024 tempest-FlavorsExtraSpecsTestJSON-1104448163 tempest-FlavorsExtraSpecsTestJSON-1104448163-project-admin] 10.222.0.30 "GET /compute/v2.1/flavors/746835536/os-extra_specs" status: 200 len: 19 microversion: 2.1 time: 0.028446
Jun 11 19:50:56.036238 n-d-790519-5 devstack@n-api.service[114658]: [pid: 114658|app: 0|req: 68/136] 10.222.0.30 () {58 vars in 1200 bytes} [Fri Jun 11 19:50:56 2021] GET /compute/v2.1/flavors/746835536/os-extra_specs => generated 19 bytes in 34 msecs (HTTP/1.1 200) 9 headers in 356 bytes (1 switches on core 0)
Jun 11 19:50:56.046436 n-d-790519-5 devstack@n-api.service[114658]: DEBUG nova.api.openstack.wsgi [None req-07eeb963-ee41-4981-acc8-1fb1d54889e1 tempest-FlavorsAdminTestJSON-1925436305 tempest-FlavorsAdminTestJSON-1925436305-project-admin] Calling method '>' {{(pid=114658) _process_stack /opt/stack/nova/nova/api/openstack/wsgi.py:513}}
Jun 11 19:50:56.052017 n-d-790519-5 devstack@n-api.service[114658]: /usr/local/lib/python3.8/dist-packages/oslo_policy/policy.py:1064: UserWarning: Policy os_compute_api:os-flavor-manage:delete failed scope check. The token used to make the request was project scoped but the policy requires ['system'] scope. This behavior may change in the future where using the intended scope is required
Jun 11 19:50:56.052017 n-d-790519-5 devstack@n-api.service[114658]: warnings.warn(msg)
Jun 11 19:50:56.112639 n-d-790519-5 devstack@n-api.service[114659]: DEBUG nova.api.openstack.wsgi [req-a55c4e1f-ad46-4dad-91d0-024561e9e04c req-eb2c55c4-485f-4b57-bed3-c49c882f68d3 service nova] Action: 'create', calling method: >, body: {"events": [{"name": "network-changed", "server_uuid": "acedc82a-831d-415b-8b37-d53e1d70c4cf", "tag": "76c45c9c-9249-450b-b5a1-471550267aac"}]} {{(pid=114659) _process_stack /opt/stack/nova/nova/api/openstack/wsgi.py:511}}
Jun 11 19:50:56.114322 n-d-790519-5 devstack@n-api.service[114659]: /usr/local/lib/python3.8/dist-packages/oslo_policy/policy.py:1064: UserWarning: Policy os_compute_api:os-server-external-events:create failed scope check. The token used to make the request was project scoped but the policy requires ['system'] scope. This behavior may change in the future where using the intended scope is required
Jun 11 19:50:56.114322 n-d-790519-5 devstack@n-api.service[114659]: warnings.warn(msg)
Jun 11 19:50:56.124850 n-d-790519-5 devstack@n-api.service[114659]: DEBUG oslo_concurrency.lockutils [req-a55c4e1f-ad46-4dad-91d0-024561e9e04c req-eb2c55c4-485f-4b57-bed3-c49c882f68d3 service nova] Lock "9c8e483b-23ce-4ea6-8b88-7d2d116a209b" acquired by "nova.context.set_target_cell..get_or_set_cached_cell_and_set_connections" :: waited 0.000s {{(pid=114659) inner /usr/local/lib/python3.8/dist-packages/oslo_concurrency/lockutils.py:355}}
Jun 11 19:50:56.125290 n-d-790519-5 devstack@n-api.service[114659]: DEBUG oslo_concurrency.lockutils [req-a55c4e1f-ad46-4dad-91d0-024561e9e04c req-eb2c55c4-485f-4b57-bed3-c49c882f68d3 service nova] Lock "9c8e483b-23ce-4ea6-8b88-7d2d116a209b" released by "nova.context.set_target_cell..get_or_set_cached_cell_and_set_connections" :: held 0.001s {{(pid=114659) inner /usr/local/lib/python3.8/dist-packages/oslo_concurrency/lockutils.py:367}}
Jun 11 19:50:56.151382 n-d-790519-5 devstack@n-api.service[114659]: INFO nova.api.openstack.compute.server_external_events [req-a55c4e1f-ad46-4dad-91d0-024561e9e04c req-eb2c55c4-485f-4b57-bed3-c49c882f68d3 service nova] Creating event network-changed:76c45c9c-9249-450b-b5a1-471550267aac for instance acedc82a-831d-415b-8b37-d53e1d70c4cf on n-h1-790519-5
Jun 11 19:50:56.152395 n-d-790519-5 devstack@n-api.service[114659]: DEBUG oslo_concurrency.lockutils [req-a55c4e1f-ad46-4dad-91d0-024561e9e04c req-eb2c55c4-485f-4b57-bed3-c49c882f68d3 service nova] Acquired lock "compute-rpcapi-router" {{(pid=114659) lock /usr/local/lib/python3.8/dist-packages/oslo_concurrency/lockutils.py:266}}
Jun 11 19:50:56.154753 n-d-790519-5 devstack@n-api.service[114659]: DEBUG oslo_concurrency.lockutils [None req-41fe4584-bed6-424a-84fc-a99fc55cbaf5 None None] Lock "00000000-0000-0000-0000-000000000000" acquired by "nova.context.set_target_cell..get_or_set_cached_cell_and_set_connections" :: waited 0.000s {{(pid=114659) inner /usr/local/lib/python3.8/dist-packages/oslo_concurrency/lockutils.py:355}}
Jun 11 19:50:56.155501 n-d-790519-5 devstack@n-api.service[114659]: DEBUG oslo_concurrency.lockutils [None req-41fe4584-bed6-424a-84fc-a99fc55cbaf5 None None] Lock "00000000-0000-0000-0000-000000000000" released by "nova.context.set_target_cell..get_or_set_cached_cell_and_set_connections" :: held 0.001s {{(pid=114659) inner /usr/local/lib/python3.8/dist-packages/oslo_concurrency/lockutils.py:367}}
Jun 11 19:50:56.156648 n-d-790519-5 devstack@n-api.service[114659]: DEBUG oslo_concurrency.lockutils [None req-41fe4584-bed6-424a-84fc-a99fc55cbaf5 None None] Lock "9c8e483b-23ce-4ea6-8b88-7d2d116a209b" acquired by "nova.context.set_target_cell..get_or_set_cached_cell_and_set_connections" :: waited 0.000s {{(pid=114659) inner /usr/local/lib/python3.8/dist-packages/oslo_concurrency/lockutils.py:355}}
Jun 11 19:50:56.157381 n-d-790519-5 devstack@n-api.service[114659]: DEBUG oslo_concurrency.lockutils [None req-41fe4584-bed6-424a-84fc-a99fc55cbaf5 None None] Lock "9c8e483b-23ce-4ea6-8b88-7d2d116a209b" released by "nova.context.set_target_cell..get_or_set_cached_cell_and_set_connections" :: held 0.001s {{(pid=114659) inner /usr/local/lib/python3.8/dist-packages/oslo_concurrency/lockutils.py:367}}
Jun 11 19:50:56.170543 n-d-790519-5 devstack@n-api.service[114658]: INFO nova.api.openstack.requestlog [None req-07eeb963-ee41-4981-acc8-1fb1d54889e1 tempest-FlavorsAdminTestJSON-1925436305 tempest-FlavorsAdminTestJSON-1925436305-project-admin] 10.222.0.30 "DELETE /compute/v2.1/flavors/1942997729" status: 202 len: 0 microversion: 2.1 time: 0.132902
Jun 11 19:50:56.171362 n-d-790519-5 devstack@n-api.service[114658]: [pid: 114658|app: 0|req: 69/137] 10.222.0.30 () {58 vars in 1161 bytes} [Fri Jun 11 19:50:56 2021] DELETE /compute/v2.1/flavors/1942997729 => generated 0 bytes in 134 msecs (HTTP/1.1 202) 9 headers in 361 bytes (1 switches on core 0)
Jun 11 19:50:56.177345 n-d-790519-5 devstack@n-api.service[114658]: DEBUG nova.api.openstack.wsgi [None req-f5191f10-180a-4195-a92a-f46a567fb304 tempest-FlavorsAccessNegativeTestJSON-520574083 tempest-FlavorsAccessNegativeTestJSON-520574083-project-admin] Action: 'create', calling method: >, body: {"flavor": {"ram": 512, "vcpus": 1, "disk": 10, "name": "tempest-FlavorsAccessNegativeTestJSON-flavor-2118805484", "id": 827243385, "os-flavor-access:is_public": "True"}} {{(pid=114658) _process_stack /opt/stack/nova/nova/api/openstack/wsgi.py:511}}
Jun 11 19:50:56.179072 n-d-790519-5 devstack@n-api.service[114658]: /usr/local/lib/python3.8/dist-packages/oslo_policy/policy.py:1064: UserWarning: Policy os_compute_api:os-flavor-manage:create failed scope check. The token used to make the request was project scoped but the policy requires ['system'] scope. This behavior may change in the future where using the intended scope is required
Jun 11 19:50:56.179072 n-d-790519-5 devstack@n-api.service[114658]: warnings.warn(msg)
Jun 11 19:50:56.197670 n-d-790519-5 devstack@n-api.service[114659]: /opt/stack/nova/nova/db/sqlalchemy/api.py:419: SAWarning: TypeDecorator SoftDeleteInteger() will not produce a cache key because the ``cache_ok`` flag is not set to True. Set this flag to True if this type object's state is safe to use in a cache key, or False to disable this warning.
Jun 11 19:50:56.197670 n-d-790519-5 devstack@n-api.service[114659]: return dict(min_versions)
Jun 11 19:50:56.212178 n-d-790519-5 devstack@n-api.service[114659]: INFO nova.compute.rpcapi [None req-41fe4584-bed6-424a-84fc-a99fc55cbaf5 None None] Automatically selected compute RPC version 6.0 from minimum service version 56
Jun 11 19:50:56.213238 n-d-790519-5 devstack@n-api.service[114659]: DEBUG oslo_concurrency.lockutils [None req-41fe4584-bed6-424a-84fc-a99fc55cbaf5 None None] Releasing lock "compute-rpcapi-router" {{(pid=114659) lock /usr/local/lib/python3.8/dist-packages/oslo_concurrency/lockutils.py:282}}
Jun 11 19:50:56.243448 n-d-790519-5 devstack@n-api.service[114659]: INFO nova.api.openstack.requestlog [None req-41fe4584-bed6-424a-84fc-a99fc55cbaf5 None None] 10.222.0.30 "POST /compute/v2.1/os-server-external-events" status: 200 len: 179 microversion: 2.1 time: 0.247281
Jun 11 19:50:56.249645 n-d-790519-5 devstack@n-api.service[114659]: [pid: 114659|app: 0|req: 69/138] 10.222.0.30 () {64 vars in 1318 bytes} [Fri Jun 11 19:50:55 2021] POST /compute/v2.1/os-server-external-events => generated 179 bytes in 254 msecs (HTTP/1.1 200) 9 headers in 357 bytes (1 switches on core 0)
Jun 11 19:50:56.255778 n-d-790519-5 devstack@n-api.service[114659]: DEBUG nova.api.openstack.wsgi [None req-3cfdef6b-1ef8-4300-9335-a8abe92871c2 tempest-FlavorsExtraSpecsTestJSON-1104448163 tempest-FlavorsExtraSpecsTestJSON-1104448163-project-admin] Calling method '>' {{(pid=114659) _process_stack /opt/stack/nova/nova/api/openstack/wsgi.py:513}}
Jun 11 19:50:56.256876 n-d-790519-5 devstack@n-api.service[114659]: /usr/local/lib/python3.8/dist-packages/oslo_policy/policy.py:1064: UserWarning: Policy os_compute_api:os-flavor-manage:delete failed scope check. The token used to make the request was project scoped but the policy requires ['system'] scope. This behavior may change in the future where using the intended scope is required
Jun 11 19:50:56.256876 n-d-790519-5 devstack@n-api.service[114659]: warnings.warn(msg)
Jun 11 19:50:56.283324 n-d-790519-5 devstack@n-api.service[114658]: INFO nova.api.openstack.requestlog [None req-f5191f10-180a-4195-a92a-f46a567fb304 tempest-FlavorsAccessNegativeTestJSON-520574083 tempest-FlavorsAccessNegativeTestJSON-520574083-project-admin] 10.222.0.30 "POST /compute/v2.1/flavors" status: 200 len: 435 microversion: 2.1 time: 0.110341
Jun 11 19:50:56.284247 n-d-790519-5 devstack@n-api.service[114658]: [pid: 114658|app: 0|req: 70/139] 10.222.0.30 () {60 vars in 1147 bytes} [Fri Jun 11 19:50:56 2021] POST /compute/v2.1/flavors => generated 435 bytes in 112 msecs (HTTP/1.1 200) 9 headers in 357 bytes (1 switches on core 0)
Jun 11 19:50:56.295881 n-d-790519-5 devstack@n-api.service[114658]: DEBUG nova.api.openstack.wsgi [None req-fe3965e5-950c-42a6-9ccf-c88c5c38551a tempest-FlavorsAdminTestJSON-1925436305 tempest-FlavorsAdminTestJSON-1925436305-project-admin] Calling method '>' {{(pid=114658) _process_stack /opt/stack/nova/nova/api/openstack/wsgi.py:513}}
Jun 11 19:50:56.342545 n-d-790519-5 devstack@n-api.service[114658]: INFO nova.api.openstack.requestlog [None req-fe3965e5-950c-42a6-9ccf-c88c5c38551a tempest-FlavorsAdminTestJSON-1925436305 tempest-FlavorsAdminTestJSON-1925436305-project-admin] 10.222.0.30 "GET /compute/v2.1/flavors/detail" status: 200 len: 5819 microversion: 2.1 time: 0.057358
Jun 11 19:50:56.346445 n-d-790519-5 devstack@n-api.service[114658]: [pid: 114658|app: 0|req: 71/140] 10.222.0.30 () {58 vars in 1146 bytes} [Fri Jun 11 19:50:56 2021] GET /compute/v2.1/flavors/detail => generated 5819 bytes in 62 msecs (HTTP/1.1 200) 9 headers in 358 bytes (1 switches on core 0)
Jun 11 19:50:56.358800 n-d-790519-5 devstack@n-api.service[114658]: DEBUG nova.api.openstack.wsgi [None req-48c45075-5b9a-4801-bb26-b7eec935aff1 tempest-FlavorsAccessNegativeTestJSON-520574083 tempest-FlavorsAccessNegativeTestJSON-520574083-project-admin] Calling method '>' {{(pid=114658) _process_stack /opt/stack/nova/nova/api/openstack/wsgi.py:513}}
Jun 11 19:50:56.365220 n-d-790519-5 devstack@n-api.service[114658]: /usr/local/lib/python3.8/dist-packages/oslo_policy/policy.py:1064: UserWarning: Policy os_compute_api:os-flavor-access failed scope check. The token used to make the request was project scoped but the policy requires ['system'] scope. This behavior may change in the future where using the intended scope is required
Jun 11 19:50:56.365220 n-d-790519-5 devstack@n-api.service[114658]: warnings.warn(msg)
Jun 11 19:50:56.374503 n-d-790519-5 devstack@n-api.service[114658]: INFO nova.api.openstack.wsgi [None req-48c45075-5b9a-4801-bb26-b7eec935aff1 tempest-FlavorsAccessNegativeTestJSON-520574083 tempest-FlavorsAccessNegativeTestJSON-520574083-project-admin] HTTP exception thrown: Access list not available for public flavors.
Jun 11 19:50:56.375499 n-d-790519-5 devstack@n-api.service[114658]: DEBUG nova.api.openstack.wsgi [None req-48c45075-5b9a-4801-bb26-b7eec935aff1 tempest-FlavorsAccessNegativeTestJSON-520574083 tempest-FlavorsAccessNegativeTestJSON-520574083-project-admin] Returning 404 to user: Access list not available for public flavors. {{(pid=114658) __call__ /opt/stack/nova/nova/api/openstack/wsgi.py:927}}
Jun 11 19:50:56.376771 n-d-790519-5 devstack@n-api.service[114658]: INFO nova.api.openstack.requestlog [None req-48c45075-5b9a-4801-bb26-b7eec935aff1 tempest-FlavorsAccessNegativeTestJSON-520574083 tempest-FlavorsAccessNegativeTestJSON-520574083-project-admin] 10.222.0.30 "GET /compute/v2.1/flavors/827243385/os-flavor-access" status: 404 len: 91 microversion: 2.1 time: 0.029132
Jun 11 19:50:56.382486 n-d-790519-5 devstack@n-api.service[114658]: [pid: 114658|app: 0|req: 72/141] 10.222.0.30 () {58 vars in 1206 bytes} [Fri Jun 11 19:50:56 2021] GET /compute/v2.1/flavors/827243385/os-flavor-access => generated 91 bytes in 35 msecs (HTTP/1.1 404) 9 headers in 378 bytes (1 switches on core 0)
Jun 11 19:50:56.388559 n-d-790519-5 devstack@n-api.service[114658]: DEBUG nova.api.openstack.wsgi [None req-c071c4eb-1323-41a5-afb2-ad3d93c8dd04 tempest-FlavorsAdminTestJSON-1925436305 tempest-FlavorsAdminTestJSON-1925436305-project-admin] Action: 'create', calling method: >, body: {"flavor": {"ram": 512, "vcpus": 1, "disk": 10, "name": "tempest-test_flavor_-1295783833", "id": 485913109, "os-flavor-access:is_public": "True"}} {{(pid=114658) _process_stack /opt/stack/nova/nova/api/openstack/wsgi.py:511}}
Jun 11 19:50:56.550858 n-d-790519-5 devstack@n-api.service[114659]: INFO nova.api.openstack.requestlog [None req-3cfdef6b-1ef8-4300-9335-a8abe92871c2 tempest-FlavorsExtraSpecsTestJSON-1104448163 tempest-FlavorsExtraSpecsTestJSON-1104448163-project-admin] 10.222.0.30 "DELETE /compute/v2.1/flavors/746835536" status: 202 len: 0 microversion: 2.1 time: 0.295032
Jun 11 19:50:56.550858 n-d-790519-5 devstack@n-api.service[114659]: [pid: 114659|app: 0|req: 70/142] 10.222.0.30 () {58 vars in 1158 bytes} [Fri Jun 11 19:50:56 2021] DELETE /compute/v2.1/flavors/746835536 => generated 0 bytes in 298 msecs (HTTP/1.1 202) 9 headers in 361 bytes (1 switches on core 0)
Jun 11 19:50:56.557137 n-d-790519-5 devstack@n-api.service[114659]: DEBUG nova.api.openstack.wsgi [None req-8cf8926c-215c-4a5a-b452-1b24079c3217 tempest-FlavorsAccessNegativeTestJSON-520574083 tempest-FlavorsAccessNegativeTestJSON-520574083-project-admin] Calling method '>' {{(pid=114659) _process_stack /opt/stack/nova/nova/api/openstack/wsgi.py:513}}
Jun 11 19:50:56.595199 n-d-790519-5 devstack@n-api.service[114658]: INFO nova.api.openstack.requestlog [None req-c071c4eb-1323-41a5-afb2-ad3d93c8dd04 tempest-FlavorsAdminTestJSON-1925436305 tempest-FlavorsAdminTestJSON-1925436305-project-admin] 10.222.0.30 "POST /compute/v2.1/flavors" status: 200 len: 411 microversion: 2.1 time: 0.210796
Jun 11 19:50:56.596890 n-d-790519-5 devstack@n-api.service[114658]: [pid: 114658|app: 0|req: 73/143] 10.222.0.30 () {60 vars in 1147 bytes} [Fri Jun 11 19:50:56 2021] POST /compute/v2.1/flavors => generated 411 bytes in 213 msecs (HTTP/1.1 200) 9 headers in 357 bytes (1 switches on core 0)
Jun 11 19:50:56.624237 n-d-790519-5 devstack@n-api.service[114658]: DEBUG nova.api.openstack.wsgi [None req-09c9b688-ed3e-43d9-8a13-0458ebd69d8d tempest-FlavorsExtraSpecsTestJSON-1104448163 tempest-FlavorsExtraSpecsTestJSON-1104448163-project-admin] Calling method '>' {{(pid=114658) _process_stack /opt/stack/nova/nova/api/openstack/wsgi.py:513}}
Jun 11 19:50:56.651739 n-d-790519-5 devstack@n-api.service[114658]: INFO nova.api.openstack.requestlog [None req-09c9b688-ed3e-43d9-8a13-0458ebd69d8d tempest-FlavorsExtraSpecsTestJSON-1104448163 tempest-FlavorsExtraSpecsTestJSON-1104448163-project-admin] 10.222.0.30 "GET /compute/v2.1/flavors/detail" status: 200 len: 5817 microversion: 2.1 time: 0.052627
Jun 11 19:50:56.652591 n-d-790519-5 devstack@n-api.service[114658]: [pid: 114658|app: 0|req: 74/144] 10.222.0.30 () {58 vars in 1146 bytes} [Fri Jun 11 19:50:56 2021] GET /compute/v2.1/flavors/detail => generated 5817 bytes in 55 msecs (HTTP/1.1 200) 9 headers in 358 bytes (1 switches on core 0)
Jun 11 19:50:56.667174 n-d-790519-5 devstack@n-api.service[114658]: DEBUG nova.api.openstack.wsgi [None req-af801f56-7ca4-4d66-a957-04126e2dba24 tempest-FlavorsAdminTestJSON-1020176023 tempest-FlavorsAdminTestJSON-1020176023-project] Calling method '>' {{(pid=114658) _process_stack /opt/stack/nova/nova/api/openstack/wsgi.py:513}}
Jun 11 19:50:56.713934 n-d-790519-5 devstack@n-api.service[114658]: INFO nova.api.openstack.requestlog [None req-af801f56-7ca4-4d66-a957-04126e2dba24 tempest-FlavorsAdminTestJSON-1020176023 tempest-FlavorsAdminTestJSON-1020176023-project] 10.222.0.30 "GET /compute/v2.1/flavors/detail" status: 200 len: 5817 microversion: 2.1 time: 0.060378
Jun 11 19:50:56.724016 n-d-790519-5 devstack@n-api.service[114658]: [pid: 114658|app: 0|req: 75/145] 10.222.0.30 () {58 vars in 1146 bytes} [Fri Jun 11 19:50:56 2021] GET /compute/v2.1/flavors/detail => generated 5817 bytes in 71 msecs (HTTP/1.1 200) 9 headers in 358 bytes (1 switches on core 0)
Jun 11 19:50:56.739684 n-d-790519-5 devstack@n-api.service[114658]: DEBUG nova.api.openstack.wsgi [None req-b68ca0e5-7704-466c-807f-faf85555d73e tempest-FlavorsAdminTestJSON-1925436305 tempest-FlavorsAdminTestJSON-1925436305-project-admin] Calling method '>' {{(pid=114658) _process_stack /opt/stack/nova/nova/api/openstack/wsgi.py:513}}
Jun 11 19:50:56.798078 n-d-790519-5 devstack@n-api.service[114659]: INFO nova.api.openstack.requestlog [None req-8cf8926c-215c-4a5a-b452-1b24079c3217 tempest-FlavorsAccessNegativeTestJSON-520574083 tempest-FlavorsAccessNegativeTestJSON-520574083-project-admin] 10.222.0.30 "DELETE /compute/v2.1/flavors/827243385" status: 202 len: 0 microversion: 2.1 time: 0.249013
Jun 11 19:50:56.799341 n-d-790519-5 devstack@n-api.service[114659]: [pid: 114659|app: 0|req: 71/146] 10.222.0.30 () {58 vars in 1158 bytes} [Fri Jun 11 19:50:56 2021] DELETE /compute/v2.1/flavors/827243385 => generated 0 bytes in 251 msecs (HTTP/1.1 202) 9 headers in 361 bytes (1 switches on core 0)
Jun 11 19:50:56.811295 n-d-790519-5 devstack@n-api.service[114659]: DEBUG nova.api.openstack.wsgi [None req-b08eade9-dfdd-4ad0-b865-b3db9ac16012 tempest-FlavorsAccessNegativeTestJSON-520574083 tempest-FlavorsAccessNegativeTestJSON-520574083-project-admin] Calling method '>' {{(pid=114659) _process_stack /opt/stack/nova/nova/api/openstack/wsgi.py:513}}
Jun 11 19:50:56.837051 n-d-790519-5 devstack@n-api.service[114659]: INFO nova.api.openstack.requestlog [None req-b08eade9-dfdd-4ad0-b865-b3db9ac16012 tempest-FlavorsAccessNegativeTestJSON-520574083 tempest-FlavorsAccessNegativeTestJSON-520574083-project-admin] 10.222.0.30 "GET /compute/v2.1/flavors/detail" status: 200 len: 5392 microversion: 2.1 time: 0.033307
Jun 11 19:50:56.844671 n-d-790519-5 devstack@n-api.service[114659]: [pid: 114659|app: 0|req: 72/147] 10.222.0.30 () {58 vars in 1146 bytes} [Fri Jun 11 19:50:56 2021] GET /compute/v2.1/flavors/detail => generated 5392 bytes in 35 msecs (HTTP/1.1 200) 9 headers in 358 bytes (1 switches on core 0)
Jun 11 19:50:56.859090 n-d-790519-5 devstack@n-api.service[114659]: DEBUG nova.api.openstack.wsgi [None req-39c5ee83-84eb-4a03-afce-98453ebf7841 tempest-FlavorsAccessNegativeTestJSON-520574083 tempest-FlavorsAccessNegativeTestJSON-520574083-project-admin] Action: 'create', calling method: >, body: {"flavor": {"ram": 512, "vcpus": 1, "disk": 10, "name": "tempest-FlavorsAccessNegativeTestJSON-flavor-1078788383", "id": 765167739, "os-flavor-access:is_public": "False"}} {{(pid=114659) _process_stack /opt/stack/nova/nova/api/openstack/wsgi.py:511}}
Jun 11 19:50:56.862272 n-d-790519-5 devstack@n-api.service[114659]: /usr/local/lib/python3.8/dist-packages/oslo_policy/policy.py:1064: UserWarning: Policy os_compute_api:os-flavor-manage:create failed scope check. The token used to make the request was project scoped but the policy requires ['system'] scope. This behavior may change in the future where using the intended scope is required
Jun 11 19:50:56.862272 n-d-790519-5 devstack@n-api.service[114659]: warnings.warn(msg)
Jun 11 19:50:56.866613 n-d-790519-5 devstack@n-api.service[114658]: INFO nova.api.openstack.requestlog [None req-b68ca0e5-7704-466c-807f-faf85555d73e tempest-FlavorsAdminTestJSON-1925436305 tempest-FlavorsAdminTestJSON-1925436305-project-admin] 10.222.0.30 "DELETE /compute/v2.1/flavors/485913109" status: 202 len: 0 microversion: 2.1 time: 0.131183
Jun 11 19:50:56.867206 n-d-790519-5 devstack@n-api.service[114658]: [pid: 114658|app: 0|req: 76/148] 10.222.0.30 () {58 vars in 1158 bytes} [Fri Jun 11 19:50:56 2021] DELETE /compute/v2.1/flavors/485913109 => generated 0 bytes in 132 msecs (HTTP/1.1 202) 9 headers in 361 bytes (2 switches on core 0)
Jun 11 19:50:56.883012 n-d-790519-5 devstack@n-api.service[114658]: DEBUG nova.api.openstack.wsgi [None req-36cbbbb5-9cc8-4028-b829-066d5035b918 tempest-FlavorsAdminTestJSON-1925436305 tempest-FlavorsAdminTestJSON-1925436305-project-admin] Calling method '>' {{(pid=114658) _process_stack /opt/stack/nova/nova/api/openstack/wsgi.py:513}}
Jun 11 19:50:56.924352 n-d-790519-5 devstack@n-api.service[114658]: INFO nova.api.openstack.requestlog [None req-36cbbbb5-9cc8-4028-b829-066d5035b918 tempest-FlavorsAdminTestJSON-1925436305 tempest-FlavorsAdminTestJSON-1925436305-project-admin] 10.222.0.30 "GET /compute/v2.1/flavors/detail" status: 200 len: 4991 microversion: 2.1 time: 0.045580
Jun 11 19:50:56.938718 n-d-790519-5 devstack@n-api.service[114658]: [pid: 114658|app: 0|req: 77/149] 10.222.0.30 () {58 vars in 1146 bytes} [Fri Jun 11 19:50:56 2021] GET /compute/v2.1/flavors/detail => generated 4991 bytes in 54 msecs (HTTP/1.1 200) 9 headers in 358 bytes (2 switches on core 0)
Jun 11 19:50:56.970353 n-d-790519-5 devstack@n-api.service[114659]: INFO nova.api.openstack.requestlog [None req-39c5ee83-84eb-4a03-afce-98453ebf7841 tempest-FlavorsAccessNegativeTestJSON-520574083 tempest-FlavorsAccessNegativeTestJSON-520574083-project-admin] 10.222.0.30 "POST /compute/v2.1/flavors" status: 200 len: 436 microversion: 2.1 time: 0.118708
Jun 11 19:50:56.971255 n-d-790519-5 devstack@n-api.service[114659]: [pid: 114659|app: 0|req: 73/150] 10.222.0.30 () {60 vars in 1147 bytes} [Fri Jun 11 19:50:56 2021] POST /compute/v2.1/flavors => generated 436 bytes in 121 msecs (HTTP/1.1 200) 9 headers in 357 bytes (2 switches on core 0)
Jun 11 19:50:57.016264 n-d-790519-5 devstack@n-api.service[114658]: DEBUG nova.api.openstack.wsgi [None req-abe14a85-a084-403c-acb2-cab1875d1c94 tempest-AggregatesAdminTestJSON-1240006618 tempest-AggregatesAdminTestJSON-1240006618-project] Calling method '>' {{(pid=114658) _process_stack /opt/stack/nova/nova/api/openstack/wsgi.py:513}}
Jun 11 19:50:57.016879 n-d-790519-5 devstack@n-api.service[114658]: DEBUG nova.compute.api [None req-abe14a85-a084-403c-acb2-cab1875d1c94 tempest-AggregatesAdminTestJSON-1240006618 tempest-AggregatesAdminTestJSON-1240006618-project] [instance: acedc82a-831d-415b-8b37-d53e1d70c4cf] Fetching instance by UUID {{(pid=114658) get /opt/stack/nova/nova/compute/api.py:2795}}
Jun 11 19:50:57.025062 n-d-790519-5 devstack@n-api.service[114658]: DEBUG oslo_concurrency.lockutils [None req-abe14a85-a084-403c-acb2-cab1875d1c94 tempest-AggregatesAdminTestJSON-1240006618 tempest-AggregatesAdminTestJSON-1240006618-project] Lock "9c8e483b-23ce-4ea6-8b88-7d2d116a209b" acquired by "nova.context.set_target_cell..get_or_set_cached_cell_and_set_connections" :: waited 0.000s {{(pid=114658) inner /usr/local/lib/python3.8/dist-packages/oslo_concurrency/lockutils.py:355}}
Jun 11 19:50:57.025509 n-d-790519-5 devstack@n-api.service[114658]: DEBUG oslo_concurrency.lockutils [None req-abe14a85-a084-403c-acb2-cab1875d1c94 tempest-AggregatesAdminTestJSON-1240006618 tempest-AggregatesAdminTestJSON-1240006618-project] Lock "9c8e483b-23ce-4ea6-8b88-7d2d116a209b" released by "nova.context.set_target_cell..get_or_set_cached_cell_and_set_connections" :: held 0.001s {{(pid=114658) inner /usr/local/lib/python3.8/dist-packages/oslo_concurrency/lockutils.py:367}}
Jun 11 19:50:57.026318 n-d-790519-5 devstack@n-api.service[114658]: DEBUG oslo_concurrency.lockutils [None req-abe14a85-a084-403c-acb2-cab1875d1c94 tempest-AggregatesAdminTestJSON-1240006618 tempest-AggregatesAdminTestJSON-1240006618-project] Lock "9c8e483b-23ce-4ea6-8b88-7d2d116a209b" acquired by "nova.context.set_target_cell..get_or_set_cached_cell_and_set_connections" :: waited 0.000s {{(pid=114658) inner /usr/local/lib/python3.8/dist-packages/oslo_concurrency/lockutils.py:355}}
Jun 11 19:50:57.026953 n-d-790519-5 devstack@n-api.service[114658]: DEBUG oslo_concurrency.lockutils [None req-abe14a85-a084-403c-acb2-cab1875d1c94 tempest-AggregatesAdminTestJSON-1240006618 tempest-AggregatesAdminTestJSON-1240006618-project] Lock "9c8e483b-23ce-4ea6-8b88-7d2d116a209b" released by "nova.context.set_target_cell..get_or_set_cached_cell_and_set_connections" :: held 0.001s {{(pid=114658) inner /usr/local/lib/python3.8/dist-packages/oslo_concurrency/lockutils.py:367}}
Jun 11 19:50:57.032402 n-d-790519-5 devstack@n-api.service[114658]: /opt/stack/nova/nova/db/sqlalchemy/api.py:1217: SAWarning: TypeDecorator SoftDeleteInteger() will not produce a cache key because the ``cache_ok`` flag is not set to True. Set this flag to True if this type object's state is safe to use in a cache key, or False to disable this warning.
Jun 11 19:50:57.032402 n-d-790519-5 devstack@n-api.service[114658]: result = _build_instance_get(context, columns_to_join=columns_to_join).\
Jun 11 19:50:57.352451 n-d-790519-5 devstack@n-api.service[114658]: DEBUG nova.policy [None req-abe14a85-a084-403c-acb2-cab1875d1c94 tempest-AggregatesAdminTestJSON-1240006618 tempest-AggregatesAdminTestJSON-1240006618-project] Policy check for os_compute_api:os-extended-server-attributes failed with credentials {'is_admin': False, 'user_id': '1e6bb4aaaa7f4c1c98fbc14932bb2f35', 'user_domain_id': 'default', 'system_scope': None, 'domain_id': None, 'project_id': '6c911b210a3e4ff1a45d482017222178', 'project_domain_id': 'default', 'roles': ['reader', 'member'], 'is_admin_project': True, 'service_user_id': None, 'service_user_domain_id': None, 'service_project_id': None, 'service_project_domain_id': None, 'service_roles': []} {{(pid=114658) authorize /opt/stack/nova/nova/policy.py:199}}
Jun 11 19:50:57.355128 n-d-790519-5 devstack@n-api.service[114658]: /opt/stack/nova/nova/db/sqlalchemy/api.py:2775: SAWarning: TypeDecorator SoftDeleteInteger() will not produce a cache key because the ``cache_ok`` flag is not set to True. Set this flag to True if this type object's state is safe to use in a cache key, or False to disable this warning.
Jun 11 19:50:57.355128 n-d-790519-5 devstack@n-api.service[114658]: return _block_device_mapping_get_query(context).filter(
Jun 11 19:50:57.362734 n-d-790519-5 devstack@n-api.service[114658]: INFO nova.api.openstack.requestlog [None req-abe14a85-a084-403c-acb2-cab1875d1c94 tempest-AggregatesAdminTestJSON-1240006618 tempest-AggregatesAdminTestJSON-1240006618-project] 10.222.0.30 "GET /compute/v2.1/servers/acedc82a-831d-415b-8b37-d53e1d70c4cf" status: 200 len: 1338 microversion: 2.1 time: 0.350527
Jun 11 19:50:57.363892 n-d-790519-5 devstack@n-api.service[114658]: [pid: 114658|app: 0|req: 78/151] 10.222.0.30 () {58 vars in 1236 bytes} [Fri Jun 11 19:50:57 2021] GET /compute/v2.1/servers/acedc82a-831d-415b-8b37-d53e1d70c4cf => generated 1338 bytes in 352 msecs (HTTP/1.1 200) 9 headers in 358 bytes (1 switches on core 0)
Jun 11 19:50:57.959789 n-d-790519-5 devstack@n-api.service[114659]: DEBUG nova.api.openstack.wsgi [None req-5dc30f4f-6585-4085-a726-82ad605377c8 tempest-FlavorsAccessNegativeTestJSON-1554613052 tempest-FlavorsAccessNegativeTestJSON-1554613052-project] Action: 'action', calling method: >, body: {"addTenantAccess": {"tenant": "20b6e9e04c7c451bab2d83ebcc01004e"}} {{(pid=114659) _process_stack /opt/stack/nova/nova/api/openstack/wsgi.py:511}}
Jun 11 19:50:57.959789 n-d-790519-5 devstack@n-api.service[114659]: /usr/local/lib/python3.8/dist-packages/oslo_policy/policy.py:1064: UserWarning: Policy os_compute_api:os-flavor-access:add_tenant_access failed scope check. The token used to make the request was project scoped but the policy requires ['system'] scope. This behavior may change in the future where using the intended scope is required
Jun 11 19:50:57.959789 n-d-790519-5 devstack@n-api.service[114659]: warnings.warn(msg)
Jun 11 19:50:57.959789 n-d-790519-5 devstack@n-api.service[114659]: DEBUG nova.policy [None req-5dc30f4f-6585-4085-a726-82ad605377c8 tempest-FlavorsAccessNegativeTestJSON-1554613052 tempest-FlavorsAccessNegativeTestJSON-1554613052-project] Policy check for os_compute_api:os-flavor-access:add_tenant_access failed with credentials {'is_admin': False, 'user_id': '737bf9b248034396b3f965376ef1b604', 'user_domain_id': 'default', 'system_scope': None, 'domain_id': None, 'project_id': '20b6e9e04c7c451bab2d83ebcc01004e', 'project_domain_id': 'default', 'roles': ['reader', 'member'], 'is_admin_project': True, 'service_user_id': None, 'service_user_domain_id': None, 'service_project_id': None, 'service_project_domain_id': None, 'service_roles': []} {{(pid=114659) authorize /opt/stack/nova/nova/policy.py:199}}
Jun 11 19:50:57.961023 n-d-790519-5 devstack@n-api.service[114659]: DEBUG nova.api.openstack.wsgi [None req-5dc30f4f-6585-4085-a726-82ad605377c8 tempest-FlavorsAccessNegativeTestJSON-1554613052 tempest-FlavorsAccessNegativeTestJSON-1554613052-project] Returning 403 to user: Policy doesn't allow os_compute_api:os-flavor-access:add_tenant_access to be performed. {{(pid=114659) __call__ /opt/stack/nova/nova/api/openstack/wsgi.py:927}}
Jun 11 19:50:57.961023 n-d-790519-5 devstack@n-api.service[114659]: INFO nova.api.openstack.requestlog [None req-5dc30f4f-6585-4085-a726-82ad605377c8 tempest-FlavorsAccessNegativeTestJSON-1554613052 tempest-FlavorsAccessNegativeTestJSON-1554613052-project] 10.222.0.30 "POST /compute/v2.1/flavors/765167739/action" status: 403 len: 130 microversion: 2.1 time: 0.777692
Jun 11 19:50:57.961023 n-d-790519-5 devstack@n-api.service[114659]: [pid: 114659|app: 0|req: 74/152] 10.222.0.30 () {60 vars in 1197 bytes} [Fri Jun 11 19:50:57 2021] POST /compute/v2.1/flavors/765167739/action => generated 130 bytes in 787 msecs (HTTP/1.1 403) 9 headers in 379 bytes (2 switches on core 0)
Jun 11 19:50:57.964904 n-d-790519-5 devstack@n-api.service[114658]: DEBUG nova.api.openstack.wsgi [None req-cf8d235a-00c3-4ac2-a7e9-f33876f863b8 tempest-FlavorsAccessNegativeTestJSON-520574083 tempest-FlavorsAccessNegativeTestJSON-520574083-project-admin] Calling method '>' {{(pid=114658) _process_stack /opt/stack/nova/nova/api/openstack/wsgi.py:513}}
Jun 11 19:50:57.965683 n-d-790519-5 devstack@n-api.service[114658]: /usr/local/lib/python3.8/dist-packages/oslo_policy/policy.py:1064: UserWarning: Policy os_compute_api:os-flavor-manage:delete failed scope check. The token used to make the request was project scoped but the policy requires ['system'] scope. This behavior may change in the future where using the intended scope is required
Jun 11 19:50:57.965683 n-d-790519-5 devstack@n-api.service[114658]: warnings.warn(msg)
Jun 11 19:50:58.127431 n-d-790519-5 devstack@n-api.service[114658]: INFO nova.api.openstack.requestlog [None req-cf8d235a-00c3-4ac2-a7e9-f33876f863b8 tempest-FlavorsAccessNegativeTestJSON-520574083 tempest-FlavorsAccessNegativeTestJSON-520574083-project-admin] 10.222.0.30 "DELETE /compute/v2.1/flavors/765167739" status: 202 len: 0 microversion: 2.1 time: 0.166718
Jun 11 19:50:58.129075 n-d-790519-5 devstack@n-api.service[114658]: [pid: 114658|app: 0|req: 79/153] 10.222.0.30 () {58 vars in 1158 bytes} [Fri Jun 11 19:50:57 2021] DELETE /compute/v2.1/flavors/765167739 => generated 0 bytes in 169 msecs (HTTP/1.1 202) 9 headers in 361 bytes (1 switches on core 0)
Jun 11 19:50:58.136736 n-d-790519-5 devstack@n-api.service[114659]: DEBUG nova.api.openstack.wsgi [None req-7d48bbb7-6a3a-4eac-a5db-a8a21018157c tempest-FlavorsAccessNegativeTestJSON-520574083 tempest-FlavorsAccessNegativeTestJSON-520574083-project-admin] Calling method '>' {{(pid=114659) _process_stack /opt/stack/nova/nova/api/openstack/wsgi.py:513}}
Jun 11 19:50:58.170845 n-d-790519-5 devstack@n-api.service[114659]: INFO nova.api.openstack.requestlog [None req-7d48bbb7-6a3a-4eac-a5db-a8a21018157c tempest-FlavorsAccessNegativeTestJSON-520574083 tempest-FlavorsAccessNegativeTestJSON-520574083-project-admin] 10.222.0.30 "GET /compute/v2.1/flavors/detail" status: 200 len: 4991 microversion: 2.1 time: 0.037576
Jun 11 19:50:58.171427 n-d-790519-5 devstack@n-api.service[114659]: [pid: 114659|app: 0|req: 75/154] 10.222.0.30 () {58 vars in 1146 bytes} [Fri Jun 11 19:50:58 2021] GET /compute/v2.1/flavors/detail => generated 4991 bytes in 39 msecs (HTTP/1.1 200) 9 headers in 358 bytes (1 switches on core 0)
Jun 11 19:50:58.195992 n-d-790519-5 devstack@n-api.service[114658]: DEBUG nova.api.openstack.wsgi [None req-327b46a9-0452-4a83-91bb-5eeb307db377 tempest-FlavorsAccessNegativeTestJSON-520574083 tempest-FlavorsAccessNegativeTestJSON-520574083-project-admin] Action: 'create', calling method: >, body: {"flavor": {"ram": 512, "vcpus": 1, "disk": 10, "name": "tempest-FlavorsAccessNegativeTestJSON-flavor-1295713393", "id": 163114634, "os-flavor-access:is_public": "False"}} {{(pid=114658) _process_stack /opt/stack/nova/nova/api/openstack/wsgi.py:511}}
Jun 11 19:50:58.198402 n-d-790519-5 devstack@n-api.service[114658]: /usr/local/lib/python3.8/dist-packages/oslo_policy/policy.py:1064: UserWarning: Policy os_compute_api:os-flavor-manage:create failed scope check. The token used to make the request was project scoped but the policy requires ['system'] scope. This behavior may change in the future where using the intended scope is required
Jun 11 19:50:58.198402 n-d-790519-5 devstack@n-api.service[114658]: warnings.warn(msg)
Jun 11 19:50:58.298783 n-d-790519-5 devstack@n-api.service[114658]: INFO nova.api.openstack.requestlog [None req-327b46a9-0452-4a83-91bb-5eeb307db377 tempest-FlavorsAccessNegativeTestJSON-520574083 tempest-FlavorsAccessNegativeTestJSON-520574083-project-admin] 10.222.0.30 "POST /compute/v2.1/flavors" status: 200 len: 436 microversion: 2.1 time: 0.111895
Jun 11 19:50:58.307939 n-d-790519-5 devstack@n-api.service[114658]: [pid: 114658|app: 0|req: 80/155] 10.222.0.30 () {60 vars in 1147 bytes} [Fri Jun 11 19:50:58 2021] POST /compute/v2.1/flavors => generated 436 bytes in 122 msecs (HTTP/1.1 200) 9 headers in 357 bytes (1 switches on core 0)
Jun 11 19:50:58.311287 n-d-790519-5 devstack@n-api.service[114659]: DEBUG nova.api.openstack.wsgi [None req-d3b3a64e-9dba-4e9c-93c0-25c33e9e3daa tempest-FlavorsAccessNegativeTestJSON-520574083 tempest-FlavorsAccessNegativeTestJSON-520574083-project-admin] Action: 'action', calling method: >, body: {"addTenantAccess": {"tenant": "20b6e9e04c7c451bab2d83ebcc01004e"}} {{(pid=114659) _process_stack /opt/stack/nova/nova/api/openstack/wsgi.py:511}}
Jun 11 19:50:58.383727 n-d-790519-5 devstack@n-api.service[114658]: DEBUG nova.api.openstack.wsgi [None req-d46cd73b-61f3-423b-8175-c319f1776958 tempest-AggregatesAdminTestJSON-1240006618 tempest-AggregatesAdminTestJSON-1240006618-project] Calling method '>' {{(pid=114658) _process_stack /opt/stack/nova/nova/api/openstack/wsgi.py:513}}
Jun 11 19:50:58.384600 n-d-790519-5 devstack@n-api.service[114658]: DEBUG nova.compute.api [None req-d46cd73b-61f3-423b-8175-c319f1776958 tempest-AggregatesAdminTestJSON-1240006618 tempest-AggregatesAdminTestJSON-1240006618-project] [instance: acedc82a-831d-415b-8b37-d53e1d70c4cf] Fetching instance by UUID {{(pid=114658) get /opt/stack/nova/nova/compute/api.py:2795}}
Jun 11 19:50:58.394112 n-d-790519-5 devstack@n-api.service[114658]: DEBUG oslo_concurrency.lockutils [None req-d46cd73b-61f3-423b-8175-c319f1776958 tempest-AggregatesAdminTestJSON-1240006618 tempest-AggregatesAdminTestJSON-1240006618-project] Lock "9c8e483b-23ce-4ea6-8b88-7d2d116a209b" acquired by "nova.context.set_target_cell..get_or_set_cached_cell_and_set_connections" :: waited 0.000s {{(pid=114658) inner /usr/local/lib/python3.8/dist-packages/oslo_concurrency/lockutils.py:355}}
Jun 11 19:50:58.396032 n-d-790519-5 devstack@n-api.service[114658]: DEBUG oslo_concurrency.lockutils [None req-d46cd73b-61f3-423b-8175-c319f1776958 tempest-AggregatesAdminTestJSON-1240006618 tempest-AggregatesAdminTestJSON-1240006618-project] Lock "9c8e483b-23ce-4ea6-8b88-7d2d116a209b" released by "nova.context.set_target_cell..get_or_set_cached_cell_and_set_connections" :: held 0.001s {{(pid=114658) inner /usr/local/lib/python3.8/dist-packages/oslo_concurrency/lockutils.py:367}}
