Jun 07 18:55:38.073269 n-d-790519-3 devstack@n-api.service[114683]: [pid: 114683|app: 0|req: 143/319] 10.222.0.23 () {58 vars in 1224 bytes} [Mon Jun 7 18:55:37 2021] GET /compute/v2.1/os-instance_usage_audit_log/invalid_time => generated 83 bytes in 261 msecs (HTTP/1.1 400) 9 headers in 380 bytes (1 switches on core 0)
Jun 07 18:55:38.199722 n-d-790519-3 devstack@n-api.service[114682]: INFO nova.api.openstack.requestlog [None req-7889aafd-13df-47ea-af07-f6bbc7ef2bd5 tempest-FlavorsExtraSpecsNegativeTestJSON-1303726982 tempest-FlavorsExtraSpecsNegativeTestJSON-1303726982-project-admin] 10.222.0.23 "DELETE /compute/v2.1/flavors/1816684818" status: 202 len: 0 microversion: 2.1 time: 0.143648
Jun 07 18:55:38.206791 n-d-790519-3 devstack@n-api.service[114682]: [pid: 114682|app: 0|req: 177/320] 10.222.0.23 () {58 vars in 1161 bytes} [Mon Jun 7 18:55:38 2021] DELETE /compute/v2.1/flavors/1816684818 => generated 0 bytes in 146 msecs (HTTP/1.1 202) 9 headers in 361 bytes (1 switches on core 0)
Jun 07 18:55:38.211757 n-d-790519-3 devstack@n-api.service[114682]: DEBUG nova.api.openstack.wsgi [None req-22699caa-acdf-4540-8e27-b3e68e1735b6 tempest-FlavorsExtraSpecsNegativeTestJSON-1303726982 tempest-FlavorsExtraSpecsNegativeTestJSON-1303726982-project-admin] Calling method '>' {{(pid=114682) _process_stack /opt/stack/nova/nova/api/openstack/wsgi.py:513}}
Jun 07 18:55:38.262619 n-d-790519-3 devstack@n-api.service[114682]: INFO nova.api.openstack.requestlog [None req-22699caa-acdf-4540-8e27-b3e68e1735b6 tempest-FlavorsExtraSpecsNegativeTestJSON-1303726982 tempest-FlavorsExtraSpecsNegativeTestJSON-1303726982-project-admin] 10.222.0.23 "GET /compute/v2.1/flavors/detail" status: 200 len: 5821 microversion: 2.1 time: 0.056566
Jun 07 18:55:38.270921 n-d-790519-3 devstack@n-api.service[114682]: [pid: 114682|app: 0|req: 178/321] 10.222.0.23 () {58 vars in 1146 bytes} [Mon Jun 7 18:55:38 2021] GET /compute/v2.1/flavors/detail => generated 5821 bytes in 66 msecs (HTTP/1.1 200) 9 headers in 358 bytes (1 switches on core 0)
Jun 07 18:55:38.315144 n-d-790519-3 devstack@n-api.service[114682]: DEBUG nova.api.openstack.wsgi [req-4c35f999-d492-4916-ab35-d4fc5fbf12fc req-7332ec7c-7247-42a5-bb2d-ac0c2033e944 service nova] Action: 'create', calling method: >, body: {"events": [{"server_uuid": "6b9cc150-903c-42e6-b33e-5a145c0fe610", "name": "network-vif-plugged", "status": "completed", "tag": "77058c28-5794-4a71-81af-ff411f20c8fd"}]} {{(pid=114682) _process_stack /opt/stack/nova/nova/api/openstack/wsgi.py:511}}
Jun 07 18:55:38.317069 n-d-790519-3 devstack@n-api.service[114682]: /usr/local/lib/python3.8/dist-packages/oslo_policy/policy.py:1064: UserWarning: Policy os_compute_api:os-server-external-events:create failed scope check. The token used to make the request was project scoped but the policy requires ['system'] scope. This behavior may change in the future where using the intended scope is required
Jun 07 18:55:38.317069 n-d-790519-3 devstack@n-api.service[114682]: warnings.warn(msg)
Jun 07 18:55:38.327632 n-d-790519-3 devstack@n-api.service[114682]: DEBUG oslo_concurrency.lockutils [req-4c35f999-d492-4916-ab35-d4fc5fbf12fc req-7332ec7c-7247-42a5-bb2d-ac0c2033e944 service nova] Lock "81713335-b3d4-4b6a-be70-5b6a66ec8f3a" acquired by "nova.context.set_target_cell..get_or_set_cached_cell_and_set_connections" :: waited 0.000s {{(pid=114682) inner /usr/local/lib/python3.8/dist-packages/oslo_concurrency/lockutils.py:355}}
Jun 07 18:55:38.328217 n-d-790519-3 devstack@n-api.service[114682]: DEBUG oslo_concurrency.lockutils [req-4c35f999-d492-4916-ab35-d4fc5fbf12fc req-7332ec7c-7247-42a5-bb2d-ac0c2033e944 service nova] Lock "81713335-b3d4-4b6a-be70-5b6a66ec8f3a" released by "nova.context.set_target_cell..get_or_set_cached_cell_and_set_connections" :: held 0.001s {{(pid=114682) inner /usr/local/lib/python3.8/dist-packages/oslo_concurrency/lockutils.py:367}}
Jun 07 18:55:38.347229 n-d-790519-3 devstack@n-api.service[114682]: INFO nova.api.openstack.compute.server_external_events [req-4c35f999-d492-4916-ab35-d4fc5fbf12fc req-7332ec7c-7247-42a5-bb2d-ac0c2033e944 service nova] Creating event network-vif-plugged:77058c28-5794-4a71-81af-ff411f20c8fd for instance 6b9cc150-903c-42e6-b33e-5a145c0fe610 on n-h2-790519-3
Jun 07 18:55:38.353038 n-d-790519-3 devstack@n-api.service[114682]: INFO nova.api.openstack.requestlog [req-4c35f999-d492-4916-ab35-d4fc5fbf12fc req-7332ec7c-7247-42a5-bb2d-ac0c2033e944 service nova] 10.222.0.23 "POST /compute/v2.1/os-server-external-events" status: 200 len: 183 microversion: 2.1 time: 0.041514
Jun 07 18:55:38.354162 n-d-790519-3 devstack@n-api.service[114682]: [pid: 114682|app: 0|req: 179/322] 10.222.0.23 () {64 vars in 1318 bytes} [Mon Jun 7 18:55:38 2021] POST /compute/v2.1/os-server-external-events => generated 183 bytes in 43 msecs (HTTP/1.1 200) 9 headers in 357 bytes (2 switches on core 0)
Jun 07 18:55:38.431681 n-d-790519-3 devstack@n-api.service[114682]: DEBUG nova.api.openstack.wsgi [None req-f4fad1c6-5b16-4f3c-a06f-c628acae4a05 tempest-ServersWithSpecificFlavorTestJSON-480427610 tempest-ServersWithSpecificFlavorTestJSON-480427610-project] Calling method '>' {{(pid=114682) _process_stack /opt/stack/nova/nova/api/openstack/wsgi.py:513}}
Jun 07 18:55:38.432692 n-d-790519-3 devstack@n-api.service[114682]: DEBUG nova.compute.api [None req-f4fad1c6-5b16-4f3c-a06f-c628acae4a05 tempest-ServersWithSpecificFlavorTestJSON-480427610 tempest-ServersWithSpecificFlavorTestJSON-480427610-project] [instance: 6b9cc150-903c-42e6-b33e-5a145c0fe610] Fetching instance by UUID {{(pid=114682) get /opt/stack/nova/nova/compute/api.py:2790}}
Jun 07 18:55:38.442771 n-d-790519-3 devstack@n-api.service[114682]: DEBUG oslo_concurrency.lockutils [None req-f4fad1c6-5b16-4f3c-a06f-c628acae4a05 tempest-ServersWithSpecificFlavorTestJSON-480427610 tempest-ServersWithSpecificFlavorTestJSON-480427610-project] Lock "81713335-b3d4-4b6a-be70-5b6a66ec8f3a" acquired by "nova.context.set_target_cell..get_or_set_cached_cell_and_set_connections" :: waited 0.000s {{(pid=114682) inner /usr/local/lib/python3.8/dist-packages/oslo_concurrency/lockutils.py:355}}
Jun 07 18:55:38.443469 n-d-790519-3 devstack@n-api.service[114682]: DEBUG oslo_concurrency.lockutils [None req-f4fad1c6-5b16-4f3c-a06f-c628acae4a05 tempest-ServersWithSpecificFlavorTestJSON-480427610 tempest-ServersWithSpecificFlavorTestJSON-480427610-project] Lock "81713335-b3d4-4b6a-be70-5b6a66ec8f3a" released by "nova.context.set_target_cell..get_or_set_cached_cell_and_set_connections" :: held 0.001s {{(pid=114682) inner /usr/local/lib/python3.8/dist-packages/oslo_concurrency/lockutils.py:367}}
Jun 07 18:55:38.444663 n-d-790519-3 devstack@n-api.service[114682]: DEBUG oslo_concurrency.lockutils [None req-f4fad1c6-5b16-4f3c-a06f-c628acae4a05 tempest-ServersWithSpecificFlavorTestJSON-480427610 tempest-ServersWithSpecificFlavorTestJSON-480427610-project] Lock "81713335-b3d4-4b6a-be70-5b6a66ec8f3a" acquired by "nova.context.set_target_cell..get_or_set_cached_cell_and_set_connections" :: waited 0.000s {{(pid=114682) inner /usr/local/lib/python3.8/dist-packages/oslo_concurrency/lockutils.py:355}}
Jun 07 18:55:38.457627 n-d-790519-3 devstack@n-api.service[114682]: DEBUG oslo_concurrency.lockutils [None req-f4fad1c6-5b16-4f3c-a06f-c628acae4a05 tempest-ServersWithSpecificFlavorTestJSON-480427610 tempest-ServersWithSpecificFlavorTestJSON-480427610-project] Lock "81713335-b3d4-4b6a-be70-5b6a66ec8f3a" released by "nova.context.set_target_cell..get_or_set_cached_cell_and_set_connections" :: held 0.001s {{(pid=114682) inner /usr/local/lib/python3.8/dist-packages/oslo_concurrency/lockutils.py:367}}
Jun 07 18:55:38.618697 n-d-790519-3 devstack@n-api.service[114683]: DEBUG nova.api.openstack.wsgi [None req-e90ba0f2-473e-4536-838c-6f7e0b55d094 tempest-InstanceUsageAuditLogNegativeTestJSON-1490640052 tempest-InstanceUsageAuditLogNegativeTestJSON-1490640052-project] Calling method '>' {{(pid=114683) _process_stack /opt/stack/nova/nova/api/openstack/wsgi.py:513}}
Jun 07 18:55:38.619953 n-d-790519-3 devstack@n-api.service[114683]: /usr/local/lib/python3.8/dist-packages/oslo_policy/policy.py:1064: UserWarning: Policy os_compute_api:os-instance-usage-audit-log:list failed scope check. The token used to make the request was project scoped but the policy requires ['system'] scope. This behavior may change in the future where using the intended scope is required
Jun 07 18:55:38.619953 n-d-790519-3 devstack@n-api.service[114683]: warnings.warn(msg)
Jun 07 18:55:38.621804 n-d-790519-3 devstack@n-api.service[114683]: DEBUG nova.policy [None req-e90ba0f2-473e-4536-838c-6f7e0b55d094 tempest-InstanceUsageAuditLogNegativeTestJSON-1490640052 tempest-InstanceUsageAuditLogNegativeTestJSON-1490640052-project] Policy check for os_compute_api:os-instance-usage-audit-log:list failed with credentials {'is_admin': False, 'user_id': '03caeb05a7774900b8cc8aa419995c0d', 'user_domain_id': 'default', 'system_scope': None, 'domain_id': None, 'project_id': 'c2802dd6486c4c1a8dcfe1ef3a9727e0', 'project_domain_id': 'default', 'roles': ['member', 'reader'], 'is_admin_project': True, 'service_user_id': None, 'service_user_domain_id': None, 'service_project_id': None, 'service_project_domain_id': None, 'service_roles': []} {{(pid=114683) authorize /opt/stack/nova/nova/policy.py:199}}
Jun 07 18:55:38.622790 n-d-790519-3 devstack@n-api.service[114683]: DEBUG nova.api.openstack.wsgi [None req-e90ba0f2-473e-4536-838c-6f7e0b55d094 tempest-InstanceUsageAuditLogNegativeTestJSON-1490640052 tempest-InstanceUsageAuditLogNegativeTestJSON-1490640052-project] Returning 403 to user: Policy doesn't allow os_compute_api:os-instance-usage-audit-log:list to be performed. {{(pid=114683) __call__ /opt/stack/nova/nova/api/openstack/wsgi.py:927}}
Jun 07 18:55:38.623843 n-d-790519-3 devstack@n-api.service[114683]: INFO nova.api.openstack.requestlog [None req-e90ba0f2-473e-4536-838c-6f7e0b55d094 tempest-InstanceUsageAuditLogNegativeTestJSON-1490640052 tempest-InstanceUsageAuditLogNegativeTestJSON-1490640052-project] 10.222.0.23 "GET /compute/v2.1/os-instance_usage_audit_log" status: 403 len: 128 microversion: 2.1 time: 0.542274
Jun 07 18:55:38.624911 n-d-790519-3 devstack@n-api.service[114683]: [pid: 114683|app: 0|req: 144/323] 10.222.0.23 () {58 vars in 1185 bytes} [Mon Jun 7 18:55:38 2021] GET /compute/v2.1/os-instance_usage_audit_log => generated 128 bytes in 544 msecs (HTTP/1.1 403) 9 headers in 379 bytes (2 switches on core 0)
Jun 07 18:55:38.640008 n-d-790519-3 devstack@n-api.service[114683]: DEBUG nova.api.openstack.wsgi [None req-4e645bc6-0b73-4e4d-a9b5-9d0fb3ab922a tempest-InstanceUsageAuditLogNegativeTestJSON-1490640052 tempest-InstanceUsageAuditLogNegativeTestJSON-1490640052-project] Calling method '>' {{(pid=114683) _process_stack /opt/stack/nova/nova/api/openstack/wsgi.py:513}}
Jun 07 18:55:38.653507 n-d-790519-3 devstack@n-api.service[114683]: DEBUG nova.policy [None req-4e645bc6-0b73-4e4d-a9b5-9d0fb3ab922a tempest-InstanceUsageAuditLogNegativeTestJSON-1490640052 tempest-InstanceUsageAuditLogNegativeTestJSON-1490640052-project] Policy check for os_compute_api:os-instance-usage-audit-log:show failed with credentials {'is_admin': False, 'user_id': '03caeb05a7774900b8cc8aa419995c0d', 'user_domain_id': 'default', 'system_scope': None, 'domain_id': None, 'project_id': 'c2802dd6486c4c1a8dcfe1ef3a9727e0', 'project_domain_id': 'default', 'roles': ['member', 'reader'], 'is_admin_project': True, 'service_user_id': None, 'service_user_domain_id': None, 'service_project_id': None, 'service_project_domain_id': None, 'service_roles': []} {{(pid=114683) authorize /opt/stack/nova/nova/policy.py:199}}
Jun 07 18:55:38.655095 n-d-790519-3 devstack@n-api.service[114683]: DEBUG nova.api.openstack.wsgi [None req-4e645bc6-0b73-4e4d-a9b5-9d0fb3ab922a tempest-InstanceUsageAuditLogNegativeTestJSON-1490640052 tempest-InstanceUsageAuditLogNegativeTestJSON-1490640052-project] Returning 403 to user: Policy doesn't allow os_compute_api:os-instance-usage-audit-log:show to be performed. {{(pid=114683) __call__ /opt/stack/nova/nova/api/openstack/wsgi.py:927}}
Jun 07 18:55:38.656160 n-d-790519-3 devstack@n-api.service[114683]: INFO nova.api.openstack.requestlog [None req-4e645bc6-0b73-4e4d-a9b5-9d0fb3ab922a tempest-InstanceUsageAuditLogNegativeTestJSON-1490640052 tempest-InstanceUsageAuditLogNegativeTestJSON-1490640052-project] 10.222.0.23 "GET /compute/v2.1/os-instance_usage_audit_log/2021-06-07 18:55:38" status: 403 len: 128 microversion: 2.1 time: 0.025394
Jun 07 18:55:38.657797 n-d-790519-3 devstack@n-api.service[114683]: [pid: 114683|app: 0|req: 145/324] 10.222.0.23 () {58 vars in 1251 bytes} [Mon Jun 7 18:55:38 2021] GET /compute/v2.1/os-instance_usage_audit_log/2021-06-07%2018%3A55%3A38 => generated 128 bytes in 29 msecs (HTTP/1.1 403) 9 headers in 379 bytes (1 switches on core 0)
Jun 07 18:55:38.767690 n-d-790519-3 devstack@n-api.service[114682]: DEBUG nova.policy [None req-f4fad1c6-5b16-4f3c-a06f-c628acae4a05 tempest-ServersWithSpecificFlavorTestJSON-480427610 tempest-ServersWithSpecificFlavorTestJSON-480427610-project] Policy check for os_compute_api:os-extended-server-attributes failed with credentials {'is_admin': False, 'user_id': '91af25061b2e46b9bcf08a6c7ee74dee', 'user_domain_id': 'default', 'system_scope': None, 'domain_id': None, 'project_id': '6c7aaca7eeeb454bbbe0b9605757ab95', 'project_domain_id': 'default', 'roles': ['member', 'reader'], 'is_admin_project': True, 'service_user_id': None, 'service_user_domain_id': None, 'service_project_id': None, 'service_project_domain_id': None, 'service_roles': []} {{(pid=114682) authorize /opt/stack/nova/nova/policy.py:199}}
Jun 07 18:55:38.777062 n-d-790519-3 devstack@n-api.service[114682]: INFO nova.api.openstack.requestlog [None req-f4fad1c6-5b16-4f3c-a06f-c628acae4a05 tempest-ServersWithSpecificFlavorTestJSON-480427610 tempest-ServersWithSpecificFlavorTestJSON-480427610-project] 10.222.0.23 "GET /compute/v2.1/servers/6b9cc150-903c-42e6-b33e-5a145c0fe610" status: 200 len: 1388 microversion: 2.1 time: 0.350546
Jun 07 18:55:38.777643 n-d-790519-3 devstack@n-api.service[114682]: [pid: 114682|app: 0|req: 180/325] 10.222.0.23 () {58 vars in 1236 bytes} [Mon Jun 7 18:55:38 2021] GET /compute/v2.1/servers/6b9cc150-903c-42e6-b33e-5a145c0fe610 => generated 1388 bytes in 352 msecs (HTTP/1.1 200) 9 headers in 358 bytes (2 switches on core 0)
Jun 07 18:55:38.829809 n-d-790519-3 devstack@n-api.service[114683]: DEBUG nova.api.openstack.wsgi [None req-bc685261-2cb6-4333-ac55-9b9a579121f7 tempest-DeleteServersAdminTestJSON-1437669414 tempest-DeleteServersAdminTestJSON-1437669414-project] Calling method '>' {{(pid=114683) _process_stack /opt/stack/nova/nova/api/openstack/wsgi.py:513}}
Jun 07 18:55:38.830862 n-d-790519-3 devstack@n-api.service[114683]: DEBUG nova.compute.api [None req-bc685261-2cb6-4333-ac55-9b9a579121f7 tempest-DeleteServersAdminTestJSON-1437669414 tempest-DeleteServersAdminTestJSON-1437669414-project] [instance: 9ad2613d-0d9d-45aa-bcc3-23061bc5cb61] Fetching instance by UUID {{(pid=114683) get /opt/stack/nova/nova/compute/api.py:2790}}
Jun 07 18:55:38.839532 n-d-790519-3 devstack@n-api.service[114683]: DEBUG oslo_concurrency.lockutils [None req-bc685261-2cb6-4333-ac55-9b9a579121f7 tempest-DeleteServersAdminTestJSON-1437669414 tempest-DeleteServersAdminTestJSON-1437669414-project] Lock "81713335-b3d4-4b6a-be70-5b6a66ec8f3a" acquired by "nova.context.set_target_cell..get_or_set_cached_cell_and_set_connections" :: waited 0.000s {{(pid=114683) inner /usr/local/lib/python3.8/dist-packages/oslo_concurrency/lockutils.py:355}}
Jun 07 18:55:38.839975 n-d-790519-3 devstack@n-api.service[114683]: DEBUG oslo_concurrency.lockutils [None req-bc685261-2cb6-4333-ac55-9b9a579121f7 tempest-DeleteServersAdminTestJSON-1437669414 tempest-DeleteServersAdminTestJSON-1437669414-project] Lock "81713335-b3d4-4b6a-be70-5b6a66ec8f3a" released by "nova.context.set_target_cell..get_or_set_cached_cell_and_set_connections" :: held 0.001s {{(pid=114683) inner /usr/local/lib/python3.8/dist-packages/oslo_concurrency/lockutils.py:367}}
Jun 07 18:55:38.840764 n-d-790519-3 devstack@n-api.service[114683]: DEBUG oslo_concurrency.lockutils [None req-bc685261-2cb6-4333-ac55-9b9a579121f7 tempest-DeleteServersAdminTestJSON-1437669414 tempest-DeleteServersAdminTestJSON-1437669414-project] Lock "81713335-b3d4-4b6a-be70-5b6a66ec8f3a" acquired by "nova.context.set_target_cell..get_or_set_cached_cell_and_set_connections" :: waited 0.000s {{(pid=114683) inner /usr/local/lib/python3.8/dist-packages/oslo_concurrency/lockutils.py:355}}
Jun 07 18:55:38.841197 n-d-790519-3 devstack@n-api.service[114683]: DEBUG oslo_concurrency.lockutils [None req-bc685261-2cb6-4333-ac55-9b9a579121f7 tempest-DeleteServersAdminTestJSON-1437669414 tempest-DeleteServersAdminTestJSON-1437669414-project] Lock "81713335-b3d4-4b6a-be70-5b6a66ec8f3a" released by "nova.context.set_target_cell..get_or_set_cached_cell_and_set_connections" :: held 0.000s {{(pid=114683) inner /usr/local/lib/python3.8/dist-packages/oslo_concurrency/lockutils.py:367}}
Jun 07 18:55:39.060087 n-d-790519-3 devstack@n-api.service[114683]: DEBUG nova.policy [None req-bc685261-2cb6-4333-ac55-9b9a579121f7 tempest-DeleteServersAdminTestJSON-1437669414 tempest-DeleteServersAdminTestJSON-1437669414-project] Policy check for os_compute_api:os-extended-server-attributes failed with credentials {'is_admin': False, 'user_id': '0de76b42020b4ad5a603b0866bdc21bc', 'user_domain_id': 'default', 'system_scope': None, 'domain_id': None, 'project_id': '90f6e180dd6742abafe2a196d5a4547d', 'project_domain_id': 'default', 'roles': ['member', 'reader'], 'is_admin_project': True, 'service_user_id': None, 'service_user_domain_id': None, 'service_project_id': None, 'service_project_domain_id': None, 'service_roles': []} {{(pid=114683) authorize /opt/stack/nova/nova/policy.py:199}}
Jun 07 18:55:39.072595 n-d-790519-3 devstack@n-api.service[114683]: INFO nova.api.openstack.requestlog [None req-bc685261-2cb6-4333-ac55-9b9a579121f7 tempest-DeleteServersAdminTestJSON-1437669414 tempest-DeleteServersAdminTestJSON-1437669414-project] 10.222.0.23 "GET /compute/v2.1/servers/9ad2613d-0d9d-45aa-bcc3-23061bc5cb61" status: 200 len: 1320 microversion: 2.1 time: 0.247220
Jun 07 18:55:39.073443 n-d-790519-3 devstack@n-api.service[114683]: [pid: 114683|app: 0|req: 146/326] 10.222.0.23 () {58 vars in 1236 bytes} [Mon Jun 7 18:55:38 2021] GET /compute/v2.1/servers/9ad2613d-0d9d-45aa-bcc3-23061bc5cb61 => generated 1320 bytes in 249 msecs (HTTP/1.1 200) 9 headers in 358 bytes (1 switches on core 0)
Jun 07 18:55:39.799699 n-d-790519-3 devstack@n-api.service[114682]: DEBUG nova.api.openstack.wsgi [None req-ce28b87a-c5f0-4086-b835-a175e48df229 tempest-ServersWithSpecificFlavorTestJSON-480427610 tempest-ServersWithSpecificFlavorTestJSON-480427610-project] Calling method '>' {{(pid=114682) _process_stack /opt/stack/nova/nova/api/openstack/wsgi.py:513}}
Jun 07 18:55:39.800905 n-d-790519-3 devstack@n-api.service[114682]: DEBUG nova.compute.api [None req-ce28b87a-c5f0-4086-b835-a175e48df229 tempest-ServersWithSpecificFlavorTestJSON-480427610 tempest-ServersWithSpecificFlavorTestJSON-480427610-project] [instance: 6b9cc150-903c-42e6-b33e-5a145c0fe610] Fetching instance by UUID {{(pid=114682) get /opt/stack/nova/nova/compute/api.py:2790}}
Jun 07 18:55:39.825520 n-d-790519-3 devstack@n-api.service[114682]: DEBUG oslo_concurrency.lockutils [None req-ce28b87a-c5f0-4086-b835-a175e48df229 tempest-ServersWithSpecificFlavorTestJSON-480427610 tempest-ServersWithSpecificFlavorTestJSON-480427610-project] Lock "81713335-b3d4-4b6a-be70-5b6a66ec8f3a" acquired by "nova.context.set_target_cell..get_or_set_cached_cell_and_set_connections" :: waited 0.000s {{(pid=114682) inner /usr/local/lib/python3.8/dist-packages/oslo_concurrency/lockutils.py:355}}
Jun 07 18:55:39.826715 n-d-790519-3 devstack@n-api.service[114682]: DEBUG oslo_concurrency.lockutils [None req-ce28b87a-c5f0-4086-b835-a175e48df229 tempest-ServersWithSpecificFlavorTestJSON-480427610 tempest-ServersWithSpecificFlavorTestJSON-480427610-project] Lock "81713335-b3d4-4b6a-be70-5b6a66ec8f3a" released by "nova.context.set_target_cell..get_or_set_cached_cell_and_set_connections" :: held 0.001s {{(pid=114682) inner /usr/local/lib/python3.8/dist-packages/oslo_concurrency/lockutils.py:367}}
Jun 07 18:55:39.828091 n-d-790519-3 devstack@n-api.service[114682]: DEBUG oslo_concurrency.lockutils [None req-ce28b87a-c5f0-4086-b835-a175e48df229 tempest-ServersWithSpecificFlavorTestJSON-480427610 tempest-ServersWithSpecificFlavorTestJSON-480427610-project] Lock "81713335-b3d4-4b6a-be70-5b6a66ec8f3a" acquired by "nova.context.set_target_cell..get_or_set_cached_cell_and_set_connections" :: waited 0.000s {{(pid=114682) inner /usr/local/lib/python3.8/dist-packages/oslo_concurrency/lockutils.py:355}}
Jun 07 18:55:39.828928 n-d-790519-3 devstack@n-api.service[114682]: DEBUG oslo_concurrency.lockutils [None req-ce28b87a-c5f0-4086-b835-a175e48df229 tempest-ServersWithSpecificFlavorTestJSON-480427610 tempest-ServersWithSpecificFlavorTestJSON-480427610-project] Lock "81713335-b3d4-4b6a-be70-5b6a66ec8f3a" released by "nova.context.set_target_cell..get_or_set_cached_cell_and_set_connections" :: held 0.001s {{(pid=114682) inner /usr/local/lib/python3.8/dist-packages/oslo_concurrency/lockutils.py:367}}
Jun 07 18:55:40.093951 n-d-790519-3 devstack@n-api.service[114683]: DEBUG nova.api.openstack.wsgi [None req-ce69c13a-0235-421a-bdbd-7f382a7eab61 tempest-DeleteServersAdminTestJSON-1437669414 tempest-DeleteServersAdminTestJSON-1437669414-project] Calling method '>' {{(pid=114683) _process_stack /opt/stack/nova/nova/api/openstack/wsgi.py:513}}
Jun 07 18:55:40.095278 n-d-790519-3 devstack@n-api.service[114683]: DEBUG nova.compute.api [None req-ce69c13a-0235-421a-bdbd-7f382a7eab61 tempest-DeleteServersAdminTestJSON-1437669414 tempest-DeleteServersAdminTestJSON-1437669414-project] [instance: 9ad2613d-0d9d-45aa-bcc3-23061bc5cb61] Fetching instance by UUID {{(pid=114683) get /opt/stack/nova/nova/compute/api.py:2790}}
Jun 07 18:55:40.105937 n-d-790519-3 devstack@n-api.service[114683]: DEBUG oslo_concurrency.lockutils [None req-ce69c13a-0235-421a-bdbd-7f382a7eab61 tempest-DeleteServersAdminTestJSON-1437669414 tempest-DeleteServersAdminTestJSON-1437669414-project] Lock "81713335-b3d4-4b6a-be70-5b6a66ec8f3a" acquired by "nova.context.set_target_cell..get_or_set_cached_cell_and_set_connections" :: waited 0.000s {{(pid=114683) inner /usr/local/lib/python3.8/dist-packages/oslo_concurrency/lockutils.py:355}}
Jun 07 18:55:40.106851 n-d-790519-3 devstack@n-api.service[114683]: DEBUG oslo_concurrency.lockutils [None req-ce69c13a-0235-421a-bdbd-7f382a7eab61 tempest-DeleteServersAdminTestJSON-1437669414 tempest-DeleteServersAdminTestJSON-1437669414-project] Lock "81713335-b3d4-4b6a-be70-5b6a66ec8f3a" released by "nova.context.set_target_cell..get_or_set_cached_cell_and_set_connections" :: held 0.001s {{(pid=114683) inner /usr/local/lib/python3.8/dist-packages/oslo_concurrency/lockutils.py:367}}
Jun 07 18:55:40.108353 n-d-790519-3 devstack@n-api.service[114683]: DEBUG oslo_concurrency.lockutils [None req-ce69c13a-0235-421a-bdbd-7f382a7eab61 tempest-DeleteServersAdminTestJSON-1437669414 tempest-DeleteServersAdminTestJSON-1437669414-project] Lock "81713335-b3d4-4b6a-be70-5b6a66ec8f3a" acquired by "nova.context.set_target_cell..get_or_set_cached_cell_and_set_connections" :: waited 0.000s {{(pid=114683) inner /usr/local/lib/python3.8/dist-packages/oslo_concurrency/lockutils.py:355}}
Jun 07 18:55:40.109052 n-d-790519-3 devstack@n-api.service[114683]: DEBUG oslo_concurrency.lockutils [None req-ce69c13a-0235-421a-bdbd-7f382a7eab61 tempest-DeleteServersAdminTestJSON-1437669414 tempest-DeleteServersAdminTestJSON-1437669414-project] Lock "81713335-b3d4-4b6a-be70-5b6a66ec8f3a" released by "nova.context.set_target_cell..get_or_set_cached_cell_and_set_connections" :: held 0.001s {{(pid=114683) inner /usr/local/lib/python3.8/dist-packages/oslo_concurrency/lockutils.py:367}}
Jun 07 18:55:40.130459 n-d-790519-3 devstack@n-api.service[114682]: DEBUG nova.policy [None req-ce28b87a-c5f0-4086-b835-a175e48df229 tempest-ServersWithSpecificFlavorTestJSON-480427610 tempest-ServersWithSpecificFlavorTestJSON-480427610-project] Policy check for os_compute_api:os-extended-server-attributes failed with credentials {'is_admin': False, 'user_id': '91af25061b2e46b9bcf08a6c7ee74dee', 'user_domain_id': 'default', 'system_scope': None, 'domain_id': None, 'project_id': '6c7aaca7eeeb454bbbe0b9605757ab95', 'project_domain_id': 'default', 'roles': ['member', 'reader'], 'is_admin_project': True, 'service_user_id': None, 'service_user_domain_id': None, 'service_project_id': None, 'service_project_domain_id': None, 'service_roles': []} {{(pid=114682) authorize /opt/stack/nova/nova/policy.py:199}}
Jun 07 18:55:40.148351 n-d-790519-3 devstack@n-api.service[114682]: INFO nova.api.openstack.requestlog [None req-ce28b87a-c5f0-4086-b835-a175e48df229 tempest-ServersWithSpecificFlavorTestJSON-480427610 tempest-ServersWithSpecificFlavorTestJSON-480427610-project] 10.222.0.23 "GET /compute/v2.1/servers/6b9cc150-903c-42e6-b33e-5a145c0fe610" status: 200 len: 1388 microversion: 2.1 time: 0.356112
Jun 07 18:55:40.150167 n-d-790519-3 devstack@n-api.service[114682]: [pid: 114682|app: 0|req: 181/327] 10.222.0.23 () {58 vars in 1236 bytes} [Mon Jun 7 18:55:39 2021] GET /compute/v2.1/servers/6b9cc150-903c-42e6-b33e-5a145c0fe610 => generated 1388 bytes in 359 msecs (HTTP/1.1 200) 9 headers in 358 bytes (1 switches on core 0)
Jun 07 18:55:40.373305 n-d-790519-3 devstack@n-api.service[114682]: DEBUG nova.api.openstack.wsgi [req-fbb48755-60b7-4086-95b9-0ad503297918 req-a77a7cc2-efe6-48a4-9320-39f87073fb65 service nova] Action: 'create', calling method: >, body: {"events": [{"server_uuid": "9ad2613d-0d9d-45aa-bcc3-23061bc5cb61", "name": "network-vif-plugged", "status": "completed", "tag": "2f314c38-403a-48bc-a2d7-4b2929b93731"}]} {{(pid=114682) _process_stack /opt/stack/nova/nova/api/openstack/wsgi.py:511}}
Jun 07 18:55:40.375279 n-d-790519-3 devstack@n-api.service[114682]: /usr/local/lib/python3.8/dist-packages/oslo_policy/policy.py:1064: UserWarning: Policy os_compute_api:os-server-external-events:create failed scope check. The token used to make the request was project scoped but the policy requires ['system'] scope. This behavior may change in the future where using the intended scope is required
Jun 07 18:55:40.375279 n-d-790519-3 devstack@n-api.service[114682]: warnings.warn(msg)
Jun 07 18:55:40.387105 n-d-790519-3 devstack@n-api.service[114682]: DEBUG oslo_concurrency.lockutils [req-fbb48755-60b7-4086-95b9-0ad503297918 req-a77a7cc2-efe6-48a4-9320-39f87073fb65 service nova] Lock "81713335-b3d4-4b6a-be70-5b6a66ec8f3a" acquired by "nova.context.set_target_cell..get_or_set_cached_cell_and_set_connections" :: waited 0.000s {{(pid=114682) inner /usr/local/lib/python3.8/dist-packages/oslo_concurrency/lockutils.py:355}}
Jun 07 18:55:40.395794 n-d-790519-3 devstack@n-api.service[114682]: DEBUG oslo_concurrency.lockutils [req-fbb48755-60b7-4086-95b9-0ad503297918 req-a77a7cc2-efe6-48a4-9320-39f87073fb65 service nova] Lock "81713335-b3d4-4b6a-be70-5b6a66ec8f3a" released by "nova.context.set_target_cell..get_or_set_cached_cell_and_set_connections" :: held 0.001s {{(pid=114682) inner /usr/local/lib/python3.8/dist-packages/oslo_concurrency/lockutils.py:367}}
Jun 07 18:55:40.403933 n-d-790519-3 devstack@n-api.service[114683]: DEBUG nova.policy [None req-ce69c13a-0235-421a-bdbd-7f382a7eab61 tempest-DeleteServersAdminTestJSON-1437669414 tempest-DeleteServersAdminTestJSON-1437669414-project] Policy check for os_compute_api:os-extended-server-attributes failed with credentials {'is_admin': False, 'user_id': '0de76b42020b4ad5a603b0866bdc21bc', 'user_domain_id': 'default', 'system_scope': None, 'domain_id': None, 'project_id': '90f6e180dd6742abafe2a196d5a4547d', 'project_domain_id': 'default', 'roles': ['member', 'reader'], 'is_admin_project': True, 'service_user_id': None, 'service_user_domain_id': None, 'service_project_id': None, 'service_project_domain_id': None, 'service_roles': []} {{(pid=114683) authorize /opt/stack/nova/nova/policy.py:199}}
Jun 07 18:55:40.409139 n-d-790519-3 devstack@n-api.service[114682]: INFO nova.api.openstack.compute.server_external_events [req-fbb48755-60b7-4086-95b9-0ad503297918 req-a77a7cc2-efe6-48a4-9320-39f87073fb65 service nova] Creating event network-vif-plugged:2f314c38-403a-48bc-a2d7-4b2929b93731 for instance 9ad2613d-0d9d-45aa-bcc3-23061bc5cb61 on n-h1-790519-3
Jun 07 18:55:40.419279 n-d-790519-3 devstack@n-api.service[114682]: INFO nova.api.openstack.requestlog [req-fbb48755-60b7-4086-95b9-0ad503297918 req-a77a7cc2-efe6-48a4-9320-39f87073fb65 service nova] 10.222.0.23 "POST /compute/v2.1/os-server-external-events" status: 200 len: 183 microversion: 2.1 time: 0.050947
Jun 07 18:55:40.420009 n-d-790519-3 devstack@n-api.service[114682]: [pid: 114682|app: 0|req: 182/328] 10.222.0.23 () {64 vars in 1318 bytes} [Mon Jun 7 18:55:40 2021] POST /compute/v2.1/os-server-external-events => generated 183 bytes in 54 msecs (HTTP/1.1 200) 9 headers in 357 bytes (2 switches on core 0)
Jun 07 18:55:40.422748 n-d-790519-3 devstack@n-api.service[114683]: INFO nova.api.openstack.requestlog [None req-ce69c13a-0235-421a-bdbd-7f382a7eab61 tempest-DeleteServersAdminTestJSON-1437669414 tempest-DeleteServersAdminTestJSON-1437669414-project] 10.222.0.23 "GET /compute/v2.1/servers/9ad2613d-0d9d-45aa-bcc3-23061bc5cb61" status: 200 len: 1320 microversion: 2.1 time: 0.332269
Jun 07 18:55:40.424498 n-d-790519-3 devstack@n-api.service[114683]: [pid: 114683|app: 0|req: 147/329] 10.222.0.23 () {58 vars in 1236 bytes} [Mon Jun 7 18:55:40 2021] GET /compute/v2.1/servers/9ad2613d-0d9d-45aa-bcc3-23061bc5cb61 => generated 1320 bytes in 335 msecs (HTTP/1.1 200) 9 headers in 358 bytes (1 switches on core 0)
Jun 07 18:55:41.191977 n-d-790519-3 devstack@n-api.service[114682]: DEBUG nova.api.openstack.wsgi [None req-3b504b25-0b28-43d2-8dc9-e5eb451f61bf tempest-ServersWithSpecificFlavorTestJSON-480427610 tempest-ServersWithSpecificFlavorTestJSON-480427610-project] Calling method '>' {{(pid=114682) _process_stack /opt/stack/nova/nova/api/openstack/wsgi.py:513}}
Jun 07 18:55:41.194546 n-d-790519-3 devstack@n-api.service[114682]: DEBUG nova.compute.api [None req-3b504b25-0b28-43d2-8dc9-e5eb451f61bf tempest-ServersWithSpecificFlavorTestJSON-480427610 tempest-ServersWithSpecificFlavorTestJSON-480427610-project] [instance: 6b9cc150-903c-42e6-b33e-5a145c0fe610] Fetching instance by UUID {{(pid=114682) get /opt/stack/nova/nova/compute/api.py:2790}}
Jun 07 18:55:41.207954 n-d-790519-3 devstack@n-api.service[114682]: DEBUG oslo_concurrency.lockutils [None req-3b504b25-0b28-43d2-8dc9-e5eb451f61bf tempest-ServersWithSpecificFlavorTestJSON-480427610 tempest-ServersWithSpecificFlavorTestJSON-480427610-project] Lock "81713335-b3d4-4b6a-be70-5b6a66ec8f3a" acquired by "nova.context.set_target_cell..get_or_set_cached_cell_and_set_connections" :: waited 0.000s {{(pid=114682) inner /usr/local/lib/python3.8/dist-packages/oslo_concurrency/lockutils.py:355}}
Jun 07 18:55:41.208418 n-d-790519-3 devstack@n-api.service[114682]: DEBUG oslo_concurrency.lockutils [None req-3b504b25-0b28-43d2-8dc9-e5eb451f61bf tempest-ServersWithSpecificFlavorTestJSON-480427610 tempest-ServersWithSpecificFlavorTestJSON-480427610-project] Lock "81713335-b3d4-4b6a-be70-5b6a66ec8f3a" released by "nova.context.set_target_cell..get_or_set_cached_cell_and_set_connections" :: held 0.001s {{(pid=114682) inner /usr/local/lib/python3.8/dist-packages/oslo_concurrency/lockutils.py:367}}
Jun 07 18:55:41.209411 n-d-790519-3 devstack@n-api.service[114682]: DEBUG oslo_concurrency.lockutils [None req-3b504b25-0b28-43d2-8dc9-e5eb451f61bf tempest-ServersWithSpecificFlavorTestJSON-480427610 tempest-ServersWithSpecificFlavorTestJSON-480427610-project] Lock "81713335-b3d4-4b6a-be70-5b6a66ec8f3a" acquired by "nova.context.set_target_cell..get_or_set_cached_cell_and_set_connections" :: waited 0.000s {{(pid=114682) inner /usr/local/lib/python3.8/dist-packages/oslo_concurrency/lockutils.py:355}}
Jun 07 18:55:41.209856 n-d-790519-3 devstack@n-api.service[114682]: DEBUG oslo_concurrency.lockutils [None req-3b504b25-0b28-43d2-8dc9-e5eb451f61bf tempest-ServersWithSpecificFlavorTestJSON-480427610 tempest-ServersWithSpecificFlavorTestJSON-480427610-project] Lock "81713335-b3d4-4b6a-be70-5b6a66ec8f3a" released by "nova.context.set_target_cell..get_or_set_cached_cell_and_set_connections" :: held 0.000s {{(pid=114682) inner /usr/local/lib/python3.8/dist-packages/oslo_concurrency/lockutils.py:367}}
Jun 07 18:55:41.448926 n-d-790519-3 devstack@n-api.service[114683]: DEBUG nova.api.openstack.wsgi [None req-7017c6a6-eb3f-4d7b-aade-31bda2ed7530 tempest-DeleteServersAdminTestJSON-1437669414 tempest-DeleteServersAdminTestJSON-1437669414-project] Calling method '>' {{(pid=114683) _process_stack /opt/stack/nova/nova/api/openstack/wsgi.py:513}}
Jun 07 18:55:41.451394 n-d-790519-3 devstack@n-api.service[114683]: DEBUG nova.compute.api [None req-7017c6a6-eb3f-4d7b-aade-31bda2ed7530 tempest-DeleteServersAdminTestJSON-1437669414 tempest-DeleteServersAdminTestJSON-1437669414-project] [instance: 9ad2613d-0d9d-45aa-bcc3-23061bc5cb61] Fetching instance by UUID {{(pid=114683) get /opt/stack/nova/nova/compute/api.py:2790}}
Jun 07 18:55:41.468993 n-d-790519-3 devstack@n-api.service[114683]: DEBUG oslo_concurrency.lockutils [None req-7017c6a6-eb3f-4d7b-aade-31bda2ed7530 tempest-DeleteServersAdminTestJSON-1437669414 tempest-DeleteServersAdminTestJSON-1437669414-project] Lock "81713335-b3d4-4b6a-be70-5b6a66ec8f3a" acquired by "nova.context.set_target_cell..get_or_set_cached_cell_and_set_connections" :: waited 0.000s {{(pid=114683) inner /usr/local/lib/python3.8/dist-packages/oslo_concurrency/lockutils.py:355}}
Jun 07 18:55:41.469708 n-d-790519-3 devstack@n-api.service[114683]: DEBUG oslo_concurrency.lockutils [None req-7017c6a6-eb3f-4d7b-aade-31bda2ed7530 tempest-DeleteServersAdminTestJSON-1437669414 tempest-DeleteServersAdminTestJSON-1437669414-project] Lock "81713335-b3d4-4b6a-be70-5b6a66ec8f3a" released by "nova.context.set_target_cell..get_or_set_cached_cell_and_set_connections" :: held 0.001s {{(pid=114683) inner /usr/local/lib/python3.8/dist-packages/oslo_concurrency/lockutils.py:367}}
Jun 07 18:55:41.470994 n-d-790519-3 devstack@n-api.service[114683]: DEBUG oslo_concurrency.lockutils [None req-7017c6a6-eb3f-4d7b-aade-31bda2ed7530 tempest-DeleteServersAdminTestJSON-1437669414 tempest-DeleteServersAdminTestJSON-1437669414-project] Lock "81713335-b3d4-4b6a-be70-5b6a66ec8f3a" acquired by "nova.context.set_target_cell..get_or_set_cached_cell_and_set_connections" :: waited 0.000s {{(pid=114683) inner /usr/local/lib/python3.8/dist-packages/oslo_concurrency/lockutils.py:355}}
Jun 07 18:55:41.471719 n-d-790519-3 devstack@n-api.service[114683]: DEBUG oslo_concurrency.lockutils [None req-7017c6a6-eb3f-4d7b-aade-31bda2ed7530 tempest-DeleteServersAdminTestJSON-1437669414 tempest-DeleteServersAdminTestJSON-1437669414-project] Lock "81713335-b3d4-4b6a-be70-5b6a66ec8f3a" released by "nova.context.set_target_cell..get_or_set_cached_cell_and_set_connections" :: held 0.001s {{(pid=114683) inner /usr/local/lib/python3.8/dist-packages/oslo_concurrency/lockutils.py:367}}
Jun 07 18:55:41.569149 n-d-790519-3 devstack@n-api.service[114682]: DEBUG nova.policy [None req-3b504b25-0b28-43d2-8dc9-e5eb451f61bf tempest-ServersWithSpecificFlavorTestJSON-480427610 tempest-ServersWithSpecificFlavorTestJSON-480427610-project] Policy check for os_compute_api:os-extended-server-attributes failed with credentials {'is_admin': False, 'user_id': '91af25061b2e46b9bcf08a6c7ee74dee', 'user_domain_id': 'default', 'system_scope': None, 'domain_id': None, 'project_id': '6c7aaca7eeeb454bbbe0b9605757ab95', 'project_domain_id': 'default', 'roles': ['member', 'reader'], 'is_admin_project': True, 'service_user_id': None, 'service_user_domain_id': None, 'service_project_id': None, 'service_project_domain_id': None, 'service_roles': []} {{(pid=114682) authorize /opt/stack/nova/nova/policy.py:199}}
Jun 07 18:55:41.598267 n-d-790519-3 devstack@n-api.service[114682]: INFO nova.api.openstack.requestlog [None req-3b504b25-0b28-43d2-8dc9-e5eb451f61bf tempest-ServersWithSpecificFlavorTestJSON-480427610 tempest-ServersWithSpecificFlavorTestJSON-480427610-project] 10.222.0.23 "GET /compute/v2.1/servers/6b9cc150-903c-42e6-b33e-5a145c0fe610" status: 200 len: 1587 microversion: 2.1 time: 0.413061
Jun 07 18:55:41.605472 n-d-790519-3 devstack@n-api.service[114682]: [pid: 114682|app: 0|req: 183/330] 10.222.0.23 () {58 vars in 1236 bytes} [Mon Jun 7 18:55:41 2021] GET /compute/v2.1/servers/6b9cc150-903c-42e6-b33e-5a145c0fe610 => generated 1587 bytes in 423 msecs (HTTP/1.1 200) 9 headers in 358 bytes (1 switches on core 0)
Jun 07 18:55:41.624974 n-d-790519-3 devstack@n-api.service[114682]: DEBUG nova.api.openstack.wsgi [None req-76f7f1ec-6a4f-4d18-9aa1-98c5ce557c78 tempest-ServersWithSpecificFlavorTestJSON-480427610 tempest-ServersWithSpecificFlavorTestJSON-480427610-project] Calling method '>' {{(pid=114682) _process_stack /opt/stack/nova/nova/api/openstack/wsgi.py:513}}
Jun 07 18:55:41.626008 n-d-790519-3 devstack@n-api.service[114682]: DEBUG nova.compute.api [None req-76f7f1ec-6a4f-4d18-9aa1-98c5ce557c78 tempest-ServersWithSpecificFlavorTestJSON-480427610 tempest-ServersWithSpecificFlavorTestJSON-480427610-project] [instance: 6b9cc150-903c-42e6-b33e-5a145c0fe610] Fetching instance by UUID {{(pid=114682) get /opt/stack/nova/nova/compute/api.py:2790}}
Jun 07 18:55:41.641949 n-d-790519-3 devstack@n-api.service[114682]: DEBUG oslo_concurrency.lockutils [None req-76f7f1ec-6a4f-4d18-9aa1-98c5ce557c78 tempest-ServersWithSpecificFlavorTestJSON-480427610 tempest-ServersWithSpecificFlavorTestJSON-480427610-project] Lock "81713335-b3d4-4b6a-be70-5b6a66ec8f3a" acquired by "nova.context.set_target_cell..get_or_set_cached_cell_and_set_connections" :: waited 0.000s {{(pid=114682) inner /usr/local/lib/python3.8/dist-packages/oslo_concurrency/lockutils.py:355}}
Jun 07 18:55:41.642967 n-d-790519-3 devstack@n-api.service[114682]: DEBUG oslo_concurrency.lockutils [None req-76f7f1ec-6a4f-4d18-9aa1-98c5ce557c78 tempest-ServersWithSpecificFlavorTestJSON-480427610 tempest-ServersWithSpecificFlavorTestJSON-480427610-project] Lock "81713335-b3d4-4b6a-be70-5b6a66ec8f3a" released by "nova.context.set_target_cell..get_or_set_cached_cell_and_set_connections" :: held 0.001s {{(pid=114682) inner /usr/local/lib/python3.8/dist-packages/oslo_concurrency/lockutils.py:367}}
Jun 07 18:55:41.645352 n-d-790519-3 devstack@n-api.service[114682]: DEBUG oslo_concurrency.lockutils [None req-76f7f1ec-6a4f-4d18-9aa1-98c5ce557c78 tempest-ServersWithSpecificFlavorTestJSON-480427610 tempest-ServersWithSpecificFlavorTestJSON-480427610-project] Lock "81713335-b3d4-4b6a-be70-5b6a66ec8f3a" acquired by "nova.context.set_target_cell..get_or_set_cached_cell_and_set_connections" :: waited 0.000s {{(pid=114682) inner /usr/local/lib/python3.8/dist-packages/oslo_concurrency/lockutils.py:355}}
Jun 07 18:55:41.646309 n-d-790519-3 devstack@n-api.service[114682]: DEBUG oslo_concurrency.lockutils [None req-76f7f1ec-6a4f-4d18-9aa1-98c5ce557c78 tempest-ServersWithSpecificFlavorTestJSON-480427610 tempest-ServersWithSpecificFlavorTestJSON-480427610-project] Lock "81713335-b3d4-4b6a-be70-5b6a66ec8f3a" released by "nova.context.set_target_cell..get_or_set_cached_cell_and_set_connections" :: held 0.001s {{(pid=114682) inner /usr/local/lib/python3.8/dist-packages/oslo_concurrency/lockutils.py:367}}
Jun 07 18:55:41.936574 n-d-790519-3 devstack@n-api.service[114683]: DEBUG nova.policy [None req-7017c6a6-eb3f-4d7b-aade-31bda2ed7530 tempest-DeleteServersAdminTestJSON-1437669414 tempest-DeleteServersAdminTestJSON-1437669414-project] Policy check for os_compute_api:os-extended-server-attributes failed with credentials {'is_admin': False, 'user_id': '0de76b42020b4ad5a603b0866bdc21bc', 'user_domain_id': 'default', 'system_scope': None, 'domain_id': None, 'project_id': '90f6e180dd6742abafe2a196d5a4547d', 'project_domain_id': 'default', 'roles': ['member', 'reader'], 'is_admin_project': True, 'service_user_id': None, 'service_user_domain_id': None, 'service_project_id': None, 'service_project_domain_id': None, 'service_roles': []} {{(pid=114683) authorize /opt/stack/nova/nova/policy.py:199}}
Jun 07 18:55:41.954892 n-d-790519-3 devstack@n-api.service[114683]: INFO nova.api.openstack.requestlog [None req-7017c6a6-eb3f-4d7b-aade-31bda2ed7530 tempest-DeleteServersAdminTestJSON-1437669414 tempest-DeleteServersAdminTestJSON-1437669414-project] 10.222.0.23 "GET /compute/v2.1/servers/9ad2613d-0d9d-45aa-bcc3-23061bc5cb61" status: 200 len: 1320 microversion: 2.1 time: 0.515041
Jun 07 18:55:41.956667 n-d-790519-3 devstack@n-api.service[114683]: [pid: 114683|app: 0|req: 148/331] 10.222.0.23 () {58 vars in 1236 bytes} [Mon Jun 7 18:55:41 2021] GET /compute/v2.1/servers/9ad2613d-0d9d-45aa-bcc3-23061bc5cb61 => generated 1320 bytes in 518 msecs (HTTP/1.1 200) 9 headers in 358 bytes (1 switches on core 0)
Jun 07 18:55:41.966953 n-d-790519-3 devstack@n-api.service[114682]: INFO nova.api.openstack.requestlog [None req-76f7f1ec-6a4f-4d18-9aa1-98c5ce557c78 tempest-ServersWithSpecificFlavorTestJSON-480427610 tempest-ServersWithSpecificFlavorTestJSON-480427610-project] 10.222.0.23 "GET /compute/v2.1/servers/6b9cc150-903c-42e6-b33e-5a145c0fe610/os-interface" status: 200 len: 285 microversion: 2.1 time: 0.350148
Jun 07 18:55:41.970990 n-d-790519-3 devstack@n-api.service[114682]: [pid: 114682|app: 0|req: 184/332] 10.222.0.23 () {58 vars in 1275 bytes} [Mon Jun 7 18:55:41 2021] GET /compute/v2.1/servers/6b9cc150-903c-42e6-b33e-5a145c0fe610/os-interface => generated 285 bytes in 352 msecs (HTTP/1.1 200) 9 headers in 357 bytes (1 switches on core 0)
Jun 07 18:55:42.636215 n-d-790519-3 devstack@n-api.service[114683]: DEBUG nova.api.openstack.wsgi [None req-05877a8b-b6a9-4b16-afb2-cea897f3ec9e tempest-NetworksTest-1640660187 tempest-NetworksTest-1640660187-project-admin] Calling method '.version_select at 0x7f248a8f9670>' {{(pid=114683) _process_stack /opt/stack/nova/nova/api/openstack/wsgi.py:513}}
Jun 07 18:55:42.902924 n-d-790519-3 devstack@n-api.service[114683]: INFO nova.api.openstack.requestlog [None req-05877a8b-b6a9-4b16-afb2-cea897f3ec9e tempest-NetworksTest-1640660187 tempest-NetworksTest-1640660187-project-admin] 10.222.0.23 "GET /compute/v2.1/os-networks" status: 200 len: 3327 microversion: 2.1 time: 0.944621
Jun 07 18:55:42.904273 n-d-790519-3 devstack@n-api.service[114683]: [pid: 114683|app: 0|req: 149/333] 10.222.0.23 () {58 vars in 1137 bytes} [Mon Jun 7 18:55:41 2021] GET /compute/v2.1/os-networks => generated 3327 bytes in 947 msecs (HTTP/1.1 200) 9 headers in 358 bytes (1 switches on core 0)
Jun 07 18:55:42.918635 n-d-790519-3 devstack@n-api.service[114682]: DEBUG nova.api.openstack.wsgi [None req-8e405aea-66c3-45be-860d-f0e34e088068 tempest-NetworksTest-1640660187 tempest-NetworksTest-1640660187-project-admin] Calling method '.version_select at 0x7f248a9ea790>' {{(pid=114682) _process_stack /opt/stack/nova/nova/api/openstack/wsgi.py:513}}
Jun 07 18:55:42.976969 n-d-790519-3 devstack@n-api.service[114683]: DEBUG nova.api.openstack.wsgi [None req-46dfe04c-b2fe-423f-849a-cc63db321a19 tempest-DeleteServersAdminTestJSON-1437669414 tempest-DeleteServersAdminTestJSON-1437669414-project] Calling method '>' {{(pid=114683) _process_stack /opt/stack/nova/nova/api/openstack/wsgi.py:513}}
Jun 07 18:55:42.978724 n-d-790519-3 devstack@n-api.service[114683]: DEBUG nova.compute.api [None req-46dfe04c-b2fe-423f-849a-cc63db321a19 tempest-DeleteServersAdminTestJSON-1437669414 tempest-DeleteServersAdminTestJSON-1437669414-project] [instance: 9ad2613d-0d9d-45aa-bcc3-23061bc5cb61] Fetching instance by UUID {{(pid=114683) get /opt/stack/nova/nova/compute/api.py:2790}}
Jun 07 18:55:42.995584 n-d-790519-3 devstack@n-api.service[114683]: DEBUG oslo_concurrency.lockutils [None req-46dfe04c-b2fe-423f-849a-cc63db321a19 tempest-DeleteServersAdminTestJSON-1437669414 tempest-DeleteServersAdminTestJSON-1437669414-project] Lock "81713335-b3d4-4b6a-be70-5b6a66ec8f3a" acquired by "nova.context.set_target_cell..get_or_set_cached_cell_and_set_connections" :: waited 0.000s {{(pid=114683) inner /usr/local/lib/python3.8/dist-packages/oslo_concurrency/lockutils.py:355}}
Jun 07 18:55:42.996917 n-d-790519-3 devstack@n-api.service[114683]: DEBUG oslo_concurrency.lockutils [None req-46dfe04c-b2fe-423f-849a-cc63db321a19 tempest-DeleteServersAdminTestJSON-1437669414 tempest-DeleteServersAdminTestJSON-1437669414-project] Lock "81713335-b3d4-4b6a-be70-5b6a66ec8f3a" released by "nova.context.set_target_cell..get_or_set_cached_cell_and_set_connections" :: held 0.002s {{(pid=114683) inner /usr/local/lib/python3.8/dist-packages/oslo_concurrency/lockutils.py:367}}
Jun 07 18:55:42.998758 n-d-790519-3 devstack@n-api.service[114683]: DEBUG oslo_concurrency.lockutils [None req-46dfe04c-b2fe-423f-849a-cc63db321a19 tempest-DeleteServersAdminTestJSON-1437669414 tempest-DeleteServersAdminTestJSON-1437669414-project] Lock "81713335-b3d4-4b6a-be70-5b6a66ec8f3a" acquired by "nova.context.set_target_cell..get_or_set_cached_cell_and_set_connections" :: waited 0.000s {{(pid=114683) inner /usr/local/lib/python3.8/dist-packages/oslo_concurrency/lockutils.py:355}}
Jun 07 18:55:42.999521 n-d-790519-3 devstack@n-api.service[114683]: DEBUG oslo_concurrency.lockutils [None req-46dfe04c-b2fe-423f-849a-cc63db321a19 tempest-DeleteServersAdminTestJSON-1437669414 tempest-DeleteServersAdminTestJSON-1437669414-project] Lock "81713335-b3d4-4b6a-be70-5b6a66ec8f3a" released by "nova.context.set_target_cell..get_or_set_cached_cell_and_set_connections" :: held 0.001s {{(pid=114683) inner /usr/local/lib/python3.8/dist-packages/oslo_concurrency/lockutils.py:367}}
Jun 07 18:55:43.131005 n-d-790519-3 devstack@n-api.service[114682]: INFO nova.api.openstack.requestlog [None req-8e405aea-66c3-45be-860d-f0e34e088068 tempest-NetworksTest-1640660187 tempest-NetworksTest-1640660187-project-admin] 10.222.0.23 "GET /compute/v2.1/os-networks/ebd32d56-6d73-4f4b-ad91-8089e8d0cdda" status: 200 len: 652 microversion: 2.1 time: 0.220956
Jun 07 18:55:43.133177 n-d-790519-3 devstack@n-api.service[114682]: [pid: 114682|app: 0|req: 185/334] 10.222.0.23 () {58 vars in 1248 bytes} [Mon Jun 7 18:55:42 2021] GET /compute/v2.1/os-networks/ebd32d56-6d73-4f4b-ad91-8089e8d0cdda => generated 652 bytes in 224 msecs (HTTP/1.1 200) 9 headers in 357 bytes (1 switches on core 0)
Jun 07 18:55:43.143441 n-d-790519-3 devstack@n-api.service[114682]: DEBUG nova.api.openstack.wsgi [None req-c690b6be-8049-4474-9ca3-00fe6a8f973a tempest-NetworksTest-1640660187 tempest-NetworksTest-1640660187-project-admin] Calling method '.version_select at 0x7f248a7cb160>' {{(pid=114682) _process_stack /opt/stack/nova/nova/api/openstack/wsgi.py:513}}
Jun 07 18:55:43.552870 n-d-790519-3 devstack@n-api.service[114682]: INFO nova.api.openstack.requestlog [None req-c690b6be-8049-4474-9ca3-00fe6a8f973a tempest-NetworksTest-1640660187 tempest-NetworksTest-1640660187-project-admin] 10.222.0.23 "GET /compute/v2.1/os-networks" status: 200 len: 3327 microversion: 2.1 time: 0.413990
Jun 07 18:55:43.553455 n-d-790519-3 devstack@n-api.service[114682]: [pid: 114682|app: 0|req: 186/335] 10.222.0.23 () {58 vars in 1137 bytes} [Mon Jun 7 18:55:43 2021] GET /compute/v2.1/os-networks => generated 3327 bytes in 415 msecs (HTTP/1.1 200) 9 headers in 358 bytes (1 switches on core 0)
Jun 07 18:55:43.637203 n-d-790519-3 devstack@n-api.service[114683]: DEBUG nova.policy [None req-46dfe04c-b2fe-423f-849a-cc63db321a19 tempest-DeleteServersAdminTestJSON-1437669414 tempest-DeleteServersAdminTestJSON-1437669414-project] Policy check for os_compute_api:os-extended-server-attributes failed with credentials {'is_admin': False, 'user_id': '0de76b42020b4ad5a603b0866bdc21bc', 'user_domain_id': 'default', 'system_scope': None, 'domain_id': None, 'project_id': '90f6e180dd6742abafe2a196d5a4547d', 'project_domain_id': 'default', 'roles': ['member', 'reader'], 'is_admin_project': True, 'service_user_id': None, 'service_user_domain_id': None, 'service_project_id': None, 'service_project_domain_id': None, 'service_roles': []} {{(pid=114683) authorize /opt/stack/nova/nova/policy.py:199}}
Jun 07 18:55:43.646312 n-d-790519-3 devstack@n-api.service[114683]: INFO nova.api.openstack.requestlog [None req-46dfe04c-b2fe-423f-849a-cc63db321a19 tempest-DeleteServersAdminTestJSON-1437669414 tempest-DeleteServersAdminTestJSON-1437669414-project] 10.222.0.23 "GET /compute/v2.1/servers/9ad2613d-0d9d-45aa-bcc3-23061bc5cb61" status: 200 len: 1470 microversion: 2.1 time: 0.674795
Jun 07 18:55:43.654455 n-d-790519-3 devstack@n-api.service[114683]: [pid: 114683|app: 0|req: 150/336] 10.222.0.23 () {58 vars in 1236 bytes} [Mon Jun 7 18:55:42 2021] GET /compute/v2.1/servers/9ad2613d-0d9d-45aa-bcc3-23061bc5cb61 => generated 1470 bytes in 676 msecs (HTTP/1.1 200) 9 headers in 358 bytes (1 switches on core 0)
Jun 07 18:55:43.668211 n-d-790519-3 devstack@n-api.service[114682]: DEBUG nova.api.openstack.wsgi [None req-734ac349-c53e-4974-aefd-ab0255cc8880 tempest-DeleteServersAdminTestJSON-722517533 tempest-DeleteServersAdminTestJSON-722517533-project-admin] Action: 'action', calling method: >, body: {"os-resetState": {"state": "error"}} {{(pid=114682) _process_stack /opt/stack/nova/nova/api/openstack/wsgi.py:511}}
Jun 07 18:55:43.669144 n-d-790519-3 devstack@n-api.service[114682]: DEBUG nova.compute.api [None req-734ac349-c53e-4974-aefd-ab0255cc8880 tempest-DeleteServersAdminTestJSON-722517533 tempest-DeleteServersAdminTestJSON-722517533-project-admin] [instance: 9ad2613d-0d9d-45aa-bcc3-23061bc5cb61] Fetching instance by UUID {{(pid=114682) get /opt/stack/nova/nova/compute/api.py:2790}}
