Jan 14 20:37:02.474029 n-d-790519-18 devstack@n-api.service[124794]: DEBUG nova.policy [None req-fb398aef-850f-4852-8174-7c1d569c24d7 tempest-LiveAutoBlockMigrationV225Test-627038249 tempest-LiveAutoBlockMigrationV225Test-627038249-project] Policy check for os_compute_api:servers:show:host_status:unknown-only failed with credentials {'is_admin': False, 'user_id': 'd4fef88e4eb9483bb6eaa32c85f253b6', 'user_domain_id': 'default', 'system_scope': None, 'domain_id': None, 'project_id': 'efb1eddf1fb741c88c6838a16878969e', 'project_domain_id': 'default', 'roles': ['member', 'reader'], 'is_admin_project': True, 'service_user_id': None, 'service_user_domain_id': None, 'service_project_id': None, 'service_project_domain_id': None, 'service_roles': []} {{(pid=124794) authorize /opt/stack/nova/nova/policy.py:199}}
Jan 14 20:37:02.475370 n-d-790519-18 devstack@n-api.service[124794]: INFO nova.api.openstack.requestlog [None req-fb398aef-850f-4852-8174-7c1d569c24d7 tempest-LiveAutoBlockMigrationV225Test-627038249 tempest-LiveAutoBlockMigrationV225Test-627038249-project] 10.222.0.69 "GET /compute/v2.1/servers/88b8f0ec-7af8-48fc-9bec-743052fe8117" status: 200 len: 1362 microversion: 2.25 time: 0.735796
Jan 14 20:37:02.477565 n-d-790519-18 devstack@n-api.service[124794]: [pid: 124794|app: 0|req: 142/279] 10.222.0.69 () {60 vars in 1276 bytes} [Fri Jan 14 20:37:01 2022] GET /compute/v2.1/servers/88b8f0ec-7af8-48fc-9bec-743052fe8117 => generated 1362 bytes in 739 msecs (HTTP/1.1 200) 9 headers in 360 bytes (1 switches on core 0)
Jan 14 20:37:02.491546 n-d-790519-18 devstack@n-api.service[124794]: DEBUG nova.api.openstack.wsgi [None req-49704940-6b9a-4628-9927-dad29c393cef tempest-AggregatesAdminNegativeTestJSON-564054140 tempest-AggregatesAdminNegativeTestJSON-564054140-project-admin] Calling method '>' {{(pid=124794) _process_stack /opt/stack/nova/nova/api/openstack/wsgi.py:513}}
Jan 14 20:37:02.492689 n-d-790519-18 devstack@n-api.service[124794]: /usr/local/lib/python3.8/dist-packages/oslo_policy/policy.py:1119: UserWarning: Policy "os_compute_api:os-aggregates:show": "rule:system_reader_api" failed scope check. The token used to make the request was project scoped but the policy requires ['system'] scope. This behavior may change in the future where using the intended scope is required
Jan 14 20:37:02.492689 n-d-790519-18 devstack@n-api.service[124794]: warnings.warn(msg)
Jan 14 20:37:02.502271 n-d-790519-18 devstack@n-api.service[124794]: INFO nova.api.openstack.wsgi [None req-49704940-6b9a-4628-9927-dad29c393cef tempest-AggregatesAdminNegativeTestJSON-564054140 tempest-AggregatesAdminNegativeTestJSON-564054140-project-admin] HTTP exception thrown: Aggregate -1 could not be found.
Jan 14 20:37:02.502880 n-d-790519-18 devstack@n-api.service[124794]: DEBUG nova.api.openstack.wsgi [None req-49704940-6b9a-4628-9927-dad29c393cef tempest-AggregatesAdminNegativeTestJSON-564054140 tempest-AggregatesAdminNegativeTestJSON-564054140-project-admin] Returning 404 to user: Aggregate -1 could not be found. {{(pid=124794) __call__ /opt/stack/nova/nova/api/openstack/wsgi.py:936}}
Jan 14 20:37:02.503726 n-d-790519-18 devstack@n-api.service[124794]: INFO nova.api.openstack.requestlog [None req-49704940-6b9a-4628-9927-dad29c393cef tempest-AggregatesAdminNegativeTestJSON-564054140 tempest-AggregatesAdminNegativeTestJSON-564054140-project-admin] 10.222.0.69 "GET /compute/v2.1/os-aggregates/-1" status: 404 len: 78 microversion: 2.1 time: 0.025091
Jan 14 20:37:02.505240 n-d-790519-18 devstack@n-api.service[124794]: [pid: 124794|app: 0|req: 143/280] 10.222.0.69 () {58 vars in 1151 bytes} [Fri Jan 14 20:37:02 2022] GET /compute/v2.1/os-aggregates/-1 => generated 78 bytes in 27 msecs (HTTP/1.1 404) 9 headers in 378 bytes (1 switches on core 0)
Jan 14 20:37:02.513145 n-d-790519-18 devstack@n-api.service[124794]: DEBUG nova.api.openstack.wsgi [None req-75f81b30-c034-46fd-9035-494879704be0 tempest-AggregatesAdminTestJSON-130865904 tempest-AggregatesAdminTestJSON-130865904-project] Calling method '>' {{(pid=124794) _process_stack /opt/stack/nova/nova/api/openstack/wsgi.py:513}}
Jan 14 20:37:02.514169 n-d-790519-18 devstack@n-api.service[124794]: DEBUG nova.compute.api [None req-75f81b30-c034-46fd-9035-494879704be0 tempest-AggregatesAdminTestJSON-130865904 tempest-AggregatesAdminTestJSON-130865904-project] [instance: 64c0c415-b9e5-4581-a5d6-1de3deb17162] Fetching instance by UUID {{(pid=124794) get /opt/stack/nova/nova/compute/api.py:2865}}
Jan 14 20:37:02.520832 n-d-790519-18 devstack@n-api.service[124794]: DEBUG oslo_concurrency.lockutils [None req-75f81b30-c034-46fd-9035-494879704be0 tempest-AggregatesAdminTestJSON-130865904 tempest-AggregatesAdminTestJSON-130865904-project] Lock "ffd5e12e-677d-45c6-90be-e51a6211109e" acquired by "nova.context.set_target_cell..get_or_set_cached_cell_and_set_connections" :: waited 0.000s {{(pid=124794) inner /usr/local/lib/python3.8/dist-packages/oslo_concurrency/lockutils.py:386}}
Jan 14 20:37:02.521528 n-d-790519-18 devstack@n-api.service[124794]: DEBUG oslo_concurrency.lockutils [None req-75f81b30-c034-46fd-9035-494879704be0 tempest-AggregatesAdminTestJSON-130865904 tempest-AggregatesAdminTestJSON-130865904-project] Lock "ffd5e12e-677d-45c6-90be-e51a6211109e" "released" by "nova.context.set_target_cell..get_or_set_cached_cell_and_set_connections" :: held 0.001s {{(pid=124794) inner /usr/local/lib/python3.8/dist-packages/oslo_concurrency/lockutils.py:400}}
Jan 14 20:37:02.522771 n-d-790519-18 devstack@n-api.service[124794]: DEBUG oslo_concurrency.lockutils [None req-75f81b30-c034-46fd-9035-494879704be0 tempest-AggregatesAdminTestJSON-130865904 tempest-AggregatesAdminTestJSON-130865904-project] Lock "ffd5e12e-677d-45c6-90be-e51a6211109e" acquired by "nova.context.set_target_cell..get_or_set_cached_cell_and_set_connections" :: waited 0.000s {{(pid=124794) inner /usr/local/lib/python3.8/dist-packages/oslo_concurrency/lockutils.py:386}}
Jan 14 20:37:02.523678 n-d-790519-18 devstack@n-api.service[124794]: DEBUG oslo_concurrency.lockutils [None req-75f81b30-c034-46fd-9035-494879704be0 tempest-AggregatesAdminTestJSON-130865904 tempest-AggregatesAdminTestJSON-130865904-project] Lock "ffd5e12e-677d-45c6-90be-e51a6211109e" "released" by "nova.context.set_target_cell..get_or_set_cached_cell_and_set_connections" :: held 0.001s {{(pid=124794) inner /usr/local/lib/python3.8/dist-packages/oslo_concurrency/lockutils.py:400}}
Jan 14 20:37:02.572973 n-d-790519-18 devstack@n-api.service[124793]: INFO nova.api.openstack.requestlog [None req-4ccd71c3-47f1-4045-a8c3-e02cc8592071 tempest-ServersAdminTestJSON-771507129 tempest-ServersAdminTestJSON-771507129-project] 10.222.0.69 "POST /compute/v2.1/servers" status: 202 len: 380 microversion: 2.1 time: 1.056249
Jan 14 20:37:02.577177 n-d-790519-18 devstack@n-api.service[124793]: [pid: 124793|app: 0|req: 138/281] 10.222.0.69 () {60 vars in 1146 bytes} [Fri Jan 14 20:37:01 2022] POST /compute/v2.1/servers => generated 380 bytes in 1064 msecs (HTTP/1.1 202) 10 headers in 451 bytes (1 switches on core 0)
Jan 14 20:37:02.589787 n-d-790519-18 devstack@n-api.service[124793]: DEBUG nova.api.openstack.wsgi [None req-d3f6d9e7-9f36-4e63-8274-cf3d8028ae74 tempest-AggregatesAdminNegativeTestJSON-1251428793 tempest-AggregatesAdminNegativeTestJSON-1251428793-project] Calling method '>' {{(pid=124793) _process_stack /opt/stack/nova/nova/api/openstack/wsgi.py:513}}
Jan 14 20:37:02.591595 n-d-790519-18 devstack@n-api.service[124793]: /usr/local/lib/python3.8/dist-packages/oslo_policy/policy.py:1119: UserWarning: Policy "os_compute_api:os-aggregates:index": "rule:system_reader_api" failed scope check. The token used to make the request was project scoped but the policy requires ['system'] scope. This behavior may change in the future where using the intended scope is required
Jan 14 20:37:02.591595 n-d-790519-18 devstack@n-api.service[124793]: warnings.warn(msg)
Jan 14 20:37:02.594486 n-d-790519-18 devstack@n-api.service[124793]: DEBUG nova.policy [None req-d3f6d9e7-9f36-4e63-8274-cf3d8028ae74 tempest-AggregatesAdminNegativeTestJSON-1251428793 tempest-AggregatesAdminNegativeTestJSON-1251428793-project] Policy check for os_compute_api:os-aggregates:index failed with credentials {'is_admin': False, 'user_id': '89712cc225a04fa9885366e484a549ac', 'user_domain_id': 'default', 'system_scope': None, 'domain_id': None, 'project_id': '27a22efb3c794df68417f717e9238bd1', 'project_domain_id': 'default', 'roles': ['member', 'reader'], 'is_admin_project': True, 'service_user_id': None, 'service_user_domain_id': None, 'service_project_id': None, 'service_project_domain_id': None, 'service_roles': []} {{(pid=124793) authorize /opt/stack/nova/nova/policy.py:199}}
Jan 14 20:37:02.595338 n-d-790519-18 devstack@n-api.service[124793]: DEBUG nova.api.openstack.wsgi [None req-d3f6d9e7-9f36-4e63-8274-cf3d8028ae74 tempest-AggregatesAdminNegativeTestJSON-1251428793 tempest-AggregatesAdminNegativeTestJSON-1251428793-project] Returning 403 to user: Policy doesn't allow os_compute_api:os-aggregates:index to be performed. {{(pid=124793) __call__ /opt/stack/nova/nova/api/openstack/wsgi.py:936}}
Jan 14 20:37:02.596755 n-d-790519-18 devstack@n-api.service[124793]: INFO nova.api.openstack.requestlog [None req-d3f6d9e7-9f36-4e63-8274-cf3d8028ae74 tempest-AggregatesAdminNegativeTestJSON-1251428793 tempest-AggregatesAdminNegativeTestJSON-1251428793-project] 10.222.0.69 "GET /compute/v2.1/os-aggregates" status: 403 len: 115 microversion: 2.1 time: 0.018090
Jan 14 20:37:02.598526 n-d-790519-18 devstack@n-api.service[124793]: [pid: 124793|app: 0|req: 139/282] 10.222.0.69 () {58 vars in 1142 bytes} [Fri Jan 14 20:37:02 2022] GET /compute/v2.1/os-aggregates => generated 115 bytes in 21 msecs (HTTP/1.1 403) 9 headers in 379 bytes (1 switches on core 0)
Jan 14 20:37:02.607012 n-d-790519-18 devstack@n-api.service[124793]: DEBUG nova.api.openstack.wsgi [None req-c59f03cf-9f9d-48a4-acf3-f1b701aec8d2 tempest-ServersAdminTestJSON-771507129 tempest-ServersAdminTestJSON-771507129-project] Calling method '>' {{(pid=124793) _process_stack /opt/stack/nova/nova/api/openstack/wsgi.py:513}}
Jan 14 20:37:02.607778 n-d-790519-18 devstack@n-api.service[124793]: DEBUG nova.compute.api [None req-c59f03cf-9f9d-48a4-acf3-f1b701aec8d2 tempest-ServersAdminTestJSON-771507129 tempest-ServersAdminTestJSON-771507129-project] [instance: 0a6b8d1d-3d86-45da-a8cb-4f5e6ec6bbb8] Fetching instance by UUID {{(pid=124793) get /opt/stack/nova/nova/compute/api.py:2865}}
Jan 14 20:37:02.758131 n-d-790519-18 devstack@n-api.service[124793]: DEBUG nova.policy [None req-c59f03cf-9f9d-48a4-acf3-f1b701aec8d2 tempest-ServersAdminTestJSON-771507129 tempest-ServersAdminTestJSON-771507129-project] Policy check for os_compute_api:os-extended-server-attributes failed with credentials {'is_admin': False, 'user_id': '785677a828b4401280a3ef0ebd02add3', 'user_domain_id': 'default', 'system_scope': None, 'domain_id': None, 'project_id': '7e651bf5ebd5413d86abbb040d8755e7', 'project_domain_id': 'default', 'roles': ['member', 'reader'], 'is_admin_project': True, 'service_user_id': None, 'service_user_domain_id': None, 'service_project_id': None, 'service_project_domain_id': None, 'service_roles': []} {{(pid=124793) authorize /opt/stack/nova/nova/policy.py:199}}
Jan 14 20:37:02.768680 n-d-790519-18 devstack@n-api.service[124793]: INFO nova.api.openstack.requestlog [None req-c59f03cf-9f9d-48a4-acf3-f1b701aec8d2 tempest-ServersAdminTestJSON-771507129 tempest-ServersAdminTestJSON-771507129-project] 10.222.0.69 "GET /compute/v2.1/servers/0a6b8d1d-3d86-45da-a8cb-4f5e6ec6bbb8" status: 200 len: 1213 microversion: 2.1 time: 0.164364
Jan 14 20:37:02.778164 n-d-790519-18 devstack@n-api.service[124793]: [pid: 124793|app: 0|req: 140/283] 10.222.0.69 () {58 vars in 1235 bytes} [Fri Jan 14 20:37:02 2022] GET /compute/v2.1/servers/0a6b8d1d-3d86-45da-a8cb-4f5e6ec6bbb8 => generated 1213 bytes in 179 msecs (HTTP/1.1 200) 9 headers in 358 bytes (1 switches on core 0)
Jan 14 20:37:02.786681 n-d-790519-18 devstack@n-api.service[124793]: DEBUG nova.api.openstack.wsgi [None req-be4ee76f-2020-4f32-b842-88e96cae24df tempest-AggregatesAdminNegativeTestJSON-564054140 tempest-AggregatesAdminNegativeTestJSON-564054140-project-admin] Action: 'create', calling method: >, body: {"aggregate": {"name": "tempest-test_aggregate-1946544198"}} {{(pid=124793) _process_stack /opt/stack/nova/nova/api/openstack/wsgi.py:511}}
Jan 14 20:37:02.786681 n-d-790519-18 devstack@n-api.service[124793]: /usr/local/lib/python3.8/dist-packages/oslo_policy/policy.py:1119: UserWarning: Policy "os_compute_api:os-aggregates:create": "rule:system_admin_api" failed scope check. The token used to make the request was project scoped but the policy requires ['system'] scope. This behavior may change in the future where using the intended scope is required
Jan 14 20:37:02.786681 n-d-790519-18 devstack@n-api.service[124793]: warnings.warn(msg)
Jan 14 20:37:02.786681 n-d-790519-18 devstack@n-api.service[124793]: DEBUG nova.objects.aggregate [None req-be4ee76f-2020-4f32-b842-88e96cae24df tempest-AggregatesAdminNegativeTestJSON-564054140 tempest-AggregatesAdminNegativeTestJSON-564054140-project-admin] Generated uuid 3077cb9e-6700-4b61-8873-fe21e2c637e7 for aggregate {{(pid=124793) create /opt/stack/nova/nova/objects/aggregate.py:298}}
Jan 14 20:37:02.905517 n-d-790519-18 devstack@n-api.service[124793]: INFO nova.api.openstack.requestlog [None req-be4ee76f-2020-4f32-b842-88e96cae24df tempest-AggregatesAdminNegativeTestJSON-564054140 tempest-AggregatesAdminNegativeTestJSON-564054140-project-admin] 10.222.0.69 "POST /compute/v2.1/os-aggregates" status: 200 len: 199 microversion: 2.1 time: 0.126240
Jan 14 20:37:02.906123 n-d-790519-18 devstack@n-api.service[124793]: [pid: 124793|app: 0|req: 141/284] 10.222.0.69 () {60 vars in 1163 bytes} [Fri Jan 14 20:37:02 2022] POST /compute/v2.1/os-aggregates => generated 199 bytes in 127 msecs (HTTP/1.1 200) 9 headers in 357 bytes (1 switches on core 0)
Jan 14 20:37:02.921573 n-d-790519-18 devstack@n-api.service[124793]: DEBUG nova.api.openstack.wsgi [None req-499b8b36-3128-475d-9e89-0a76f14c60c0 tempest-AggregatesAdminNegativeTestJSON-564054140 tempest-AggregatesAdminNegativeTestJSON-564054140-project-admin] Action: 'action', calling method: >, body: {"add_host": {"host": "n-h1-790519-18"}} {{(pid=124793) _process_stack /opt/stack/nova/nova/api/openstack/wsgi.py:511}}
Jan 14 20:37:02.922563 n-d-790519-18 devstack@n-api.service[124793]: /usr/local/lib/python3.8/dist-packages/oslo_policy/policy.py:1119: UserWarning: Policy "os_compute_api:os-aggregates:add_host": "rule:system_admin_api" failed scope check. The token used to make the request was project scoped but the policy requires ['system'] scope. This behavior may change in the future where using the intended scope is required
Jan 14 20:37:02.922563 n-d-790519-18 devstack@n-api.service[124793]: warnings.warn(msg)
Jan 14 20:37:02.946546 n-d-790519-18 devstack@n-api.service[124793]: DEBUG oslo_concurrency.lockutils [None req-499b8b36-3128-475d-9e89-0a76f14c60c0 tempest-AggregatesAdminNegativeTestJSON-564054140 tempest-AggregatesAdminNegativeTestJSON-564054140-project-admin] Lock "ffd5e12e-677d-45c6-90be-e51a6211109e" acquired by "nova.context.set_target_cell..get_or_set_cached_cell_and_set_connections" :: waited 0.000s {{(pid=124793) inner /usr/local/lib/python3.8/dist-packages/oslo_concurrency/lockutils.py:386}}
Jan 14 20:37:02.947655 n-d-790519-18 devstack@n-api.service[124793]: DEBUG oslo_concurrency.lockutils [None req-499b8b36-3128-475d-9e89-0a76f14c60c0 tempest-AggregatesAdminNegativeTestJSON-564054140 tempest-AggregatesAdminNegativeTestJSON-564054140-project-admin] Lock "ffd5e12e-677d-45c6-90be-e51a6211109e" "released" by "nova.context.set_target_cell..get_or_set_cached_cell_and_set_connections" :: held 0.001s {{(pid=124793) inner /usr/local/lib/python3.8/dist-packages/oslo_concurrency/lockutils.py:400}}
Jan 14 20:37:03.347194 n-d-790519-18 devstack@n-api.service[124794]: DEBUG nova.policy [None req-75f81b30-c034-46fd-9035-494879704be0 tempest-AggregatesAdminTestJSON-130865904 tempest-AggregatesAdminTestJSON-130865904-project] Policy check for os_compute_api:os-extended-server-attributes failed with credentials {'is_admin': False, 'user_id': '1908ea010c234367a49fbdfb1c0e4bc2', 'user_domain_id': 'default', 'system_scope': None, 'domain_id': None, 'project_id': '05c90932365c4887bfa48261da5c97cc', 'project_domain_id': 'default', 'roles': ['member', 'reader'], 'is_admin_project': True, 'service_user_id': None, 'service_user_domain_id': None, 'service_project_id': None, 'service_project_domain_id': None, 'service_roles': []} {{(pid=124794) authorize /opt/stack/nova/nova/policy.py:199}}
Jan 14 20:37:03.365783 n-d-790519-18 devstack@n-api.service[124794]: INFO nova.api.openstack.requestlog [None req-75f81b30-c034-46fd-9035-494879704be0 tempest-AggregatesAdminTestJSON-130865904 tempest-AggregatesAdminTestJSON-130865904-project] 10.222.0.69 "GET /compute/v2.1/servers/64c0c415-b9e5-4581-a5d6-1de3deb17162" status: 200 len: 1472 microversion: 2.1 time: 0.859602
Jan 14 20:37:03.366834 n-d-790519-18 devstack@n-api.service[124794]: [pid: 124794|app: 0|req: 144/285] 10.222.0.69 () {58 vars in 1235 bytes} [Fri Jan 14 20:37:02 2022] GET /compute/v2.1/servers/64c0c415-b9e5-4581-a5d6-1de3deb17162 => generated 1472 bytes in 861 msecs (HTTP/1.1 200) 9 headers in 358 bytes (1 switches on core 0)
Jan 14 20:37:03.383980 n-d-790519-18 devstack@n-api.service[124793]: INFO nova.api.openstack.requestlog [None req-499b8b36-3128-475d-9e89-0a76f14c60c0 tempest-AggregatesAdminNegativeTestJSON-564054140 tempest-AggregatesAdminNegativeTestJSON-564054140-project-admin] 10.222.0.69 "POST /compute/v2.1/os-aggregates/17/action" status: 200 len: 244 microversion: 2.1 time: 0.466097
Jan 14 20:37:03.390079 n-d-790519-18 devstack@n-api.service[124793]: [pid: 124793|app: 0|req: 142/286] 10.222.0.69 () {60 vars in 1193 bytes} [Fri Jan 14 20:37:02 2022] POST /compute/v2.1/os-aggregates/17/action => generated 244 bytes in 468 msecs (HTTP/1.1 200) 9 headers in 357 bytes (2 switches on core 0)
Jan 14 20:37:03.411083 n-d-790519-18 devstack@n-api.service[124794]: DEBUG nova.api.openstack.wsgi [None req-ed87ee42-83e8-42ab-ba3e-91e7a4122f8b tempest-AggregatesAdminNegativeTestJSON-1251428793 tempest-AggregatesAdminNegativeTestJSON-1251428793-project] Action: 'action', calling method: >, body: {"remove_host": {"host": "n-h1-790519-18"}} {{(pid=124794) _process_stack /opt/stack/nova/nova/api/openstack/wsgi.py:511}}
Jan 14 20:37:03.420911 n-d-790519-18 devstack@n-api.service[124794]: /usr/local/lib/python3.8/dist-packages/oslo_policy/policy.py:1119: UserWarning: Policy "os_compute_api:os-aggregates:remove_host": "rule:system_admin_api" failed scope check. The token used to make the request was project scoped but the policy requires ['system'] scope. This behavior may change in the future where using the intended scope is required
Jan 14 20:37:03.420911 n-d-790519-18 devstack@n-api.service[124794]: warnings.warn(msg)
Jan 14 20:37:03.420911 n-d-790519-18 devstack@n-api.service[124794]: DEBUG nova.policy [None req-ed87ee42-83e8-42ab-ba3e-91e7a4122f8b tempest-AggregatesAdminNegativeTestJSON-1251428793 tempest-AggregatesAdminNegativeTestJSON-1251428793-project] Policy check for os_compute_api:os-aggregates:remove_host failed with credentials {'is_admin': False, 'user_id': '89712cc225a04fa9885366e484a549ac', 'user_domain_id': 'default', 'system_scope': None, 'domain_id': None, 'project_id': '27a22efb3c794df68417f717e9238bd1', 'project_domain_id': 'default', 'roles': ['member', 'reader'], 'is_admin_project': True, 'service_user_id': None, 'service_user_domain_id': None, 'service_project_id': None, 'service_project_domain_id': None, 'service_roles': []} {{(pid=124794) authorize /opt/stack/nova/nova/policy.py:199}}
Jan 14 20:37:03.420911 n-d-790519-18 devstack@n-api.service[124794]: DEBUG nova.api.openstack.wsgi [None req-ed87ee42-83e8-42ab-ba3e-91e7a4122f8b tempest-AggregatesAdminNegativeTestJSON-1251428793 tempest-AggregatesAdminNegativeTestJSON-1251428793-project] Returning 403 to user: Policy doesn't allow os_compute_api:os-aggregates:remove_host to be performed. {{(pid=124794) __call__ /opt/stack/nova/nova/api/openstack/wsgi.py:936}}
Jan 14 20:37:03.420911 n-d-790519-18 devstack@n-api.service[124794]: INFO nova.api.openstack.requestlog [None req-ed87ee42-83e8-42ab-ba3e-91e7a4122f8b tempest-AggregatesAdminNegativeTestJSON-1251428793 tempest-AggregatesAdminNegativeTestJSON-1251428793-project] 10.222.0.69 "POST /compute/v2.1/os-aggregates/17/action" status: 403 len: 121 microversion: 2.1 time: 0.018232
Jan 14 20:37:03.421283 n-d-790519-18 devstack@n-api.service[124794]: [pid: 124794|app: 0|req: 145/287] 10.222.0.69 () {60 vars in 1193 bytes} [Fri Jan 14 20:37:03 2022] POST /compute/v2.1/os-aggregates/17/action => generated 121 bytes in 21 msecs (HTTP/1.1 403) 9 headers in 379 bytes (1 switches on core 0)
Jan 14 20:37:03.437492 n-d-790519-18 devstack@n-api.service[124793]: DEBUG nova.api.openstack.wsgi [None req-0c6dbf5e-6d44-4b17-ae80-502e0371386e tempest-AggregatesAdminNegativeTestJSON-564054140 tempest-AggregatesAdminNegativeTestJSON-564054140-project-admin] Action: 'action', calling method: >, body: {"remove_host": {"host": "n-h1-790519-18"}} {{(pid=124793) _process_stack /opt/stack/nova/nova/api/openstack/wsgi.py:511}}
Jan 14 20:37:03.441198 n-d-790519-18 devstack@n-api.service[124793]: /usr/local/lib/python3.8/dist-packages/oslo_policy/policy.py:1119: UserWarning: Policy "os_compute_api:os-aggregates:remove_host": "rule:system_admin_api" failed scope check. The token used to make the request was project scoped but the policy requires ['system'] scope. This behavior may change in the future where using the intended scope is required
Jan 14 20:37:03.441198 n-d-790519-18 devstack@n-api.service[124793]: warnings.warn(msg)
Jan 14 20:37:03.464464 n-d-790519-18 devstack@n-api.service[124793]: DEBUG oslo_concurrency.lockutils [None req-0c6dbf5e-6d44-4b17-ae80-502e0371386e tempest-AggregatesAdminNegativeTestJSON-564054140 tempest-AggregatesAdminNegativeTestJSON-564054140-project-admin] Lock "ffd5e12e-677d-45c6-90be-e51a6211109e" acquired by "nova.context.set_target_cell..get_or_set_cached_cell_and_set_connections" :: waited 0.000s {{(pid=124793) inner /usr/local/lib/python3.8/dist-packages/oslo_concurrency/lockutils.py:386}}
Jan 14 20:37:03.465339 n-d-790519-18 devstack@n-api.service[124793]: DEBUG oslo_concurrency.lockutils [None req-0c6dbf5e-6d44-4b17-ae80-502e0371386e tempest-AggregatesAdminNegativeTestJSON-564054140 tempest-AggregatesAdminNegativeTestJSON-564054140-project-admin] Lock "ffd5e12e-677d-45c6-90be-e51a6211109e" "released" by "nova.context.set_target_cell..get_or_set_cached_cell_and_set_connections" :: held 0.001s {{(pid=124793) inner /usr/local/lib/python3.8/dist-packages/oslo_concurrency/lockutils.py:400}}
Jan 14 20:37:03.496264 n-d-790519-18 devstack@n-api.service[124794]: DEBUG nova.api.openstack.wsgi [None req-399ca7c5-dbb3-4ec3-9a6f-e43b962f108c tempest-LiveAutoBlockMigrationV225Test-627038249 tempest-LiveAutoBlockMigrationV225Test-627038249-project] Calling method '>' {{(pid=124794) _process_stack /opt/stack/nova/nova/api/openstack/wsgi.py:513}}
Jan 14 20:37:03.501266 n-d-790519-18 devstack@n-api.service[124794]: DEBUG nova.compute.api [None req-399ca7c5-dbb3-4ec3-9a6f-e43b962f108c tempest-LiveAutoBlockMigrationV225Test-627038249 tempest-LiveAutoBlockMigrationV225Test-627038249-project] [instance: 88b8f0ec-7af8-48fc-9bec-743052fe8117] Fetching instance by UUID {{(pid=124794) get /opt/stack/nova/nova/compute/api.py:2865}}
Jan 14 20:37:03.512988 n-d-790519-18 devstack@n-api.service[124794]: DEBUG oslo_concurrency.lockutils [None req-399ca7c5-dbb3-4ec3-9a6f-e43b962f108c tempest-LiveAutoBlockMigrationV225Test-627038249 tempest-LiveAutoBlockMigrationV225Test-627038249-project] Lock "ffd5e12e-677d-45c6-90be-e51a6211109e" acquired by "nova.context.set_target_cell..get_or_set_cached_cell_and_set_connections" :: waited 0.000s {{(pid=124794) inner /usr/local/lib/python3.8/dist-packages/oslo_concurrency/lockutils.py:386}}
Jan 14 20:37:03.513850 n-d-790519-18 devstack@n-api.service[124794]: DEBUG oslo_concurrency.lockutils [None req-399ca7c5-dbb3-4ec3-9a6f-e43b962f108c tempest-LiveAutoBlockMigrationV225Test-627038249 tempest-LiveAutoBlockMigrationV225Test-627038249-project] Lock "ffd5e12e-677d-45c6-90be-e51a6211109e" "released" by "nova.context.set_target_cell..get_or_set_cached_cell_and_set_connections" :: held 0.001s {{(pid=124794) inner /usr/local/lib/python3.8/dist-packages/oslo_concurrency/lockutils.py:400}}
Jan 14 20:37:03.515252 n-d-790519-18 devstack@n-api.service[124794]: DEBUG oslo_concurrency.lockutils [None req-399ca7c5-dbb3-4ec3-9a6f-e43b962f108c tempest-LiveAutoBlockMigrationV225Test-627038249 tempest-LiveAutoBlockMigrationV225Test-627038249-project] Lock "ffd5e12e-677d-45c6-90be-e51a6211109e" acquired by "nova.context.set_target_cell..get_or_set_cached_cell_and_set_connections" :: waited 0.000s {{(pid=124794) inner /usr/local/lib/python3.8/dist-packages/oslo_concurrency/lockutils.py:386}}
Jan 14 20:37:03.515910 n-d-790519-18 devstack@n-api.service[124794]: DEBUG oslo_concurrency.lockutils [None req-399ca7c5-dbb3-4ec3-9a6f-e43b962f108c tempest-LiveAutoBlockMigrationV225Test-627038249 tempest-LiveAutoBlockMigrationV225Test-627038249-project] Lock "ffd5e12e-677d-45c6-90be-e51a6211109e" "released" by "nova.context.set_target_cell..get_or_set_cached_cell_and_set_connections" :: held 0.001s {{(pid=124794) inner /usr/local/lib/python3.8/dist-packages/oslo_concurrency/lockutils.py:400}}
Jan 14 20:37:03.884718 n-d-790519-18 devstack@n-api.service[124793]: INFO nova.api.openstack.requestlog [None req-0c6dbf5e-6d44-4b17-ae80-502e0371386e tempest-AggregatesAdminNegativeTestJSON-564054140 tempest-AggregatesAdminNegativeTestJSON-564054140-project-admin] 10.222.0.69 "POST /compute/v2.1/os-aggregates/17/action" status: 200 len: 228 microversion: 2.1 time: 0.458524
Jan 14 20:37:03.885473 n-d-790519-18 devstack@n-api.service[124793]: [pid: 124793|app: 0|req: 143/288] 10.222.0.69 () {60 vars in 1193 bytes} [Fri Jan 14 20:37:03 2022] POST /compute/v2.1/os-aggregates/17/action => generated 228 bytes in 461 msecs (HTTP/1.1 200) 9 headers in 357 bytes (1 switches on core 0)
Jan 14 20:37:03.886259 n-d-790519-18 devstack@n-api.service[124794]: DEBUG nova.policy [None req-399ca7c5-dbb3-4ec3-9a6f-e43b962f108c tempest-LiveAutoBlockMigrationV225Test-627038249 tempest-LiveAutoBlockMigrationV225Test-627038249-project] Policy check for os_compute_api:os-extended-server-attributes failed with credentials {'is_admin': False, 'user_id': 'd4fef88e4eb9483bb6eaa32c85f253b6', 'user_domain_id': 'default', 'system_scope': None, 'domain_id': None, 'project_id': 'efb1eddf1fb741c88c6838a16878969e', 'project_domain_id': 'default', 'roles': ['member', 'reader'], 'is_admin_project': True, 'service_user_id': None, 'service_user_domain_id': None, 'service_project_id': None, 'service_project_domain_id': None, 'service_roles': []} {{(pid=124794) authorize /opt/stack/nova/nova/policy.py:199}}
Jan 14 20:37:03.896542 n-d-790519-18 devstack@n-api.service[124793]: DEBUG nova.api.openstack.wsgi [req-14fde532-b6a0-4779-a647-2873a308ab84 req-bdbf0259-f20e-4cba-a2f6-6303d83540bf service nova] Action: 'create', calling method: >, body: {"events": [{"server_uuid": "64c0c415-b9e5-4581-a5d6-1de3deb17162", "name": "network-vif-deleted", "tag": "4b4c08a4-76dd-44c0-9a19-02b0773b4e42"}]} {{(pid=124793) _process_stack /opt/stack/nova/nova/api/openstack/wsgi.py:511}}
Jan 14 20:37:03.900744 n-d-790519-18 devstack@n-api.service[124793]: /usr/local/lib/python3.8/dist-packages/oslo_policy/policy.py:1119: UserWarning: Policy "os_compute_api:os-server-external-events:create": "rule:system_admin_api" failed scope check. The token used to make the request was project scoped but the policy requires ['system'] scope. This behavior may change in the future where using the intended scope is required
Jan 14 20:37:03.900744 n-d-790519-18 devstack@n-api.service[124793]: warnings.warn(msg)
Jan 14 20:37:03.918865 n-d-790519-18 devstack@n-api.service[124793]: DEBUG oslo_concurrency.lockutils [req-14fde532-b6a0-4779-a647-2873a308ab84 req-bdbf0259-f20e-4cba-a2f6-6303d83540bf service nova] Lock "ffd5e12e-677d-45c6-90be-e51a6211109e" acquired by "nova.context.set_target_cell..get_or_set_cached_cell_and_set_connections" :: waited 0.000s {{(pid=124793) inner /usr/local/lib/python3.8/dist-packages/oslo_concurrency/lockutils.py:386}}
Jan 14 20:37:03.919309 n-d-790519-18 devstack@n-api.service[124794]: DEBUG nova.policy [None req-399ca7c5-dbb3-4ec3-9a6f-e43b962f108c tempest-LiveAutoBlockMigrationV225Test-627038249 tempest-LiveAutoBlockMigrationV225Test-627038249-project] Policy check for os_compute_api:servers:show:host_status failed with credentials {'is_admin': False, 'user_id': 'd4fef88e4eb9483bb6eaa32c85f253b6', 'user_domain_id': 'default', 'system_scope': None, 'domain_id': None, 'project_id': 'efb1eddf1fb741c88c6838a16878969e', 'project_domain_id': 'default', 'roles': ['member', 'reader'], 'is_admin_project': True, 'service_user_id': None, 'service_user_domain_id': None, 'service_project_id': None, 'service_project_domain_id': None, 'service_roles': []} {{(pid=124794) authorize /opt/stack/nova/nova/policy.py:199}}
Jan 14 20:37:03.922482 n-d-790519-18 devstack@n-api.service[124793]: DEBUG oslo_concurrency.lockutils [req-14fde532-b6a0-4779-a647-2873a308ab84 req-bdbf0259-f20e-4cba-a2f6-6303d83540bf service nova] Lock "ffd5e12e-677d-45c6-90be-e51a6211109e" "released" by "nova.context.set_target_cell..get_or_set_cached_cell_and_set_connections" :: held 0.001s {{(pid=124793) inner /usr/local/lib/python3.8/dist-packages/oslo_concurrency/lockutils.py:400}}
Jan 14 20:37:03.925939 n-d-790519-18 devstack@n-api.service[124794]: DEBUG nova.policy [None req-399ca7c5-dbb3-4ec3-9a6f-e43b962f108c tempest-LiveAutoBlockMigrationV225Test-627038249 tempest-LiveAutoBlockMigrationV225Test-627038249-project] Policy check for os_compute_api:servers:show:host_status:unknown-only failed with credentials {'is_admin': False, 'user_id': 'd4fef88e4eb9483bb6eaa32c85f253b6', 'user_domain_id': 'default', 'system_scope': None, 'domain_id': None, 'project_id': 'efb1eddf1fb741c88c6838a16878969e', 'project_domain_id': 'default', 'roles': ['member', 'reader'], 'is_admin_project': True, 'service_user_id': None, 'service_user_domain_id': None, 'service_project_id': None, 'service_project_domain_id': None, 'service_roles': []} {{(pid=124794) authorize /opt/stack/nova/nova/policy.py:199}}
Jan 14 20:37:03.930746 n-d-790519-18 devstack@n-api.service[124794]: INFO nova.api.openstack.requestlog [None req-399ca7c5-dbb3-4ec3-9a6f-e43b962f108c tempest-LiveAutoBlockMigrationV225Test-627038249 tempest-LiveAutoBlockMigrationV225Test-627038249-project] 10.222.0.69 "GET /compute/v2.1/servers/88b8f0ec-7af8-48fc-9bec-743052fe8117" status: 200 len: 1362 microversion: 2.25 time: 0.438895
Jan 14 20:37:03.935937 n-d-790519-18 devstack@n-api.service[124794]: [pid: 124794|app: 0|req: 146/289] 10.222.0.69 () {60 vars in 1276 bytes} [Fri Jan 14 20:37:03 2022] GET /compute/v2.1/servers/88b8f0ec-7af8-48fc-9bec-743052fe8117 => generated 1362 bytes in 445 msecs (HTTP/1.1 200) 9 headers in 360 bytes (1 switches on core 0)
Jan 14 20:37:03.947396 n-d-790519-18 devstack@n-api.service[124793]: INFO nova.api.openstack.compute.server_external_events [req-14fde532-b6a0-4779-a647-2873a308ab84 req-bdbf0259-f20e-4cba-a2f6-6303d83540bf service nova] Creating event network-vif-deleted:4b4c08a4-76dd-44c0-9a19-02b0773b4e42 for instance 64c0c415-b9e5-4581-a5d6-1de3deb17162 on n-h1-790519-18
Jan 14 20:37:03.951540 n-d-790519-18 devstack@n-api.service[124794]: DEBUG nova.api.openstack.wsgi [None req-78a113ea-91ab-43d5-8d40-c7148f37b9a1 tempest-ServersAdminTestJSON-771507129 tempest-ServersAdminTestJSON-771507129-project] Calling method '>' {{(pid=124794) _process_stack /opt/stack/nova/nova/api/openstack/wsgi.py:513}}
Jan 14 20:37:03.958098 n-d-790519-18 devstack@n-api.service[124794]: DEBUG nova.compute.api [None req-78a113ea-91ab-43d5-8d40-c7148f37b9a1 tempest-ServersAdminTestJSON-771507129 tempest-ServersAdminTestJSON-771507129-project] [instance: 0a6b8d1d-3d86-45da-a8cb-4f5e6ec6bbb8] Fetching instance by UUID {{(pid=124794) get /opt/stack/nova/nova/compute/api.py:2865}}
Jan 14 20:37:03.963040 n-d-790519-18 devstack@n-api.service[124793]: INFO nova.api.openstack.requestlog [req-14fde532-b6a0-4779-a647-2873a308ab84 req-bdbf0259-f20e-4cba-a2f6-6303d83540bf service nova] 10.222.0.69 "POST /compute/v2.1/os-server-external-events" status: 200 len: 183 microversion: 2.1 time: 0.069497
Jan 14 20:37:03.966511 n-d-790519-18 devstack@n-api.service[124793]: [pid: 124793|app: 0|req: 144/290] 10.222.0.69 () {64 vars in 1317 bytes} [Fri Jan 14 20:37:03 2022] POST /compute/v2.1/os-server-external-events => generated 183 bytes in 77 msecs (HTTP/1.1 200) 9 headers in 357 bytes (1 switches on core 0)
Jan 14 20:37:03.977213 n-d-790519-18 devstack@n-api.service[124793]: DEBUG nova.api.openstack.wsgi [None req-5b238e25-89be-4761-9b43-7060a3442acc tempest-AggregatesAdminNegativeTestJSON-564054140 tempest-AggregatesAdminNegativeTestJSON-564054140-project-admin] Calling method '>' {{(pid=124793) _process_stack /opt/stack/nova/nova/api/openstack/wsgi.py:513}}
Jan 14 20:37:03.981861 n-d-790519-18 devstack@n-api.service[124793]: /usr/local/lib/python3.8/dist-packages/oslo_policy/policy.py:1119: UserWarning: Policy "os_compute_api:os-aggregates:delete": "rule:system_admin_api" failed scope check. The token used to make the request was project scoped but the policy requires ['system'] scope. This behavior may change in the future where using the intended scope is required
Jan 14 20:37:03.981861 n-d-790519-18 devstack@n-api.service[124793]: warnings.warn(msg)
Jan 14 20:37:03.988780 n-d-790519-18 devstack@n-api.service[124794]: DEBUG oslo_concurrency.lockutils [None req-78a113ea-91ab-43d5-8d40-c7148f37b9a1 tempest-ServersAdminTestJSON-771507129 tempest-ServersAdminTestJSON-771507129-project] Lock "ffd5e12e-677d-45c6-90be-e51a6211109e" acquired by "nova.context.set_target_cell..get_or_set_cached_cell_and_set_connections" :: waited 0.000s {{(pid=124794) inner /usr/local/lib/python3.8/dist-packages/oslo_concurrency/lockutils.py:386}}
Jan 14 20:37:03.992795 n-d-790519-18 devstack@n-api.service[124794]: DEBUG oslo_concurrency.lockutils [None req-78a113ea-91ab-43d5-8d40-c7148f37b9a1 tempest-ServersAdminTestJSON-771507129 tempest-ServersAdminTestJSON-771507129-project] Lock "ffd5e12e-677d-45c6-90be-e51a6211109e" "released" by "nova.context.set_target_cell..get_or_set_cached_cell_and_set_connections" :: held 0.007s {{(pid=124794) inner /usr/local/lib/python3.8/dist-packages/oslo_concurrency/lockutils.py:400}}
Jan 14 20:37:03.993698 n-d-790519-18 devstack@n-api.service[124794]: DEBUG oslo_concurrency.lockutils [None req-78a113ea-91ab-43d5-8d40-c7148f37b9a1 tempest-ServersAdminTestJSON-771507129 tempest-ServersAdminTestJSON-771507129-project] Lock "ffd5e12e-677d-45c6-90be-e51a6211109e" acquired by "nova.context.set_target_cell..get_or_set_cached_cell_and_set_connections" :: waited 0.000s {{(pid=124794) inner /usr/local/lib/python3.8/dist-packages/oslo_concurrency/lockutils.py:386}}
Jan 14 20:37:03.994720 n-d-790519-18 devstack@n-api.service[124794]: DEBUG oslo_concurrency.lockutils [None req-78a113ea-91ab-43d5-8d40-c7148f37b9a1 tempest-ServersAdminTestJSON-771507129 tempest-ServersAdminTestJSON-771507129-project] Lock "ffd5e12e-677d-45c6-90be-e51a6211109e" "released" by "nova.context.set_target_cell..get_or_set_cached_cell_and_set_connections" :: held 0.000s {{(pid=124794) inner /usr/local/lib/python3.8/dist-packages/oslo_concurrency/lockutils.py:400}}
Jan 14 20:37:04.099095 n-d-790519-18 devstack@n-api.service[124793]: INFO nova.api.openstack.requestlog [None req-5b238e25-89be-4761-9b43-7060a3442acc tempest-AggregatesAdminNegativeTestJSON-564054140 tempest-AggregatesAdminNegativeTestJSON-564054140-project-admin] 10.222.0.69 "DELETE /compute/v2.1/os-aggregates/17" status: 200 len: 0 microversion: 2.1 time: 0.129431
Jan 14 20:37:04.104408 n-d-790519-18 devstack@n-api.service[124793]: [pid: 124793|app: 0|req: 145/291] 10.222.0.69 () {58 vars in 1154 bytes} [Fri Jan 14 20:37:03 2022] DELETE /compute/v2.1/os-aggregates/17 => generated 0 bytes in 133 msecs (HTTP/1.1 200) 9 headers in 355 bytes (1 switches on core 0)
Jan 14 20:37:04.112889 n-d-790519-18 devstack@n-api.service[124793]: DEBUG nova.api.openstack.wsgi [None req-d6a2adc1-fa15-41a5-933b-a59961d6e118 tempest-AggregatesAdminNegativeTestJSON-564054140 tempest-AggregatesAdminNegativeTestJSON-564054140-project-admin] Action: 'create', calling method: >, body: {"aggregate": {"name": "tempest-test_aggregate-376251446"}} {{(pid=124793) _process_stack /opt/stack/nova/nova/api/openstack/wsgi.py:511}}
Jan 14 20:37:04.125105 n-d-790519-18 devstack@n-api.service[124793]: /usr/local/lib/python3.8/dist-packages/oslo_policy/policy.py:1119: UserWarning: Policy "os_compute_api:os-aggregates:create": "rule:system_admin_api" failed scope check. The token used to make the request was project scoped but the policy requires ['system'] scope. This behavior may change in the future where using the intended scope is required
Jan 14 20:37:04.125105 n-d-790519-18 devstack@n-api.service[124793]: warnings.warn(msg)
Jan 14 20:37:04.125105 n-d-790519-18 devstack@n-api.service[124793]: DEBUG nova.objects.aggregate [None req-d6a2adc1-fa15-41a5-933b-a59961d6e118 tempest-AggregatesAdminNegativeTestJSON-564054140 tempest-AggregatesAdminNegativeTestJSON-564054140-project-admin] Generated uuid bee395fe-019c-4e78-be90-253213b2d2f5 for aggregate {{(pid=124793) create /opt/stack/nova/nova/objects/aggregate.py:298}}
Jan 14 20:37:04.144259 n-d-790519-18 devstack@n-api.service[124794]: DEBUG nova.policy [None req-78a113ea-91ab-43d5-8d40-c7148f37b9a1 tempest-ServersAdminTestJSON-771507129 tempest-ServersAdminTestJSON-771507129-project] Policy check for os_compute_api:os-extended-server-attributes failed with credentials {'is_admin': False, 'user_id': '785677a828b4401280a3ef0ebd02add3', 'user_domain_id': 'default', 'system_scope': None, 'domain_id': None, 'project_id': '7e651bf5ebd5413d86abbb040d8755e7', 'project_domain_id': 'default', 'roles': ['member', 'reader'], 'is_admin_project': True, 'service_user_id': None, 'service_user_domain_id': None, 'service_project_id': None, 'service_project_domain_id': None, 'service_roles': []} {{(pid=124794) authorize /opt/stack/nova/nova/policy.py:199}}
Jan 14 20:37:04.161019 n-d-790519-18 devstack@n-api.service[124794]: INFO nova.api.openstack.requestlog [None req-78a113ea-91ab-43d5-8d40-c7148f37b9a1 tempest-ServersAdminTestJSON-771507129 tempest-ServersAdminTestJSON-771507129-project] 10.222.0.69 "GET /compute/v2.1/servers/0a6b8d1d-3d86-45da-a8cb-4f5e6ec6bbb8" status: 200 len: 1217 microversion: 2.1 time: 0.220434
Jan 14 20:37:04.162018 n-d-790519-18 devstack@n-api.service[124794]: [pid: 124794|app: 0|req: 147/292] 10.222.0.69 () {58 vars in 1235 bytes} [Fri Jan 14 20:37:03 2022] GET /compute/v2.1/servers/0a6b8d1d-3d86-45da-a8cb-4f5e6ec6bbb8 => generated 1217 bytes in 225 msecs (HTTP/1.1 200) 9 headers in 358 bytes (1 switches on core 0)
Jan 14 20:37:04.264534 n-d-790519-18 devstack@n-api.service[124793]: INFO nova.api.openstack.requestlog [None req-d6a2adc1-fa15-41a5-933b-a59961d6e118 tempest-AggregatesAdminNegativeTestJSON-564054140 tempest-AggregatesAdminNegativeTestJSON-564054140-project-admin] 10.222.0.69 "POST /compute/v2.1/os-aggregates" status: 200 len: 198 microversion: 2.1 time: 0.158239
Jan 14 20:37:04.267185 n-d-790519-18 devstack@n-api.service[124793]: [pid: 124793|app: 0|req: 146/293] 10.222.0.69 () {60 vars in 1163 bytes} [Fri Jan 14 20:37:04 2022] POST /compute/v2.1/os-aggregates => generated 198 bytes in 162 msecs (HTTP/1.1 200) 9 headers in 357 bytes (2 switches on core 0)
Jan 14 20:37:04.284450 n-d-790519-18 devstack@n-api.service[124794]: DEBUG nova.api.openstack.wsgi [None req-c4aa89d3-19c5-4dce-84e2-b17c9a704d4a tempest-AggregatesAdminNegativeTestJSON-564054140 tempest-AggregatesAdminNegativeTestJSON-564054140-project-admin] Action: 'action', calling method: >, body: {"remove_host": {"host": "nonexist_host"}} {{(pid=124794) _process_stack /opt/stack/nova/nova/api/openstack/wsgi.py:511}}
Jan 14 20:37:04.287871 n-d-790519-18 devstack@n-api.service[124794]: /usr/local/lib/python3.8/dist-packages/oslo_policy/policy.py:1119: UserWarning: Policy "os_compute_api:os-aggregates:remove_host": "rule:system_admin_api" failed scope check. The token used to make the request was project scoped but the policy requires ['system'] scope. This behavior may change in the future where using the intended scope is required
Jan 14 20:37:04.287871 n-d-790519-18 devstack@n-api.service[124794]: warnings.warn(msg)
Jan 14 20:37:04.303462 n-d-790519-18 devstack@n-api.service[124794]: DEBUG oslo_concurrency.lockutils [None req-c4aa89d3-19c5-4dce-84e2-b17c9a704d4a tempest-AggregatesAdminNegativeTestJSON-564054140 tempest-AggregatesAdminNegativeTestJSON-564054140-project-admin] Lock "00000000-0000-0000-0000-000000000000" acquired by "nova.context.set_target_cell..get_or_set_cached_cell_and_set_connections" :: waited 0.000s {{(pid=124794) inner /usr/local/lib/python3.8/dist-packages/oslo_concurrency/lockutils.py:386}}
Jan 14 20:37:04.304343 n-d-790519-18 devstack@n-api.service[124794]: DEBUG oslo_concurrency.lockutils [None req-c4aa89d3-19c5-4dce-84e2-b17c9a704d4a tempest-AggregatesAdminNegativeTestJSON-564054140 tempest-AggregatesAdminNegativeTestJSON-564054140-project-admin] Lock "00000000-0000-0000-0000-000000000000" "released" by "nova.context.set_target_cell..get_or_set_cached_cell_and_set_connections" :: held 0.001s {{(pid=124794) inner /usr/local/lib/python3.8/dist-packages/oslo_concurrency/lockutils.py:400}}
Jan 14 20:37:04.314489 n-d-790519-18 devstack@n-api.service[124794]: DEBUG oslo_concurrency.lockutils [None req-c4aa89d3-19c5-4dce-84e2-b17c9a704d4a tempest-AggregatesAdminNegativeTestJSON-564054140 tempest-AggregatesAdminNegativeTestJSON-564054140-project-admin] Lock "ffd5e12e-677d-45c6-90be-e51a6211109e" acquired by "nova.context.set_target_cell..get_or_set_cached_cell_and_set_connections" :: waited 0.000s {{(pid=124794) inner /usr/local/lib/python3.8/dist-packages/oslo_concurrency/lockutils.py:386}}
Jan 14 20:37:04.315256 n-d-790519-18 devstack@n-api.service[124794]: DEBUG oslo_concurrency.lockutils [None req-c4aa89d3-19c5-4dce-84e2-b17c9a704d4a tempest-AggregatesAdminNegativeTestJSON-564054140 tempest-AggregatesAdminNegativeTestJSON-564054140-project-admin] Lock "ffd5e12e-677d-45c6-90be-e51a6211109e" "released" by "nova.context.set_target_cell..get_or_set_cached_cell_and_set_connections" :: held 0.001s {{(pid=124794) inner /usr/local/lib/python3.8/dist-packages/oslo_concurrency/lockutils.py:400}}
Jan 14 20:37:04.374741 n-d-790519-18 devstack@n-api.service[124794]: ERROR nova.api.openstack.compute.aggregates [None req-c4aa89d3-19c5-4dce-84e2-b17c9a704d4a tempest-AggregatesAdminNegativeTestJSON-564054140 tempest-AggregatesAdminNegativeTestJSON-564054140-project-admin] Failed to remove host nonexist_host from aggregate 18. Error: Compute host nonexist_host could not be found.: nova.exception.ComputeHostNotFound: Compute host nonexist_host could not be found.
Jan 14 20:37:04.387503 n-d-790519-18 devstack@n-api.service[124793]: DEBUG nova.api.openstack.wsgi [None req-f51035e6-caab-4f3d-9506-58ab67bf16c8 tempest-AggregatesAdminTestJSON-130865904 tempest-AggregatesAdminTestJSON-130865904-project] Calling method '>' {{(pid=124793) _process_stack /opt/stack/nova/nova/api/openstack/wsgi.py:513}}
Jan 14 20:37:04.388565 n-d-790519-18 devstack@n-api.service[124793]: DEBUG nova.compute.api [None req-f51035e6-caab-4f3d-9506-58ab67bf16c8 tempest-AggregatesAdminTestJSON-130865904 tempest-AggregatesAdminTestJSON-130865904-project] [instance: 64c0c415-b9e5-4581-a5d6-1de3deb17162] Fetching instance by UUID {{(pid=124793) get /opt/stack/nova/nova/compute/api.py:2865}}
Jan 14 20:37:04.397604 n-d-790519-18 devstack@n-api.service[124794]: INFO nova.api.openstack.wsgi [None req-c4aa89d3-19c5-4dce-84e2-b17c9a704d4a tempest-AggregatesAdminNegativeTestJSON-564054140 tempest-AggregatesAdminNegativeTestJSON-564054140-project-admin] HTTP exception thrown: Cannot remove host nonexist_host in aggregate 18
Jan 14 20:37:04.400861 n-d-790519-18 devstack@n-api.service[124794]: DEBUG nova.api.openstack.wsgi [None req-c4aa89d3-19c5-4dce-84e2-b17c9a704d4a tempest-AggregatesAdminNegativeTestJSON-564054140 tempest-AggregatesAdminNegativeTestJSON-564054140-project-admin] Returning 404 to user: Cannot remove host nonexist_host in aggregate 18 {{(pid=124794) __call__ /opt/stack/nova/nova/api/openstack/wsgi.py:936}}
Jan 14 20:37:04.404520 n-d-790519-18 devstack@n-api.service[124794]: INFO nova.api.openstack.requestlog [None req-c4aa89d3-19c5-4dce-84e2-b17c9a704d4a tempest-AggregatesAdminNegativeTestJSON-564054140 tempest-AggregatesAdminNegativeTestJSON-564054140-project-admin] 10.222.0.69 "POST /compute/v2.1/os-aggregates/18/action" status: 404 len: 94 microversion: 2.1 time: 0.128171
Jan 14 20:37:04.414335 n-d-790519-18 devstack@n-api.service[124794]: [pid: 124794|app: 0|req: 148/294] 10.222.0.69 () {60 vars in 1193 bytes} [Fri Jan 14 20:37:04 2022] POST /compute/v2.1/os-aggregates/18/action => generated 94 bytes in 136 msecs (HTTP/1.1 404) 9 headers in 378 bytes (1 switches on core 0)
Jan 14 20:37:04.416269 n-d-790519-18 devstack@n-api.service[124793]: DEBUG oslo_concurrency.lockutils [None req-f51035e6-caab-4f3d-9506-58ab67bf16c8 tempest-AggregatesAdminTestJSON-130865904 tempest-AggregatesAdminTestJSON-130865904-project] Lock "ffd5e12e-677d-45c6-90be-e51a6211109e" acquired by "nova.context.set_target_cell..get_or_set_cached_cell_and_set_connections" :: waited 0.000s {{(pid=124793) inner /usr/local/lib/python3.8/dist-packages/oslo_concurrency/lockutils.py:386}}
Jan 14 20:37:04.420336 n-d-790519-18 devstack@n-api.service[124793]: DEBUG oslo_concurrency.lockutils [None req-f51035e6-caab-4f3d-9506-58ab67bf16c8 tempest-AggregatesAdminTestJSON-130865904 tempest-AggregatesAdminTestJSON-130865904-project] Lock "ffd5e12e-677d-45c6-90be-e51a6211109e" "released" by "nova.context.set_target_cell..get_or_set_cached_cell_and_set_connections" :: held 0.004s {{(pid=124793) inner /usr/local/lib/python3.8/dist-packages/oslo_concurrency/lockutils.py:400}}
Jan 14 20:37:04.424747 n-d-790519-18 devstack@n-api.service[124793]: DEBUG oslo_concurrency.lockutils [None req-f51035e6-caab-4f3d-9506-58ab67bf16c8 tempest-AggregatesAdminTestJSON-130865904 tempest-AggregatesAdminTestJSON-130865904-project] Lock "ffd5e12e-677d-45c6-90be-e51a6211109e" acquired by "nova.context.set_target_cell..get_or_set_cached_cell_and_set_connections" :: waited 0.000s {{(pid=124793) inner /usr/local/lib/python3.8/dist-packages/oslo_concurrency/lockutils.py:386}}
Jan 14 20:37:04.428394 n-d-790519-18 devstack@n-api.service[124794]: DEBUG nova.api.openstack.wsgi [None req-d6201b05-5187-44c9-b8b6-e58736757b3d tempest-AggregatesAdminNegativeTestJSON-564054140 tempest-AggregatesAdminNegativeTestJSON-564054140-project-admin] Calling method '>' {{(pid=124794) _process_stack /opt/stack/nova/nova/api/openstack/wsgi.py:513}}
Jan 14 20:37:04.429282 n-d-790519-18 devstack@n-api.service[124793]: DEBUG oslo_concurrency.lockutils [None req-f51035e6-caab-4f3d-9506-58ab67bf16c8 tempest-AggregatesAdminTestJSON-130865904 tempest-AggregatesAdminTestJSON-130865904-project] Lock "ffd5e12e-677d-45c6-90be-e51a6211109e" "released" by "nova.context.set_target_cell..get_or_set_cached_cell_and_set_connections" :: held 0.004s {{(pid=124793) inner /usr/local/lib/python3.8/dist-packages/oslo_concurrency/lockutils.py:400}}
Jan 14 20:37:04.443293 n-d-790519-18 devstack@n-api.service[124794]: /usr/local/lib/python3.8/dist-packages/oslo_policy/policy.py:1119: UserWarning: Policy "os_compute_api:os-aggregates:delete": "rule:system_admin_api" failed scope check. The token used to make the request was project scoped but the policy requires ['system'] scope. This behavior may change in the future where using the intended scope is required
Jan 14 20:37:04.443293 n-d-790519-18 devstack@n-api.service[124794]: warnings.warn(msg)
Jan 14 20:37:04.585491 n-d-790519-18 devstack@n-api.service[124793]: DEBUG oslo_concurrency.lockutils [None req-f51035e6-caab-4f3d-9506-58ab67bf16c8 tempest-AggregatesAdminTestJSON-130865904 tempest-AggregatesAdminTestJSON-130865904-project] Lock "ffd5e12e-677d-45c6-90be-e51a6211109e" acquired by "nova.context.set_target_cell..get_or_set_cached_cell_and_set_connections" :: waited 0.000s {{(pid=124793) inner /usr/local/lib/python3.8/dist-packages/oslo_concurrency/lockutils.py:386}}
Jan 14 20:37:04.586652 n-d-790519-18 devstack@n-api.service[124793]: DEBUG oslo_concurrency.lockutils [None req-f51035e6-caab-4f3d-9506-58ab67bf16c8 tempest-AggregatesAdminTestJSON-130865904 tempest-AggregatesAdminTestJSON-130865904-project] Lock "ffd5e12e-677d-45c6-90be-e51a6211109e" "released" by "nova.context.set_target_cell..get_or_set_cached_cell_and_set_connections" :: held 0.001s {{(pid=124793) inner /usr/local/lib/python3.8/dist-packages/oslo_concurrency/lockutils.py:400}}
Jan 14 20:37:04.587284 n-d-790519-18 devstack@n-api.service[124793]: DEBUG nova.objects.instance [None req-f51035e6-caab-4f3d-9506-58ab67bf16c8 tempest-AggregatesAdminTestJSON-130865904 tempest-AggregatesAdminTestJSON-130865904-project] Lazy-loading 'fault' on Instance uuid 64c0c415-b9e5-4581-a5d6-1de3deb17162 {{(pid=124793) obj_load_attr /opt/stack/nova/nova/objects/instance.py:1099}}
