Oct 12 22:48:54.970428 n-d-790519-14 neutron-server[101890]: INFO neutron.wsgi [None req-fbe08110-a03c-4597-a74a-25f882ed4016 admin admin] 10.222.0.31 "GET /v2.0/security-groups?tenant_id=1d610f71aeef4df3b2ef5c7b8eead566&name=default HTTP/1.1" status: 200 len: 2979 time: 0.4951117
Oct 12 22:48:54.974499 n-d-790519-14 neutron-server[101890]: DEBUG neutron.api.rpc.handlers.resources_rpc [None req-fbe08110-a03c-4597-a74a-25f882ed4016 admin admin] Pushing event updated for resources: {'SecurityGroup': ['ID=125fc560-fbe6-4255-878c-7a54b2cb454f,revision_number=1']} {{(pid=101890) push /opt/stack/neutron/neutron/api/rpc/handlers/resources_rpc.py:237}}
Oct 12 22:48:54.978153 n-d-790519-14 neutron-server[101889]: DEBUG neutron.wsgi [-] (101889) accepted ('10.222.0.31', 34578) {{(pid=101889) server /usr/local/lib/python3.8/dist-packages/eventlet/wsgi.py:982}}
Oct 12 22:48:55.013575 n-d-790519-14 neutron-server[101890]: INFO neutron.wsgi [None req-fd52ebd7-c2bf-49e6-9cc8-522ce168ff5b admin admin] 10.222.0.31 "GET /v2.0/security-groups?tenant_id=fd613e149c3f4c6b8f683a182485b0c0&name=default HTTP/1.1" status: 200 len: 2979 time: 0.9132278
Oct 12 22:48:55.016305 n-d-790519-14 neutron-server[101890]: DEBUG neutron.wsgi [-] (101890) accepted ('10.222.0.31', 34582) {{(pid=101890) server /usr/local/lib/python3.8/dist-packages/eventlet/wsgi.py:982}}
Oct 12 22:48:55.046280 n-d-790519-14 neutron-server[101890]: DEBUG neutron.api.rpc.handlers.resources_rpc [None req-fd52ebd7-c2bf-49e6-9cc8-522ce168ff5b admin admin] Pushing event updated for resources: {'SecurityGroup': ['ID=e72cf668-6ae1-49ca-a210-c39a2e0d9bc2,revision_number=1']} {{(pid=101890) push /opt/stack/neutron/neutron/api/rpc/handlers/resources_rpc.py:237}}
Oct 12 22:48:55.085986 n-d-790519-14 neutron-server[101889]: INFO neutron.wsgi [req-84d57362-e7d1-4498-b64e-714238473389 req-302b0267-7d60-4e16-b8a0-083beec1ef09 service neutron] 10.222.0.25 "GET /v2.0/floatingips?fixed_ip_address=192.168.233.136&port_id=d035502a-9f9a-41ab-9e40-bd6f1b168faa HTTP/1.1" status: 200 len: 217 time: 0.0878477
Oct 12 22:48:55.089557 n-d-790519-14 neutron-server[101889]: INFO neutron.wsgi [None req-1da0d777-157b-43dd-a98e-dffb4af93e54 admin admin] 10.222.0.31 "POST /v2.0/subnets HTTP/1.1" status: 201 len: 861 time: 1.4488974
Oct 12 22:48:55.153102 n-d-790519-14 neutron-server[101891]: DEBUG neutron.api.rpc.handlers.dhcp_rpc [None req-53cbe47e-04f1-4522-8ddb-d25a51258b9e None None] Network 1ffc3d4c-2c42-496c-8e26-47c4151e4ce9 requested from n-d-790519-14 {{(pid=101891) get_network_info /opt/stack/neutron/neutron/api/rpc/handlers/dhcp_rpc.py:218}}
Oct 12 22:48:55.214466 n-d-790519-14 neutron-server[101890]: DEBUG neutron_lib.callbacks.manager [None req-e8d4c390-5442-485d-b1e4-7aa2403ab4bf admin admin] Notify callbacks [] for security_group, before_delete {{(pid=101890) _notify_loop /usr/local/lib/python3.8/dist-packages/neutron_lib/callbacks/manager.py:192}}
Oct 12 22:48:55.219431 n-d-790519-14 neutron-server[101889]: DEBUG neutron_lib.callbacks.manager [None req-7b5e0dff-52b3-416b-a78d-d96ba980b9c4 admin admin] Notify callbacks [] for security_group, before_delete {{(pid=101889) _notify_loop /usr/local/lib/python3.8/dist-packages/neutron_lib/callbacks/manager.py:192}}
Oct 12 22:48:55.279419 n-d-790519-14 neutron-server[101890]: DEBUG neutron.pecan_wsgi.hooks.policy_enforcement [req-a0b455e1-d1ef-43ae-8ef6-5ea0c1eaaa73 req-14bc35a0-264d-4ac1-ad35-2521e9719f6c tempest-AggregatesAdminTestJSON-1882930236 tempest-AggregatesAdminTestJSON-1882930236-project] Attributes excluded by policy engine: ['standard_attr_id', 'binding:profile', 'binding:host_id', 'binding:vif_type', 'binding:vif_details'] {{(pid=101890) _exclude_attributes_by_policy /opt/stack/neutron/neutron/pecan_wsgi/hooks/policy_enforcement.py:255}}
Oct 12 22:48:55.287509 n-d-790519-14 neutron-server[101890]: INFO neutron.wsgi [req-a0b455e1-d1ef-43ae-8ef6-5ea0c1eaaa73 req-14bc35a0-264d-4ac1-ad35-2521e9719f6c tempest-AggregatesAdminTestJSON-1882930236 tempest-AggregatesAdminTestJSON-1882930236-project] 10.222.0.31 "GET /v2.0/ports?device_id=4c92a57b-f5d5-4b0a-8def-a3b4fa6a7b89 HTTP/1.1" status: 200 len: 969 time: 0.1999364
Oct 12 22:48:55.312003 n-d-790519-14 neutron-server[101889]: DEBUG neutron.wsgi [-] (101889) accepted ('10.222.0.31', 34586) {{(pid=101889) server /usr/local/lib/python3.8/dist-packages/eventlet/wsgi.py:982}}
Oct 12 22:48:55.325392 n-d-790519-14 neutron-server[101890]: DEBUG neutron_lib.callbacks.manager [None req-e8d4c390-5442-485d-b1e4-7aa2403ab4bf admin admin] Notify callbacks [] for security_group, precommit_delete {{(pid=101890) _notify_loop /usr/local/lib/python3.8/dist-packages/neutron_lib/callbacks/manager.py:192}}
Oct 12 22:48:55.363941 n-d-790519-14 neutron-server[101889]: DEBUG neutron_lib.callbacks.manager [None req-7b5e0dff-52b3-416b-a78d-d96ba980b9c4 admin admin] Notify callbacks [] for security_group, precommit_delete {{(pid=101889) _notify_loop /usr/local/lib/python3.8/dist-packages/neutron_lib/callbacks/manager.py:192}}
Oct 12 22:48:55.367452 n-d-790519-14 neutron-server[101889]: DEBUG neutron.pecan_wsgi.hooks.policy_enforcement [req-5da64aae-53a0-4cf2-8140-9aeffa210614 req-af786e16-c55b-4b46-9c16-2515c36eda09 service neutron] Attributes excluded by policy engine: ['standard_attr_id'] {{(pid=101889) _exclude_attributes_by_policy /opt/stack/neutron/neutron/pecan_wsgi/hooks/policy_enforcement.py:255}}
Oct 12 22:48:55.379765 n-d-790519-14 neutron-server[101889]: INFO neutron.wsgi [req-5da64aae-53a0-4cf2-8140-9aeffa210614 req-af786e16-c55b-4b46-9c16-2515c36eda09 service neutron] 10.222.0.41 "GET /v2.0/ports?tenant_id=468492196d814479a6f92a3517388012&device_id=4c92a57b-f5d5-4b0a-8def-a3b4fa6a7b89 HTTP/1.1" status: 200 len: 1121 time: 0.2052352
Oct 12 22:48:55.457034 n-d-790519-14 neutron-server[101890]: INFO neutron.wsgi [req-a0b455e1-d1ef-43ae-8ef6-5ea0c1eaaa73 req-5d95f3d2-4e65-4bbe-87b5-1ce107ad5d9b tempest-AggregatesAdminTestJSON-1882930236 tempest-AggregatesAdminTestJSON-1882930236-project] 10.222.0.31 "GET /v2.0/security-groups?id=849e448b-5c0c-4ae1-8949-4323bf6ba2f7&fields=id&fields=name HTTP/1.1" status: 200 len: 286 time: 0.1679883
Oct 12 22:48:55.559190 n-d-790519-14 neutron-server[101890]: DEBUG neutron_lib.callbacks.manager [None req-e8d4c390-5442-485d-b1e4-7aa2403ab4bf admin admin] Notify callbacks ['neutron.plugins.ml2.ovo_rpc._ObjectChangeHandler.handle_event-732862'] for security_group, after_delete {{(pid=101890) _notify_loop /usr/local/lib/python3.8/dist-packages/neutron_lib/callbacks/manager.py:192}}
Oct 12 22:48:55.563265 n-d-790519-14 neutron-server[101890]: DEBUG neutron_lib.callbacks.manager [None req-e8d4c390-5442-485d-b1e4-7aa2403ab4bf admin admin] Notify callbacks [] for security_group, before_response {{(pid=101890) _notify_loop /usr/local/lib/python3.8/dist-packages/neutron_lib/callbacks/manager.py:192}}
Oct 12 22:48:55.566686 n-d-790519-14 neutron-server[101890]: INFO neutron.wsgi [None req-e8d4c390-5442-485d-b1e4-7aa2403ab4bf admin admin] 10.222.0.31 "DELETE /v2.0/security-groups/e72cf668-6ae1-49ca-a210-c39a2e0d9bc2 HTTP/1.1" status: 204 len: 168 time: 0.5469151
Oct 12 22:48:55.578510 n-d-790519-14 neutron-server[101890]: DEBUG neutron.api.rpc.handlers.resources_rpc [None req-e8d4c390-5442-485d-b1e4-7aa2403ab4bf admin admin] Pushing event deleted for resources: {'SecurityGroup': ['ID=e72cf668-6ae1-49ca-a210-c39a2e0d9bc2,revision_number=None']} {{(pid=101890) push /opt/stack/neutron/neutron/api/rpc/handlers/resources_rpc.py:237}}
Oct 12 22:48:55.629782 n-d-790519-14 neutron-server[101889]: DEBUG neutron.db.db_base_plugin_v2 [None req-60e43e42-987d-4e91-b0b2-f162bd918398 admin admin] Deleting subnet faba5200-481d-4f26-91a6-92f76e86d574 {{(pid=101889) delete_subnet /opt/stack/neutron/neutron/db/db_base_plugin_v2.py:1058}}
Oct 12 22:48:55.676777 n-d-790519-14 neutron-server[101889]: DEBUG neutron_lib.callbacks.manager [None req-60e43e42-987d-4e91-b0b2-f162bd918398 admin admin] Notify callbacks [] for subnet, before_delete {{(pid=101889) _notify_loop /usr/local/lib/python3.8/dist-packages/neutron_lib/callbacks/manager.py:192}}
Oct 12 22:48:55.752375 n-d-790519-14 neutron-server[101889]: DEBUG neutron_lib.callbacks.manager [None req-60e43e42-987d-4e91-b0b2-f162bd918398 admin admin] Notify callbacks [] for subnet, precommit_delete_associations {{(pid=101889) _notify_loop /usr/local/lib/python3.8/dist-packages/neutron_lib/callbacks/manager.py:192}}
Oct 12 22:48:55.757304 n-d-790519-14 neutron-server[101890]: DEBUG neutron.pecan_wsgi.hooks.policy_enforcement [req-d137f290-6797-48f1-979d-790612f91f95 req-b9393169-c53b-462e-b001-a057cffabca6 tempest-DeleteServersAdminTestJSON-788672095 tempest-DeleteServersAdminTestJSON-788672095-project] Attributes excluded by policy engine: ['standard_attr_id', 'binding:profile', 'binding:host_id', 'binding:vif_type', 'binding:vif_details'] {{(pid=101890) _exclude_attributes_by_policy /opt/stack/neutron/neutron/pecan_wsgi/hooks/policy_enforcement.py:255}}
Oct 12 22:48:55.761227 n-d-790519-14 neutron-server[101890]: INFO neutron.wsgi [req-d137f290-6797-48f1-979d-790612f91f95 req-b9393169-c53b-462e-b001-a057cffabca6 tempest-DeleteServersAdminTestJSON-788672095 tempest-DeleteServersAdminTestJSON-788672095-project] 10.222.0.31 "GET /v2.0/ports?device_id=d2370ba4-e52a-45c4-ad20-83c5d31cef58 HTTP/1.1" status: 200 len: 948 time: 0.0803783
Oct 12 22:48:55.788558 n-d-790519-14 neutron-server[101889]: DEBUG neutron.pecan_wsgi.hooks.policy_enforcement [req-5da64aae-53a0-4cf2-8140-9aeffa210614 req-326e1417-eaa8-425d-8c9e-f1823eef6c5f service neutron] Attributes excluded by policy engine: ['standard_attr_id', 'vlan_transparent'] {{(pid=101889) _exclude_attributes_by_policy /opt/stack/neutron/neutron/pecan_wsgi/hooks/policy_enforcement.py:255}}
Oct 12 22:48:55.790502 n-d-790519-14 neutron-server[101889]: INFO neutron.wsgi [req-5da64aae-53a0-4cf2-8140-9aeffa210614 req-326e1417-eaa8-425d-8c9e-f1823eef6c5f service neutron] 10.222.0.41 "GET /v2.0/networks?id=0f3890ee-a187-4aef-8f1a-67384a5ce4b6 HTTP/1.1" status: 200 len: 870 time: 0.3716929
Oct 12 22:48:55.791974 n-d-790519-14 neutron-server[101889]: DEBUG neutron_lib.callbacks.manager [None req-60e43e42-987d-4e91-b0b2-f162bd918398 admin admin] Notify callbacks ['neutron.plugins.ml2.plugin.Ml2Plugin._subnet_delete_precommit_handler-3999865'] for subnet, precommit_delete {{(pid=101889) _notify_loop /usr/local/lib/python3.8/dist-packages/neutron_lib/callbacks/manager.py:192}}
Oct 12 22:48:55.796064 n-d-790519-14 neutron-server[101889]: DEBUG neutron.pecan_wsgi.hooks.policy_enforcement [req-84d57362-e7d1-4498-b64e-714238473389 req-b03c9b63-f575-4d4f-b2a6-aa414bfccf7b service neutron] Attributes excluded by policy engine: ['standard_attr_id', 'shared'] {{(pid=101889) _exclude_attributes_by_policy /opt/stack/neutron/neutron/pecan_wsgi/hooks/policy_enforcement.py:255}}
Oct 12 22:48:55.797713 n-d-790519-14 neutron-server[101889]: INFO neutron.wsgi [req-84d57362-e7d1-4498-b64e-714238473389 req-b03c9b63-f575-4d4f-b2a6-aa414bfccf7b service neutron] 10.222.0.25 "GET /v2.0/subnets?id=4a6cb8b4-fc0c-4286-b060-9a048738e534 HTTP/1.1" status: 200 len: 843 time: 0.2070878
Oct 12 22:48:55.844107 n-d-790519-14 neutron-server[101889]: DEBUG neutron_lib.callbacks.manager [None req-7b5e0dff-52b3-416b-a78d-d96ba980b9c4 admin admin] Notify callbacks ['neutron.plugins.ml2.ovo_rpc._ObjectChangeHandler.handle_event-732862'] for security_group, after_delete {{(pid=101889) _notify_loop /usr/local/lib/python3.8/dist-packages/neutron_lib/callbacks/manager.py:192}}
Oct 12 22:48:55.850211 n-d-790519-14 neutron-server[101889]: DEBUG neutron_lib.callbacks.manager [None req-7b5e0dff-52b3-416b-a78d-d96ba980b9c4 admin admin] Notify callbacks [] for security_group, before_response {{(pid=101889) _notify_loop /usr/local/lib/python3.8/dist-packages/neutron_lib/callbacks/manager.py:192}}
Oct 12 22:48:55.857193 n-d-790519-14 neutron-server[101889]: INFO neutron.wsgi [None req-7b5e0dff-52b3-416b-a78d-d96ba980b9c4 admin admin] 10.222.0.31 "DELETE /v2.0/security-groups/125fc560-fbe6-4255-878c-7a54b2cb454f HTTP/1.1" status: 204 len: 168 time: 0.8800838
Oct 12 22:48:55.870113 n-d-790519-14 neutron-server[101890]: INFO neutron.wsgi [req-d137f290-6797-48f1-979d-790612f91f95 req-82834b0e-dcf8-4baa-a9b1-68eaf9bd78c5 tempest-DeleteServersAdminTestJSON-788672095 tempest-DeleteServersAdminTestJSON-788672095-project] 10.222.0.31 "GET /v2.0/security-groups?id=e32c99ef-a6ca-4324-8d04-9188b1ddceb0&fields=id&fields=name HTTP/1.1" status: 200 len: 286 time: 0.1019802
Oct 12 22:48:55.906369 n-d-790519-14 neutron-server[101889]: DEBUG neutron.api.rpc.handlers.resources_rpc [None req-7b5e0dff-52b3-416b-a78d-d96ba980b9c4 admin admin] Pushing event deleted for resources: {'SecurityGroup': ['ID=125fc560-fbe6-4255-878c-7a54b2cb454f,revision_number=None']} {{(pid=101889) push /opt/stack/neutron/neutron/api/rpc/handlers/resources_rpc.py:237}}
Oct 12 22:48:56.047113 n-d-790519-14 neutron-server[101889]: DEBUG neutron_lib.callbacks.manager [None req-60e43e42-987d-4e91-b0b2-f162bd918398 admin admin] Notify callbacks ['neutron.plugins.ml2.plugin.Ml2Plugin._subnet_delete_after_delete_handler-3999862', 'neutron.plugins.ml2.ovo_rpc._ObjectChangeHandler.handle_event-732758', 'neutron.api.rpc.agentnotifiers.dhcp_rpc_agent_api.DhcpAgentNotifyAPI._native_event_send_dhcp_notification-562716'] for subnet, after_delete {{(pid=101889) _notify_loop /usr/local/lib/python3.8/dist-packages/neutron_lib/callbacks/manager.py:192}}
Oct 12 22:48:56.080728 n-d-790519-14 neutron-server[101889]: DEBUG neutron.api.rpc.handlers.resources_rpc [None req-60e43e42-987d-4e91-b0b2-f162bd918398 admin admin] Pushing event deleted for resources: {'Subnet': ['ID=faba5200-481d-4f26-91a6-92f76e86d574,revision_number=None']} {{(pid=101889) push /opt/stack/neutron/neutron/api/rpc/handlers/resources_rpc.py:237}}
Oct 12 22:48:56.083594 n-d-790519-14 neutron-server[101889]: DEBUG neutron_lib.callbacks.manager [None req-60e43e42-987d-4e91-b0b2-f162bd918398 admin admin] Notify callbacks [] for subnet, before_response {{(pid=101889) _notify_loop /usr/local/lib/python3.8/dist-packages/neutron_lib/callbacks/manager.py:192}}
Oct 12 22:48:56.086212 n-d-790519-14 neutron-server[101889]: INFO neutron.wsgi [None req-60e43e42-987d-4e91-b0b2-f162bd918398 admin admin] 10.222.0.31 "DELETE /v2.0/subnets/faba5200-481d-4f26-91a6-92f76e86d574 HTTP/1.1" status: 204 len: 168 time: 0.7552752
Oct 12 22:48:56.088938 n-d-790519-14 neutron-server[101890]: DEBUG neutron.wsgi [-] (101890) accepted ('10.222.0.31', 34594) {{(pid=101890) server /usr/local/lib/python3.8/dist-packages/eventlet/wsgi.py:982}}
Oct 12 22:48:56.160472 n-d-790519-14 neutron-server[101889]: INFO neutron.wsgi [req-5da64aae-53a0-4cf2-8140-9aeffa210614 req-6df1a75d-72b3-4466-becd-192845310d21 service neutron] 10.222.0.41 "GET /v2.0/floatingips?fixed_ip_address=192.168.233.49&port_id=d4320be0-38b0-4a40-9281-b8f870594301 HTTP/1.1" status: 200 len: 217 time: 0.0527084
Oct 12 22:48:56.188666 n-d-790519-14 neutron-server[101890]: DEBUG neutron_lib.callbacks.manager [None req-2edffaaa-b719-44d6-baf0-7907bb738bed admin admin] Notify callbacks ['neutron.plugins.ml2.plugin.External_net_db_mixin._before_network_delete_handler-3868178'] for network, before_delete {{(pid=101890) _notify_loop /usr/local/lib/python3.8/dist-packages/neutron_lib/callbacks/manager.py:192}}
Oct 12 22:48:56.250762 n-d-790519-14 neutron-server[101889]: DEBUG neutron.pecan_wsgi.hooks.policy_enforcement [req-5da64aae-53a0-4cf2-8140-9aeffa210614 req-a6a2394b-14f4-4c2a-ab08-651ba80dbba0 service neutron] Attributes excluded by policy engine: ['standard_attr_id', 'shared'] {{(pid=101889) _exclude_attributes_by_policy /opt/stack/neutron/neutron/pecan_wsgi/hooks/policy_enforcement.py:255}}
Oct 12 22:48:56.252280 n-d-790519-14 neutron-server[101889]: INFO neutron.wsgi [req-5da64aae-53a0-4cf2-8140-9aeffa210614 req-a6a2394b-14f4-4c2a-ab08-651ba80dbba0 service neutron] 10.222.0.41 "GET /v2.0/subnets?id=4a6cb8b4-fc0c-4286-b060-9a048738e534 HTTP/1.1" status: 200 len: 843 time: 0.0855522
Oct 12 22:48:56.360067 n-d-790519-14 neutron-server[101890]: DEBUG neutron_lib.callbacks.manager [None req-2edffaaa-b719-44d6-baf0-7907bb738bed admin admin] Notify callbacks ['neutron.plugins.ml2.plugin.Ml2Plugin._network_delete_precommit_handler-3999618', 'neutron.services.segments.db._delete_segments_for_network-8751790446340'] for network, precommit_delete {{(pid=101890) _notify_loop /usr/local/lib/python3.8/dist-packages/neutron_lib/callbacks/manager.py:192}}
Oct 12 22:48:56.409767 n-d-790519-14 neutron-server[101890]: DEBUG neutron_lib.callbacks.manager [None req-2edffaaa-b719-44d6-baf0-7907bb738bed admin admin] Subscribe: > segment before_delete 55550000 {{(pid=101890) subscribe /usr/local/lib/python3.8/dist-packages/neutron_lib/callbacks/manager.py:45}}
Oct 12 22:48:56.410390 n-d-790519-14 neutron-server[101890]: DEBUG neutron_lib.callbacks.manager [None req-2edffaaa-b719-44d6-baf0-7907bb738bed admin admin] Subscribe: > subnet precommit_delete_associations 55550000 {{(pid=101890) subscribe /usr/local/lib/python3.8/dist-packages/neutron_lib/callbacks/manager.py:45}}
Oct 12 22:48:56.411410 n-d-790519-14 neutron-server[101890]: DEBUG neutron_lib.callbacks.manager [None req-2edffaaa-b719-44d6-baf0-7907bb738bed admin admin] Subscribe: > segment_host_mapping after_create 55550000 {{(pid=101890) subscribe /usr/local/lib/python3.8/dist-packages/neutron_lib/callbacks/manager.py:45}}
Oct 12 22:48:56.411911 n-d-790519-14 neutron-server[101890]: DEBUG neutron_lib.callbacks.manager [None req-2edffaaa-b719-44d6-baf0-7907bb738bed admin admin] Subscribe: > port after_create 55550000 {{(pid=101890) subscribe /usr/local/lib/python3.8/dist-packages/neutron_lib/callbacks/manager.py:45}}
Oct 12 22:48:56.412335 n-d-790519-14 neutron-server[101890]: DEBUG neutron_lib.callbacks.manager [None req-2edffaaa-b719-44d6-baf0-7907bb738bed admin admin] Subscribe: > port after_delete 55550000 {{(pid=101890) subscribe /usr/local/lib/python3.8/dist-packages/neutron_lib/callbacks/manager.py:45}}
Oct 12 22:48:56.413731 n-d-790519-14 neutron-server[101890]: DEBUG neutron_lib.callbacks.manager [None req-2edffaaa-b719-44d6-baf0-7907bb738bed admin admin] Subscribe: > port after_update 55550000 {{(pid=101890) subscribe /usr/local/lib/python3.8/dist-packages/neutron_lib/callbacks/manager.py:45}}
Oct 12 22:48:56.413842 n-d-790519-14 neutron-server[101890]: DEBUG neutron_lib.callbacks.manager [None req-2edffaaa-b719-44d6-baf0-7907bb738bed admin admin] Subscribe: > segment after_delete 55550000 {{(pid=101890) subscribe /usr/local/lib/python3.8/dist-packages/neutron_lib/callbacks/manager.py:45}}
Oct 12 22:48:56.414136 n-d-790519-14 neutron-server[101890]: DEBUG neutron_lib.callbacks.manager [None req-2edffaaa-b719-44d6-baf0-7907bb738bed admin admin] Subscribe: > subnet after_create 55550000 {{(pid=101890) subscribe /usr/local/lib/python3.8/dist-packages/neutron_lib/callbacks/manager.py:45}}
Oct 12 22:48:56.414552 n-d-790519-14 neutron-server[101890]: DEBUG neutron_lib.callbacks.manager [None req-2edffaaa-b719-44d6-baf0-7907bb738bed admin admin] Subscribe: > subnet after_delete 55550000 {{(pid=101890) subscribe /usr/local/lib/python3.8/dist-packages/neutron_lib/callbacks/manager.py:45}}
Oct 12 22:48:56.415000 n-d-790519-14 neutron-server[101890]: DEBUG neutron_lib.callbacks.manager [None req-2edffaaa-b719-44d6-baf0-7907bb738bed admin admin] Subscribe: > subnet after_update 55550000 {{(pid=101890) subscribe /usr/local/lib/python3.8/dist-packages/neutron_lib/callbacks/manager.py:45}}
Oct 12 22:48:56.451819 n-d-790519-14 neutron-server[101889]: DEBUG neutron.pecan_wsgi.hooks.policy_enforcement [req-5da64aae-53a0-4cf2-8140-9aeffa210614 req-b3e99c0c-c3a9-4490-91eb-a1a7c7d29a2d service neutron] Attributes excluded by policy engine: ['standard_attr_id'] {{(pid=101889) _exclude_attributes_by_policy /opt/stack/neutron/neutron/pecan_wsgi/hooks/policy_enforcement.py:255}}
Oct 12 22:48:56.453485 n-d-790519-14 neutron-server[101889]: INFO neutron.wsgi [req-5da64aae-53a0-4cf2-8140-9aeffa210614 req-b3e99c0c-c3a9-4490-91eb-a1a7c7d29a2d service neutron] 10.222.0.41 "GET /v2.0/ports?network_id=0f3890ee-a187-4aef-8f1a-67384a5ce4b6&device_owner=network%3Adhcp HTTP/1.1" status: 200 len: 1167 time: 0.1046591
Oct 12 22:48:56.678231 n-d-790519-14 neutron-server[101889]: INFO neutron.wsgi [req-5da64aae-53a0-4cf2-8140-9aeffa210614 req-cbdba182-a56e-4bae-92b7-cbf23fdeb8d8 service neutron] 10.222.0.41 "GET /v2.0/networks/0f3890ee-a187-4aef-8f1a-67384a5ce4b6?fields=segments HTTP/1.1" status: 200 len: 212 time: 0.1795518
Oct 12 22:48:56.728362 n-d-790519-14 neutron-server[101889]: DEBUG neutron.wsgi [-] (101889) accepted ('10.222.0.31', 34608) {{(pid=101889) server /usr/local/lib/python3.8/dist-packages/eventlet/wsgi.py:982}}
Oct 12 22:48:56.743160 n-d-790519-14 neutron-server[101889]: DEBUG neutron_lib.callbacks.manager [None req-6afa18ea-1434-4522-9863-4cc9030cb115 admin admin] Notify callbacks [] for security_group, before_create {{(pid=101889) _notify_loop /usr/local/lib/python3.8/dist-packages/neutron_lib/callbacks/manager.py:192}}
Oct 12 22:48:56.805933 n-d-790519-14 neutron-server[101890]: DEBUG neutron_lib.callbacks.manager [None req-2edffaaa-b719-44d6-baf0-7907bb738bed admin admin] Subscribe: > subnet after_create 55550000 {{(pid=101890) subscribe /usr/local/lib/python3.8/dist-packages/neutron_lib/callbacks/manager.py:45}}
Oct 12 22:48:56.810625 n-d-790519-14 neutron-server[101890]: DEBUG neutron_lib.callbacks.manager [None req-2edffaaa-b719-44d6-baf0-7907bb738bed admin admin] Subscribe: > subnet after_delete 55550000 {{(pid=101890) subscribe /usr/local/lib/python3.8/dist-packages/neutron_lib/callbacks/manager.py:45}}
Oct 12 22:48:56.810625 n-d-790519-14 neutron-server[101890]: DEBUG neutron_lib.callbacks.manager [None req-2edffaaa-b719-44d6-baf0-7907bb738bed admin admin] Subscribe: > subnet before_create 55550000 {{(pid=101890) subscribe /usr/local/lib/python3.8/dist-packages/neutron_lib/callbacks/manager.py:45}}
Oct 12 22:48:56.810625 n-d-790519-14 neutron-server[101890]: DEBUG neutron_lib.callbacks.manager [None req-2edffaaa-b719-44d6-baf0-7907bb738bed admin admin] Subscribe: > subnet before_update 55550000 {{(pid=101890) subscribe /usr/local/lib/python3.8/dist-packages/neutron_lib/callbacks/manager.py:45}}
Oct 12 22:48:56.810625 n-d-790519-14 neutron-server[101890]: DEBUG neutron.services.segments.db [None req-2edffaaa-b719-44d6-baf0-7907bb738bed admin admin] neutron.services.segments.plugin.Plugin method get_segments called with arguments (,) {'filters': {'network_id': ['5e2c29a1-32aa-4558-b840-a0a47929cd2a']}} {{(pid=101890) wrapper /usr/local/lib/python3.8/dist-packages/oslo_log/helpers.py:65}}
Oct 12 22:48:56.856955 n-d-790519-14 neutron-server[101890]: DEBUG neutron.services.segments.db [None req-2edffaaa-b719-44d6-baf0-7907bb738bed admin admin] neutron.services.segments.plugin.Plugin method delete_segment called with arguments (, 'a0eb1644-1da6-48ae-af03-ae4030d0ef2f') {'for_net_delete': True} {{(pid=101890) wrapper /usr/local/lib/python3.8/dist-packages/oslo_log/helpers.py:65}}
Oct 12 22:48:56.857395 n-d-790519-14 neutron-server[101890]: DEBUG neutron.services.segments.db [None req-2edffaaa-b719-44d6-baf0-7907bb738bed admin admin] neutron.services.segments.plugin.Plugin method get_segment called with arguments (, 'a0eb1644-1da6-48ae-af03-ae4030d0ef2f') {} {{(pid=101890) wrapper /usr/local/lib/python3.8/dist-packages/oslo_log/helpers.py:65}}
Oct 12 22:48:56.872117 n-d-790519-14 neutron-server[101889]: DEBUG neutron_lib.callbacks.manager [None req-6afa18ea-1434-4522-9863-4cc9030cb115 admin admin] Notify callbacks [] for security_group, precommit_create {{(pid=101889) _notify_loop /usr/local/lib/python3.8/dist-packages/neutron_lib/callbacks/manager.py:192}}
Oct 12 22:48:56.889271 n-d-790519-14 neutron-server[101890]: DEBUG neutron_lib.callbacks.manager [None req-2edffaaa-b719-44d6-baf0-7907bb738bed admin admin] Notify callbacks ['neutron.plugins.ml2.db._prevent_segment_delete_with_port_bound-8751790447885', 'neutron.services.segments.plugin.Plugin._prevent_segment_delete_with_subnet_associated-28282934'] for segment, before_delete {{(pid=101890) _notify_loop /usr/local/lib/python3.8/dist-packages/neutron_lib/callbacks/manager.py:192}}
Oct 12 22:48:56.916012 n-d-790519-14 neutron-server[101890]: DEBUG neutron.pecan_wsgi.hooks.policy_enforcement [req-ea1706a7-0826-4998-9500-04d25f2c11c4 req-f7ad4026-a0e6-4090-a935-da2a01bd7aec tempest-AggregatesAdminTestJSON-1882930236 tempest-AggregatesAdminTestJSON-1882930236-project] Attributes excluded by policy engine: ['standard_attr_id', 'binding:profile', 'binding:host_id', 'binding:vif_type', 'binding:vif_details'] {{(pid=101890) _exclude_attributes_by_policy /opt/stack/neutron/neutron/pecan_wsgi/hooks/policy_enforcement.py:255}}
Oct 12 22:48:56.924327 n-d-790519-14 neutron-server[101890]: INFO neutron.wsgi [req-ea1706a7-0826-4998-9500-04d25f2c11c4 req-f7ad4026-a0e6-4090-a935-da2a01bd7aec tempest-AggregatesAdminTestJSON-1882930236 tempest-AggregatesAdminTestJSON-1882930236-project] 10.222.0.31 "GET /v2.0/ports?device_id=4c92a57b-f5d5-4b0a-8def-a3b4fa6a7b89 HTTP/1.1" status: 200 len: 969 time: 0.1109085
Oct 12 22:48:56.935120 n-d-790519-14 neutron-server[101889]: DEBUG neutron_lib.callbacks.manager [None req-6afa18ea-1434-4522-9863-4cc9030cb115 admin admin] Notify callbacks ['neutron.plugins.ml2.ovo_rpc._ObjectChangeHandler.handle_event-732862'] for security_group, after_create {{(pid=101889) _notify_loop /usr/local/lib/python3.8/dist-packages/neutron_lib/callbacks/manager.py:192}}
Oct 12 22:48:56.974443 n-d-790519-14 neutron-server[101890]: DEBUG neutron_lib.callbacks.manager [None req-2edffaaa-b719-44d6-baf0-7907bb738bed admin admin] Notify callbacks ['neutron.plugins.ml2.plugin.Ml2Plugin._handle_segment_change-4000835'] for segment, precommit_delete {{(pid=101890) _notify_loop /usr/local/lib/python3.8/dist-packages/neutron_lib/callbacks/manager.py:192}}
Oct 12 22:48:57.003560 n-d-790519-14 neutron-server[101890]: INFO neutron.wsgi [req-ea1706a7-0826-4998-9500-04d25f2c11c4 req-07fec6a7-54a6-48a0-b7e7-d1d6c0bcc2d8 tempest-AggregatesAdminTestJSON-1882930236 tempest-AggregatesAdminTestJSON-1882930236-project] 10.222.0.31 "GET /v2.0/security-groups?id=849e448b-5c0c-4ae1-8949-4323bf6ba2f7&fields=id&fields=name HTTP/1.1" status: 200 len: 286 time: 0.0780740
Oct 12 22:48:57.004960 n-d-790519-14 neutron-server[101890]: DEBUG neutron.plugins.ml2.drivers.type_vlan [None req-2edffaaa-b719-44d6-baf0-7907bb738bed admin admin] Releasing vlan 326 on physical network physnet1 to pool {{(pid=101890) release_segment /opt/stack/neutron/neutron/plugins/ml2/drivers/type_vlan.py:304}}
Oct 12 22:48:57.005366 n-d-790519-14 neutron-server[101890]: DEBUG neutron_lib.callbacks.manager [None req-2edffaaa-b719-44d6-baf0-7907bb738bed admin admin] Notify callbacks ['neutron.plugins.ml2.plugin.Ml2Plugin._handle_segment_change-4000835', 'neutron.services.segments.plugin.NovaSegmentNotifier._notify_segment_deleted-28283709'] for segment, after_delete {{(pid=101890) _notify_loop /usr/local/lib/python3.8/dist-packages/neutron_lib/callbacks/manager.py:192}}
Oct 12 22:48:57.051809 n-d-790519-14 neutron-server[101890]: /usr/lib/python3/dist-packages/secretstorage/dhcrypto.py:15: CryptographyDeprecationWarning: int_from_bytes is deprecated, use int.from_bytes instead
Oct 12 22:48:57.051809 n-d-790519-14 neutron-server[101890]: from cryptography.utils import int_from_bytes
Oct 12 22:48:57.051809 n-d-790519-14 neutron-server[101890]: /usr/lib/python3/dist-packages/secretstorage/util.py:19: CryptographyDeprecationWarning: int_from_bytes is deprecated, use int.from_bytes instead
Oct 12 22:48:57.051809 n-d-790519-14 neutron-server[101890]: from cryptography.utils import int_from_bytes
Oct 12 22:48:57.051809 n-d-790519-14 neutron-server[101890]: Traceback (most recent call last):
Oct 12 22:48:57.051809 n-d-790519-14 neutron-server[101890]: File "/usr/local/lib/python3.8/dist-packages/eventlet/hubs/hub.py", line 476, in fire_timers
Oct 12 22:48:57.051809 n-d-790519-14 neutron-server[101890]: timer()
Oct 12 22:48:57.051809 n-d-790519-14 neutron-server[101890]: File "/usr/local/lib/python3.8/dist-packages/eventlet/hubs/timer.py", line 59, in __call__
Oct 12 22:48:57.051809 n-d-790519-14 neutron-server[101890]: cb(*args, **kw)
Oct 12 22:48:57.051809 n-d-790519-14 neutron-server[101890]: File "/opt/stack/neutron/neutron/common/utils.py", line 914, in wrapper
Oct 12 22:48:57.051809 n-d-790519-14 neutron-server[101890]: return func(*args, **kwargs)
Oct 12 22:48:57.051809 n-d-790519-14 neutron-server[101890]: File "/opt/stack/neutron/neutron/notifiers/batch_notifier.py", line 58, in synced_send
Oct 12 22:48:57.051809 n-d-790519-14 neutron-server[101890]: self._notify()
Oct 12 22:48:57.051809 n-d-790519-14 neutron-server[101890]: File "/opt/stack/neutron/neutron/notifiers/batch_notifier.py", line 69, in _notify
Oct 12 22:48:57.051809 n-d-790519-14 neutron-server[101890]: self.callback(batched_events)
Oct 12 22:48:57.051809 n-d-790519-14 neutron-server[101890]: File "/opt/stack/neutron/neutron/services/segments/plugin.py", line 211, in _send_notifications
Oct 12 22:48:57.051809 n-d-790519-14 neutron-server[101890]: event.method(event)
Oct 12 22:48:57.051809 n-d-790519-14 neutron-server[101890]: File "/opt/stack/neutron/neutron/services/segments/plugin.py", line 383, in _delete_nova_inventory
Oct 12 22:48:57.051809 n-d-790519-14 neutron-server[101890]: aggregate_id = self._get_aggregate_id(event.segment_id)
Oct 12 22:48:57.051809 n-d-790519-14 neutron-server[101890]: File "/opt/stack/neutron/neutron/services/segments/plugin.py", line 370, in _get_aggregate_id
Oct 12 22:48:57.051809 n-d-790519-14 neutron-server[101890]: aggregate_uuid = self.p_client.list_aggregates(
Oct 12 22:48:57.051809 n-d-790519-14 neutron-server[101890]: File "/usr/local/lib/python3.8/dist-packages/neutron_lib/placement/client.py", line 58, in wrapper
Oct 12 22:48:57.051809 n-d-790519-14 neutron-server[101890]: return f(self, *a, **k)
Oct 12 22:48:57.051809 n-d-790519-14 neutron-server[101890]: File "/usr/local/lib/python3.8/dist-packages/neutron_lib/placement/client.py", line 554, in list_aggregates
Oct 12 22:48:57.051809 n-d-790519-14 neutron-server[101890]: return self._get(url).json()
Oct 12 22:48:57.051809 n-d-790519-14 neutron-server[101890]: File "/usr/local/lib/python3.8/dist-packages/neutron_lib/placement/client.py", line 190, in _get
Oct 12 22:48:57.051809 n-d-790519-14 neutron-server[101890]: return self._client.get(url, endpoint_filter=self._ks_filter,
Oct 12 22:48:57.051809 n-d-790519-14 neutron-server[101890]: File "/usr/local/lib/python3.8/dist-packages/keystoneauth1/session.py", line 1141, in get
Oct 12 22:48:57.051809 n-d-790519-14 neutron-server[101890]: return self.request(url, 'GET', **kwargs)
Oct 12 22:48:57.051809 n-d-790519-14 neutron-server[101890]: File "/usr/local/lib/python3.8/dist-packages/keystoneauth1/session.py", line 811, in request
Oct 12 22:48:57.051809 n-d-790519-14 neutron-server[101890]: base_url = self.get_endpoint(auth, allow=allow,
Oct 12 22:48:57.051809 n-d-790519-14 neutron-server[101890]: File "/usr/local/lib/python3.8/dist-packages/keystoneauth1/session.py", line 1241, in get_endpoint
Oct 12 22:48:57.051809 n-d-790519-14 neutron-server[101890]: auth = self._auth_required(auth, 'determine endpoint URL')
Oct 12 22:48:57.051809 n-d-790519-14 neutron-server[101890]: File "/usr/local/lib/python3.8/dist-packages/keystoneauth1/session.py", line 1181, in _auth_required
Oct 12 22:48:57.051809 n-d-790519-14 neutron-server[101890]: raise exceptions.MissingAuthPlugin(msg_fmt % msg)
Oct 12 22:48:57.051809 n-d-790519-14 neutron-server[101890]: keystoneauth1.exceptions.auth_plugins.MissingAuthPlugin: An auth plugin is required to determine endpoint URL
Oct 12 22:48:57.135772 n-d-790519-14 neutron-server[101889]: INFO neutron.wsgi [None req-6afa18ea-1434-4522-9863-4cc9030cb115 admin admin] 10.222.0.31 "GET /v2.0/security-groups?tenant_id=3ee229563b624b79916a5cf0520347b5&name=default HTTP/1.1" status: 200 len: 2979 time: 0.4062121
Oct 12 22:48:57.140219 n-d-790519-14 neutron-server[101889]: DEBUG neutron.wsgi [-] (101889) accepted ('10.222.0.31', 34614) {{(pid=101889) server /usr/local/lib/python3.8/dist-packages/eventlet/wsgi.py:982}}
Oct 12 22:48:57.141121 n-d-790519-14 neutron-server[101889]: DEBUG neutron.api.rpc.handlers.resources_rpc [None req-6afa18ea-1434-4522-9863-4cc9030cb115 admin admin] Pushing event updated for resources: {'SecurityGroup': ['ID=ac9426e6-d11f-429c-aba6-246265bc916d,revision_number=1']} {{(pid=101889) push /opt/stack/neutron/neutron/api/rpc/handlers/resources_rpc.py:237}}
Oct 12 22:48:57.270966 n-d-790519-14 neutron-server[101889]: INFO neutron.wsgi [req-5da64aae-53a0-4cf2-8140-9aeffa210614 req-14cf4c93-4916-4300-bff8-d6ad215f0126 service neutron] 10.222.0.41 "GET /v2.0/networks/0f3890ee-a187-4aef-8f1a-67384a5ce4b6?fields=provider%3Aphysical_network&fields=provider%3Anetwork_type HTTP/1.1" status: 200 len: 281 time: 0.2627678
Oct 12 22:48:57.287564 n-d-790519-14 neutron-server[101889]: DEBUG neutron_lib.callbacks.manager [None req-9a5fb3cc-0469-4b81-a8c6-0b830e63f8d4 admin admin] Notify callbacks [] for security_group, before_delete {{(pid=101889) _notify_loop /usr/local/lib/python3.8/dist-packages/neutron_lib/callbacks/manager.py:192}}
Oct 12 22:48:57.305407 n-d-790519-14 neutron-server[101890]: DEBUG neutron.pecan_wsgi.hooks.policy_enforcement [req-739d5f66-7b13-42b6-9727-11e1f7fe9fb5 req-7a0ad378-3cfc-4c21-8967-396c7551f231 tempest-DeleteServersAdminTestJSON-788672095 tempest-DeleteServersAdminTestJSON-788672095-project] Attributes excluded by policy engine: ['standard_attr_id', 'binding:profile', 'binding:host_id', 'binding:vif_type', 'binding:vif_details'] {{(pid=101890) _exclude_attributes_by_policy /opt/stack/neutron/neutron/pecan_wsgi/hooks/policy_enforcement.py:255}}
Oct 12 22:48:57.307172 n-d-790519-14 neutron-server[101890]: INFO neutron.wsgi [req-739d5f66-7b13-42b6-9727-11e1f7fe9fb5 req-7a0ad378-3cfc-4c21-8967-396c7551f231 tempest-DeleteServersAdminTestJSON-788672095 tempest-DeleteServersAdminTestJSON-788672095-project] 10.222.0.31 "GET /v2.0/ports?device_id=d2370ba4-e52a-45c4-ad20-83c5d31cef58 HTTP/1.1" status: 200 len: 948 time: 0.1592755
Oct 12 22:48:57.378795 n-d-790519-14 neutron-server[101889]: DEBUG neutron_lib.callbacks.manager [None req-9a5fb3cc-0469-4b81-a8c6-0b830e63f8d4 admin admin] Notify callbacks [] for security_group, precommit_delete {{(pid=101889) _notify_loop /usr/local/lib/python3.8/dist-packages/neutron_lib/callbacks/manager.py:192}}
Oct 12 22:48:57.407963 n-d-790519-14 neutron-server[101890]: INFO neutron.wsgi [req-739d5f66-7b13-42b6-9727-11e1f7fe9fb5 req-cdaa9601-83f3-4475-8103-a99f766a7210 tempest-DeleteServersAdminTestJSON-788672095 tempest-DeleteServersAdminTestJSON-788672095-project] 10.222.0.31 "GET /v2.0/security-groups?id=e32c99ef-a6ca-4324-8d04-9188b1ddceb0&fields=id&fields=name HTTP/1.1" status: 200 len: 286 time: 0.0882807
Oct 12 22:48:57.408639 n-d-790519-14 neutron-server[101890]: DEBUG neutron_lib.callbacks.manager [None req-2edffaaa-b719-44d6-baf0-7907bb738bed admin admin] Notify callbacks ['neutron.plugins.ml2.plugin.Ml2Plugin._network_delete_after_delete_handler-3999739', 'neutron.plugins.ml2.ovo_rpc._ObjectChangeHandler.handle_event-732911', 'neutron.api.rpc.agentnotifiers.dhcp_rpc_agent_api.DhcpAgentNotifyAPI._native_event_send_dhcp_notification-562716', 'neutron.services.l3_router.l3_router_plugin.DVRResourceOperationHandler.delete_fip_namespaces_for_ext_net-529342'] for network, after_delete {{(pid=101890) _notify_loop /usr/local/lib/python3.8/dist-packages/neutron_lib/callbacks/manager.py:192}}
Oct 12 22:48:57.420017 n-d-790519-14 neutron-server[101890]: DEBUG neutron_lib.callbacks.manager [None req-2edffaaa-b719-44d6-baf0-7907bb738bed admin admin] Notify callbacks ['neutron.api.rpc.agentnotifiers.dhcp_rpc_agent_api.DhcpAgentNotifyAPI._send_dhcp_notification-562698'] for network, before_response {{(pid=101890) _notify_loop /usr/local/lib/python3.8/dist-packages/neutron_lib/callbacks/manager.py:192}}
Oct 12 22:48:57.423367 n-d-790519-14 neutron-server[101890]: INFO neutron.wsgi [None req-2edffaaa-b719-44d6-baf0-7907bb738bed admin admin] 10.222.0.31 "DELETE /v2.0/networks/5e2c29a1-32aa-4558-b840-a0a47929cd2a HTTP/1.1" status: 204 len: 168 time: 1.3331590
Oct 12 22:48:57.439404 n-d-790519-14 neutron-server[101889]: DEBUG neutron.wsgi [-] (101889) accepted ('10.222.0.31', 34622) {{(pid=101889) server /usr/local/lib/python3.8/dist-packages/eventlet/wsgi.py:982}}
Oct 12 22:48:57.443990 n-d-790519-14 neutron-server[101890]: DEBUG neutron.api.rpc.handlers.resources_rpc [None req-2edffaaa-b719-44d6-baf0-7907bb738bed admin admin] Pushing event deleted for resources: {'Network': ['ID=5e2c29a1-32aa-4558-b840-a0a47929cd2a,revision_number=None']} {{(pid=101890) push /opt/stack/neutron/neutron/api/rpc/handlers/resources_rpc.py:237}}
Oct 12 22:48:57.501365 n-d-790519-14 neutron-server[101889]: DEBUG neutron.db.db_base_plugin_v2 [None req-b9830cb7-3aac-4657-9461-85bbab52f558 admin admin] Deleting subnet 4ec196ef-867c-449e-a5ca-792bbbe135c9 {{(pid=101889) delete_subnet /opt/stack/neutron/neutron/db/db_base_plugin_v2.py:1058}}
Oct 12 22:48:57.504966 n-d-790519-14 neutron-server[101889]: DEBUG neutron_lib.callbacks.manager [None req-b9830cb7-3aac-4657-9461-85bbab52f558 admin admin] Notify callbacks [] for subnet, before_delete {{(pid=101889) _notify_loop /usr/local/lib/python3.8/dist-packages/neutron_lib/callbacks/manager.py:192}}
Oct 12 22:48:57.574550 n-d-790519-14 neutron-server[101889]: DEBUG neutron_lib.callbacks.manager [None req-b9830cb7-3aac-4657-9461-85bbab52f558 admin admin] Notify callbacks [] for subnet, precommit_delete_associations {{(pid=101889) _notify_loop /usr/local/lib/python3.8/dist-packages/neutron_lib/callbacks/manager.py:192}}
Oct 12 22:48:57.591831 n-d-790519-14 neutron-server[101889]: DEBUG neutron_lib.callbacks.manager [None req-b9830cb7-3aac-4657-9461-85bbab52f558 admin admin] Notify callbacks ['neutron.plugins.ml2.plugin.Ml2Plugin._subnet_delete_precommit_handler-3999865'] for subnet, precommit_delete {{(pid=101889) _notify_loop /usr/local/lib/python3.8/dist-packages/neutron_lib/callbacks/manager.py:192}}
Oct 12 22:48:57.594918 n-d-790519-14 neutron-server[101889]: DEBUG neutron_lib.callbacks.manager [None req-9a5fb3cc-0469-4b81-a8c6-0b830e63f8d4 admin admin] Notify callbacks ['neutron.plugins.ml2.ovo_rpc._ObjectChangeHandler.handle_event-732862'] for security_group, after_delete {{(pid=101889) _notify_loop /usr/local/lib/python3.8/dist-packages/neutron_lib/callbacks/manager.py:192}}
Oct 12 22:48:57.611516 n-d-790519-14 neutron-server[101889]: DEBUG neutron_lib.callbacks.manager [None req-9a5fb3cc-0469-4b81-a8c6-0b830e63f8d4 admin admin] Notify callbacks [] for security_group, before_response {{(pid=101889) _notify_loop /usr/local/lib/python3.8/dist-packages/neutron_lib/callbacks/manager.py:192}}
Oct 12 22:48:57.613663 n-d-790519-14 neutron-server[101889]: INFO neutron.wsgi [None req-9a5fb3cc-0469-4b81-a8c6-0b830e63f8d4 admin admin] 10.222.0.31 "DELETE /v2.0/security-groups/ac9426e6-d11f-429c-aba6-246265bc916d HTTP/1.1" status: 204 len: 168 time: 0.4689436
Oct 12 22:48:57.651057 n-d-790519-14 neutron-server[101889]: DEBUG neutron.api.rpc.handlers.resources_rpc [None req-9a5fb3cc-0469-4b81-a8c6-0b830e63f8d4 admin admin] Pushing event deleted for resources: {'SecurityGroup': ['ID=ac9426e6-d11f-429c-aba6-246265bc916d,revision_number=None']} {{(pid=101889) push /opt/stack/neutron/neutron/api/rpc/handlers/resources_rpc.py:237}}
Oct 12 22:48:57.790233 n-d-790519-14 neutron-server[101889]: DEBUG neutron_lib.callbacks.manager [None req-b9830cb7-3aac-4657-9461-85bbab52f558 admin admin] Notify callbacks ['neutron.plugins.ml2.plugin.Ml2Plugin._subnet_delete_after_delete_handler-3999862', 'neutron.plugins.ml2.ovo_rpc._ObjectChangeHandler.handle_event-732758', 'neutron.api.rpc.agentnotifiers.dhcp_rpc_agent_api.DhcpAgentNotifyAPI._native_event_send_dhcp_notification-562716'] for subnet, after_delete {{(pid=101889) _notify_loop /usr/local/lib/python3.8/dist-packages/neutron_lib/callbacks/manager.py:192}}
Oct 12 22:48:57.808356 n-d-790519-14 neutron-server[101889]: DEBUG neutron_lib.callbacks.manager [None req-b9830cb7-3aac-4657-9461-85bbab52f558 admin admin] Notify callbacks [] for subnet, before_response {{(pid=101889) _notify_loop /usr/local/lib/python3.8/dist-packages/neutron_lib/callbacks/manager.py:192}}
Oct 12 22:48:57.812186 n-d-790519-14 neutron-server[101889]: INFO neutron.wsgi [None req-b9830cb7-3aac-4657-9461-85bbab52f558 admin admin] 10.222.0.31 "DELETE /v2.0/subnets/4ec196ef-867c-449e-a5ca-792bbbe135c9 HTTP/1.1" status: 204 len: 168 time: 0.3713336
Oct 12 22:48:57.816721 n-d-790519-14 neutron-server[101890]: DEBUG neutron.wsgi [-] (101890) accepted ('10.222.0.31', 34630) {{(pid=101890) server /usr/local/lib/python3.8/dist-packages/eventlet/wsgi.py:982}}
Oct 12 22:48:57.836050 n-d-790519-14 neutron-server[101889]: DEBUG neutron.api.rpc.handlers.resources_rpc [None req-b9830cb7-3aac-4657-9461-85bbab52f558 admin admin] Pushing event deleted for resources: {'Subnet': ['ID=4ec196ef-867c-449e-a5ca-792bbbe135c9,revision_number=None']} {{(pid=101889) push /opt/stack/neutron/neutron/api/rpc/handlers/resources_rpc.py:237}}
Oct 12 22:48:57.915261 n-d-790519-14 neutron-server[101890]: DEBUG neutron_lib.callbacks.manager [None req-9b3cb7de-3cea-49c7-a508-1d3c5e667429 admin admin] Notify callbacks ['neutron.plugins.ml2.plugin.External_net_db_mixin._before_network_delete_handler-3868178'] for network, before_delete {{(pid=101890) _notify_loop /usr/local/lib/python3.8/dist-packages/neutron_lib/callbacks/manager.py:192}}
Oct 12 22:48:58.060581 n-d-790519-14 neutron-server[101890]: DEBUG neutron_lib.callbacks.manager [None req-9b3cb7de-3cea-49c7-a508-1d3c5e667429 admin admin] Notify callbacks ['neutron.plugins.ml2.plugin.Ml2Plugin._network_delete_precommit_handler-3999618', 'neutron.services.segments.db._delete_segments_for_network-8751790446340'] for network, precommit_delete {{(pid=101890) _notify_loop /usr/local/lib/python3.8/dist-packages/neutron_lib/callbacks/manager.py:192}}
Oct 12 22:48:58.118751 n-d-790519-14 neutron-server[101890]: DEBUG neutron.services.segments.db [None req-9b3cb7de-3cea-49c7-a508-1d3c5e667429 admin admin] neutron.services.segments.plugin.Plugin method get_segments called with arguments (,) {'filters': {'network_id': ['1ffc3d4c-2c42-496c-8e26-47c4151e4ce9']}} {{(pid=101890) wrapper /usr/local/lib/python3.8/dist-packages/oslo_log/helpers.py:65}}
Oct 12 22:48:58.158204 n-d-790519-14 neutron-server[101890]: DEBUG neutron.services.segments.db [None req-9b3cb7de-3cea-49c7-a508-1d3c5e667429 admin admin] neutron.services.segments.plugin.Plugin method delete_segment called with arguments (, 'a99e2a40-7c43-49d4-8936-2153cd5e61fe') {'for_net_delete': True} {{(pid=101890) wrapper /usr/local/lib/python3.8/dist-packages/oslo_log/helpers.py:65}}
Oct 12 22:48:58.158819 n-d-790519-14 neutron-server[101890]: DEBUG neutron.services.segments.db [None req-9b3cb7de-3cea-49c7-a508-1d3c5e667429 admin admin] neutron.services.segments.plugin.Plugin method get_segment called with arguments (, 'a99e2a40-7c43-49d4-8936-2153cd5e61fe') {} {{(pid=101890) wrapper /usr/local/lib/python3.8/dist-packages/oslo_log/helpers.py:65}}
Oct 12 22:48:58.195721 n-d-790519-14 neutron-server[101890]: DEBUG neutron_lib.callbacks.manager [None req-9b3cb7de-3cea-49c7-a508-1d3c5e667429 admin admin] Notify callbacks ['neutron.plugins.ml2.db._prevent_segment_delete_with_port_bound-8751790447885', 'neutron.services.segments.plugin.Plugin._prevent_segment_delete_with_subnet_associated-28282934'] for segment, before_delete {{(pid=101890) _notify_loop /usr/local/lib/python3.8/dist-packages/neutron_lib/callbacks/manager.py:192}}
Oct 12 22:48:58.229203 n-d-790519-14 neutron-server[101890]: DEBUG neutron_lib.callbacks.manager [None req-9b3cb7de-3cea-49c7-a508-1d3c5e667429 admin admin] Notify callbacks ['neutron.plugins.ml2.plugin.Ml2Plugin._handle_segment_change-4000835'] for segment, precommit_delete {{(pid=101890) _notify_loop /usr/local/lib/python3.8/dist-packages/neutron_lib/callbacks/manager.py:192}}
Oct 12 22:48:58.242538 n-d-790519-14 neutron-server[101890]: DEBUG neutron.pecan_wsgi.hooks.policy_enforcement [req-a615579e-2096-4677-ada8-c838a55e8b29 req-a53df814-eaf3-4a67-8b77-f44d2e3d0694 tempest-AggregatesAdminTestJSON-1882930236 tempest-AggregatesAdminTestJSON-1882930236-project] Attributes excluded by policy engine: ['standard_attr_id', 'binding:profile', 'binding:host_id', 'binding:vif_type', 'binding:vif_details'] {{(pid=101890) _exclude_attributes_by_policy /opt/stack/neutron/neutron/pecan_wsgi/hooks/policy_enforcement.py:255}}
Oct 12 22:48:58.244557 n-d-790519-14 neutron-server[101890]: INFO neutron.wsgi [req-a615579e-2096-4677-ada8-c838a55e8b29 req-a53df814-eaf3-4a67-8b77-f44d2e3d0694 tempest-AggregatesAdminTestJSON-1882930236 tempest-AggregatesAdminTestJSON-1882930236-project] 10.222.0.31 "GET /v2.0/ports?device_id=4c92a57b-f5d5-4b0a-8def-a3b4fa6a7b89 HTTP/1.1" status: 200 len: 969 time: 0.1144884
Oct 12 22:48:58.249008 n-d-790519-14 neutron-server[101890]: DEBUG neutron.plugins.ml2.drivers.type_vlan [None req-9b3cb7de-3cea-49c7-a508-1d3c5e667429 admin admin] Releasing vlan 320 on physical network physnet1 to pool {{(pid=101890) release_segment /opt/stack/neutron/neutron/plugins/ml2/drivers/type_vlan.py:304}}
Oct 12 22:48:58.249464 n-d-790519-14 neutron-server[101890]: DEBUG neutron_lib.callbacks.manager [None req-9b3cb7de-3cea-49c7-a508-1d3c5e667429 admin admin] Notify callbacks ['neutron.plugins.ml2.plugin.Ml2Plugin._handle_segment_change-4000835', 'neutron.services.segments.plugin.NovaSegmentNotifier._notify_segment_deleted-28283709'] for segment, after_delete {{(pid=101890) _notify_loop /usr/local/lib/python3.8/dist-packages/neutron_lib/callbacks/manager.py:192}}
Oct 12 22:48:58.251365 n-d-790519-14 neutron-server[101890]: Traceback (most recent call last):
Oct 12 22:48:58.251365 n-d-790519-14 neutron-server[101890]: File "/usr/local/lib/python3.8/dist-packages/eventlet/hubs/hub.py", line 476, in fire_timers
Oct 12 22:48:58.251365 n-d-790519-14 neutron-server[101890]: timer()
Oct 12 22:48:58.251365 n-d-790519-14 neutron-server[101890]: File "/usr/local/lib/python3.8/dist-packages/eventlet/hubs/timer.py", line 59, in __call__
Oct 12 22:48:58.251365 n-d-790519-14 neutron-server[101890]: cb(*args, **kw)
Oct 12 22:48:58.251365 n-d-790519-14 neutron-server[101890]: File "/opt/stack/neutron/neutron/common/utils.py", line 914, in wrapper
Oct 12 22:48:58.251365 n-d-790519-14 neutron-server[101890]: return func(*args, **kwargs)
Oct 12 22:48:58.251365 n-d-790519-14 neutron-server[101890]: File "/opt/stack/neutron/neutron/notifiers/batch_notifier.py", line 58, in synced_send
Oct 12 22:48:58.251365 n-d-790519-14 neutron-server[101890]: self._notify()
Oct 12 22:48:58.251365 n-d-790519-14 neutron-server[101890]: File "/opt/stack/neutron/neutron/notifiers/batch_notifier.py", line 69, in _notify
Oct 12 22:48:58.251365 n-d-790519-14 neutron-server[101890]: self.callback(batched_events)
Oct 12 22:48:58.251365 n-d-790519-14 neutron-server[101890]: File "/opt/stack/neutron/neutron/services/segments/plugin.py", line 211, in _send_notifications
Oct 12 22:48:58.251365 n-d-790519-14 neutron-server[101890]: event.method(event)
Oct 12 22:48:58.251365 n-d-790519-14 neutron-server[101890]: File "/opt/stack/neutron/neutron/services/segments/plugin.py", line 383, in _delete_nova_inventory
Oct 12 22:48:58.251365 n-d-790519-14 neutron-server[101890]: aggregate_id = self._get_aggregate_id(event.segment_id)
Oct 12 22:48:58.251365 n-d-790519-14 neutron-server[101890]: File "/opt/stack/neutron/neutron/services/segments/plugin.py", line 370, in _get_aggregate_id
Oct 12 22:48:58.251365 n-d-790519-14 neutron-server[101890]: aggregate_uuid = self.p_client.list_aggregates(
Oct 12 22:48:58.251365 n-d-790519-14 neutron-server[101890]: File "/usr/local/lib/python3.8/dist-packages/neutron_lib/placement/client.py", line 58, in wrapper
Oct 12 22:48:58.251365 n-d-790519-14 neutron-server[101890]: return f(self, *a, **k)
Oct 12 22:48:58.251365 n-d-790519-14 neutron-server[101890]: File "/usr/local/lib/python3.8/dist-packages/neutron_lib/placement/client.py", line 554, in list_aggregates
Oct 12 22:48:58.251365 n-d-790519-14 neutron-server[101890]: return self._get(url).json()
Oct 12 22:48:58.251365 n-d-790519-14 neutron-server[101890]: File "/usr/local/lib/python3.8/dist-packages/neutron_lib/placement/client.py", line 190, in _get
Oct 12 22:48:58.251365 n-d-790519-14 neutron-server[101890]: return self._client.get(url, endpoint_filter=self._ks_filter,
Oct 12 22:48:58.251365 n-d-790519-14 neutron-server[101890]: File "/usr/local/lib/python3.8/dist-packages/keystoneauth1/session.py", line 1141, in get
Oct 12 22:48:58.251365 n-d-790519-14 neutron-server[101890]: return self.request(url, 'GET', **kwargs)
Oct 12 22:48:58.251365 n-d-790519-14 neutron-server[101890]: File "/usr/local/lib/python3.8/dist-packages/keystoneauth1/session.py", line 811, in request
Oct 12 22:48:58.251365 n-d-790519-14 neutron-server[101890]: base_url = self.get_endpoint(auth, allow=allow,
Oct 12 22:48:58.251365 n-d-790519-14 neutron-server[101890]: File "/usr/local/lib/python3.8/dist-packages/keystoneauth1/session.py", line 1241, in get_endpoint
Oct 12 22:48:58.251365 n-d-790519-14 neutron-server[101890]: auth = self._auth_required(auth, 'determine endpoint URL')
Oct 12 22:48:58.251365 n-d-790519-14 neutron-server[101890]: File "/usr/local/lib/python3.8/dist-packages/keystoneauth1/session.py", line 1181, in _auth_required
Oct 12 22:48:58.251365 n-d-790519-14 neutron-server[101890]: raise exceptions.MissingAuthPlugin(msg_fmt % msg)
