Sep 17 07:51:32.465510 n-d-789963-9 devstack@placement-api.service[101771]: INFO placement.requestlog [req-1f42918c-9266-46b1-bca2-8fcb26640595 req-18c9c38c-ecfc-43f8-af59-ca520218c534 service placement] 10.222.0.13 "PUT /placement/allocations/9e7ae86f-6fc6-4376-9d14-670985bc92ca" status: 204 len: 0 microversion: 1.36
Sep 17 07:51:32.472802 n-d-789963-9 devstack@placement-api.service[101771]: [pid: 101771|app: 0|req: 216/432] 10.222.0.13 () {64 vars in 1434 bytes} [Fri Sep 17 07:51:32 2021] PUT /placement/allocations/9e7ae86f-6fc6-4376-9d14-670985bc92ca => generated 0 bytes in 126 msecs (HTTP/1.1 204) 5 headers in 199 bytes (1 switches on core 0)
Sep 17 07:51:32.606404 n-d-789963-9 devstack@placement-api.service[101772]: DEBUG placement.requestlog [req-83c876a5-8a3f-4fdf-8a85-bf89be83ff37 req-8e3c7f7a-aa97-4fe3-8abb-045424eb8b7f None None] Starting request: 10.222.0.41 "GET /placement/allocations/2ee79512-df91-457d-abf7-29ba826092b9" {{(pid=101772) __call__ /opt/stack/placement/placement/requestlog.py:55}}
Sep 17 07:51:32.634892 n-d-789963-9 devstack@placement-api.service[101772]: INFO placement.requestlog [req-83c876a5-8a3f-4fdf-8a85-bf89be83ff37 req-8e3c7f7a-aa97-4fe3-8abb-045424eb8b7f service placement] 10.222.0.41 "GET /placement/allocations/2ee79512-df91-457d-abf7-29ba826092b9" status: 200 len: 259 microversion: 1.28
Sep 17 07:51:32.637569 n-d-789963-9 devstack@placement-api.service[101772]: [pid: 101772|app: 0|req: 217/433] 10.222.0.41 () {60 vars in 1378 bytes} [Fri Sep 17 07:51:32 2021] GET /placement/allocations/2ee79512-df91-457d-abf7-29ba826092b9 => generated 259 bytes in 31 msecs (HTTP/1.1 200) 8 headers in 296 bytes (2 switches on core 0)
Sep 17 07:51:32.644530 n-d-789963-9 devstack@placement-api.service[101771]: DEBUG placement.requestlog [req-83c876a5-8a3f-4fdf-8a85-bf89be83ff37 req-9e5607f8-a662-47c9-9da4-b0843b71b09c None None] Starting request: 10.222.0.41 "PUT /placement/allocations/2ee79512-df91-457d-abf7-29ba826092b9" {{(pid=101771) __call__ /opt/stack/placement/placement/requestlog.py:55}}
Sep 17 07:51:32.772015 n-d-789963-9 devstack@placement-api.service[101771]: DEBUG placement.handlers.allocation [req-83c876a5-8a3f-4fdf-8a85-bf89be83ff37 req-9e5607f8-a662-47c9-9da4-b0843b71b09c service placement] Successfully wrote allocations [, , ] {{(pid=101771) _update_consumers_and_create_allocations /opt/stack/placement/placement/handlers/allocation.py:462}}
Sep 17 07:51:32.782287 n-d-789963-9 devstack@placement-api.service[101771]: INFO placement.requestlog [req-83c876a5-8a3f-4fdf-8a85-bf89be83ff37 req-9e5607f8-a662-47c9-9da4-b0843b71b09c service placement] 10.222.0.41 "PUT /placement/allocations/2ee79512-df91-457d-abf7-29ba826092b9" status: 204 len: 0 microversion: 1.28
Sep 17 07:51:32.783401 n-d-789963-9 devstack@placement-api.service[101771]: [pid: 101771|app: 0|req: 217/434] 10.222.0.41 () {64 vars in 1431 bytes} [Fri Sep 17 07:51:32 2021] PUT /placement/allocations/2ee79512-df91-457d-abf7-29ba826092b9 => generated 0 bytes in 139 msecs (HTTP/1.1 204) 5 headers in 199 bytes (1 switches on core 0)
Sep 17 07:51:33.073704 n-d-789963-9 devstack@placement-api.service[101772]: DEBUG placement.requestlog [req-1f42918c-9266-46b1-bca2-8fcb26640595 req-9d7fe45c-c703-4bc0-b7a5-fc108566f355 None None] Starting request: 10.222.0.39 "GET /placement/allocations/9e7ae86f-6fc6-4376-9d14-670985bc92ca" {{(pid=101772) __call__ /opt/stack/placement/placement/requestlog.py:55}}
Sep 17 07:51:33.105034 n-d-789963-9 devstack@placement-api.service[101772]: INFO placement.requestlog [req-1f42918c-9266-46b1-bca2-8fcb26640595 req-9d7fe45c-c703-4bc0-b7a5-fc108566f355 service placement] 10.222.0.39 "GET /placement/allocations/9e7ae86f-6fc6-4376-9d14-670985bc92ca" status: 200 len: 259 microversion: 1.28
Sep 17 07:51:33.105267 n-d-789963-9 devstack@placement-api.service[101772]: [pid: 101772|app: 0|req: 218/435] 10.222.0.39 () {60 vars in 1378 bytes} [Fri Sep 17 07:51:33 2021] GET /placement/allocations/9e7ae86f-6fc6-4376-9d14-670985bc92ca => generated 259 bytes in 33 msecs (HTTP/1.1 200) 8 headers in 296 bytes (1 switches on core 0)
Sep 17 07:51:36.404935 n-d-789963-9 devstack@placement-api.service[101771]: DEBUG placement.requestlog [req-eb2515be-ffe5-4688-ae40-3ea09d16a0e6 req-afd83964-7eaf-483f-8bd3-759424c8a841 None None] Starting request: 10.222.0.13 "GET /placement/allocation_candidates?limit=1000&resources=DISK_GB%3A1%2CMEMORY_MB%3A1024%2CVCPU%3A1&root_required=%21COMPUTE_STATUS_DISABLED" {{(pid=101771) __call__ /opt/stack/placement/placement/requestlog.py:55}}
Sep 17 07:51:36.475819 n-d-789963-9 devstack@placement-api.service[101771]: DEBUG placement.objects.research_context [req-eb2515be-ffe5-4688-ae40-3ea09d16a0e6 req-afd83964-7eaf-483f-8bd3-759424c8a841 service placement] getting providers with 1 DISK_GB {{(pid=101771) __init__ /opt/stack/placement/placement/objects/research_context.py:126}}
Sep 17 07:51:36.514466 n-d-789963-9 devstack@placement-api.service[101771]: DEBUG placement.objects.research_context [req-eb2515be-ffe5-4688-ae40-3ea09d16a0e6 req-afd83964-7eaf-483f-8bd3-759424c8a841 service placement] getting providers with 1024 MEMORY_MB {{(pid=101771) __init__ /opt/stack/placement/placement/objects/research_context.py:126}}
Sep 17 07:51:36.530353 n-d-789963-9 devstack@placement-api.service[101772]: DEBUG placement.requestlog [req-fb0a2c62-f834-4091-9bfd-eccf1f3b60b3 req-6b6e6314-d747-43fc-91f1-cb438336b071 None None] Starting request: 10.222.0.13 "GET /placement/allocation_candidates?limit=1000&resources=DISK_GB%3A1%2CMEMORY_MB%3A1024%2CVCPU%3A1&root_required=%21COMPUTE_STATUS_DISABLED" {{(pid=101772) __call__ /opt/stack/placement/placement/requestlog.py:55}}
Sep 17 07:51:36.553304 n-d-789963-9 devstack@placement-api.service[101771]: DEBUG placement.objects.research_context [req-eb2515be-ffe5-4688-ae40-3ea09d16a0e6 req-afd83964-7eaf-483f-8bd3-759424c8a841 service placement] getting providers with 1 VCPU {{(pid=101771) __init__ /opt/stack/placement/placement/objects/research_context.py:126}}
Sep 17 07:51:36.592934 n-d-789963-9 devstack@placement-api.service[101771]: DEBUG placement.objects.research_context [req-eb2515be-ffe5-4688-ae40-3ea09d16a0e6 req-afd83964-7eaf-483f-8bd3-759424c8a841 service placement] found 2 providers with available 1 DISK_GB {{(pid=101771) get_provider_ids_matching /opt/stack/placement/placement/objects/research_context.py:549}}
Sep 17 07:51:36.593217 n-d-789963-9 devstack@placement-api.service[101771]: DEBUG placement.objects.research_context [req-eb2515be-ffe5-4688-ae40-3ea09d16a0e6 req-afd83964-7eaf-483f-8bd3-759424c8a841 service placement] found 2 providers with available 1024 MEMORY_MB {{(pid=101771) get_provider_ids_matching /opt/stack/placement/placement/objects/research_context.py:549}}
Sep 17 07:51:36.596350 n-d-789963-9 devstack@placement-api.service[101771]: DEBUG placement.objects.research_context [req-eb2515be-ffe5-4688-ae40-3ea09d16a0e6 req-afd83964-7eaf-483f-8bd3-759424c8a841 service placement] found 2 providers after filtering by previous result {{(pid=101771) get_provider_ids_matching /opt/stack/placement/placement/objects/research_context.py:580}}
Sep 17 07:51:36.596350 n-d-789963-9 devstack@placement-api.service[101771]: DEBUG placement.objects.research_context [req-eb2515be-ffe5-4688-ae40-3ea09d16a0e6 req-afd83964-7eaf-483f-8bd3-759424c8a841 service placement] found 2 providers with available 1 VCPU {{(pid=101771) get_provider_ids_matching /opt/stack/placement/placement/objects/research_context.py:549}}
Sep 17 07:51:36.601223 n-d-789963-9 devstack@placement-api.service[101771]: DEBUG placement.objects.research_context [req-eb2515be-ffe5-4688-ae40-3ea09d16a0e6 req-afd83964-7eaf-483f-8bd3-759424c8a841 service placement] found 2 providers after filtering by previous result {{(pid=101771) get_provider_ids_matching /opt/stack/placement/placement/objects/research_context.py:580}}
Sep 17 07:51:36.636972 n-d-789963-9 devstack@placement-api.service[101772]: DEBUG placement.objects.research_context [req-fb0a2c62-f834-4091-9bfd-eccf1f3b60b3 req-6b6e6314-d747-43fc-91f1-cb438336b071 service placement] getting providers with 1 DISK_GB {{(pid=101772) __init__ /opt/stack/placement/placement/objects/research_context.py:126}}
Sep 17 07:51:36.648888 n-d-789963-9 devstack@placement-api.service[101771]: DEBUG placement.objects.allocation_candidate [req-eb2515be-ffe5-4688-ae40-3ea09d16a0e6 req-afd83964-7eaf-483f-8bd3-759424c8a841 service placement] RequestGroup(use_same_provider=False, resources={DISK_GB:1, MEMORY_MB:1024, VCPU:1}, traits=[], aggregates=[]) (suffix '') returned 2 matches {{(pid=101771) _get_by_requests /opt/stack/placement/placement/objects/allocation_candidate.py:145}}
Sep 17 07:51:36.649411 n-d-789963-9 devstack@placement-api.service[101771]: DEBUG placement.objects.allocation_candidate [req-eb2515be-ffe5-4688-ae40-3ea09d16a0e6 req-afd83964-7eaf-483f-8bd3-759424c8a841 service placement] Merging candidates yields 2 allocation requests and 2 provider summaries {{(pid=101771) _merge_candidates /opt/stack/placement/placement/objects/allocation_candidate.py:783}}
Sep 17 07:51:36.652893 n-d-789963-9 devstack@placement-api.service[101771]: INFO placement.requestlog [req-eb2515be-ffe5-4688-ae40-3ea09d16a0e6 req-afd83964-7eaf-483f-8bd3-759424c8a841 service placement] 10.222.0.13 "GET /placement/allocation_candidates?limit=1000&resources=DISK_GB%3A1%2CMEMORY_MB%3A1024%2CVCPU%3A1&root_required=%21COMPUTE_STATUS_DISABLED" status: 200 len: 1309 microversion: 1.36
Sep 17 07:51:36.653380 n-d-789963-9 devstack@placement-api.service[101771]: [pid: 101771|app: 0|req: 218/436] 10.222.0.13 () {60 vars in 1507 bytes} [Fri Sep 17 07:51:36 2021] GET /placement/allocation_candidates?limit=1000&resources=DISK_GB%3A1%2CMEMORY_MB%3A1024%2CVCPU%3A1&root_required=%21COMPUTE_STATUS_DISABLED => generated 1309 bytes in 249 msecs (HTTP/1.1 200) 8 headers in 297 bytes (2 switches on core 0)
Sep 17 07:51:36.656059 n-d-789963-9 devstack@placement-api.service[101772]: DEBUG placement.objects.research_context [req-fb0a2c62-f834-4091-9bfd-eccf1f3b60b3 req-6b6e6314-d747-43fc-91f1-cb438336b071 service placement] getting providers with 1024 MEMORY_MB {{(pid=101772) __init__ /opt/stack/placement/placement/objects/research_context.py:126}}
Sep 17 07:51:36.668857 n-d-789963-9 devstack@placement-api.service[101772]: DEBUG placement.objects.research_context [req-fb0a2c62-f834-4091-9bfd-eccf1f3b60b3 req-6b6e6314-d747-43fc-91f1-cb438336b071 service placement] getting providers with 1 VCPU {{(pid=101772) __init__ /opt/stack/placement/placement/objects/research_context.py:126}}
Sep 17 07:51:36.681512 n-d-789963-9 devstack@placement-api.service[101772]: DEBUG placement.objects.research_context [req-fb0a2c62-f834-4091-9bfd-eccf1f3b60b3 req-6b6e6314-d747-43fc-91f1-cb438336b071 service placement] found 2 providers with available 1 DISK_GB {{(pid=101772) get_provider_ids_matching /opt/stack/placement/placement/objects/research_context.py:549}}
Sep 17 07:51:36.682154 n-d-789963-9 devstack@placement-api.service[101772]: DEBUG placement.objects.research_context [req-fb0a2c62-f834-4091-9bfd-eccf1f3b60b3 req-6b6e6314-d747-43fc-91f1-cb438336b071 service placement] found 2 providers with available 1024 MEMORY_MB {{(pid=101772) get_provider_ids_matching /opt/stack/placement/placement/objects/research_context.py:549}}
Sep 17 07:51:36.682654 n-d-789963-9 devstack@placement-api.service[101772]: DEBUG placement.objects.research_context [req-fb0a2c62-f834-4091-9bfd-eccf1f3b60b3 req-6b6e6314-d747-43fc-91f1-cb438336b071 service placement] found 2 providers after filtering by previous result {{(pid=101772) get_provider_ids_matching /opt/stack/placement/placement/objects/research_context.py:580}}
Sep 17 07:51:36.683134 n-d-789963-9 devstack@placement-api.service[101772]: DEBUG placement.objects.research_context [req-fb0a2c62-f834-4091-9bfd-eccf1f3b60b3 req-6b6e6314-d747-43fc-91f1-cb438336b071 service placement] found 2 providers with available 1 VCPU {{(pid=101772) get_provider_ids_matching /opt/stack/placement/placement/objects/research_context.py:549}}
Sep 17 07:51:36.683614 n-d-789963-9 devstack@placement-api.service[101772]: DEBUG placement.objects.research_context [req-fb0a2c62-f834-4091-9bfd-eccf1f3b60b3 req-6b6e6314-d747-43fc-91f1-cb438336b071 service placement] found 2 providers after filtering by previous result {{(pid=101772) get_provider_ids_matching /opt/stack/placement/placement/objects/research_context.py:580}}
Sep 17 07:51:36.704856 n-d-789963-9 devstack@placement-api.service[101772]: DEBUG placement.objects.allocation_candidate [req-fb0a2c62-f834-4091-9bfd-eccf1f3b60b3 req-6b6e6314-d747-43fc-91f1-cb438336b071 service placement] RequestGroup(use_same_provider=False, resources={DISK_GB:1, MEMORY_MB:1024, VCPU:1}, traits=[], aggregates=[]) (suffix '') returned 2 matches {{(pid=101772) _get_by_requests /opt/stack/placement/placement/objects/allocation_candidate.py:145}}
Sep 17 07:51:36.706513 n-d-789963-9 devstack@placement-api.service[101772]: DEBUG placement.objects.allocation_candidate [req-fb0a2c62-f834-4091-9bfd-eccf1f3b60b3 req-6b6e6314-d747-43fc-91f1-cb438336b071 service placement] Merging candidates yields 2 allocation requests and 2 provider summaries {{(pid=101772) _merge_candidates /opt/stack/placement/placement/objects/allocation_candidate.py:783}}
Sep 17 07:51:36.712157 n-d-789963-9 devstack@placement-api.service[101772]: INFO placement.requestlog [req-fb0a2c62-f834-4091-9bfd-eccf1f3b60b3 req-6b6e6314-d747-43fc-91f1-cb438336b071 service placement] 10.222.0.13 "GET /placement/allocation_candidates?limit=1000&resources=DISK_GB%3A1%2CMEMORY_MB%3A1024%2CVCPU%3A1&root_required=%21COMPUTE_STATUS_DISABLED" status: 200 len: 1309 microversion: 1.36
Sep 17 07:51:36.712879 n-d-789963-9 devstack@placement-api.service[101772]: [pid: 101772|app: 0|req: 219/437] 10.222.0.13 () {60 vars in 1507 bytes} [Fri Sep 17 07:51:36 2021] GET /placement/allocation_candidates?limit=1000&resources=DISK_GB%3A1%2CMEMORY_MB%3A1024%2CVCPU%3A1&root_required=%21COMPUTE_STATUS_DISABLED => generated 1309 bytes in 183 msecs (HTTP/1.1 200) 8 headers in 297 bytes (2 switches on core 0)
Sep 17 07:51:36.761870 n-d-789963-9 devstack@placement-api.service[101771]: DEBUG placement.requestlog [req-eb2515be-ffe5-4688-ae40-3ea09d16a0e6 req-eed77ed3-de87-449f-b1f0-b600cdb00d56 None None] Starting request: 10.222.0.13 "GET /placement/allocations/407ce23f-009b-456f-9337-5f259aa38ce3" {{(pid=101771) __call__ /opt/stack/placement/placement/requestlog.py:55}}
Sep 17 07:51:36.780156 n-d-789963-9 devstack@placement-api.service[101771]: INFO placement.requestlog [req-eb2515be-ffe5-4688-ae40-3ea09d16a0e6 req-eed77ed3-de87-449f-b1f0-b600cdb00d56 service placement] 10.222.0.13 "GET /placement/allocations/407ce23f-009b-456f-9337-5f259aa38ce3" status: 200 len: 19 microversion: 1.28
Sep 17 07:51:36.798581 n-d-789963-9 devstack@placement-api.service[101772]: DEBUG placement.requestlog [req-eb2515be-ffe5-4688-ae40-3ea09d16a0e6 req-6f4b4c8a-17f9-4370-87a9-1c3bb61319b2 None None] Starting request: 10.222.0.13 "PUT /placement/allocations/407ce23f-009b-456f-9337-5f259aa38ce3" {{(pid=101772) __call__ /opt/stack/placement/placement/requestlog.py:55}}
Sep 17 07:51:36.804034 n-d-789963-9 devstack@placement-api.service[101771]: [pid: 101771|app: 0|req: 219/438] 10.222.0.13 () {60 vars in 1381 bytes} [Fri Sep 17 07:51:36 2021] GET /placement/allocations/407ce23f-009b-456f-9337-5f259aa38ce3 => generated 19 bytes in 42 msecs (HTTP/1.1 200) 8 headers in 295 bytes (2 switches on core 0)
Sep 17 07:51:36.821081 n-d-789963-9 devstack@placement-api.service[101771]: DEBUG placement.requestlog [req-fb0a2c62-f834-4091-9bfd-eccf1f3b60b3 req-d6bd96ba-eedb-409f-9882-e0e812285c09 None None] Starting request: 10.222.0.13 "GET /placement/allocations/6566c730-eefa-423b-a200-1be4b53646f9" {{(pid=101771) __call__ /opt/stack/placement/placement/requestlog.py:55}}
Sep 17 07:51:36.857585 n-d-789963-9 devstack@placement-api.service[101771]: INFO placement.requestlog [req-fb0a2c62-f834-4091-9bfd-eccf1f3b60b3 req-d6bd96ba-eedb-409f-9882-e0e812285c09 service placement] 10.222.0.13 "GET /placement/allocations/6566c730-eefa-423b-a200-1be4b53646f9" status: 200 len: 19 microversion: 1.28
Sep 17 07:51:36.858320 n-d-789963-9 devstack@placement-api.service[101771]: [pid: 101771|app: 0|req: 220/439] 10.222.0.13 () {60 vars in 1381 bytes} [Fri Sep 17 07:51:36 2021] GET /placement/allocations/6566c730-eefa-423b-a200-1be4b53646f9 => generated 19 bytes in 42 msecs (HTTP/1.1 200) 8 headers in 295 bytes (1 switches on core 0)
Sep 17 07:51:36.864452 n-d-789963-9 devstack@placement-api.service[101771]: DEBUG placement.requestlog [req-fb0a2c62-f834-4091-9bfd-eccf1f3b60b3 req-86ff89e4-3aac-400c-b443-7deb5623bb04 None None] Starting request: 10.222.0.13 "PUT /placement/allocations/6566c730-eefa-423b-a200-1be4b53646f9" {{(pid=101771) __call__ /opt/stack/placement/placement/requestlog.py:55}}
Sep 17 07:51:36.902344 n-d-789963-9 devstack@placement-api.service[101772]: DEBUG placement.handlers.allocation [req-eb2515be-ffe5-4688-ae40-3ea09d16a0e6 req-6f4b4c8a-17f9-4370-87a9-1c3bb61319b2 service placement] Successfully wrote allocations [, , ] {{(pid=101772) _update_consumers_and_create_allocations /opt/stack/placement/placement/handlers/allocation.py:462}}
Sep 17 07:51:36.914371 n-d-789963-9 devstack@placement-api.service[101772]: INFO placement.requestlog [req-eb2515be-ffe5-4688-ae40-3ea09d16a0e6 req-6f4b4c8a-17f9-4370-87a9-1c3bb61319b2 service placement] 10.222.0.13 "PUT /placement/allocations/407ce23f-009b-456f-9337-5f259aa38ce3" status: 204 len: 0 microversion: 1.36
Sep 17 07:51:36.914969 n-d-789963-9 devstack@placement-api.service[101772]: [pid: 101772|app: 0|req: 220/440] 10.222.0.13 () {64 vars in 1434 bytes} [Fri Sep 17 07:51:36 2021] PUT /placement/allocations/407ce23f-009b-456f-9337-5f259aa38ce3 => generated 0 bytes in 116 msecs (HTTP/1.1 204) 5 headers in 199 bytes (3 switches on core 0)
Sep 17 07:51:36.957594 n-d-789963-9 devstack@placement-api.service[101771]: DEBUG placement.handlers.allocation [req-fb0a2c62-f834-4091-9bfd-eccf1f3b60b3 req-86ff89e4-3aac-400c-b443-7deb5623bb04 service placement] Successfully wrote allocations [, , ] {{(pid=101771) _update_consumers_and_create_allocations /opt/stack/placement/placement/handlers/allocation.py:462}}
Sep 17 07:51:36.970273 n-d-789963-9 devstack@placement-api.service[101771]: INFO placement.requestlog [req-fb0a2c62-f834-4091-9bfd-eccf1f3b60b3 req-86ff89e4-3aac-400c-b443-7deb5623bb04 service placement] 10.222.0.13 "PUT /placement/allocations/6566c730-eefa-423b-a200-1be4b53646f9" status: 204 len: 0 microversion: 1.36
Sep 17 07:51:36.971478 n-d-789963-9 devstack@placement-api.service[101771]: [pid: 101771|app: 0|req: 221/441] 10.222.0.13 () {64 vars in 1434 bytes} [Fri Sep 17 07:51:36 2021] PUT /placement/allocations/6566c730-eefa-423b-a200-1be4b53646f9 => generated 0 bytes in 107 msecs (HTTP/1.1 204) 5 headers in 199 bytes (1 switches on core 0)
Sep 17 07:51:37.444324 n-d-789963-9 devstack@placement-api.service[101772]: DEBUG placement.requestlog [req-eb2515be-ffe5-4688-ae40-3ea09d16a0e6 req-e160f3f7-8762-43e4-bce5-64819f688f9b None None] Starting request: 10.222.0.39 "GET /placement/allocations/407ce23f-009b-456f-9337-5f259aa38ce3" {{(pid=101772) __call__ /opt/stack/placement/placement/requestlog.py:55}}
Sep 17 07:51:37.473392 n-d-789963-9 devstack@placement-api.service[101772]: INFO placement.requestlog [req-eb2515be-ffe5-4688-ae40-3ea09d16a0e6 req-e160f3f7-8762-43e4-bce5-64819f688f9b service placement] 10.222.0.39 "GET /placement/allocations/407ce23f-009b-456f-9337-5f259aa38ce3" status: 200 len: 259 microversion: 1.28
Sep 17 07:51:37.476439 n-d-789963-9 devstack@placement-api.service[101772]: [pid: 101772|app: 0|req: 221/442] 10.222.0.39 () {60 vars in 1378 bytes} [Fri Sep 17 07:51:37 2021] GET /placement/allocations/407ce23f-009b-456f-9337-5f259aa38ce3 => generated 259 bytes in 32 msecs (HTTP/1.1 200) 8 headers in 296 bytes (1 switches on core 0)
Sep 17 07:51:37.550296 n-d-789963-9 devstack@placement-api.service[101771]: DEBUG placement.requestlog [req-fb0a2c62-f834-4091-9bfd-eccf1f3b60b3 req-9aa9a382-6f94-485a-a923-276e002debf5 None None] Starting request: 10.222.0.39 "GET /placement/allocations/6566c730-eefa-423b-a200-1be4b53646f9" {{(pid=101771) __call__ /opt/stack/placement/placement/requestlog.py:55}}
Sep 17 07:51:37.580602 n-d-789963-9 devstack@placement-api.service[101771]: INFO placement.requestlog [req-fb0a2c62-f834-4091-9bfd-eccf1f3b60b3 req-9aa9a382-6f94-485a-a923-276e002debf5 service placement] 10.222.0.39 "GET /placement/allocations/6566c730-eefa-423b-a200-1be4b53646f9" status: 200 len: 259 microversion: 1.28
Sep 17 07:51:37.581425 n-d-789963-9 devstack@placement-api.service[101771]: [pid: 101771|app: 0|req: 222/443] 10.222.0.39 () {60 vars in 1378 bytes} [Fri Sep 17 07:51:37 2021] GET /placement/allocations/6566c730-eefa-423b-a200-1be4b53646f9 => generated 259 bytes in 31 msecs (HTTP/1.1 200) 8 headers in 296 bytes (1 switches on core 0)
Sep 17 07:51:40.748418 n-d-789963-9 devstack@placement-api.service[101772]: DEBUG placement.requestlog [req-8f665677-765f-4d41-b6d9-c20701089798 req-a297e9e5-3892-492d-97d9-4dc7d89b63c4 None None] Starting request: 10.222.0.39 "GET /placement/allocations/ee44c663-1dca-4669-be96-75e385fb6cf2" {{(pid=101772) __call__ /opt/stack/placement/placement/requestlog.py:55}}
Sep 17 07:51:40.776794 n-d-789963-9 devstack@placement-api.service[101772]: INFO placement.requestlog [req-8f665677-765f-4d41-b6d9-c20701089798 req-a297e9e5-3892-492d-97d9-4dc7d89b63c4 service placement] 10.222.0.39 "GET /placement/allocations/ee44c663-1dca-4669-be96-75e385fb6cf2" status: 200 len: 259 microversion: 1.28
Sep 17 07:51:40.777350 n-d-789963-9 devstack@placement-api.service[101772]: [pid: 101772|app: 0|req: 222/444] 10.222.0.39 () {60 vars in 1378 bytes} [Fri Sep 17 07:51:40 2021] GET /placement/allocations/ee44c663-1dca-4669-be96-75e385fb6cf2 => generated 259 bytes in 29 msecs (HTTP/1.1 200) 8 headers in 296 bytes (1 switches on core 0)
Sep 17 07:51:41.926293 n-d-789963-9 devstack@placement-api.service[101771]: DEBUG placement.requestlog [req-f0cd03b0-c90b-4998-aa78-23b35df16ce8 req-c0f3b95d-0269-4e96-b125-ddb2ff5c0160 None None] Starting request: 10.222.0.39 "GET /placement/resource_providers/caae736e-50af-4eec-900a-b90266cb1aaf/allocations" {{(pid=101771) __call__ /opt/stack/placement/placement/requestlog.py:55}}
Sep 17 07:51:41.954973 n-d-789963-9 devstack@placement-api.service[101771]: INFO placement.requestlog [req-f0cd03b0-c90b-4998-aa78-23b35df16ce8 req-c0f3b95d-0269-4e96-b125-ddb2ff5c0160 service placement] 10.222.0.39 "GET /placement/resource_providers/caae736e-50af-4eec-900a-b90266cb1aaf/allocations" status: 200 len: 860 microversion: 1.0
Sep 17 07:51:41.955558 n-d-789963-9 devstack@placement-api.service[101771]: [pid: 101771|app: 0|req: 223/445] 10.222.0.39 () {58 vars in 1391 bytes} [Fri Sep 17 07:51:41 2021] GET /placement/resource_providers/caae736e-50af-4eec-900a-b90266cb1aaf/allocations => generated 860 bytes in 30 msecs (HTTP/1.1 200) 6 headers in 224 bytes (1 switches on core 0)
Sep 17 07:51:45.392142 n-d-789963-9 devstack@placement-api.service[101772]: DEBUG placement.requestlog [req-e24b5b5b-c48f-46a1-a9c1-868c085ebced req-6646e56c-c10f-4601-b605-b25e83cfce00 None None] Starting request: 10.222.0.41 "GET /placement/resource_providers/cd1c482b-15af-4efb-bc45-2e5c2eb163b9/allocations" {{(pid=101772) __call__ /opt/stack/placement/placement/requestlog.py:55}}
Sep 17 07:51:45.443704 n-d-789963-9 devstack@placement-api.service[101772]: INFO placement.requestlog [req-e24b5b5b-c48f-46a1-a9c1-868c085ebced req-6646e56c-c10f-4601-b605-b25e83cfce00 service placement] 10.222.0.41 "GET /placement/resource_providers/cd1c482b-15af-4efb-bc45-2e5c2eb163b9/allocations" status: 200 len: 356 microversion: 1.0
Sep 17 07:51:45.445050 n-d-789963-9 devstack@placement-api.service[101772]: [pid: 101772|app: 0|req: 223/446] 10.222.0.41 () {58 vars in 1391 bytes} [Fri Sep 17 07:51:45 2021] GET /placement/resource_providers/cd1c482b-15af-4efb-bc45-2e5c2eb163b9/allocations => generated 356 bytes in 53 msecs (HTTP/1.1 200) 6 headers in 224 bytes (1 switches on core 0)
Sep 17 07:51:52.579706 n-d-789963-9 devstack@placement-api.service[101771]: DEBUG placement.requestlog [req-209ef9b0-d4bb-4056-8470-addf32157133 req-ec7d0884-8bfd-4f02-9b0f-edc565da943c None None] Starting request: 10.222.0.41 "GET /placement/resource_providers?in_tree=cd1c482b-15af-4efb-bc45-2e5c2eb163b9" {{(pid=101771) __call__ /opt/stack/placement/placement/requestlog.py:55}}
Sep 17 07:51:52.802433 n-d-789963-9 devstack@placement-api.service[101771]: INFO placement.requestlog [req-209ef9b0-d4bb-4056-8470-addf32157133 req-ec7d0884-8bfd-4f02-9b0f-edc565da943c service placement] 10.222.0.41 "GET /placement/resource_providers?in_tree=cd1c482b-15af-4efb-bc45-2e5c2eb163b9" status: 200 len: 863 microversion: 1.14
Sep 17 07:51:52.803181 n-d-789963-9 devstack@placement-api.service[101771]: [pid: 101771|app: 0|req: 224/447] 10.222.0.41 () {60 vars in 1377 bytes} [Fri Sep 17 07:51:52 2021] GET /placement/resource_providers?in_tree=cd1c482b-15af-4efb-bc45-2e5c2eb163b9 => generated 863 bytes in 224 msecs (HTTP/1.1 200) 6 headers in 225 bytes (1 switches on core 0)
Sep 17 07:51:52.821372 n-d-789963-9 devstack@placement-api.service[101772]: DEBUG placement.requestlog [req-209ef9b0-d4bb-4056-8470-addf32157133 req-07daf903-f88a-41b3-95d3-c24285fcb984 None None] Starting request: 10.222.0.41 "GET /placement/resource_providers/cd1c482b-15af-4efb-bc45-2e5c2eb163b9/inventories" {{(pid=101772) __call__ /opt/stack/placement/placement/requestlog.py:55}}
Sep 17 07:51:52.850654 n-d-789963-9 devstack@placement-api.service[101772]: INFO placement.requestlog [req-209ef9b0-d4bb-4056-8470-addf32157133 req-07daf903-f88a-41b3-95d3-c24285fcb984 service placement] 10.222.0.41 "GET /placement/resource_providers/cd1c482b-15af-4efb-bc45-2e5c2eb163b9/inventories" status: 200 len: 398 microversion: 1.0
Sep 17 07:51:52.851166 n-d-789963-9 devstack@placement-api.service[101772]: [pid: 101772|app: 0|req: 224/448] 10.222.0.41 () {58 vars in 1391 bytes} [Fri Sep 17 07:51:52 2021] GET /placement/resource_providers/cd1c482b-15af-4efb-bc45-2e5c2eb163b9/inventories => generated 398 bytes in 30 msecs (HTTP/1.1 200) 6 headers in 224 bytes (1 switches on core 0)
Sep 17 07:51:52.873755 n-d-789963-9 devstack@placement-api.service[101771]: DEBUG placement.requestlog [req-209ef9b0-d4bb-4056-8470-addf32157133 req-9d369c55-9a38-45c3-8871-2b4235df1a1e None None] Starting request: 10.222.0.41 "GET /placement/resource_providers/cd1c482b-15af-4efb-bc45-2e5c2eb163b9/aggregates" {{(pid=101771) __call__ /opt/stack/placement/placement/requestlog.py:55}}
Sep 17 07:51:52.895867 n-d-789963-9 devstack@placement-api.service[101771]: INFO placement.requestlog [req-209ef9b0-d4bb-4056-8470-addf32157133 req-9d369c55-9a38-45c3-8871-2b4235df1a1e service placement] 10.222.0.41 "GET /placement/resource_providers/cd1c482b-15af-4efb-bc45-2e5c2eb163b9/aggregates" status: 200 len: 54 microversion: 1.19
Sep 17 07:51:52.896680 n-d-789963-9 devstack@placement-api.service[101771]: [pid: 101771|app: 0|req: 225/449] 10.222.0.41 () {60 vars in 1432 bytes} [Fri Sep 17 07:51:52 2021] GET /placement/resource_providers/cd1c482b-15af-4efb-bc45-2e5c2eb163b9/aggregates => generated 54 bytes in 23 msecs (HTTP/1.1 200) 8 headers in 295 bytes (2 switches on core 0)
Sep 17 07:51:52.915085 n-d-789963-9 devstack@placement-api.service[101772]: DEBUG placement.requestlog [req-209ef9b0-d4bb-4056-8470-addf32157133 req-fb20bee6-9505-4892-ab3e-92cf9c3ceb49 None None] Starting request: 10.222.0.41 "GET /placement/resource_providers/cd1c482b-15af-4efb-bc45-2e5c2eb163b9/traits" {{(pid=101772) __call__ /opt/stack/placement/placement/requestlog.py:55}}
Sep 17 07:51:52.943509 n-d-789963-9 devstack@placement-api.service[101772]: INFO placement.requestlog [req-209ef9b0-d4bb-4056-8470-addf32157133 req-fb20bee6-9505-4892-ab3e-92cf9c3ceb49 service placement] 10.222.0.41 "GET /placement/resource_providers/cd1c482b-15af-4efb-bc45-2e5c2eb163b9/traits" status: 200 len: 212 microversion: 1.6
Sep 17 07:51:52.944424 n-d-789963-9 devstack@placement-api.service[101772]: [pid: 101772|app: 0|req: 225/450] 10.222.0.41 () {60 vars in 1419 bytes} [Fri Sep 17 07:51:52 2021] GET /placement/resource_providers/cd1c482b-15af-4efb-bc45-2e5c2eb163b9/traits => generated 212 bytes in 29 msecs (HTTP/1.1 200) 6 headers in 224 bytes (1 switches on core 0)
Sep 17 07:51:53.224653 n-d-789963-9 devstack@placement-api.service[101771]: DEBUG placement.requestlog [req-209ef9b0-d4bb-4056-8470-addf32157133 req-cc0a3ff7-7653-4fcf-9c6c-a5cdf32b9827 None None] Starting request: 10.222.0.41 "DELETE /placement/allocations/ddc227d6-8733-4656-bc42-c84d36acf02e" {{(pid=101771) __call__ /opt/stack/placement/placement/requestlog.py:55}}
Sep 17 07:51:53.287190 n-d-789963-9 devstack@placement-api.service[101771]: DEBUG placement.handlers.allocation [req-209ef9b0-d4bb-4056-8470-addf32157133 req-cc0a3ff7-7653-4fcf-9c6c-a5cdf32b9827 service placement] Successfully deleted allocations [, , ] {{(pid=101771) delete_allocations /opt/stack/placement/placement/handlers/allocation.py:627}}
Sep 17 07:51:53.287690 n-d-789963-9 devstack@placement-api.service[101771]: INFO placement.requestlog [req-209ef9b0-d4bb-4056-8470-addf32157133 req-cc0a3ff7-7653-4fcf-9c6c-a5cdf32b9827 service placement] 10.222.0.41 "DELETE /placement/allocations/ddc227d6-8733-4656-bc42-c84d36acf02e" status: 204 len: 0 microversion: 1.0
Sep 17 07:51:53.287930 n-d-789963-9 devstack@placement-api.service[101771]: [pid: 101771|app: 0|req: 226/451] 10.222.0.41 () {60 vars in 1356 bytes} [Fri Sep 17 07:51:53 2021] DELETE /placement/allocations/ddc227d6-8733-4656-bc42-c84d36acf02e => generated 0 bytes in 64 msecs (HTTP/1.1 204) 5 headers in 198 bytes (2 switches on core 0)
Sep 17 07:51:54.331159 n-d-789963-9 devstack@placement-api.service[101772]: DEBUG placement.requestlog [req-2612efb7-49b6-4f88-a3d6-7c89e04b5cf0 req-0362b9fc-016a-4296-a8fd-b42d32ce0b8a None None] Starting request: 10.222.0.39 "GET /placement/resource_providers?in_tree=caae736e-50af-4eec-900a-b90266cb1aaf" {{(pid=101772) __call__ /opt/stack/placement/placement/requestlog.py:55}}
Sep 17 07:51:54.525239 n-d-789963-9 devstack@placement-api.service[101772]: INFO placement.requestlog [req-2612efb7-49b6-4f88-a3d6-7c89e04b5cf0 req-0362b9fc-016a-4296-a8fd-b42d32ce0b8a service placement] 10.222.0.39 "GET /placement/resource_providers?in_tree=caae736e-50af-4eec-900a-b90266cb1aaf" status: 200 len: 863 microversion: 1.14
Sep 17 07:51:54.525783 n-d-789963-9 devstack@placement-api.service[101772]: [pid: 101772|app: 0|req: 226/452] 10.222.0.39 () {60 vars in 1377 bytes} [Fri Sep 17 07:51:54 2021] GET /placement/resource_providers?in_tree=caae736e-50af-4eec-900a-b90266cb1aaf => generated 863 bytes in 195 msecs (HTTP/1.1 200) 6 headers in 225 bytes (1 switches on core 0)
Sep 17 07:51:54.709124 n-d-789963-9 devstack@placement-api.service[101771]: DEBUG placement.requestlog [req-2612efb7-49b6-4f88-a3d6-7c89e04b5cf0 req-787f1fc8-e945-413e-b9e0-4ea7bfd67343 None None] Starting request: 10.222.0.39 "GET /placement/resource_providers/caae736e-50af-4eec-900a-b90266cb1aaf/inventories" {{(pid=101771) __call__ /opt/stack/placement/placement/requestlog.py:55}}
Sep 17 07:51:54.754288 n-d-789963-9 devstack@placement-api.service[101771]: INFO placement.requestlog [req-2612efb7-49b6-4f88-a3d6-7c89e04b5cf0 req-787f1fc8-e945-413e-b9e0-4ea7bfd67343 service placement] 10.222.0.39 "GET /placement/resource_providers/caae736e-50af-4eec-900a-b90266cb1aaf/inventories" status: 200 len: 398 microversion: 1.0
Sep 17 07:51:54.755089 n-d-789963-9 devstack@placement-api.service[101771]: [pid: 101771|app: 0|req: 227/453] 10.222.0.39 () {58 vars in 1391 bytes} [Fri Sep 17 07:51:54 2021] GET /placement/resource_providers/caae736e-50af-4eec-900a-b90266cb1aaf/inventories => generated 398 bytes in 46 msecs (HTTP/1.1 200) 6 headers in 224 bytes (2 switches on core 0)
Sep 17 07:51:54.790623 n-d-789963-9 devstack@placement-api.service[101772]: DEBUG placement.requestlog [req-2612efb7-49b6-4f88-a3d6-7c89e04b5cf0 req-9c900cd9-cbc1-4a53-a15e-d99cf812ca1f None None] Starting request: 10.222.0.39 "GET /placement/resource_providers/caae736e-50af-4eec-900a-b90266cb1aaf/aggregates" {{(pid=101772) __call__ /opt/stack/placement/placement/requestlog.py:55}}
Sep 17 07:51:54.821566 n-d-789963-9 devstack@placement-api.service[101772]: INFO placement.requestlog [req-2612efb7-49b6-4f88-a3d6-7c89e04b5cf0 req-9c900cd9-cbc1-4a53-a15e-d99cf812ca1f service placement] 10.222.0.39 "GET /placement/resource_providers/caae736e-50af-4eec-900a-b90266cb1aaf/aggregates" status: 200 len: 54 microversion: 1.19
Sep 17 07:51:54.822033 n-d-789963-9 devstack@placement-api.service[101772]: [pid: 101772|app: 0|req: 227/454] 10.222.0.39 () {60 vars in 1432 bytes} [Fri Sep 17 07:51:54 2021] GET /placement/resource_providers/caae736e-50af-4eec-900a-b90266cb1aaf/aggregates => generated 54 bytes in 32 msecs (HTTP/1.1 200) 8 headers in 295 bytes (1 switches on core 0)
Sep 17 07:51:54.837621 n-d-789963-9 devstack@placement-api.service[101771]: DEBUG placement.requestlog [req-2612efb7-49b6-4f88-a3d6-7c89e04b5cf0 req-62f1cb5e-6cbf-45c8-ba24-607db79e6e2e None None] Starting request: 10.222.0.39 "GET /placement/resource_providers/caae736e-50af-4eec-900a-b90266cb1aaf/traits" {{(pid=101771) __call__ /opt/stack/placement/placement/requestlog.py:55}}
Sep 17 07:51:54.889366 n-d-789963-9 devstack@placement-api.service[101771]: INFO placement.requestlog [req-2612efb7-49b6-4f88-a3d6-7c89e04b5cf0 req-62f1cb5e-6cbf-45c8-ba24-607db79e6e2e service placement] 10.222.0.39 "GET /placement/resource_providers/caae736e-50af-4eec-900a-b90266cb1aaf/traits" status: 200 len: 212 microversion: 1.6
Sep 17 07:51:54.890016 n-d-789963-9 devstack@placement-api.service[101771]: [pid: 101771|app: 0|req: 228/455] 10.222.0.39 () {60 vars in 1419 bytes} [Fri Sep 17 07:51:54 2021] GET /placement/resource_providers/caae736e-50af-4eec-900a-b90266cb1aaf/traits => generated 212 bytes in 53 msecs (HTTP/1.1 200) 6 headers in 224 bytes (1 switches on core 0)
Sep 17 07:51:55.431383 n-d-789963-9 devstack@placement-api.service[101772]: DEBUG placement.requestlog [req-2612efb7-49b6-4f88-a3d6-7c89e04b5cf0 req-27cdc476-0e84-437f-9127-73926ae63dec None None] Starting request: 10.222.0.39 "DELETE /placement/allocations/9e7ae86f-6fc6-4376-9d14-670985bc92ca" {{(pid=101772) __call__ /opt/stack/placement/placement/requestlog.py:55}}
Sep 17 07:51:55.504703 n-d-789963-9 devstack@placement-api.service[101772]: DEBUG placement.handlers.allocation [req-2612efb7-49b6-4f88-a3d6-7c89e04b5cf0 req-27cdc476-0e84-437f-9127-73926ae63dec service placement] Successfully deleted allocations [, , ] {{(pid=101772) delete_allocations /opt/stack/placement/placement/handlers/allocation.py:627}}
Sep 17 07:51:55.505372 n-d-789963-9 devstack@placement-api.service[101772]: INFO placement.requestlog [req-2612efb7-49b6-4f88-a3d6-7c89e04b5cf0 req-27cdc476-0e84-437f-9127-73926ae63dec service placement] 10.222.0.39 "DELETE /placement/allocations/9e7ae86f-6fc6-4376-9d14-670985bc92ca" status: 204 len: 0 microversion: 1.0
Sep 17 07:51:55.505925 n-d-789963-9 devstack@placement-api.service[101772]: [pid: 101772|app: 0|req: 228/456] 10.222.0.39 () {60 vars in 1356 bytes} [Fri Sep 17 07:51:55 2021] DELETE /placement/allocations/9e7ae86f-6fc6-4376-9d14-670985bc92ca => generated 0 bytes in 75 msecs (HTTP/1.1 204) 5 headers in 198 bytes (1 switches on core 0)
Sep 17 07:52:00.727638 n-d-789963-9 devstack@placement-api.service[101771]: DEBUG placement.requestlog [req-7c3e4a76-f72d-4bb5-aa39-f65418c2c56f req-a1e20b63-73bc-4324-a600-9b0420dca70d None None] Starting request: 10.222.0.13 "GET /placement/allocation_candidates?limit=1000&resources=DISK_GB%3A1%2CMEMORY_MB%3A1024%2CVCPU%3A1&root_required=%21COMPUTE_STATUS_DISABLED" {{(pid=101771) __call__ /opt/stack/placement/placement/requestlog.py:55}}
Sep 17 07:52:00.789339 n-d-789963-9 devstack@placement-api.service[101771]: DEBUG placement.objects.research_context [req-7c3e4a76-f72d-4bb5-aa39-f65418c2c56f req-a1e20b63-73bc-4324-a600-9b0420dca70d service placement] getting providers with 1 DISK_GB {{(pid=101771) __init__ /opt/stack/placement/placement/objects/research_context.py:126}}
Sep 17 07:52:00.795297 n-d-789963-9 devstack@placement-api.service[101771]: DEBUG placement.objects.research_context [req-7c3e4a76-f72d-4bb5-aa39-f65418c2c56f req-a1e20b63-73bc-4324-a600-9b0420dca70d service placement] getting providers with 1024 MEMORY_MB {{(pid=101771) __init__ /opt/stack/placement/placement/objects/research_context.py:126}}
Sep 17 07:52:00.805696 n-d-789963-9 devstack@placement-api.service[101771]: DEBUG placement.objects.research_context [req-7c3e4a76-f72d-4bb5-aa39-f65418c2c56f req-a1e20b63-73bc-4324-a600-9b0420dca70d service placement] getting providers with 1 VCPU {{(pid=101771) __init__ /opt/stack/placement/placement/objects/research_context.py:126}}
Sep 17 07:52:00.814029 n-d-789963-9 devstack@placement-api.service[101771]: DEBUG placement.objects.research_context [req-7c3e4a76-f72d-4bb5-aa39-f65418c2c56f req-a1e20b63-73bc-4324-a600-9b0420dca70d service placement] found 2 providers with available 1 DISK_GB {{(pid=101771) get_provider_ids_matching /opt/stack/placement/placement/objects/research_context.py:549}}
Sep 17 07:52:00.816029 n-d-789963-9 devstack@placement-api.service[101771]: DEBUG placement.objects.research_context [req-7c3e4a76-f72d-4bb5-aa39-f65418c2c56f req-a1e20b63-73bc-4324-a600-9b0420dca70d service placement] found 2 providers with available 1024 MEMORY_MB {{(pid=101771) get_provider_ids_matching /opt/stack/placement/placement/objects/research_context.py:549}}
Sep 17 07:52:00.817817 n-d-789963-9 devstack@placement-api.service[101771]: DEBUG placement.objects.research_context [req-7c3e4a76-f72d-4bb5-aa39-f65418c2c56f req-a1e20b63-73bc-4324-a600-9b0420dca70d service placement] found 2 providers after filtering by previous result {{(pid=101771) get_provider_ids_matching /opt/stack/placement/placement/objects/research_context.py:580}}
Sep 17 07:52:00.818280 n-d-789963-9 devstack@placement-api.service[101771]: DEBUG placement.objects.research_context [req-7c3e4a76-f72d-4bb5-aa39-f65418c2c56f req-a1e20b63-73bc-4324-a600-9b0420dca70d service placement] found 2 providers with available 1 VCPU {{(pid=101771) get_provider_ids_matching /opt/stack/placement/placement/objects/research_context.py:549}}
Sep 17 07:52:00.820581 n-d-789963-9 devstack@placement-api.service[101771]: DEBUG placement.objects.research_context [req-7c3e4a76-f72d-4bb5-aa39-f65418c2c56f req-a1e20b63-73bc-4324-a600-9b0420dca70d service placement] found 2 providers after filtering by previous result {{(pid=101771) get_provider_ids_matching /opt/stack/placement/placement/objects/research_context.py:580}}
Sep 17 07:52:00.843427 n-d-789963-9 devstack@placement-api.service[101771]: DEBUG placement.objects.allocation_candidate [req-7c3e4a76-f72d-4bb5-aa39-f65418c2c56f req-a1e20b63-73bc-4324-a600-9b0420dca70d service placement] RequestGroup(use_same_provider=False, resources={DISK_GB:1, MEMORY_MB:1024, VCPU:1}, traits=[], aggregates=[]) (suffix '') returned 2 matches {{(pid=101771) _get_by_requests /opt/stack/placement/placement/objects/allocation_candidate.py:145}}
Sep 17 07:52:00.844154 n-d-789963-9 devstack@placement-api.service[101771]: DEBUG placement.objects.allocation_candidate [req-7c3e4a76-f72d-4bb5-aa39-f65418c2c56f req-a1e20b63-73bc-4324-a600-9b0420dca70d service placement] Merging candidates yields 2 allocation requests and 2 provider summaries {{(pid=101771) _merge_candidates /opt/stack/placement/placement/objects/allocation_candidate.py:783}}
Sep 17 07:52:00.848218 n-d-789963-9 devstack@placement-api.service[101771]: INFO placement.requestlog [req-7c3e4a76-f72d-4bb5-aa39-f65418c2c56f req-a1e20b63-73bc-4324-a600-9b0420dca70d service placement] 10.222.0.13 "GET /placement/allocation_candidates?limit=1000&resources=DISK_GB%3A1%2CMEMORY_MB%3A1024%2CVCPU%3A1&root_required=%21COMPUTE_STATUS_DISABLED" status: 200 len: 1309 microversion: 1.36
Sep 17 07:52:00.848879 n-d-789963-9 devstack@placement-api.service[101771]: [pid: 101771|app: 0|req: 229/457] 10.222.0.13 () {60 vars in 1507 bytes} [Fri Sep 17 07:52:00 2021] GET /placement/allocation_candidates?limit=1000&resources=DISK_GB%3A1%2CMEMORY_MB%3A1024%2CVCPU%3A1&root_required=%21COMPUTE_STATUS_DISABLED => generated 1309 bytes in 121 msecs (HTTP/1.1 200) 8 headers in 297 bytes (1 switches on core 0)
Sep 17 07:52:00.917199 n-d-789963-9 devstack@placement-api.service[101772]: DEBUG placement.requestlog [req-7c3e4a76-f72d-4bb5-aa39-f65418c2c56f req-70cd384a-c0d3-4684-94a8-2baf7a283910 None None] Starting request: 10.222.0.13 "GET /placement/allocations/ceefd6fb-e74b-43cb-bb5f-705f8425327b" {{(pid=101772) __call__ /opt/stack/placement/placement/requestlog.py:55}}
Sep 17 07:52:00.933885 n-d-789963-9 devstack@placement-api.service[101772]: INFO placement.requestlog [req-7c3e4a76-f72d-4bb5-aa39-f65418c2c56f req-70cd384a-c0d3-4684-94a8-2baf7a283910 service placement] 10.222.0.13 "GET /placement/allocations/ceefd6fb-e74b-43cb-bb5f-705f8425327b" status: 200 len: 19 microversion: 1.28
Sep 17 07:52:00.938162 n-d-789963-9 devstack@placement-api.service[101772]: [pid: 101772|app: 0|req: 229/458] 10.222.0.13 () {60 vars in 1381 bytes} [Fri Sep 17 07:52:00 2021] GET /placement/allocations/ceefd6fb-e74b-43cb-bb5f-705f8425327b => generated 19 bytes in 21 msecs (HTTP/1.1 200) 8 headers in 295 bytes (1 switches on core 0)
Sep 17 07:52:00.941807 n-d-789963-9 devstack@placement-api.service[101771]: DEBUG placement.requestlog [req-7c3e4a76-f72d-4bb5-aa39-f65418c2c56f req-7ddea37d-ebd4-4893-93a6-1958d7ba6c41 None None] Starting request: 10.222.0.13 "PUT /placement/allocations/ceefd6fb-e74b-43cb-bb5f-705f8425327b" {{(pid=101771) __call__ /opt/stack/placement/placement/requestlog.py:55}}
Sep 17 07:52:01.038144 n-d-789963-9 devstack@placement-api.service[101771]: DEBUG placement.handlers.allocation [req-7c3e4a76-f72d-4bb5-aa39-f65418c2c56f req-7ddea37d-ebd4-4893-93a6-1958d7ba6c41 service placement] Successfully wrote allocations [, , ] {{(pid=101771) _update_consumers_and_create_allocations /opt/stack/placement/placement/handlers/allocation.py:462}}
Sep 17 07:52:01.053229 n-d-789963-9 devstack@placement-api.service[101771]: INFO placement.requestlog [req-7c3e4a76-f72d-4bb5-aa39-f65418c2c56f req-7ddea37d-ebd4-4893-93a6-1958d7ba6c41 service placement] 10.222.0.13 "PUT /placement/allocations/ceefd6fb-e74b-43cb-bb5f-705f8425327b" status: 204 len: 0 microversion: 1.36
Sep 17 07:52:01.053890 n-d-789963-9 devstack@placement-api.service[101771]: [pid: 101771|app: 0|req: 230/459] 10.222.0.13 () {64 vars in 1434 bytes} [Fri Sep 17 07:52:00 2021] PUT /placement/allocations/ceefd6fb-e74b-43cb-bb5f-705f8425327b => generated 0 bytes in 113 msecs (HTTP/1.1 204) 5 headers in 199 bytes (1 switches on core 0)
Sep 17 07:52:01.496506 n-d-789963-9 devstack@placement-api.service[101772]: DEBUG placement.requestlog [req-7c3e4a76-f72d-4bb5-aa39-f65418c2c56f req-d2170dca-ac0a-4c8a-bbd4-416fb63b1ee0 None None] Starting request: 10.222.0.41 "GET /placement/allocations/ceefd6fb-e74b-43cb-bb5f-705f8425327b" {{(pid=101772) __call__ /opt/stack/placement/placement/requestlog.py:55}}
Sep 17 07:52:01.521727 n-d-789963-9 devstack@placement-api.service[101772]: INFO placement.requestlog [req-7c3e4a76-f72d-4bb5-aa39-f65418c2c56f req-d2170dca-ac0a-4c8a-bbd4-416fb63b1ee0 service placement] 10.222.0.41 "GET /placement/allocations/ceefd6fb-e74b-43cb-bb5f-705f8425327b" status: 200 len: 259 microversion: 1.28
Sep 17 07:52:01.523305 n-d-789963-9 devstack@placement-api.service[101772]: [pid: 101772|app: 0|req: 230/460] 10.222.0.41 () {60 vars in 1378 bytes} [Fri Sep 17 07:52:01 2021] GET /placement/allocations/ceefd6fb-e74b-43cb-bb5f-705f8425327b => generated 259 bytes in 27 msecs (HTTP/1.1 200) 8 headers in 296 bytes (1 switches on core 0)
Sep 17 07:52:02.151864 n-d-789963-9 devstack@placement-api.service[101771]: DEBUG placement.requestlog [None req-058de61a-6073-4358-bc69-a02952f800b4 None None] Starting request: 10.222.0.13 "GET /placement/" {{(pid=101771) __call__ /opt/stack/placement/placement/requestlog.py:55}}
Sep 17 07:52:02.152706 n-d-789963-9 devstack@placement-api.service[101771]: INFO placement.requestlog [None req-058de61a-6073-4358-bc69-a02952f800b4 None None] 10.222.0.13 "GET /placement/" status: 200 len: 136 microversion: 1.0
Sep 17 07:52:02.153132 n-d-789963-9 devstack@placement-api.service[101771]: [pid: 101771|app: 0|req: 231/461] 10.222.0.13 () {54 vars in 916 bytes} [Fri Sep 17 07:52:02 2021] GET /placement => generated 136 bytes in 2 msecs (HTTP/1.1 200) 6 headers in 224 bytes (1 switches on core 0)
Sep 17 07:52:02.163768 n-d-789963-9 devstack@placement-api.service[101772]: DEBUG placement.requestlog [req-1ecc127f-4c3b-448e-8ebe-f26b82a6bf0d req-888a59ab-e51b-453e-9de8-db1feb301472 None None] Starting request: 10.222.0.13 "GET /placement/allocations/6566c730-eefa-423b-a200-1be4b53646f9" {{(pid=101772) __call__ /opt/stack/placement/placement/requestlog.py:55}}
Sep 17 07:52:02.323687 n-d-789963-9 devstack@placement-api.service[101772]: INFO placement.requestlog [req-1ecc127f-4c3b-448e-8ebe-f26b82a6bf0d req-888a59ab-e51b-453e-9de8-db1feb301472 service placement] 10.222.0.13 "GET /placement/allocations/6566c730-eefa-423b-a200-1be4b53646f9" status: 200 len: 259 microversion: 1.28
Sep 17 07:52:02.330773 n-d-789963-9 devstack@placement-api.service[101771]: DEBUG placement.requestlog [req-1ecc127f-4c3b-448e-8ebe-f26b82a6bf0d req-57f048e5-156e-407f-8bd8-a2916e3332df None None] Starting request: 10.222.0.13 "GET /placement/allocations/6566c730-eefa-423b-a200-1be4b53646f9" {{(pid=101771) __call__ /opt/stack/placement/placement/requestlog.py:55}}
Sep 17 07:52:02.342745 n-d-789963-9 devstack@placement-api.service[101772]: [pid: 101772|app: 0|req: 231/462] 10.222.0.13 () {60 vars in 1381 bytes} [Fri Sep 17 07:52:02 2021] GET /placement/allocations/6566c730-eefa-423b-a200-1be4b53646f9 => generated 259 bytes in 168 msecs (HTTP/1.1 200) 8 headers in 296 bytes (1 switches on core 0)
Sep 17 07:52:02.352140 n-d-789963-9 devstack@placement-api.service[101771]: INFO placement.requestlog [req-1ecc127f-4c3b-448e-8ebe-f26b82a6bf0d req-57f048e5-156e-407f-8bd8-a2916e3332df service placement] 10.222.0.13 "GET /placement/allocations/6566c730-eefa-423b-a200-1be4b53646f9" status: 200 len: 259 microversion: 1.28
Sep 17 07:52:02.359651 n-d-789963-9 devstack@placement-api.service[101772]: DEBUG placement.requestlog [req-1ecc127f-4c3b-448e-8ebe-f26b82a6bf0d req-53b7e340-61ec-4051-9b4b-d690f542c3e1 None None] Starting request: 10.222.0.13 "GET /placement/allocations/c2d4fb82-f3d1-42a2-bf93-e60b682c0325" {{(pid=101772) __call__ /opt/stack/placement/placement/requestlog.py:55}}
Sep 17 07:52:02.365930 n-d-789963-9 devstack@placement-api.service[101771]: [pid: 101771|app: 0|req: 232/463] 10.222.0.13 () {60 vars in 1381 bytes} [Fri Sep 17 07:52:02 2021] GET /placement/allocations/6566c730-eefa-423b-a200-1be4b53646f9 => generated 259 bytes in 35 msecs (HTTP/1.1 200) 8 headers in 296 bytes (2 switches on core 0)
Sep 17 07:52:02.371641 n-d-789963-9 devstack@placement-api.service[101772]: INFO placement.requestlog [req-1ecc127f-4c3b-448e-8ebe-f26b82a6bf0d req-53b7e340-61ec-4051-9b4b-d690f542c3e1 service placement] 10.222.0.13 "GET /placement/allocations/c2d4fb82-f3d1-42a2-bf93-e60b682c0325" status: 200 len: 19 microversion: 1.28
Sep 17 07:52:02.379533 n-d-789963-9 devstack@placement-api.service[101771]: DEBUG placement.requestlog [req-1ecc127f-4c3b-448e-8ebe-f26b82a6bf0d req-b3740914-cb12-4979-a22f-0e7af76ffeb1 None None] Starting request: 10.222.0.13 "POST /placement/allocations" {{(pid=101771) __call__ /opt/stack/placement/placement/requestlog.py:55}}
Sep 17 07:52:02.384731 n-d-789963-9 devstack@placement-api.service[101772]: [pid: 101772|app: 0|req: 232/464] 10.222.0.13 () {60 vars in 1381 bytes} [Fri Sep 17 07:52:02 2021] GET /placement/allocations/c2d4fb82-f3d1-42a2-bf93-e60b682c0325 => generated 19 bytes in 25 msecs (HTTP/1.1 200) 8 headers in 295 bytes (2 switches on core 0)
Sep 17 07:52:02.463875 n-d-789963-9 devstack@placement-api.service[101771]: DEBUG placement.handlers.allocation [req-1ecc127f-4c3b-448e-8ebe-f26b82a6bf0d req-b3740914-cb12-4979-a22f-0e7af76ffeb1 service placement] Successfully wrote allocations [, , , , , ] {{(pid=101771) _update_consumers_and_create_allocations /opt/stack/placement/placement/handlers/allocation.py:572}}
Sep 17 07:52:02.468377 n-d-789963-9 devstack@placement-api.service[101771]: INFO placement.requestlog [req-1ecc127f-4c3b-448e-8ebe-f26b82a6bf0d req-b3740914-cb12-4979-a22f-0e7af76ffeb1 service placement] 10.222.0.13 "POST /placement/allocations" status: 204 len: 0 microversion: 1.28
Sep 17 07:52:02.469794 n-d-789963-9 devstack@placement-api.service[101771]: [pid: 101771|app: 0|req: 233/465] 10.222.0.13 () {64 vars in 1324 bytes} [Fri Sep 17 07:52:02 2021] POST /placement/allocations => generated 0 bytes in 91 msecs (HTTP/1.1 204) 5 headers in 199 bytes (1 switches on core 0)
Sep 17 07:52:02.497270 n-d-789963-9 devstack@placement-api.service[101772]: DEBUG placement.requestlog [req-1ecc127f-4c3b-448e-8ebe-f26b82a6bf0d req-7aad9d50-e457-485a-9a94-ae74733531e4 None None] Starting request: 10.222.0.13 "GET /placement/allocation_candidates?limit=1000&resources=DISK_GB%3A1%2CMEMORY_MB%3A512%2CVCPU%3A1&root_required=%21COMPUTE_STATUS_DISABLED" {{(pid=101772) __call__ /opt/stack/placement/placement/requestlog.py:55}}
Sep 17 07:52:02.531098 n-d-789963-9 devstack@placement-api.service[101772]: DEBUG placement.objects.research_context [req-1ecc127f-4c3b-448e-8ebe-f26b82a6bf0d req-7aad9d50-e457-485a-9a94-ae74733531e4 service placement] getting providers with 1 DISK_GB {{(pid=101772) __init__ /opt/stack/placement/placement/objects/research_context.py:126}}
