Sep 17 05:47:22.668193 n-d-789963-8 devstack@placement-api.service[95407]: DEBUG placement.requestlog [req-3d5189cc-56d7-4f34-8dfd-6e5e71fda26f req-6e2dc426-e53c-4ea2-81d3-0fc331c11494 None None] Starting request: 10.222.0.15 "GET /placement/allocations/6337d6a4-4836-4419-b509-c2e30676e9fc" {{(pid=95407) __call__ /opt/stack/placement/placement/requestlog.py:55}}
Sep 17 05:47:22.681682 n-d-789963-8 devstack@placement-api.service[95407]: INFO placement.requestlog [req-3d5189cc-56d7-4f34-8dfd-6e5e71fda26f req-6e2dc426-e53c-4ea2-81d3-0fc331c11494 service placement] 10.222.0.15 "GET /placement/allocations/6337d6a4-4836-4419-b509-c2e30676e9fc" status: 200 len: 19 microversion: 1.28
Sep 17 05:47:22.689014 n-d-789963-8 devstack@placement-api.service[95407]: [pid: 95407|app: 0|req: 258/512] 10.222.0.15 () {60 vars in 1381 bytes} [Fri Sep 17 05:47:22 2021] GET /placement/allocations/6337d6a4-4836-4419-b509-c2e30676e9fc => generated 19 bytes in 21 msecs (HTTP/1.1 200) 8 headers in 295 bytes (1 switches on core 0)
Sep 17 05:47:22.689707 n-d-789963-8 devstack@placement-api.service[95408]: DEBUG placement.requestlog [req-3d5189cc-56d7-4f34-8dfd-6e5e71fda26f req-292955c0-07e6-43ce-bb87-c183e2f4c774 None None] Starting request: 10.222.0.15 "PUT /placement/allocations/6337d6a4-4836-4419-b509-c2e30676e9fc" {{(pid=95408) __call__ /opt/stack/placement/placement/requestlog.py:55}}
Sep 17 05:47:22.776788 n-d-789963-8 devstack@placement-api.service[95408]: DEBUG placement.handlers.allocation [req-3d5189cc-56d7-4f34-8dfd-6e5e71fda26f req-292955c0-07e6-43ce-bb87-c183e2f4c774 service placement] Successfully wrote allocations [, , ] {{(pid=95408) _update_consumers_and_create_allocations /opt/stack/placement/placement/handlers/allocation.py:462}}
Sep 17 05:47:22.782728 n-d-789963-8 devstack@placement-api.service[95408]: INFO placement.requestlog [req-3d5189cc-56d7-4f34-8dfd-6e5e71fda26f req-292955c0-07e6-43ce-bb87-c183e2f4c774 service placement] 10.222.0.15 "PUT /placement/allocations/6337d6a4-4836-4419-b509-c2e30676e9fc" status: 204 len: 0 microversion: 1.36
Sep 17 05:47:22.783447 n-d-789963-8 devstack@placement-api.service[95408]: [pid: 95408|app: 0|req: 255/513] 10.222.0.15 () {64 vars in 1434 bytes} [Fri Sep 17 05:47:22 2021] PUT /placement/allocations/6337d6a4-4836-4419-b509-c2e30676e9fc => generated 0 bytes in 94 msecs (HTTP/1.1 204) 5 headers in 199 bytes (1 switches on core 0)
Sep 17 05:47:23.134926 n-d-789963-8 devstack@placement-api.service[95407]: DEBUG placement.requestlog [req-3d5189cc-56d7-4f34-8dfd-6e5e71fda26f req-37853732-c3d4-46a9-9798-e0ba65bf7728 None None] Starting request: 10.222.0.38 "GET /placement/allocations/6337d6a4-4836-4419-b509-c2e30676e9fc" {{(pid=95407) __call__ /opt/stack/placement/placement/requestlog.py:55}}
Sep 17 05:47:23.156489 n-d-789963-8 devstack@placement-api.service[95407]: INFO placement.requestlog [req-3d5189cc-56d7-4f34-8dfd-6e5e71fda26f req-37853732-c3d4-46a9-9798-e0ba65bf7728 service placement] 10.222.0.38 "GET /placement/allocations/6337d6a4-4836-4419-b509-c2e30676e9fc" status: 200 len: 259 microversion: 1.28
Sep 17 05:47:23.157112 n-d-789963-8 devstack@placement-api.service[95407]: [pid: 95407|app: 0|req: 259/514] 10.222.0.38 () {60 vars in 1378 bytes} [Fri Sep 17 05:47:23 2021] GET /placement/allocations/6337d6a4-4836-4419-b509-c2e30676e9fc => generated 259 bytes in 22 msecs (HTTP/1.1 200) 8 headers in 296 bytes (1 switches on core 0)
Sep 17 05:47:32.168627 n-d-789963-8 devstack@placement-api.service[95408]: DEBUG placement.requestlog [req-1c903a4f-143d-4632-a9aa-4e08bb30235e req-5d55697a-6c00-4a2b-924e-05ec560bc91e None None] Starting request: 10.222.0.38 "GET /placement/resource_providers/662a3906-738d-40e7-bf26-ee61d70a3f6b/allocations" {{(pid=95408) __call__ /opt/stack/placement/placement/requestlog.py:55}}
Sep 17 05:47:32.190183 n-d-789963-8 devstack@placement-api.service[95408]: INFO placement.requestlog [req-1c903a4f-143d-4632-a9aa-4e08bb30235e req-5d55697a-6c00-4a2b-924e-05ec560bc91e service placement] 10.222.0.38 "GET /placement/resource_providers/662a3906-738d-40e7-bf26-ee61d70a3f6b/allocations" status: 200 len: 732 microversion: 1.0
Sep 17 05:47:32.190904 n-d-789963-8 devstack@placement-api.service[95408]: [pid: 95408|app: 0|req: 256/515] 10.222.0.38 () {58 vars in 1391 bytes} [Fri Sep 17 05:47:32 2021] GET /placement/resource_providers/662a3906-738d-40e7-bf26-ee61d70a3f6b/allocations => generated 732 bytes in 22 msecs (HTTP/1.1 200) 6 headers in 224 bytes (1 switches on core 0)
Sep 17 05:47:32.549442 n-d-789963-8 devstack@placement-api.service[95407]: DEBUG placement.requestlog [req-1c903a4f-143d-4632-a9aa-4e08bb30235e req-4b788918-7c32-4dd1-8778-c826de401bbd None None] Starting request: 10.222.0.38 "GET /placement/allocations/017f9ca2-c6e2-4201-b94b-378c1c745859" {{(pid=95407) __call__ /opt/stack/placement/placement/requestlog.py:55}}
Sep 17 05:47:32.572095 n-d-789963-8 devstack@placement-api.service[95407]: INFO placement.requestlog [req-1c903a4f-143d-4632-a9aa-4e08bb30235e req-4b788918-7c32-4dd1-8778-c826de401bbd service placement] 10.222.0.38 "GET /placement/allocations/017f9ca2-c6e2-4201-b94b-378c1c745859" status: 200 len: 245 microversion: 1.28
Sep 17 05:47:32.572890 n-d-789963-8 devstack@placement-api.service[95407]: [pid: 95407|app: 0|req: 260/516] 10.222.0.38 () {60 vars in 1378 bytes} [Fri Sep 17 05:47:32 2021] GET /placement/allocations/017f9ca2-c6e2-4201-b94b-378c1c745859 => generated 245 bytes in 25 msecs (HTTP/1.1 200) 8 headers in 296 bytes (1 switches on core 0)
Sep 17 05:47:32.581690 n-d-789963-8 devstack@placement-api.service[95408]: DEBUG placement.requestlog [req-1c903a4f-143d-4632-a9aa-4e08bb30235e req-eacfa6cd-4a7b-4128-b351-43bcb76a0bd7 None None] Starting request: 10.222.0.38 "PUT /placement/allocations/017f9ca2-c6e2-4201-b94b-378c1c745859" {{(pid=95408) __call__ /opt/stack/placement/placement/requestlog.py:55}}
Sep 17 05:47:32.663710 n-d-789963-8 devstack@placement-api.service[95408]: DEBUG placement.handlers.allocation [req-1c903a4f-143d-4632-a9aa-4e08bb30235e req-eacfa6cd-4a7b-4128-b351-43bcb76a0bd7 service placement] Successfully wrote allocations [, ] {{(pid=95408) _update_consumers_and_create_allocations /opt/stack/placement/placement/handlers/allocation.py:462}}
Sep 17 05:47:32.694083 n-d-789963-8 devstack@placement-api.service[95408]: INFO placement.requestlog [req-1c903a4f-143d-4632-a9aa-4e08bb30235e req-eacfa6cd-4a7b-4128-b351-43bcb76a0bd7 service placement] 10.222.0.38 "PUT /placement/allocations/017f9ca2-c6e2-4201-b94b-378c1c745859" status: 204 len: 0 microversion: 1.28
Sep 17 05:47:32.695344 n-d-789963-8 devstack@placement-api.service[95408]: [pid: 95408|app: 0|req: 257/517] 10.222.0.38 () {64 vars in 1431 bytes} [Fri Sep 17 05:47:32 2021] PUT /placement/allocations/017f9ca2-c6e2-4201-b94b-378c1c745859 => generated 0 bytes in 113 msecs (HTTP/1.1 204) 5 headers in 199 bytes (2 switches on core 0)
Sep 17 05:47:36.608844 n-d-789963-8 devstack@placement-api.service[95407]: DEBUG placement.requestlog [req-32c07848-6b84-453b-be1f-f7cc8b65d4d9 req-47676b33-e443-42e3-a1fb-90137d761bff None None] Starting request: 10.222.0.37 "DELETE /placement/allocations/3e5e1606-a682-4ac0-8672-f91b80795edd" {{(pid=95407) __call__ /opt/stack/placement/placement/requestlog.py:55}}
Sep 17 05:47:36.652580 n-d-789963-8 devstack@placement-api.service[95407]: DEBUG placement.handlers.allocation [req-32c07848-6b84-453b-be1f-f7cc8b65d4d9 req-47676b33-e443-42e3-a1fb-90137d761bff service placement] Successfully deleted allocations [, , ] {{(pid=95407) delete_allocations /opt/stack/placement/placement/handlers/allocation.py:627}}
Sep 17 05:47:36.653070 n-d-789963-8 devstack@placement-api.service[95407]: INFO placement.requestlog [req-32c07848-6b84-453b-be1f-f7cc8b65d4d9 req-47676b33-e443-42e3-a1fb-90137d761bff service placement] 10.222.0.37 "DELETE /placement/allocations/3e5e1606-a682-4ac0-8672-f91b80795edd" status: 204 len: 0 microversion: 1.0
Sep 17 05:47:36.653352 n-d-789963-8 devstack@placement-api.service[95407]: [pid: 95407|app: 0|req: 261/518] 10.222.0.37 () {60 vars in 1356 bytes} [Fri Sep 17 05:47:36 2021] DELETE /placement/allocations/3e5e1606-a682-4ac0-8672-f91b80795edd => generated 0 bytes in 45 msecs (HTTP/1.1 204) 5 headers in 198 bytes (2 switches on core 0)
Sep 17 05:47:37.125148 n-d-789963-8 devstack@placement-api.service[95408]: DEBUG placement.requestlog [req-a2a244a9-12d6-4289-b38d-d39c5bd97929 req-ad719e4a-2bf9-4107-a5e9-c4700fdf51d7 None None] Starting request: 10.222.0.37 "GET /placement/resource_providers/072152df-9eb5-4a59-b8c7-d5c74427d7e2/allocations" {{(pid=95408) __call__ /opt/stack/placement/placement/requestlog.py:55}}
Sep 17 05:47:37.172112 n-d-789963-8 devstack@placement-api.service[95408]: INFO placement.requestlog [req-a2a244a9-12d6-4289-b38d-d39c5bd97929 req-ad719e4a-2bf9-4107-a5e9-c4700fdf51d7 service placement] 10.222.0.37 "GET /placement/resource_providers/072152df-9eb5-4a59-b8c7-d5c74427d7e2/allocations" status: 200 len: 429 microversion: 1.0
Sep 17 05:47:37.172655 n-d-789963-8 devstack@placement-api.service[95408]: [pid: 95408|app: 0|req: 258/519] 10.222.0.37 () {58 vars in 1391 bytes} [Fri Sep 17 05:47:37 2021] GET /placement/resource_providers/072152df-9eb5-4a59-b8c7-d5c74427d7e2/allocations => generated 429 bytes in 48 msecs (HTTP/1.1 200) 6 headers in 224 bytes (1 switches on core 0)
Sep 17 05:47:37.767100 n-d-789963-8 devstack@placement-api.service[95407]: DEBUG placement.requestlog [req-ba4f26d1-cdcd-46ec-bb4a-d21c60b0a59a req-a2faa01e-a4d5-43bd-9df9-4fdeae164de2 None None] Starting request: 10.222.0.37 "DELETE /placement/allocations/ed44fb07-94b6-4bda-adf1-83f00253e2a2" {{(pid=95407) __call__ /opt/stack/placement/placement/requestlog.py:55}}
Sep 17 05:47:37.816054 n-d-789963-8 devstack@placement-api.service[95407]: DEBUG placement.handlers.allocation [req-ba4f26d1-cdcd-46ec-bb4a-d21c60b0a59a req-a2faa01e-a4d5-43bd-9df9-4fdeae164de2 service placement] Successfully deleted allocations [, , ] {{(pid=95407) delete_allocations /opt/stack/placement/placement/handlers/allocation.py:627}}
Sep 17 05:47:37.816705 n-d-789963-8 devstack@placement-api.service[95407]: INFO placement.requestlog [req-ba4f26d1-cdcd-46ec-bb4a-d21c60b0a59a req-a2faa01e-a4d5-43bd-9df9-4fdeae164de2 service placement] 10.222.0.37 "DELETE /placement/allocations/ed44fb07-94b6-4bda-adf1-83f00253e2a2" status: 204 len: 0 microversion: 1.0
Sep 17 05:47:37.817564 n-d-789963-8 devstack@placement-api.service[95407]: [pid: 95407|app: 0|req: 262/520] 10.222.0.37 () {60 vars in 1356 bytes} [Fri Sep 17 05:47:37 2021] DELETE /placement/allocations/ed44fb07-94b6-4bda-adf1-83f00253e2a2 => generated 0 bytes in 50 msecs (HTTP/1.1 204) 5 headers in 198 bytes (1 switches on core 0)
Sep 17 05:47:38.839234 n-d-789963-8 devstack@placement-api.service[95408]: DEBUG placement.requestlog [req-d95e22c7-db2a-4a7a-9fb8-8fa325607ffe req-44a0ce9b-7e8a-4eaa-906e-f4bb5db4c11c None None] Starting request: 10.222.0.38 "GET /placement/resource_providers/662a3906-738d-40e7-bf26-ee61d70a3f6b/allocations" {{(pid=95408) __call__ /opt/stack/placement/placement/requestlog.py:55}}
Sep 17 05:47:38.882957 n-d-789963-8 devstack@placement-api.service[95408]: INFO placement.requestlog [req-d95e22c7-db2a-4a7a-9fb8-8fa325607ffe req-44a0ce9b-7e8a-4eaa-906e-f4bb5db4c11c service placement] 10.222.0.38 "GET /placement/resource_providers/662a3906-738d-40e7-bf26-ee61d70a3f6b/allocations" status: 200 len: 645 microversion: 1.0
Sep 17 05:47:38.883414 n-d-789963-8 devstack@placement-api.service[95408]: [pid: 95408|app: 0|req: 259/521] 10.222.0.38 () {58 vars in 1391 bytes} [Fri Sep 17 05:47:38 2021] GET /placement/resource_providers/662a3906-738d-40e7-bf26-ee61d70a3f6b/allocations => generated 645 bytes in 44 msecs (HTTP/1.1 200) 6 headers in 224 bytes (1 switches on core 0)
Sep 17 05:47:39.682614 n-d-789963-8 devstack@placement-api.service[95407]: DEBUG placement.requestlog [req-2cc2296d-9549-4bbb-a05b-1b401488d9ed req-1d78affe-1278-412f-8923-e2f42f9b809d None None] Starting request: 10.222.0.37 "DELETE /placement/allocations/08e24bc4-3bcd-43b0-ba59-38880a154d24" {{(pid=95407) __call__ /opt/stack/placement/placement/requestlog.py:55}}
Sep 17 05:47:39.735795 n-d-789963-8 devstack@placement-api.service[95407]: DEBUG placement.handlers.allocation [req-2cc2296d-9549-4bbb-a05b-1b401488d9ed req-1d78affe-1278-412f-8923-e2f42f9b809d service placement] Successfully deleted allocations [, ] {{(pid=95407) delete_allocations /opt/stack/placement/placement/handlers/allocation.py:627}}
Sep 17 05:47:39.736617 n-d-789963-8 devstack@placement-api.service[95407]: INFO placement.requestlog [req-2cc2296d-9549-4bbb-a05b-1b401488d9ed req-1d78affe-1278-412f-8923-e2f42f9b809d service placement] 10.222.0.37 "DELETE /placement/allocations/08e24bc4-3bcd-43b0-ba59-38880a154d24" status: 204 len: 0 microversion: 1.0
Sep 17 05:47:39.737420 n-d-789963-8 devstack@placement-api.service[95407]: [pid: 95407|app: 0|req: 263/522] 10.222.0.37 () {60 vars in 1356 bytes} [Fri Sep 17 05:47:39 2021] DELETE /placement/allocations/08e24bc4-3bcd-43b0-ba59-38880a154d24 => generated 0 bytes in 55 msecs (HTTP/1.1 204) 5 headers in 198 bytes (1 switches on core 0)
Sep 17 05:47:40.376603 n-d-789963-8 devstack@placement-api.service[95408]: DEBUG placement.requestlog [req-0c79f742-cb6b-4039-91ae-ef3add49e2e1 req-82927db2-27e5-4214-8502-c41a3ee53c27 None None] Starting request: 10.222.0.37 "DELETE /placement/allocations/be44e146-3bfa-4714-8eb0-9f3965cb42cf" {{(pid=95408) __call__ /opt/stack/placement/placement/requestlog.py:55}}
Sep 17 05:47:40.431181 n-d-789963-8 devstack@placement-api.service[95408]: DEBUG placement.handlers.allocation [req-0c79f742-cb6b-4039-91ae-ef3add49e2e1 req-82927db2-27e5-4214-8502-c41a3ee53c27 service placement] Successfully deleted allocations [, , ] {{(pid=95408) delete_allocations /opt/stack/placement/placement/handlers/allocation.py:627}}
Sep 17 05:47:40.432223 n-d-789963-8 devstack@placement-api.service[95408]: INFO placement.requestlog [req-0c79f742-cb6b-4039-91ae-ef3add49e2e1 req-82927db2-27e5-4214-8502-c41a3ee53c27 service placement] 10.222.0.37 "DELETE /placement/allocations/be44e146-3bfa-4714-8eb0-9f3965cb42cf" status: 204 len: 0 microversion: 1.0
Sep 17 05:47:40.432850 n-d-789963-8 devstack@placement-api.service[95408]: [pid: 95408|app: 0|req: 260/523] 10.222.0.37 () {60 vars in 1356 bytes} [Fri Sep 17 05:47:40 2021] DELETE /placement/allocations/be44e146-3bfa-4714-8eb0-9f3965cb42cf => generated 0 bytes in 57 msecs (HTTP/1.1 204) 5 headers in 198 bytes (1 switches on core 0)
Sep 17 05:47:42.306412 n-d-789963-8 devstack@placement-api.service[95407]: DEBUG placement.requestlog [None req-8c2cea6f-c41a-46fb-8d82-255fa02c312b None None] Starting request: 10.222.0.15 "GET /placement/" {{(pid=95407) __call__ /opt/stack/placement/placement/requestlog.py:55}}
Sep 17 05:47:42.307644 n-d-789963-8 devstack@placement-api.service[95407]: INFO placement.requestlog [None req-8c2cea6f-c41a-46fb-8d82-255fa02c312b None None] 10.222.0.15 "GET /placement/" status: 200 len: 136 microversion: 1.0
Sep 17 05:47:42.308022 n-d-789963-8 devstack@placement-api.service[95407]: [pid: 95407|app: 0|req: 264/524] 10.222.0.15 () {54 vars in 907 bytes} [Fri Sep 17 05:47:42 2021] GET /placement => generated 136 bytes in 2 msecs (HTTP/1.1 200) 6 headers in 224 bytes (1 switches on core 0)
Sep 17 05:47:42.323216 n-d-789963-8 devstack@placement-api.service[95408]: DEBUG placement.requestlog [req-8f4a03d6-1c4a-4e8f-bb71-b7b44e0c8629 req-168e8627-06c5-497c-a475-81dff320042f None None] Starting request: 10.222.0.15 "DELETE /placement/allocations/ed44fb07-94b6-4bda-adf1-83f00253e2a2" {{(pid=95408) __call__ /opt/stack/placement/placement/requestlog.py:55}}
Sep 17 05:47:42.475073 n-d-789963-8 devstack@placement-api.service[95408]: DEBUG placement.wsgi_wrapper [req-8f4a03d6-1c4a-4e8f-bb71-b7b44e0c8629 req-168e8627-06c5-497c-a475-81dff320042f service placement] Placement API returning an error response: No allocations for consumer 'ed44fb07-94b6-4bda-adf1-83f00253e2a2' {{(pid=95408) call_func /opt/stack/placement/placement/wsgi_wrapper.py:31}}
Sep 17 05:47:42.478213 n-d-789963-8 devstack@placement-api.service[95408]: INFO placement.requestlog [req-8f4a03d6-1c4a-4e8f-bb71-b7b44e0c8629 req-168e8627-06c5-497c-a475-81dff320042f service placement] 10.222.0.15 "DELETE /placement/allocations/ed44fb07-94b6-4bda-adf1-83f00253e2a2" status: 404 len: 228 microversion: 1.0
Sep 17 05:47:42.481223 n-d-789963-8 devstack@placement-api.service[95408]: [pid: 95408|app: 0|req: 261/525] 10.222.0.15 () {60 vars in 1350 bytes} [Fri Sep 17 05:47:42 2021] DELETE /placement/allocations/ed44fb07-94b6-4bda-adf1-83f00253e2a2 => generated 228 bytes in 158 msecs (HTTP/1.1 404) 6 headers in 231 bytes (1 switches on core 0)
Sep 17 05:47:44.393409 n-d-789963-8 devstack@placement-api.service[95407]: DEBUG placement.requestlog [req-b3c7bf47-7e26-4f94-8db4-cc9a60a4c3f5 req-ed7d0503-4222-4150-ac24-a3539fd5f521 None None] Starting request: 10.222.0.15 "GET /placement/allocation_candidates?limit=1000&resources=DISK_GB%3A1%2CMEMORY_MB%3A1024%2CVCPU%3A1&root_required=%21COMPUTE_STATUS_DISABLED" {{(pid=95407) __call__ /opt/stack/placement/placement/requestlog.py:55}}
Sep 17 05:47:44.488746 n-d-789963-8 devstack@placement-api.service[95407]: DEBUG placement.objects.research_context [req-b3c7bf47-7e26-4f94-8db4-cc9a60a4c3f5 req-ed7d0503-4222-4150-ac24-a3539fd5f521 service placement] getting providers with 1 DISK_GB {{(pid=95407) __init__ /opt/stack/placement/placement/objects/research_context.py:126}}
Sep 17 05:47:44.510697 n-d-789963-8 devstack@placement-api.service[95407]: DEBUG placement.objects.research_context [req-b3c7bf47-7e26-4f94-8db4-cc9a60a4c3f5 req-ed7d0503-4222-4150-ac24-a3539fd5f521 service placement] getting providers with 1024 MEMORY_MB {{(pid=95407) __init__ /opt/stack/placement/placement/objects/research_context.py:126}}
Sep 17 05:47:44.527914 n-d-789963-8 devstack@placement-api.service[95407]: DEBUG placement.objects.research_context [req-b3c7bf47-7e26-4f94-8db4-cc9a60a4c3f5 req-ed7d0503-4222-4150-ac24-a3539fd5f521 service placement] getting providers with 1 VCPU {{(pid=95407) __init__ /opt/stack/placement/placement/objects/research_context.py:126}}
Sep 17 05:47:44.537235 n-d-789963-8 devstack@placement-api.service[95408]: DEBUG placement.requestlog [req-00822573-9710-464d-963b-a1152995119f req-94a60699-a417-434a-b1ae-e26a67f6c34a None None] Starting request: 10.222.0.15 "GET /placement/allocation_candidates?limit=1000&resources=DISK_GB%3A1%2CMEMORY_MB%3A1024%2CVCPU%3A1&root_required=%21COMPUTE_STATUS_DISABLED" {{(pid=95408) __call__ /opt/stack/placement/placement/requestlog.py:55}}
Sep 17 05:47:44.543740 n-d-789963-8 devstack@placement-api.service[95407]: DEBUG placement.objects.research_context [req-b3c7bf47-7e26-4f94-8db4-cc9a60a4c3f5 req-ed7d0503-4222-4150-ac24-a3539fd5f521 service placement] found 2 providers with available 1 DISK_GB {{(pid=95407) get_provider_ids_matching /opt/stack/placement/placement/objects/research_context.py:549}}
Sep 17 05:47:44.544191 n-d-789963-8 devstack@placement-api.service[95407]: DEBUG placement.objects.research_context [req-b3c7bf47-7e26-4f94-8db4-cc9a60a4c3f5 req-ed7d0503-4222-4150-ac24-a3539fd5f521 service placement] found 2 providers with available 1024 MEMORY_MB {{(pid=95407) get_provider_ids_matching /opt/stack/placement/placement/objects/research_context.py:549}}
Sep 17 05:47:44.544678 n-d-789963-8 devstack@placement-api.service[95407]: DEBUG placement.objects.research_context [req-b3c7bf47-7e26-4f94-8db4-cc9a60a4c3f5 req-ed7d0503-4222-4150-ac24-a3539fd5f521 service placement] found 2 providers after filtering by previous result {{(pid=95407) get_provider_ids_matching /opt/stack/placement/placement/objects/research_context.py:580}}
Sep 17 05:47:44.545189 n-d-789963-8 devstack@placement-api.service[95407]: DEBUG placement.objects.research_context [req-b3c7bf47-7e26-4f94-8db4-cc9a60a4c3f5 req-ed7d0503-4222-4150-ac24-a3539fd5f521 service placement] found 2 providers with available 1 VCPU {{(pid=95407) get_provider_ids_matching /opt/stack/placement/placement/objects/research_context.py:549}}
Sep 17 05:47:44.545634 n-d-789963-8 devstack@placement-api.service[95407]: DEBUG placement.objects.research_context [req-b3c7bf47-7e26-4f94-8db4-cc9a60a4c3f5 req-ed7d0503-4222-4150-ac24-a3539fd5f521 service placement] found 2 providers after filtering by previous result {{(pid=95407) get_provider_ids_matching /opt/stack/placement/placement/objects/research_context.py:580}}
Sep 17 05:47:44.573042 n-d-789963-8 devstack@placement-api.service[95407]: DEBUG placement.objects.allocation_candidate [req-b3c7bf47-7e26-4f94-8db4-cc9a60a4c3f5 req-ed7d0503-4222-4150-ac24-a3539fd5f521 service placement] RequestGroup(use_same_provider=False, resources={DISK_GB:1, MEMORY_MB:1024, VCPU:1}, traits=[], aggregates=[]) (suffix '') returned 2 matches {{(pid=95407) _get_by_requests /opt/stack/placement/placement/objects/allocation_candidate.py:145}}
Sep 17 05:47:44.574909 n-d-789963-8 devstack@placement-api.service[95407]: DEBUG placement.objects.allocation_candidate [req-b3c7bf47-7e26-4f94-8db4-cc9a60a4c3f5 req-ed7d0503-4222-4150-ac24-a3539fd5f521 service placement] Merging candidates yields 2 allocation requests and 2 provider summaries {{(pid=95407) _merge_candidates /opt/stack/placement/placement/objects/allocation_candidate.py:783}}
Sep 17 05:47:44.581389 n-d-789963-8 devstack@placement-api.service[95407]: INFO placement.requestlog [req-b3c7bf47-7e26-4f94-8db4-cc9a60a4c3f5 req-ed7d0503-4222-4150-ac24-a3539fd5f521 service placement] 10.222.0.15 "GET /placement/allocation_candidates?limit=1000&resources=DISK_GB%3A1%2CMEMORY_MB%3A1024%2CVCPU%3A1&root_required=%21COMPUTE_STATUS_DISABLED" status: 200 len: 1309 microversion: 1.36
Sep 17 05:47:44.584317 n-d-789963-8 devstack@placement-api.service[95407]: [pid: 95407|app: 0|req: 265/526] 10.222.0.15 () {60 vars in 1507 bytes} [Fri Sep 17 05:47:44 2021] GET /placement/allocation_candidates?limit=1000&resources=DISK_GB%3A1%2CMEMORY_MB%3A1024%2CVCPU%3A1&root_required=%21COMPUTE_STATUS_DISABLED => generated 1309 bytes in 190 msecs (HTTP/1.1 200) 8 headers in 297 bytes (1 switches on core 0)
Sep 17 05:47:44.627618 n-d-789963-8 devstack@placement-api.service[95408]: DEBUG placement.objects.research_context [req-00822573-9710-464d-963b-a1152995119f req-94a60699-a417-434a-b1ae-e26a67f6c34a service placement] getting providers with 1 DISK_GB {{(pid=95408) __init__ /opt/stack/placement/placement/objects/research_context.py:126}}
Sep 17 05:47:44.639565 n-d-789963-8 devstack@placement-api.service[95408]: DEBUG placement.objects.research_context [req-00822573-9710-464d-963b-a1152995119f req-94a60699-a417-434a-b1ae-e26a67f6c34a service placement] getting providers with 1024 MEMORY_MB {{(pid=95408) __init__ /opt/stack/placement/placement/objects/research_context.py:126}}
Sep 17 05:47:44.649925 n-d-789963-8 devstack@placement-api.service[95408]: DEBUG placement.objects.research_context [req-00822573-9710-464d-963b-a1152995119f req-94a60699-a417-434a-b1ae-e26a67f6c34a service placement] getting providers with 1 VCPU {{(pid=95408) __init__ /opt/stack/placement/placement/objects/research_context.py:126}}
Sep 17 05:47:44.661079 n-d-789963-8 devstack@placement-api.service[95408]: DEBUG placement.objects.research_context [req-00822573-9710-464d-963b-a1152995119f req-94a60699-a417-434a-b1ae-e26a67f6c34a service placement] found 2 providers with available 1 DISK_GB {{(pid=95408) get_provider_ids_matching /opt/stack/placement/placement/objects/research_context.py:549}}
Sep 17 05:47:44.662158 n-d-789963-8 devstack@placement-api.service[95408]: DEBUG placement.objects.research_context [req-00822573-9710-464d-963b-a1152995119f req-94a60699-a417-434a-b1ae-e26a67f6c34a service placement] found 2 providers with available 1024 MEMORY_MB {{(pid=95408) get_provider_ids_matching /opt/stack/placement/placement/objects/research_context.py:549}}
Sep 17 05:47:44.662590 n-d-789963-8 devstack@placement-api.service[95408]: DEBUG placement.objects.research_context [req-00822573-9710-464d-963b-a1152995119f req-94a60699-a417-434a-b1ae-e26a67f6c34a service placement] found 2 providers after filtering by previous result {{(pid=95408) get_provider_ids_matching /opt/stack/placement/placement/objects/research_context.py:580}}
Sep 17 05:47:44.663134 n-d-789963-8 devstack@placement-api.service[95408]: DEBUG placement.objects.research_context [req-00822573-9710-464d-963b-a1152995119f req-94a60699-a417-434a-b1ae-e26a67f6c34a service placement] found 2 providers with available 1 VCPU {{(pid=95408) get_provider_ids_matching /opt/stack/placement/placement/objects/research_context.py:549}}
Sep 17 05:47:44.663612 n-d-789963-8 devstack@placement-api.service[95408]: DEBUG placement.objects.research_context [req-00822573-9710-464d-963b-a1152995119f req-94a60699-a417-434a-b1ae-e26a67f6c34a service placement] found 2 providers after filtering by previous result {{(pid=95408) get_provider_ids_matching /opt/stack/placement/placement/objects/research_context.py:580}}
Sep 17 05:47:44.676529 n-d-789963-8 devstack@placement-api.service[95408]: DEBUG placement.objects.allocation_candidate [req-00822573-9710-464d-963b-a1152995119f req-94a60699-a417-434a-b1ae-e26a67f6c34a service placement] RequestGroup(use_same_provider=False, resources={DISK_GB:1, MEMORY_MB:1024, VCPU:1}, traits=[], aggregates=[]) (suffix '') returned 2 matches {{(pid=95408) _get_by_requests /opt/stack/placement/placement/objects/allocation_candidate.py:145}}
Sep 17 05:47:44.678491 n-d-789963-8 devstack@placement-api.service[95408]: DEBUG placement.objects.allocation_candidate [req-00822573-9710-464d-963b-a1152995119f req-94a60699-a417-434a-b1ae-e26a67f6c34a service placement] Merging candidates yields 2 allocation requests and 2 provider summaries {{(pid=95408) _merge_candidates /opt/stack/placement/placement/objects/allocation_candidate.py:783}}
Sep 17 05:47:44.680354 n-d-789963-8 devstack@placement-api.service[95408]: INFO placement.requestlog [req-00822573-9710-464d-963b-a1152995119f req-94a60699-a417-434a-b1ae-e26a67f6c34a service placement] 10.222.0.15 "GET /placement/allocation_candidates?limit=1000&resources=DISK_GB%3A1%2CMEMORY_MB%3A1024%2CVCPU%3A1&root_required=%21COMPUTE_STATUS_DISABLED" status: 200 len: 1309 microversion: 1.36
Sep 17 05:47:44.688892 n-d-789963-8 devstack@placement-api.service[95408]: [pid: 95408|app: 0|req: 262/527] 10.222.0.15 () {60 vars in 1507 bytes} [Fri Sep 17 05:47:44 2021] GET /placement/allocation_candidates?limit=1000&resources=DISK_GB%3A1%2CMEMORY_MB%3A1024%2CVCPU%3A1&root_required=%21COMPUTE_STATUS_DISABLED => generated 1309 bytes in 152 msecs (HTTP/1.1 200) 8 headers in 297 bytes (2 switches on core 0)
Sep 17 05:47:44.700217 n-d-789963-8 devstack@placement-api.service[95407]: DEBUG placement.requestlog [req-b3c7bf47-7e26-4f94-8db4-cc9a60a4c3f5 req-3fd6d6fc-9faa-4980-8652-91e03d490232 None None] Starting request: 10.222.0.15 "GET /placement/allocations/44c06bbd-dc26-4b31-b99e-a94a4508d96a" {{(pid=95407) __call__ /opt/stack/placement/placement/requestlog.py:55}}
Sep 17 05:47:44.713300 n-d-789963-8 devstack@placement-api.service[95407]: INFO placement.requestlog [req-b3c7bf47-7e26-4f94-8db4-cc9a60a4c3f5 req-3fd6d6fc-9faa-4980-8652-91e03d490232 service placement] 10.222.0.15 "GET /placement/allocations/44c06bbd-dc26-4b31-b99e-a94a4508d96a" status: 200 len: 19 microversion: 1.28
Sep 17 05:47:44.713569 n-d-789963-8 devstack@placement-api.service[95407]: [pid: 95407|app: 0|req: 266/528] 10.222.0.15 () {60 vars in 1381 bytes} [Fri Sep 17 05:47:44 2021] GET /placement/allocations/44c06bbd-dc26-4b31-b99e-a94a4508d96a => generated 19 bytes in 14 msecs (HTTP/1.1 200) 8 headers in 295 bytes (1 switches on core 0)
Sep 17 05:47:44.719942 n-d-789963-8 devstack@placement-api.service[95408]: DEBUG placement.requestlog [req-b3c7bf47-7e26-4f94-8db4-cc9a60a4c3f5 req-34bb18d2-7b01-468a-9b05-c7e2a1b0ae04 None None] Starting request: 10.222.0.15 "PUT /placement/allocations/44c06bbd-dc26-4b31-b99e-a94a4508d96a" {{(pid=95408) __call__ /opt/stack/placement/placement/requestlog.py:55}}
Sep 17 05:47:44.812078 n-d-789963-8 devstack@placement-api.service[95407]: DEBUG placement.requestlog [req-00822573-9710-464d-963b-a1152995119f req-761c9f19-16fc-4fc2-9706-4ed2fa4a6937 None None] Starting request: 10.222.0.15 "GET /placement/allocations/12cf4829-5de0-4730-aa47-131551db5af6" {{(pid=95407) __call__ /opt/stack/placement/placement/requestlog.py:55}}
Sep 17 05:47:44.826352 n-d-789963-8 devstack@placement-api.service[95407]: INFO placement.requestlog [req-00822573-9710-464d-963b-a1152995119f req-761c9f19-16fc-4fc2-9706-4ed2fa4a6937 service placement] 10.222.0.15 "GET /placement/allocations/12cf4829-5de0-4730-aa47-131551db5af6" status: 200 len: 19 microversion: 1.28
Sep 17 05:47:44.826583 n-d-789963-8 devstack@placement-api.service[95407]: [pid: 95407|app: 0|req: 267/529] 10.222.0.15 () {60 vars in 1381 bytes} [Fri Sep 17 05:47:44 2021] GET /placement/allocations/12cf4829-5de0-4730-aa47-131551db5af6 => generated 19 bytes in 15 msecs (HTTP/1.1 200) 8 headers in 295 bytes (2 switches on core 0)
Sep 17 05:47:44.838327 n-d-789963-8 devstack@placement-api.service[95407]: DEBUG placement.requestlog [req-00822573-9710-464d-963b-a1152995119f req-b59cb5e6-4c4f-47b0-9e0d-d9edc6e6c26d None None] Starting request: 10.222.0.15 "PUT /placement/allocations/12cf4829-5de0-4730-aa47-131551db5af6" {{(pid=95407) __call__ /opt/stack/placement/placement/requestlog.py:55}}
Sep 17 05:47:44.872974 n-d-789963-8 devstack@placement-api.service[95408]: DEBUG placement.handlers.allocation [req-b3c7bf47-7e26-4f94-8db4-cc9a60a4c3f5 req-34bb18d2-7b01-468a-9b05-c7e2a1b0ae04 service placement] Successfully wrote allocations [, , ] {{(pid=95408) _update_consumers_and_create_allocations /opt/stack/placement/placement/handlers/allocation.py:462}}
Sep 17 05:47:44.878280 n-d-789963-8 devstack@placement-api.service[95408]: INFO placement.requestlog [req-b3c7bf47-7e26-4f94-8db4-cc9a60a4c3f5 req-34bb18d2-7b01-468a-9b05-c7e2a1b0ae04 service placement] 10.222.0.15 "PUT /placement/allocations/44c06bbd-dc26-4b31-b99e-a94a4508d96a" status: 204 len: 0 microversion: 1.36
Sep 17 05:47:44.879030 n-d-789963-8 devstack@placement-api.service[95408]: [pid: 95408|app: 0|req: 263/530] 10.222.0.15 () {64 vars in 1434 bytes} [Fri Sep 17 05:47:44 2021] PUT /placement/allocations/44c06bbd-dc26-4b31-b99e-a94a4508d96a => generated 0 bytes in 159 msecs (HTTP/1.1 204) 5 headers in 199 bytes (1 switches on core 0)
Sep 17 05:47:44.968140 n-d-789963-8 devstack@placement-api.service[95407]: DEBUG placement.handlers.allocation [req-00822573-9710-464d-963b-a1152995119f req-b59cb5e6-4c4f-47b0-9e0d-d9edc6e6c26d service placement] Successfully wrote allocations [, , ] {{(pid=95407) _update_consumers_and_create_allocations /opt/stack/placement/placement/handlers/allocation.py:462}}
Sep 17 05:47:44.981796 n-d-789963-8 devstack@placement-api.service[95407]: INFO placement.requestlog [req-00822573-9710-464d-963b-a1152995119f req-b59cb5e6-4c4f-47b0-9e0d-d9edc6e6c26d service placement] 10.222.0.15 "PUT /placement/allocations/12cf4829-5de0-4730-aa47-131551db5af6" status: 204 len: 0 microversion: 1.36
Sep 17 05:47:44.981796 n-d-789963-8 devstack@placement-api.service[95407]: [pid: 95407|app: 0|req: 268/531] 10.222.0.15 () {64 vars in 1434 bytes} [Fri Sep 17 05:47:44 2021] PUT /placement/allocations/12cf4829-5de0-4730-aa47-131551db5af6 => generated 0 bytes in 137 msecs (HTTP/1.1 204) 5 headers in 199 bytes (1 switches on core 0)
Sep 17 05:47:45.475635 n-d-789963-8 devstack@placement-api.service[95408]: DEBUG placement.requestlog [req-b3c7bf47-7e26-4f94-8db4-cc9a60a4c3f5 req-4eee2f79-4189-494c-bf8f-b0dec56c9a80 None None] Starting request: 10.222.0.37 "GET /placement/allocations/44c06bbd-dc26-4b31-b99e-a94a4508d96a" {{(pid=95408) __call__ /opt/stack/placement/placement/requestlog.py:55}}
Sep 17 05:47:45.476427 n-d-789963-8 devstack@placement-api.service[95407]: DEBUG placement.requestlog [req-00822573-9710-464d-963b-a1152995119f req-e1b989ec-e01c-460c-a98f-d6f1cd72e07b None None] Starting request: 10.222.0.37 "GET /placement/allocations/12cf4829-5de0-4730-aa47-131551db5af6" {{(pid=95407) __call__ /opt/stack/placement/placement/requestlog.py:55}}
Sep 17 05:47:45.501440 n-d-789963-8 devstack@placement-api.service[95407]: INFO placement.requestlog [req-00822573-9710-464d-963b-a1152995119f req-e1b989ec-e01c-460c-a98f-d6f1cd72e07b service placement] 10.222.0.37 "GET /placement/allocations/12cf4829-5de0-4730-aa47-131551db5af6" status: 200 len: 259 microversion: 1.28
Sep 17 05:47:45.501677 n-d-789963-8 devstack@placement-api.service[95407]: [pid: 95407|app: 0|req: 269/532] 10.222.0.37 () {60 vars in 1378 bytes} [Fri Sep 17 05:47:45 2021] GET /placement/allocations/12cf4829-5de0-4730-aa47-131551db5af6 => generated 259 bytes in 25 msecs (HTTP/1.1 200) 8 headers in 296 bytes (1 switches on core 0)
Sep 17 05:47:45.514634 n-d-789963-8 devstack@placement-api.service[95408]: INFO placement.requestlog [req-b3c7bf47-7e26-4f94-8db4-cc9a60a4c3f5 req-4eee2f79-4189-494c-bf8f-b0dec56c9a80 service placement] 10.222.0.37 "GET /placement/allocations/44c06bbd-dc26-4b31-b99e-a94a4508d96a" status: 200 len: 259 microversion: 1.28
Sep 17 05:47:45.516220 n-d-789963-8 devstack@placement-api.service[95408]: [pid: 95408|app: 0|req: 264/533] 10.222.0.37 () {60 vars in 1378 bytes} [Fri Sep 17 05:47:45 2021] GET /placement/allocations/44c06bbd-dc26-4b31-b99e-a94a4508d96a => generated 259 bytes in 40 msecs (HTTP/1.1 200) 8 headers in 296 bytes (1 switches on core 0)
Sep 17 05:47:46.324388 n-d-789963-8 devstack@placement-api.service[95407]: DEBUG placement.requestlog [req-78190051-2530-4c47-a8aa-7135c620432b req-7a8e436b-e594-4350-8f2e-d51089de91f8 None None] Starting request: 10.222.0.38 "DELETE /placement/allocations/6337d6a4-4836-4419-b509-c2e30676e9fc" {{(pid=95407) __call__ /opt/stack/placement/placement/requestlog.py:55}}
Sep 17 05:47:46.359555 n-d-789963-8 devstack@placement-api.service[95407]: DEBUG placement.handlers.allocation [req-78190051-2530-4c47-a8aa-7135c620432b req-7a8e436b-e594-4350-8f2e-d51089de91f8 service placement] Successfully deleted allocations [, , ] {{(pid=95407) delete_allocations /opt/stack/placement/placement/handlers/allocation.py:627}}
Sep 17 05:47:46.360075 n-d-789963-8 devstack@placement-api.service[95407]: INFO placement.requestlog [req-78190051-2530-4c47-a8aa-7135c620432b req-7a8e436b-e594-4350-8f2e-d51089de91f8 service placement] 10.222.0.38 "DELETE /placement/allocations/6337d6a4-4836-4419-b509-c2e30676e9fc" status: 204 len: 0 microversion: 1.0
Sep 17 05:47:46.360310 n-d-789963-8 devstack@placement-api.service[95407]: [pid: 95407|app: 0|req: 270/534] 10.222.0.38 () {60 vars in 1356 bytes} [Fri Sep 17 05:47:46 2021] DELETE /placement/allocations/6337d6a4-4836-4419-b509-c2e30676e9fc => generated 0 bytes in 36 msecs (HTTP/1.1 204) 5 headers in 198 bytes (2 switches on core 0)
Sep 17 05:47:48.106401 n-d-789963-8 devstack@placement-api.service[95408]: DEBUG placement.requestlog [req-eff7afb0-44b7-4b3a-8a74-b223c409fe30 req-8edfdf63-c3ab-4890-8efb-89ef1d8e772b None None] Starting request: 10.222.0.38 "DELETE /placement/allocations/867b2917-f8c2-43b1-b566-7e3aaa36d9a1" {{(pid=95408) __call__ /opt/stack/placement/placement/requestlog.py:55}}
Sep 17 05:47:48.172043 n-d-789963-8 devstack@placement-api.service[95408]: DEBUG placement.handlers.allocation [req-eff7afb0-44b7-4b3a-8a74-b223c409fe30 req-8edfdf63-c3ab-4890-8efb-89ef1d8e772b service placement] Successfully deleted allocations [, , ] {{(pid=95408) delete_allocations /opt/stack/placement/placement/handlers/allocation.py:627}}
Sep 17 05:47:48.173104 n-d-789963-8 devstack@placement-api.service[95408]: INFO placement.requestlog [req-eff7afb0-44b7-4b3a-8a74-b223c409fe30 req-8edfdf63-c3ab-4890-8efb-89ef1d8e772b service placement] 10.222.0.38 "DELETE /placement/allocations/867b2917-f8c2-43b1-b566-7e3aaa36d9a1" status: 204 len: 0 microversion: 1.0
Sep 17 05:47:48.173895 n-d-789963-8 devstack@placement-api.service[95408]: [pid: 95408|app: 0|req: 265/535] 10.222.0.38 () {60 vars in 1356 bytes} [Fri Sep 17 05:47:48 2021] DELETE /placement/allocations/867b2917-f8c2-43b1-b566-7e3aaa36d9a1 => generated 0 bytes in 68 msecs (HTTP/1.1 204) 5 headers in 198 bytes (1 switches on core 0)
Sep 17 05:47:51.884969 n-d-789963-8 devstack@placement-api.service[95407]: DEBUG placement.requestlog [req-c76baed9-fde3-4d66-a6fb-5d3a0a5f32db req-a67949c7-0d8d-4b14-9c4e-37f50ae1049b None None] Starting request: 10.222.0.38 "DELETE /placement/allocations/797aaf52-a49f-4d8d-b271-706c95423b16" {{(pid=95407) __call__ /opt/stack/placement/placement/requestlog.py:55}}
Sep 17 05:47:51.911238 n-d-789963-8 devstack@placement-api.service[95407]: DEBUG placement.handlers.allocation [req-c76baed9-fde3-4d66-a6fb-5d3a0a5f32db req-a67949c7-0d8d-4b14-9c4e-37f50ae1049b service placement] Successfully deleted allocations [, , ] {{(pid=95407) delete_allocations /opt/stack/placement/placement/handlers/allocation.py:627}}
Sep 17 05:47:51.911750 n-d-789963-8 devstack@placement-api.service[95407]: INFO placement.requestlog [req-c76baed9-fde3-4d66-a6fb-5d3a0a5f32db req-a67949c7-0d8d-4b14-9c4e-37f50ae1049b service placement] 10.222.0.38 "DELETE /placement/allocations/797aaf52-a49f-4d8d-b271-706c95423b16" status: 204 len: 0 microversion: 1.0
Sep 17 05:47:51.912251 n-d-789963-8 devstack@placement-api.service[95407]: [pid: 95407|app: 0|req: 271/536] 10.222.0.38 () {60 vars in 1356 bytes} [Fri Sep 17 05:47:51 2021] DELETE /placement/allocations/797aaf52-a49f-4d8d-b271-706c95423b16 => generated 0 bytes in 27 msecs (HTTP/1.1 204) 5 headers in 198 bytes (1 switches on core 0)
Sep 17 05:47:54.899906 n-d-789963-8 devstack@placement-api.service[95408]: DEBUG placement.requestlog [req-41332dd4-8392-424a-8eb3-1ee13bbadfd4 req-33ca8669-82ad-4c0d-afb7-5674f951ff43 None None] Starting request: 10.222.0.38 "DELETE /placement/allocations/49d3c41a-e531-472f-8ce1-c20cdabb8da1" {{(pid=95408) __call__ /opt/stack/placement/placement/requestlog.py:55}}
Sep 17 05:47:54.960888 n-d-789963-8 devstack@placement-api.service[95408]: DEBUG placement.handlers.allocation [req-41332dd4-8392-424a-8eb3-1ee13bbadfd4 req-33ca8669-82ad-4c0d-afb7-5674f951ff43 service placement] Successfully deleted allocations [, , ] {{(pid=95408) delete_allocations /opt/stack/placement/placement/handlers/allocation.py:627}}
Sep 17 05:47:54.961457 n-d-789963-8 devstack@placement-api.service[95408]: INFO placement.requestlog [req-41332dd4-8392-424a-8eb3-1ee13bbadfd4 req-33ca8669-82ad-4c0d-afb7-5674f951ff43 service placement] 10.222.0.38 "DELETE /placement/allocations/49d3c41a-e531-472f-8ce1-c20cdabb8da1" status: 204 len: 0 microversion: 1.0
Sep 17 05:47:54.962942 n-d-789963-8 devstack@placement-api.service[95408]: [pid: 95408|app: 0|req: 266/537] 10.222.0.38 () {60 vars in 1356 bytes} [Fri Sep 17 05:47:54 2021] DELETE /placement/allocations/49d3c41a-e531-472f-8ce1-c20cdabb8da1 => generated 0 bytes in 63 msecs (HTTP/1.1 204) 5 headers in 198 bytes (1 switches on core 0)
Sep 17 05:47:57.237887 n-d-789963-8 devstack@placement-api.service[95407]: DEBUG placement.requestlog [req-1263dda7-bc3e-46d4-b427-cc3f13d4aaf6 req-4d8dd5d4-a358-48db-9972-2403d8f148df None None] Starting request: 10.222.0.15 "GET /placement/allocation_candidates?limit=1000&resources=DISK_GB%3A1%2CMEMORY_MB%3A1024%2CVCPU%3A1&root_required=%21COMPUTE_STATUS_DISABLED" {{(pid=95407) __call__ /opt/stack/placement/placement/requestlog.py:55}}
Sep 17 05:47:57.689215 n-d-789963-8 devstack@placement-api.service[95407]: DEBUG placement.objects.research_context [req-1263dda7-bc3e-46d4-b427-cc3f13d4aaf6 req-4d8dd5d4-a358-48db-9972-2403d8f148df service placement] getting providers with 1 DISK_GB {{(pid=95407) __init__ /opt/stack/placement/placement/objects/research_context.py:126}}
Sep 17 05:47:57.702616 n-d-789963-8 devstack@placement-api.service[95407]: DEBUG placement.objects.research_context [req-1263dda7-bc3e-46d4-b427-cc3f13d4aaf6 req-4d8dd5d4-a358-48db-9972-2403d8f148df service placement] getting providers with 1024 MEMORY_MB {{(pid=95407) __init__ /opt/stack/placement/placement/objects/research_context.py:126}}
Sep 17 05:47:57.714979 n-d-789963-8 devstack@placement-api.service[95407]: DEBUG placement.objects.research_context [req-1263dda7-bc3e-46d4-b427-cc3f13d4aaf6 req-4d8dd5d4-a358-48db-9972-2403d8f148df service placement] getting providers with 1 VCPU {{(pid=95407) __init__ /opt/stack/placement/placement/objects/research_context.py:126}}
Sep 17 05:47:57.751189 n-d-789963-8 devstack@placement-api.service[95407]: DEBUG placement.objects.research_context [req-1263dda7-bc3e-46d4-b427-cc3f13d4aaf6 req-4d8dd5d4-a358-48db-9972-2403d8f148df service placement] found 2 providers with available 1 DISK_GB {{(pid=95407) get_provider_ids_matching /opt/stack/placement/placement/objects/research_context.py:549}}
Sep 17 05:47:57.752675 n-d-789963-8 devstack@placement-api.service[95407]: DEBUG placement.objects.research_context [req-1263dda7-bc3e-46d4-b427-cc3f13d4aaf6 req-4d8dd5d4-a358-48db-9972-2403d8f148df service placement] found 2 providers with available 1024 MEMORY_MB {{(pid=95407) get_provider_ids_matching /opt/stack/placement/placement/objects/research_context.py:549}}
Sep 17 05:47:57.754818 n-d-789963-8 devstack@placement-api.service[95407]: DEBUG placement.objects.research_context [req-1263dda7-bc3e-46d4-b427-cc3f13d4aaf6 req-4d8dd5d4-a358-48db-9972-2403d8f148df service placement] found 2 providers after filtering by previous result {{(pid=95407) get_provider_ids_matching /opt/stack/placement/placement/objects/research_context.py:580}}
Sep 17 05:47:57.755539 n-d-789963-8 devstack@placement-api.service[95407]: DEBUG placement.objects.research_context [req-1263dda7-bc3e-46d4-b427-cc3f13d4aaf6 req-4d8dd5d4-a358-48db-9972-2403d8f148df service placement] found 2 providers with available 1 VCPU {{(pid=95407) get_provider_ids_matching /opt/stack/placement/placement/objects/research_context.py:549}}
Sep 17 05:47:57.756130 n-d-789963-8 devstack@placement-api.service[95407]: DEBUG placement.objects.research_context [req-1263dda7-bc3e-46d4-b427-cc3f13d4aaf6 req-4d8dd5d4-a358-48db-9972-2403d8f148df service placement] found 2 providers after filtering by previous result {{(pid=95407) get_provider_ids_matching /opt/stack/placement/placement/objects/research_context.py:580}}
Sep 17 05:47:57.793517 n-d-789963-8 devstack@placement-api.service[95407]: DEBUG placement.objects.allocation_candidate [req-1263dda7-bc3e-46d4-b427-cc3f13d4aaf6 req-4d8dd5d4-a358-48db-9972-2403d8f148df service placement] RequestGroup(use_same_provider=False, resources={DISK_GB:1, MEMORY_MB:1024, VCPU:1}, traits=[], aggregates=[]) (suffix '') returned 2 matches {{(pid=95407) _get_by_requests /opt/stack/placement/placement/objects/allocation_candidate.py:145}}
Sep 17 05:47:57.793887 n-d-789963-8 devstack@placement-api.service[95407]: DEBUG placement.objects.allocation_candidate [req-1263dda7-bc3e-46d4-b427-cc3f13d4aaf6 req-4d8dd5d4-a358-48db-9972-2403d8f148df service placement] Merging candidates yields 2 allocation requests and 2 provider summaries {{(pid=95407) _merge_candidates /opt/stack/placement/placement/objects/allocation_candidate.py:783}}
Sep 17 05:47:57.801852 n-d-789963-8 devstack@placement-api.service[95407]: INFO placement.requestlog [req-1263dda7-bc3e-46d4-b427-cc3f13d4aaf6 req-4d8dd5d4-a358-48db-9972-2403d8f148df service placement] 10.222.0.15 "GET /placement/allocation_candidates?limit=1000&resources=DISK_GB%3A1%2CMEMORY_MB%3A1024%2CVCPU%3A1&root_required=%21COMPUTE_STATUS_DISABLED" status: 200 len: 1309 microversion: 1.36
Sep 17 05:47:57.803396 n-d-789963-8 devstack@placement-api.service[95407]: [pid: 95407|app: 0|req: 272/538] 10.222.0.15 () {60 vars in 1507 bytes} [Fri Sep 17 05:47:57 2021] GET /placement/allocation_candidates?limit=1000&resources=DISK_GB%3A1%2CMEMORY_MB%3A1024%2CVCPU%3A1&root_required=%21COMPUTE_STATUS_DISABLED => generated 1309 bytes in 565 msecs (HTTP/1.1 200) 8 headers in 297 bytes (1 switches on core 0)
Sep 17 05:47:57.890298 n-d-789963-8 devstack@placement-api.service[95408]: DEBUG placement.requestlog [req-1263dda7-bc3e-46d4-b427-cc3f13d4aaf6 req-96cd35b2-e1ad-4243-8bfb-8236acad79c0 None None] Starting request: 10.222.0.15 "GET /placement/allocations/e664c44f-e8d8-496e-a606-e4696c9eb54e" {{(pid=95408) __call__ /opt/stack/placement/placement/requestlog.py:55}}
Sep 17 05:47:57.902012 n-d-789963-8 devstack@placement-api.service[95408]: INFO placement.requestlog [req-1263dda7-bc3e-46d4-b427-cc3f13d4aaf6 req-96cd35b2-e1ad-4243-8bfb-8236acad79c0 service placement] 10.222.0.15 "GET /placement/allocations/e664c44f-e8d8-496e-a606-e4696c9eb54e" status: 200 len: 19 microversion: 1.28
Sep 17 05:47:57.908562 n-d-789963-8 devstack@placement-api.service[95407]: DEBUG placement.requestlog [req-1263dda7-bc3e-46d4-b427-cc3f13d4aaf6 req-cd0e3f67-025d-4b71-a010-b7c687a35395 None None] Starting request: 10.222.0.15 "PUT /placement/allocations/e664c44f-e8d8-496e-a606-e4696c9eb54e" {{(pid=95407) __call__ /opt/stack/placement/placement/requestlog.py:55}}
Sep 17 05:47:57.917991 n-d-789963-8 devstack@placement-api.service[95408]: [pid: 95408|app: 0|req: 267/539] 10.222.0.15 () {60 vars in 1381 bytes} [Fri Sep 17 05:47:57 2021] GET /placement/allocations/e664c44f-e8d8-496e-a606-e4696c9eb54e => generated 19 bytes in 27 msecs (HTTP/1.1 200) 8 headers in 295 bytes (1 switches on core 0)
Sep 17 05:47:58.012239 n-d-789963-8 devstack@placement-api.service[95407]: DEBUG placement.handlers.allocation [req-1263dda7-bc3e-46d4-b427-cc3f13d4aaf6 req-cd0e3f67-025d-4b71-a010-b7c687a35395 service placement] Successfully wrote allocations [, , ] {{(pid=95407) _update_consumers_and_create_allocations /opt/stack/placement/placement/handlers/allocation.py:462}}
Sep 17 05:47:58.016527 n-d-789963-8 devstack@placement-api.service[95407]: INFO placement.requestlog [req-1263dda7-bc3e-46d4-b427-cc3f13d4aaf6 req-cd0e3f67-025d-4b71-a010-b7c687a35395 service placement] 10.222.0.15 "PUT /placement/allocations/e664c44f-e8d8-496e-a606-e4696c9eb54e" status: 204 len: 0 microversion: 1.36
Sep 17 05:47:58.017070 n-d-789963-8 devstack@placement-api.service[95407]: [pid: 95407|app: 0|req: 273/540] 10.222.0.15 () {64 vars in 1434 bytes} [Fri Sep 17 05:47:57 2021] PUT /placement/allocations/e664c44f-e8d8-496e-a606-e4696c9eb54e => generated 0 bytes in 109 msecs (HTTP/1.1 204) 5 headers in 199 bytes (1 switches on core 0)
Sep 17 05:47:58.447555 n-d-789963-8 devstack@placement-api.service[95408]: DEBUG placement.requestlog [req-1263dda7-bc3e-46d4-b427-cc3f13d4aaf6 req-3c96cc4c-e4ec-47d9-bc7c-1563a6a62778 None None] Starting request: 10.222.0.38 "GET /placement/allocations/e664c44f-e8d8-496e-a606-e4696c9eb54e" {{(pid=95408) __call__ /opt/stack/placement/placement/requestlog.py:55}}
Sep 17 05:47:58.466522 n-d-789963-8 devstack@placement-api.service[95408]: INFO placement.requestlog [req-1263dda7-bc3e-46d4-b427-cc3f13d4aaf6 req-3c96cc4c-e4ec-47d9-bc7c-1563a6a62778 service placement] 10.222.0.38 "GET /placement/allocations/e664c44f-e8d8-496e-a606-e4696c9eb54e" status: 200 len: 259 microversion: 1.28
Sep 17 05:47:58.467296 n-d-789963-8 devstack@placement-api.service[95408]: [pid: 95408|app: 0|req: 268/541] 10.222.0.38 () {60 vars in 1378 bytes} [Fri Sep 17 05:47:58 2021] GET /placement/allocations/e664c44f-e8d8-496e-a606-e4696c9eb54e => generated 259 bytes in 20 msecs (HTTP/1.1 200) 8 headers in 296 bytes (1 switches on core 0)
Sep 17 05:47:58.884855 n-d-789963-8 devstack@placement-api.service[95407]: DEBUG placement.requestlog [req-b6b8d6a7-5a9f-4eac-beeb-bc8f310694c7 req-970f3c38-b7f8-4ca7-b5f6-d6733811ff1b None None] Starting request: 10.222.0.15 "GET /placement/allocation_candidates?limit=1000&resources=DISK_GB%3A1%2CMEMORY_MB%3A1024%2CVCPU%3A1&root_required=%21COMPUTE_STATUS_DISABLED" {{(pid=95407) __call__ /opt/stack/placement/placement/requestlog.py:55}}
Sep 17 05:47:58.939294 n-d-789963-8 devstack@placement-api.service[95407]: DEBUG placement.objects.research_context [req-b6b8d6a7-5a9f-4eac-beeb-bc8f310694c7 req-970f3c38-b7f8-4ca7-b5f6-d6733811ff1b service placement] getting providers with 1 DISK_GB {{(pid=95407) __init__ /opt/stack/placement/placement/objects/research_context.py:126}}
Sep 17 05:47:58.958227 n-d-789963-8 devstack@placement-api.service[95407]: DEBUG placement.objects.research_context [req-b6b8d6a7-5a9f-4eac-beeb-bc8f310694c7 req-970f3c38-b7f8-4ca7-b5f6-d6733811ff1b service placement] getting providers with 1024 MEMORY_MB {{(pid=95407) __init__ /opt/stack/placement/placement/objects/research_context.py:126}}
Sep 17 05:47:58.964410 n-d-789963-8 devstack@placement-api.service[95407]: DEBUG placement.objects.research_context [req-b6b8d6a7-5a9f-4eac-beeb-bc8f310694c7 req-970f3c38-b7f8-4ca7-b5f6-d6733811ff1b service placement] getting providers with 1 VCPU {{(pid=95407) __init__ /opt/stack/placement/placement/objects/research_context.py:126}}
Sep 17 05:47:58.979209 n-d-789963-8 devstack@placement-api.service[95407]: DEBUG placement.objects.research_context [req-b6b8d6a7-5a9f-4eac-beeb-bc8f310694c7 req-970f3c38-b7f8-4ca7-b5f6-d6733811ff1b service placement] found 2 providers with available 1 DISK_GB {{(pid=95407) get_provider_ids_matching /opt/stack/placement/placement/objects/research_context.py:549}}
Sep 17 05:47:58.979499 n-d-789963-8 devstack@placement-api.service[95407]: DEBUG placement.objects.research_context [req-b6b8d6a7-5a9f-4eac-beeb-bc8f310694c7 req-970f3c38-b7f8-4ca7-b5f6-d6733811ff1b service placement] found 2 providers with available 1024 MEMORY_MB {{(pid=95407) get_provider_ids_matching /opt/stack/placement/placement/objects/research_context.py:549}}
