Sep 17 01:00:22.487662 n-d-789963-7 neutron-server[112072]: DEBUG neutron_lib.callbacks.manager [None req-4c281979-a13f-4c1c-8f35-17905a568cd8 admin admin] Notify callbacks [] for security_group, precommit_create {{(pid=112072) _notify_loop /usr/local/lib/python3.8/dist-packages/neutron_lib/callbacks/manager.py:192}}
Sep 17 01:00:22.553235 n-d-789963-7 neutron-server[112072]: DEBUG neutron_lib.callbacks.manager [None req-4c281979-a13f-4c1c-8f35-17905a568cd8 admin admin] Notify callbacks ['neutron.plugins.ml2.ovo_rpc._ObjectChangeHandler.handle_event-3712723'] for security_group, after_create {{(pid=112072) _notify_loop /usr/local/lib/python3.8/dist-packages/neutron_lib/callbacks/manager.py:192}}
Sep 17 01:00:22.590484 n-d-789963-7 neutron-server[112072]: INFO neutron.wsgi [None req-4c281979-a13f-4c1c-8f35-17905a568cd8 admin admin] 10.222.0.13 "GET /v2.0/security-groups?tenant_id=f325919a46a143b2927f05b67d826feb&name=default HTTP/1.1" status: 200 len: 2975 time: 0.2159162
Sep 17 01:00:22.592401 n-d-789963-7 neutron-server[112072]: DEBUG neutron.api.rpc.handlers.resources_rpc [None req-4c281979-a13f-4c1c-8f35-17905a568cd8 admin admin] Pushing event updated for resources: {'SecurityGroup': ['ID=461d8843-8c50-42c7-8d04-767eb97e2306,revision_number=1']} {{(pid=112072) push /opt/stack/neutron/neutron/api/rpc/handlers/resources_rpc.py:237}}
Sep 17 01:00:22.593243 n-d-789963-7 neutron-server[112073]: DEBUG neutron.wsgi [-] (112073) accepted ('10.222.0.13', 58970) {{(pid=112073) server /usr/local/lib/python3.8/dist-packages/eventlet/wsgi.py:982}}
Sep 17 01:00:22.662046 n-d-789963-7 neutron-server[112073]: DEBUG neutron_lib.callbacks.manager [None req-d89f458d-60eb-4451-bf30-a32ddcea1c14 admin admin] Notify callbacks [] for security_group, before_delete {{(pid=112073) _notify_loop /usr/local/lib/python3.8/dist-packages/neutron_lib/callbacks/manager.py:192}}
Sep 17 01:00:22.685912 n-d-789963-7 neutron-server[112073]: DEBUG neutron_lib.callbacks.manager [None req-d89f458d-60eb-4451-bf30-a32ddcea1c14 admin admin] Notify callbacks [] for security_group, precommit_delete {{(pid=112073) _notify_loop /usr/local/lib/python3.8/dist-packages/neutron_lib/callbacks/manager.py:192}}
Sep 17 01:00:22.799499 n-d-789963-7 neutron-server[112073]: DEBUG neutron_lib.callbacks.manager [None req-d89f458d-60eb-4451-bf30-a32ddcea1c14 admin admin] Notify callbacks ['neutron.plugins.ml2.ovo_rpc._ObjectChangeHandler.handle_event-3712723'] for security_group, after_delete {{(pid=112073) _notify_loop /usr/local/lib/python3.8/dist-packages/neutron_lib/callbacks/manager.py:192}}
Sep 17 01:00:22.802410 n-d-789963-7 neutron-server[112073]: DEBUG neutron_lib.callbacks.manager [None req-d89f458d-60eb-4451-bf30-a32ddcea1c14 admin admin] Notify callbacks [] for security_group, before_response {{(pid=112073) _notify_loop /usr/local/lib/python3.8/dist-packages/neutron_lib/callbacks/manager.py:192}}
Sep 17 01:00:22.807025 n-d-789963-7 neutron-server[112073]: INFO neutron.wsgi [None req-d89f458d-60eb-4451-bf30-a32ddcea1c14 admin admin] 10.222.0.13 "DELETE /v2.0/security-groups/461d8843-8c50-42c7-8d04-767eb97e2306 HTTP/1.1" status: 204 len: 168 time: 0.2102249
Sep 17 01:00:22.812760 n-d-789963-7 neutron-server[112073]: DEBUG neutron.api.rpc.handlers.resources_rpc [None req-d89f458d-60eb-4451-bf30-a32ddcea1c14 admin admin] Pushing event deleted for resources: {'SecurityGroup': ['ID=461d8843-8c50-42c7-8d04-767eb97e2306,revision_number=None']} {{(pid=112073) push /opt/stack/neutron/neutron/api/rpc/handlers/resources_rpc.py:237}}
Sep 17 01:00:23.312646 n-d-789963-7 neutron-server[112073]: DEBUG neutron.wsgi [-] (112073) accepted ('10.222.0.13', 59026) {{(pid=112073) server /usr/local/lib/python3.8/dist-packages/eventlet/wsgi.py:982}}
Sep 17 01:00:23.327116 n-d-789963-7 neutron-server[112073]: DEBUG neutron_lib.callbacks.manager [None req-c2779751-b9db-44d5-a698-a47d3a12d514 admin admin] Notify callbacks [] for security_group, before_create {{(pid=112073) _notify_loop /usr/local/lib/python3.8/dist-packages/neutron_lib/callbacks/manager.py:192}}
Sep 17 01:00:23.431175 n-d-789963-7 neutron-server[112073]: DEBUG neutron_lib.callbacks.manager [None req-c2779751-b9db-44d5-a698-a47d3a12d514 admin admin] Notify callbacks [] for security_group, precommit_create {{(pid=112073) _notify_loop /usr/local/lib/python3.8/dist-packages/neutron_lib/callbacks/manager.py:192}}
Sep 17 01:00:23.502528 n-d-789963-7 neutron-server[112073]: DEBUG neutron_lib.callbacks.manager [None req-c2779751-b9db-44d5-a698-a47d3a12d514 admin admin] Notify callbacks ['neutron.plugins.ml2.ovo_rpc._ObjectChangeHandler.handle_event-3712723'] for security_group, after_create {{(pid=112073) _notify_loop /usr/local/lib/python3.8/dist-packages/neutron_lib/callbacks/manager.py:192}}
Sep 17 01:00:23.542938 n-d-789963-7 neutron-server[112073]: INFO neutron.wsgi [None req-c2779751-b9db-44d5-a698-a47d3a12d514 admin admin] 10.222.0.13 "GET /v2.0/security-groups?tenant_id=3c42b646bcde4ef5b9b5227cbee5d11f&name=default HTTP/1.1" status: 200 len: 2975 time: 0.2264977
Sep 17 01:00:23.542938 n-d-789963-7 neutron-server[112073]: DEBUG neutron.api.rpc.handlers.resources_rpc [None req-c2779751-b9db-44d5-a698-a47d3a12d514 admin admin] Pushing event updated for resources: {'SecurityGroup': ['ID=9dc2376e-2fd1-4fbb-90fe-a10ffaef9fa7,revision_number=1']} {{(pid=112073) push /opt/stack/neutron/neutron/api/rpc/handlers/resources_rpc.py:237}}
Sep 17 01:00:23.543174 n-d-789963-7 neutron-server[112072]: DEBUG neutron.wsgi [-] (112072) accepted ('10.222.0.13', 59040) {{(pid=112072) server /usr/local/lib/python3.8/dist-packages/eventlet/wsgi.py:982}}
Sep 17 01:00:23.583674 n-d-789963-7 neutron-server[112073]: DEBUG neutron.wsgi [-] (112073) accepted ('10.222.0.13', 59044) {{(pid=112073) server /usr/local/lib/python3.8/dist-packages/eventlet/wsgi.py:982}}
Sep 17 01:00:23.608991 n-d-789963-7 neutron-server[112072]: DEBUG neutron_lib.callbacks.manager [None req-dcb3909a-f522-4c07-a906-9c6030a67d76 admin admin] Notify callbacks [] for security_group, before_delete {{(pid=112072) _notify_loop /usr/local/lib/python3.8/dist-packages/neutron_lib/callbacks/manager.py:192}}
Sep 17 01:00:23.630954 n-d-789963-7 neutron-server[112072]: DEBUG neutron_lib.callbacks.manager [None req-dcb3909a-f522-4c07-a906-9c6030a67d76 admin admin] Notify callbacks [] for security_group, precommit_delete {{(pid=112072) _notify_loop /usr/local/lib/python3.8/dist-packages/neutron_lib/callbacks/manager.py:192}}
Sep 17 01:00:23.759624 n-d-789963-7 neutron-server[112072]: DEBUG neutron_lib.callbacks.manager [None req-dcb3909a-f522-4c07-a906-9c6030a67d76 admin admin] Notify callbacks ['neutron.plugins.ml2.ovo_rpc._ObjectChangeHandler.handle_event-3712723'] for security_group, after_delete {{(pid=112072) _notify_loop /usr/local/lib/python3.8/dist-packages/neutron_lib/callbacks/manager.py:192}}
Sep 17 01:00:23.762167 n-d-789963-7 neutron-server[112072]: DEBUG neutron_lib.callbacks.manager [None req-dcb3909a-f522-4c07-a906-9c6030a67d76 admin admin] Notify callbacks [] for security_group, before_response {{(pid=112072) _notify_loop /usr/local/lib/python3.8/dist-packages/neutron_lib/callbacks/manager.py:192}}
Sep 17 01:00:23.763395 n-d-789963-7 neutron-server[112072]: INFO neutron.wsgi [None req-dcb3909a-f522-4c07-a906-9c6030a67d76 admin admin] 10.222.0.13 "DELETE /v2.0/security-groups/9dc2376e-2fd1-4fbb-90fe-a10ffaef9fa7 HTTP/1.1" status: 204 len: 168 time: 0.2190249
Sep 17 01:00:23.771309 n-d-789963-7 neutron-server[112072]: DEBUG neutron.api.rpc.handlers.resources_rpc [None req-dcb3909a-f522-4c07-a906-9c6030a67d76 admin admin] Pushing event deleted for resources: {'SecurityGroup': ['ID=9dc2376e-2fd1-4fbb-90fe-a10ffaef9fa7,revision_number=None']} {{(pid=112072) push /opt/stack/neutron/neutron/api/rpc/handlers/resources_rpc.py:237}}
Sep 17 01:00:23.961901 n-d-789963-7 neutron-server[112073]: WARNING keystonemiddleware.auth_token [-] A valid token was submitted as a service token, but it was not a valid service token. This is incorrect but backwards compatible behaviour. This will be removed in future releases.
Sep 17 01:00:24.010348 n-d-789963-7 neutron-server[112073]: INFO neutron.wsgi [req-9f641ded-cf02-4a04-a280-317206524210 req-bf8a9fca-c6c3-4a62-8903-4ebf56be1088 tempest-AggregatesAdminTestJSON-1862473324 tempest-AggregatesAdminTestJSON-1862473324-project] 10.222.0.13 "GET /v2.0/ports?device_id=00233f7d-7239-4edf-b1b9-d76614603e59 HTTP/1.1" status: 200 len: 210 time: 0.4255297
Sep 17 01:00:24.053329 n-d-789963-7 neutron-server[112073]: DEBUG neutron.wsgi [-] (112073) accepted ('10.222.0.13', 59064) {{(pid=112073) server /usr/local/lib/python3.8/dist-packages/eventlet/wsgi.py:982}}
Sep 17 01:00:24.434017 n-d-789963-7 neutron-server[112073]: DEBUG neutron_lib.callbacks.manager [None req-b83d5534-48a6-48d0-9770-479ebeed448d admin admin] Notify callbacks [] for security_group, before_create {{(pid=112073) _notify_loop /usr/local/lib/python3.8/dist-packages/neutron_lib/callbacks/manager.py:192}}
Sep 17 01:00:24.508773 n-d-789963-7 neutron-server[112072]: DEBUG neutron.wsgi [-] (112072) accepted ('10.222.0.13', 59078) {{(pid=112072) server /usr/local/lib/python3.8/dist-packages/eventlet/wsgi.py:982}}
Sep 17 01:00:24.546619 n-d-789963-7 neutron-server[112073]: DEBUG neutron_lib.callbacks.manager [None req-b83d5534-48a6-48d0-9770-479ebeed448d admin admin] Notify callbacks [] for security_group, precommit_create {{(pid=112073) _notify_loop /usr/local/lib/python3.8/dist-packages/neutron_lib/callbacks/manager.py:192}}
Sep 17 01:00:24.610922 n-d-789963-7 neutron-server[112073]: DEBUG neutron_lib.callbacks.manager [None req-b83d5534-48a6-48d0-9770-479ebeed448d admin admin] Notify callbacks ['neutron.plugins.ml2.ovo_rpc._ObjectChangeHandler.handle_event-3712723'] for security_group, after_create {{(pid=112073) _notify_loop /usr/local/lib/python3.8/dist-packages/neutron_lib/callbacks/manager.py:192}}
Sep 17 01:00:24.644929 n-d-789963-7 neutron-server[112072]: DEBUG neutron.api.v2.base [None req-9482190b-4d99-4043-a495-f278c43b8e71 admin admin] Request body: {'network': {'name': 'tempest-ServersWithSpecificFlavorTestJSON-1643201652-network', 'tenant_id': 'ae71d2675681479fa9dbe710cb72896d'}} {{(pid=112072) prepare_request_body /opt/stack/neutron/neutron/api/v2/base.py:730}}
Sep 17 01:00:24.645463 n-d-789963-7 neutron-server[112073]: DEBUG neutron.api.rpc.handlers.resources_rpc [None req-b83d5534-48a6-48d0-9770-479ebeed448d admin admin] Pushing event updated for resources: {'SecurityGroup': ['ID=0526b69a-c629-4ec8-b505-0361ca3b6d8f,revision_number=1']} {{(pid=112073) push /opt/stack/neutron/neutron/api/rpc/handlers/resources_rpc.py:237}}
Sep 17 01:00:24.662060 n-d-789963-7 neutron-server[112073]: INFO neutron.wsgi [None req-b83d5534-48a6-48d0-9770-479ebeed448d admin admin] 10.222.0.13 "GET /v2.0/security-groups?tenant_id=f8b82732ca484c878ae7346b6129a4b4&name=default HTTP/1.1" status: 200 len: 2975 time: 0.6072507
Sep 17 01:00:24.664687 n-d-789963-7 neutron-server[112073]: DEBUG neutron.wsgi [-] (112073) accepted ('10.222.0.13', 59088) {{(pid=112073) server /usr/local/lib/python3.8/dist-packages/eventlet/wsgi.py:982}}
Sep 17 01:00:24.714064 n-d-789963-7 neutron-server[112073]: DEBUG neutron_lib.callbacks.manager [None req-0eef8135-18a6-4173-ad2d-3a2c08174c97 admin admin] Notify callbacks [] for security_group, before_delete {{(pid=112073) _notify_loop /usr/local/lib/python3.8/dist-packages/neutron_lib/callbacks/manager.py:192}}
Sep 17 01:00:24.740236 n-d-789963-7 neutron-server[112073]: DEBUG neutron_lib.callbacks.manager [None req-0eef8135-18a6-4173-ad2d-3a2c08174c97 admin admin] Notify callbacks [] for security_group, precommit_delete {{(pid=112073) _notify_loop /usr/local/lib/python3.8/dist-packages/neutron_lib/callbacks/manager.py:192}}
Sep 17 01:00:24.770772 n-d-789963-7 neutron-server[112072]: DEBUG neutron.pecan_wsgi.hooks.quota_enforcement [None req-9482190b-4d99-4043-a495-f278c43b8e71 admin admin] Made reservation on behalf of ae71d2675681479fa9dbe710cb72896d for: {'network': 1} {{(pid=112072) before /opt/stack/neutron/neutron/pecan_wsgi/hooks/quota_enforcement.py:53}}
Sep 17 01:00:24.773188 n-d-789963-7 neutron-server[112072]: DEBUG neutron_lib.callbacks.manager [None req-9482190b-4d99-4043-a495-f278c43b8e71 admin admin] Notify callbacks ['neutron.plugins.ml2.plugin.SecurityGroupDbMixin._ensure_default_security_group_handler-3594740'] for network, before_create {{(pid=112072) _notify_loop /usr/local/lib/python3.8/dist-packages/neutron_lib/callbacks/manager.py:192}}
Sep 17 01:00:24.783760 n-d-789963-7 neutron-server[112072]: DEBUG neutron_lib.callbacks.manager [None req-9482190b-4d99-4043-a495-f278c43b8e71 admin admin] Notify callbacks [] for security_group, before_create {{(pid=112072) _notify_loop /usr/local/lib/python3.8/dist-packages/neutron_lib/callbacks/manager.py:192}}
Sep 17 01:00:24.844966 n-d-789963-7 neutron-server[112073]: DEBUG neutron_lib.callbacks.manager [None req-0eef8135-18a6-4173-ad2d-3a2c08174c97 admin admin] Notify callbacks ['neutron.plugins.ml2.ovo_rpc._ObjectChangeHandler.handle_event-3712723'] for security_group, after_delete {{(pid=112073) _notify_loop /usr/local/lib/python3.8/dist-packages/neutron_lib/callbacks/manager.py:192}}
Sep 17 01:00:24.847695 n-d-789963-7 neutron-server[112073]: DEBUG neutron_lib.callbacks.manager [None req-0eef8135-18a6-4173-ad2d-3a2c08174c97 admin admin] Notify callbacks [] for security_group, before_response {{(pid=112073) _notify_loop /usr/local/lib/python3.8/dist-packages/neutron_lib/callbacks/manager.py:192}}
Sep 17 01:00:24.849119 n-d-789963-7 neutron-server[112073]: INFO neutron.wsgi [None req-0eef8135-18a6-4173-ad2d-3a2c08174c97 admin admin] 10.222.0.13 "DELETE /v2.0/security-groups/0526b69a-c629-4ec8-b505-0361ca3b6d8f HTTP/1.1" status: 204 len: 168 time: 0.1835010
Sep 17 01:00:24.858418 n-d-789963-7 neutron-server[112073]: DEBUG neutron.api.rpc.handlers.resources_rpc [None req-0eef8135-18a6-4173-ad2d-3a2c08174c97 admin admin] Pushing event deleted for resources: {'SecurityGroup': ['ID=0526b69a-c629-4ec8-b505-0361ca3b6d8f,revision_number=None']} {{(pid=112073) push /opt/stack/neutron/neutron/api/rpc/handlers/resources_rpc.py:237}}
Sep 17 01:00:24.929932 n-d-789963-7 neutron-server[112072]: DEBUG neutron_lib.callbacks.manager [None req-9482190b-4d99-4043-a495-f278c43b8e71 admin admin] Notify callbacks [] for security_group, precommit_create {{(pid=112072) _notify_loop /usr/local/lib/python3.8/dist-packages/neutron_lib/callbacks/manager.py:192}}
Sep 17 01:00:24.971258 n-d-789963-7 neutron-server[112072]: DEBUG neutron_lib.callbacks.manager [None req-9482190b-4d99-4043-a495-f278c43b8e71 admin admin] Notify callbacks ['neutron.plugins.ml2.ovo_rpc._ObjectChangeHandler.handle_event-3712723'] for security_group, after_create {{(pid=112072) _notify_loop /usr/local/lib/python3.8/dist-packages/neutron_lib/callbacks/manager.py:192}}
Sep 17 01:00:24.997068 n-d-789963-7 neutron-server[112072]: DEBUG neutron.plugins.ml2.drivers.helpers [None req-9482190b-4d99-4043-a495-f278c43b8e71 admin admin] vlan segment allocate from pool success with {'vlan_id': 127, 'physical_network': 'physnet1'} {{(pid=112072) allocate_partially_specified_segment /opt/stack/neutron/neutron/plugins/ml2/drivers/helpers.py:153}}
Sep 17 01:00:25.007699 n-d-789963-7 neutron-server[112072]: DEBUG neutron.api.rpc.handlers.resources_rpc [None req-9482190b-4d99-4043-a495-f278c43b8e71 admin admin] Pushing event updated for resources: {'SecurityGroup': ['ID=2065c32e-aa02-4bf9-8eb9-6e344f714a17,revision_number=1']} {{(pid=112072) push /opt/stack/neutron/neutron/api/rpc/handlers/resources_rpc.py:237}}
Sep 17 01:00:25.012455 n-d-789963-7 neutron-server[112072]: DEBUG neutron_lib.callbacks.manager [None req-9482190b-4d99-4043-a495-f278c43b8e71 admin admin] Notify callbacks ['neutron.plugins.ml2.plugin.Ml2Plugin._handle_segment_change-548561'] for segment, precommit_create {{(pid=112072) _notify_loop /usr/local/lib/python3.8/dist-packages/neutron_lib/callbacks/manager.py:192}}
Sep 17 01:00:25.012803 n-d-789963-7 neutron-server[112072]: INFO neutron.db.segments_db [None req-9482190b-4d99-4043-a495-f278c43b8e71 admin admin] Added segment 8d652ce5-4002-4513-82de-82549228b407 of type vlan for network 8c63c263-68c6-4482-ae36-0499b99ef1aa
Sep 17 01:00:25.054646 n-d-789963-7 neutron-server[112072]: DEBUG neutron_lib.callbacks.manager [None req-9482190b-4d99-4043-a495-f278c43b8e71 admin admin] Notify callbacks ['neutron.services.auto_allocate.db._ensure_external_network_default_value_callback-8765635568662'] for network, precommit_create {{(pid=112072) _notify_loop /usr/local/lib/python3.8/dist-packages/neutron_lib/callbacks/manager.py:192}}
Sep 17 01:00:25.141868 n-d-789963-7 neutron-server[112072]: DEBUG neutron_lib.callbacks.manager [None req-9482190b-4d99-4043-a495-f278c43b8e71 admin admin] Notify callbacks ['neutron.plugins.ml2.ovo_rpc._ObjectChangeHandler.handle_event-3718656', 'neutron.api.rpc.agentnotifiers.dhcp_rpc_agent_api.DhcpAgentNotifyAPI._native_event_send_dhcp_notification-3634759'] for network, after_create {{(pid=112072) _notify_loop /usr/local/lib/python3.8/dist-packages/neutron_lib/callbacks/manager.py:192}}
Sep 17 01:00:25.142918 n-d-789963-7 neutron-server[112072]: DEBUG neutron.pecan_wsgi.hooks.policy_enforcement [None req-9482190b-4d99-4043-a495-f278c43b8e71 admin admin] Attributes excluded by policy engine: ['standard_attr_id', 'vlan_transparent'] {{(pid=112072) _exclude_attributes_by_policy /opt/stack/neutron/neutron/pecan_wsgi/hooks/policy_enforcement.py:255}}
Sep 17 01:00:25.143544 n-d-789963-7 neutron-server[112072]: DEBUG neutron_lib.callbacks.manager [None req-9482190b-4d99-4043-a495-f278c43b8e71 admin admin] Notify callbacks ['neutron.api.rpc.agentnotifiers.dhcp_rpc_agent_api.DhcpAgentNotifyAPI._send_dhcp_notification-3634773'] for network, before_response {{(pid=112072) _notify_loop /usr/local/lib/python3.8/dist-packages/neutron_lib/callbacks/manager.py:192}}
Sep 17 01:00:25.219400 n-d-789963-7 neutron-server[112072]: DEBUG neutron.api.rpc.handlers.resources_rpc [None req-9482190b-4d99-4043-a495-f278c43b8e71 admin admin] Pushing event updated for resources: {'Network': ['ID=8c63c263-68c6-4482-ae36-0499b99ef1aa,revision_number=1']} {{(pid=112072) push /opt/stack/neutron/neutron/api/rpc/handlers/resources_rpc.py:237}}
Sep 17 01:00:25.230577 n-d-789963-7 neutron-server[112074]: DEBUG neutron.plugins.ml2.rpc [None req-159550b4-55b8-4c4d-828e-dc7893cc4796 None None] Network 8c63c263-68c6-4482-ae36-0499b99ef1aa details requested by agent ovs-agent-n-d-789963-7 with host n-d-789963-7 {{(pid=112074) get_network_details /opt/stack/neutron/neutron/plugins/ml2/rpc.py:248}}
Sep 17 01:00:25.252681 n-d-789963-7 neutron-server[112072]: INFO neutron.wsgi [req-264bf053-8d1f-4718-a591-2316e9bfd07a req-6a2ef827-b8d9-4d9b-9380-a2a27912b63c tempest-AggregatesAdminTestJSON-1862473324 tempest-AggregatesAdminTestJSON-1862473324-project] 10.222.0.13 "GET /v2.0/ports?device_id=00233f7d-7239-4edf-b1b9-d76614603e59 HTTP/1.1" status: 200 len: 210 time: 0.0445051
Sep 17 01:00:25.260584 n-d-789963-7 neutron-server[112072]: INFO neutron.wsgi [None req-9482190b-4d99-4043-a495-f278c43b8e71 admin admin] 10.222.0.13 "POST /v2.0/networks HTTP/1.1" status: 201 len: 897 time: 0.7470880
Sep 17 01:00:25.260896 n-d-789963-7 neutron-server[112072]: DEBUG neutron.wsgi [-] (112072) accepted ('10.222.0.13', 59114) {{(pid=112072) server /usr/local/lib/python3.8/dist-packages/eventlet/wsgi.py:982}}
Sep 17 01:00:25.269300 n-d-789963-7 neutron-server[112072]: DEBUG neutron.api.v2.base [None req-9a6bcd53-3820-413f-9170-76b0dbe78381 admin admin] Request body: {'subnet': {'network_id': '8c63c263-68c6-4482-ae36-0499b99ef1aa', 'cidr': '172.20.0.0/28', 'name': 'tempest-ServersWithSpecificFlavorTestJSON-1643201652-subnet', 'tenant_id': 'ae71d2675681479fa9dbe710cb72896d', 'enable_dhcp': True, 'ip_version': 4}} {{(pid=112072) prepare_request_body /opt/stack/neutron/neutron/api/v2/base.py:730}}
Sep 17 01:00:25.353576 n-d-789963-7 neutron-server[112072]: DEBUG neutron.pecan_wsgi.hooks.quota_enforcement [None req-9a6bcd53-3820-413f-9170-76b0dbe78381 admin admin] Made reservation on behalf of ae71d2675681479fa9dbe710cb72896d for: {'subnet': 1} {{(pid=112072) before /opt/stack/neutron/neutron/pecan_wsgi/hooks/quota_enforcement.py:53}}
Sep 17 01:00:25.356132 n-d-789963-7 neutron-server[112072]: DEBUG neutron_lib.callbacks.manager [None req-9a6bcd53-3820-413f-9170-76b0dbe78381 admin admin] Notify callbacks [] for subnet, before_create {{(pid=112072) _notify_loop /usr/local/lib/python3.8/dist-packages/neutron_lib/callbacks/manager.py:192}}
Sep 17 01:00:25.362112 n-d-789963-7 neutron-server[112073]: DEBUG neutron.wsgi [-] (112073) accepted ('10.222.0.36', 63190) {{(pid=112073) server /usr/local/lib/python3.8/dist-packages/eventlet/wsgi.py:982}}
Sep 17 01:00:25.398887 n-d-789963-7 neutron-server[112073]: INFO neutron.wsgi [req-efb4e444-5941-42e0-b733-bade49c46310 req-3c50b370-5415-4a37-808f-3ce6e728f5af tempest-AggregatesAdminTestJSON-1862473324 tempest-AggregatesAdminTestJSON-1862473324-project] 10.222.0.36 "GET /v2.0/networks?tenant_id=353e3d61f9bf44c385fc40db24e1cc4e&shared=False HTTP/1.1" status: 200 len: 213 time: 0.0355465
Sep 17 01:00:25.637899 n-d-789963-7 neutron-server[112073]: DEBUG neutron.pecan_wsgi.hooks.policy_enforcement [req-efb4e444-5941-42e0-b733-bade49c46310 req-43b65095-a112-4450-b13c-5bcb6e3848f5 tempest-AggregatesAdminTestJSON-1862473324 tempest-AggregatesAdminTestJSON-1862473324-project] Attributes excluded by policy engine: ['standard_attr_id', 'vlan_transparent', 'provider:network_type', 'provider:physical_network', 'provider:segmentation_id'] {{(pid=112073) _exclude_attributes_by_policy /opt/stack/neutron/neutron/pecan_wsgi/hooks/policy_enforcement.py:255}}
Sep 17 01:00:25.639284 n-d-789963-7 neutron-server[112072]: DEBUG neutron_lib.callbacks.manager [None req-9a6bcd53-3820-413f-9170-76b0dbe78381 admin admin] Notify callbacks ['neutron.plugins.ml2.ovo_rpc._ObjectChangeHandler.handle_event-3718772', 'neutron.api.rpc.agentnotifiers.dhcp_rpc_agent_api.DhcpAgentNotifyAPI._native_event_send_dhcp_notification-3634759'] for subnet, after_create {{(pid=112072) _notify_loop /usr/local/lib/python3.8/dist-packages/neutron_lib/callbacks/manager.py:192}}
Sep 17 01:00:25.639422 n-d-789963-7 neutron-server[112073]: INFO neutron.wsgi [req-efb4e444-5941-42e0-b733-bade49c46310 req-43b65095-a112-4450-b13c-5bcb6e3848f5 tempest-AggregatesAdminTestJSON-1862473324 tempest-AggregatesAdminTestJSON-1862473324-project] 10.222.0.36 "GET /v2.0/networks?shared=True HTTP/1.1" status: 200 len: 769 time: 0.2353618
Sep 17 01:00:25.700612 n-d-789963-7 neutron-server[112072]: DEBUG neutron.api.rpc.handlers.resources_rpc [None req-9a6bcd53-3820-413f-9170-76b0dbe78381 admin admin] Pushing event updated for resources: {'Subnet': ['ID=89582275-01b2-4dbd-b060-5645c178ca96,revision_number=0']} {{(pid=112072) push /opt/stack/neutron/neutron/api/rpc/handlers/resources_rpc.py:237}}
Sep 17 01:00:25.704890 n-d-789963-7 neutron-server[112072]: DEBUG neutron.plugins.ml2.drivers.mech_agent [None req-9a6bcd53-3820-413f-9170-76b0dbe78381 admin admin] Checking segment: {'id': '8d652ce5-4002-4513-82de-82549228b407', 'network_type': 'vlan', 'physical_network': 'physnet1', 'segmentation_id': 127, 'network_id': '8c63c263-68c6-4482-ae36-0499b99ef1aa'} for mappings: {'physnet1': 'br-data'} with network types: ['local', 'flat', 'vlan'] {{(pid=112072) check_segment_for_agent /opt/stack/neutron/neutron/plugins/ml2/drivers/mech_agent.py:358}}
Sep 17 01:00:25.705237 n-d-789963-7 neutron-server[112072]: DEBUG neutron.scheduler.dhcp_agent_scheduler [None req-9a6bcd53-3820-413f-9170-76b0dbe78381 admin admin] Network hostable DHCP agents. Network: 8c63c263-68c6-4482-ae36-0499b99ef1aa, hostable agents: ['702d2c4e-9da6-497b-a7f8-bb74e0c845e1'], hosted agents: [] {{(pid=112072) _get_network_hostable_dhcp_agents /opt/stack/neutron/neutron/scheduler/dhcp_agent_scheduler.py:329}}
Sep 17 01:00:25.727825 n-d-789963-7 neutron-server[112073]: DEBUG neutron.api.v2.base [req-efb4e444-5941-42e0-b733-bade49c46310 req-8ff12b09-fc28-4c09-a980-2699b8f885a4 tempest-AggregatesAdminTestJSON-1862473324 tempest-AggregatesAdminTestJSON-1862473324-project] Request body: {'port': {'device_id': '00233f7d-7239-4edf-b1b9-d76614603e59', 'network_id': '26a1017f-6886-4061-86ae-01626833211c', 'admin_state_up': True, 'tenant_id': '353e3d61f9bf44c385fc40db24e1cc4e'}} {{(pid=112073) prepare_request_body /opt/stack/neutron/neutron/api/v2/base.py:730}}
Sep 17 01:00:25.765042 n-d-789963-7 neutron-server[112072]: DEBUG neutron.scheduler.dhcp_agent_scheduler [None req-9a6bcd53-3820-413f-9170-76b0dbe78381 admin admin] Network 8c63c263-68c6-4482-ae36-0499b99ef1aa is scheduled to be hosted by DHCP agent 702d2c4e-9da6-497b-a7f8-bb74e0c845e1 with binding_index 1 {{(pid=112072) bind /opt/stack/neutron/neutron/scheduler/dhcp_agent_scheduler.py:227}}
Sep 17 01:00:25.856610 n-d-789963-7 neutron-server[112072]: DEBUG neutron.scheduler.base_scheduler [None req-9a6bcd53-3820-413f-9170-76b0dbe78381 admin admin] Resources bound (agent type, host, resource id): (DHCP agent, n-d-789963-7, 8c63c263-68c6-4482-ae36-0499b99ef1aa) {{(pid=112072) schedule /opt/stack/neutron/neutron/scheduler/base_scheduler.py:57}}
Sep 17 01:00:25.861123 n-d-789963-7 neutron-server[112072]: DEBUG neutron.pecan_wsgi.hooks.policy_enforcement [None req-9a6bcd53-3820-413f-9170-76b0dbe78381 admin admin] Attributes excluded by policy engine: ['standard_attr_id', 'shared', 'network'] {{(pid=112072) _exclude_attributes_by_policy /opt/stack/neutron/neutron/pecan_wsgi/hooks/policy_enforcement.py:255}}
Sep 17 01:00:25.862123 n-d-789963-7 neutron-server[112072]: DEBUG neutron_lib.callbacks.manager [None req-9a6bcd53-3820-413f-9170-76b0dbe78381 admin admin] Notify callbacks ['neutron.api.rpc.agentnotifiers.dhcp_rpc_agent_api.DhcpAgentNotifyAPI._send_dhcp_notification-3634773'] for subnet, before_response {{(pid=112072) _notify_loop /usr/local/lib/python3.8/dist-packages/neutron_lib/callbacks/manager.py:192}}
Sep 17 01:00:25.870670 n-d-789963-7 neutron-server[112074]: DEBUG neutron.api.rpc.handlers.dhcp_rpc [None req-6a1e1764-55ea-4dee-9f49-1ffdd7fce3be None None] Network 8c63c263-68c6-4482-ae36-0499b99ef1aa requested from n-d-789963-7 {{(pid=112074) get_network_info /opt/stack/neutron/neutron/api/rpc/handlers/dhcp_rpc.py:218}}
Sep 17 01:00:25.906104 n-d-789963-7 neutron-server[112072]: DEBUG neutron.wsgi [-] (112072) accepted ('10.222.0.13', 59136) {{(pid=112072) server /usr/local/lib/python3.8/dist-packages/eventlet/wsgi.py:982}}
Sep 17 01:00:25.920853 n-d-789963-7 neutron-server[112072]: DEBUG neutron_lib.callbacks.manager [None req-7479dc45-25a0-4f08-a5fa-73aeacb84f30 admin admin] Notify callbacks [] for security_group, before_create {{(pid=112072) _notify_loop /usr/local/lib/python3.8/dist-packages/neutron_lib/callbacks/manager.py:192}}
Sep 17 01:00:25.946990 n-d-789963-7 neutron-server[112073]: DEBUG neutron.wsgi [-] (112073) accepted ('10.222.0.13', 59138) {{(pid=112073) server /usr/local/lib/python3.8/dist-packages/eventlet/wsgi.py:982}}
Sep 17 01:00:25.948994 n-d-789963-7 neutron-server[112072]: INFO neutron.wsgi [None req-9a6bcd53-3820-413f-9170-76b0dbe78381 admin admin] 10.222.0.13 "POST /v2.0/subnets HTTP/1.1" status: 201 len: 860 time: 0.6867201
Sep 17 01:00:25.952705 n-d-789963-7 neutron-server[112073]: DEBUG neutron.api.v2.base [None req-2b078cff-7ac8-4935-81e0-c6eb6dfc1193 admin admin] Request body: {'router': {'name': 'tempest-ServersWithSpecificFlavorTestJSON-1643201652-router', 'tenant_id': 'ae71d2675681479fa9dbe710cb72896d', 'external_gateway_info': {'network_id': '3b83a758-b32b-40fb-a220-cc7e9297cfb6'}}} {{(pid=112073) prepare_request_body /opt/stack/neutron/neutron/api/v2/base.py:730}}
Sep 17 01:00:25.966687 n-d-789963-7 neutron-server[112072]: DEBUG neutron_lib.db.api [None req-7479dc45-25a0-4f08-a5fa-73aeacb84f30 admin admin] Retry wrapper got retriable exception: (pymysql.err.OperationalError) (1213, 'Deadlock found when trying to get lock; try restarting transaction')
Sep 17 01:00:25.966687 n-d-789963-7 neutron-server[112072]: [SQL: DELETE FROM reservations WHERE reservations.project_id = %(project_id_1)s AND reservations.expiration < %(expiration_1)s]
Sep 17 01:00:25.966687 n-d-789963-7 neutron-server[112072]: [parameters: {'project_id_1': 'c01565bf33c94c5a9f277fd0c6b4366d', 'expiration_1': datetime.datetime(2021, 9, 17, 1, 0, 5, 932992)}]
Sep 17 01:00:25.966687 n-d-789963-7 neutron-server[112072]: (Background on this error at: https://sqlalche.me/e/14/e3q8) {{(pid=112072) wrapped /usr/local/lib/python3.8/dist-packages/neutron_lib/db/api.py:183}}
Sep 17 01:00:25.967058 n-d-789963-7 neutron-server[112073]: DEBUG neutron_lib.db.api [None req-2b078cff-7ac8-4935-81e0-c6eb6dfc1193 admin admin] Retry wrapper got retriable exception: (pymysql.err.OperationalError) (1213, 'Deadlock found when trying to get lock; try restarting transaction')
Sep 17 01:00:25.967058 n-d-789963-7 neutron-server[112073]: [SQL: DELETE FROM reservations WHERE reservations.project_id = %(project_id_1)s AND reservations.expiration < %(expiration_1)s]
Sep 17 01:00:25.967058 n-d-789963-7 neutron-server[112073]: [parameters: {'project_id_1': 'ae71d2675681479fa9dbe710cb72896d', 'expiration_1': datetime.datetime(2021, 9, 17, 1, 0, 5, 956900)}]
Sep 17 01:00:25.967058 n-d-789963-7 neutron-server[112073]: (Background on this error at: https://sqlalche.me/e/14/e3q8) {{(pid=112073) wrapped /usr/local/lib/python3.8/dist-packages/neutron_lib/db/api.py:183}}
Sep 17 01:00:25.967491 n-d-789963-7 neutron-server[112072]: DEBUG oslo_db.api [None req-7479dc45-25a0-4f08-a5fa-73aeacb84f30 admin admin] Performing DB retry for function neutron.db.securitygroups_db.SecurityGroupDbMixin.create_security_group {{(pid=112072) wrapper /usr/local/lib/python3.8/dist-packages/oslo_db/api.py:155}}
Sep 17 01:00:25.968659 n-d-789963-7 neutron-server[112073]: DEBUG oslo_db.api [None req-2b078cff-7ac8-4935-81e0-c6eb6dfc1193 admin admin] Performing DB retry for function neutron.db.quota.driver_nolock.DbQuotaNoLockDriver.make_reservation {{(pid=112073) wrapper /usr/local/lib/python3.8/dist-packages/oslo_db/api.py:155}}
Sep 17 01:00:26.028656 n-d-789963-7 neutron-server[112074]: DEBUG neutron.api.rpc.handlers.dhcp_rpc [None req-387fb3f9-3070-4ff1-8e2f-9d12bbe92613 None None] Create dhcp port {'port': {'name': '', 'admin_state_up': True, 'device_id': 'dhcp0b042a0a-6353-542e-af4d-f04343f6d704-8c63c263-68c6-4482-ae36-0499b99ef1aa', 'network_id': '8c63c263-68c6-4482-ae36-0499b99ef1aa', 'tenant_id': 'ae71d2675681479fa9dbe710cb72896d', 'fixed_ips': [{'subnet_id': '89582275-01b2-4dbd-b060-5645c178ca96'}]}} from n-d-789963-7. {{(pid=112074) create_dhcp_port /opt/stack/neutron/neutron/api/rpc/handlers/dhcp_rpc.py:285}}
Sep 17 01:00:26.029613 n-d-789963-7 neutron-server[112074]: DEBUG neutron_lib.callbacks.manager [None req-387fb3f9-3070-4ff1-8e2f-9d12bbe92613 None None] Notify callbacks ['neutron.plugins.ml2.plugin.SecurityGroupDbMixin._ensure_default_security_group_handler-3594740'] for port, before_create {{(pid=112074) _notify_loop /usr/local/lib/python3.8/dist-packages/neutron_lib/callbacks/manager.py:192}}
Sep 17 01:00:26.067594 n-d-789963-7 neutron-server[112073]: DEBUG neutron.pecan_wsgi.hooks.quota_enforcement [req-efb4e444-5941-42e0-b733-bade49c46310 req-8ff12b09-fc28-4c09-a980-2699b8f885a4 tempest-AggregatesAdminTestJSON-1862473324 tempest-AggregatesAdminTestJSON-1862473324-project] Made reservation on behalf of 353e3d61f9bf44c385fc40db24e1cc4e for: {'port': 1} {{(pid=112073) before /opt/stack/neutron/neutron/pecan_wsgi/hooks/quota_enforcement.py:53}}
Sep 17 01:00:26.072460 n-d-789963-7 neutron-server[112073]: DEBUG neutron_lib.callbacks.manager [req-efb4e444-5941-42e0-b733-bade49c46310 req-8ff12b09-fc28-4c09-a980-2699b8f885a4 tempest-AggregatesAdminTestJSON-1862473324 tempest-AggregatesAdminTestJSON-1862473324-project] Notify callbacks ['neutron.plugins.ml2.plugin.SecurityGroupDbMixin._ensure_default_security_group_handler-3594740'] for port, before_create {{(pid=112073) _notify_loop /usr/local/lib/python3.8/dist-packages/neutron_lib/callbacks/manager.py:192}}
Sep 17 01:00:26.081413 n-d-789963-7 neutron-server[112073]: DEBUG neutron_lib.callbacks.manager [req-efb4e444-5941-42e0-b733-bade49c46310 req-8ff12b09-fc28-4c09-a980-2699b8f885a4 tempest-AggregatesAdminTestJSON-1862473324 tempest-AggregatesAdminTestJSON-1862473324-project] Notify callbacks [] for security_group, before_create {{(pid=112073) _notify_loop /usr/local/lib/python3.8/dist-packages/neutron_lib/callbacks/manager.py:192}}
Sep 17 01:00:26.177741 n-d-789963-7 neutron-server[112073]: DEBUG neutron_lib.callbacks.manager [req-efb4e444-5941-42e0-b733-bade49c46310 req-8ff12b09-fc28-4c09-a980-2699b8f885a4 tempest-AggregatesAdminTestJSON-1862473324 tempest-AggregatesAdminTestJSON-1862473324-project] Notify callbacks [] for security_group, precommit_create {{(pid=112073) _notify_loop /usr/local/lib/python3.8/dist-packages/neutron_lib/callbacks/manager.py:192}}
Sep 17 01:00:26.187372 n-d-789963-7 neutron-server[112074]: DEBUG neutron.db.db_base_plugin_common [None req-387fb3f9-3070-4ff1-8e2f-9d12bbe92613 None None] Allocated IP 172.20.0.2 (8c63c263-68c6-4482-ae36-0499b99ef1aa/89582275-01b2-4dbd-b060-5645c178ca96/f11c5ea0-ea82-4fa7-a726-4bab211ec796) {{(pid=112074) _store_ip_allocation /opt/stack/neutron/neutron/db/db_base_plugin_common.py:131}}
Sep 17 01:00:26.260925 n-d-789963-7 neutron-server[112073]: DEBUG neutron_lib.callbacks.manager [req-efb4e444-5941-42e0-b733-bade49c46310 req-8ff12b09-fc28-4c09-a980-2699b8f885a4 tempest-AggregatesAdminTestJSON-1862473324 tempest-AggregatesAdminTestJSON-1862473324-project] Notify callbacks ['neutron.plugins.ml2.ovo_rpc._ObjectChangeHandler.handle_event-3712723'] for security_group, after_create {{(pid=112073) _notify_loop /usr/local/lib/python3.8/dist-packages/neutron_lib/callbacks/manager.py:192}}
Sep 17 01:00:26.316523 n-d-789963-7 neutron-server[112073]: DEBUG neutron.api.rpc.handlers.resources_rpc [None req-8ff12b09-fc28-4c09-a980-2699b8f885a4 tempest-AggregatesAdminTestJSON-1862473324 tempest-AggregatesAdminTestJSON-1862473324-project] Pushing event updated for resources: {'SecurityGroup': ['ID=6671b8a3-f4ae-4c10-b036-5ecf61778f28,revision_number=1']} {{(pid=112073) push /opt/stack/neutron/neutron/api/rpc/handlers/resources_rpc.py:237}}
Sep 17 01:00:26.328217 n-d-789963-7 neutron-server[112074]: DEBUG neutron_lib.callbacks.manager [None req-387fb3f9-3070-4ff1-8e2f-9d12bbe92613 None None] Notify callbacks [] for port, precommit_create {{(pid=112074) _notify_loop /usr/local/lib/python3.8/dist-packages/neutron_lib/callbacks/manager.py:192}}
Sep 17 01:00:26.411055 n-d-789963-7 neutron-server[112074]: DEBUG neutron_lib.callbacks.manager [None req-387fb3f9-3070-4ff1-8e2f-9d12bbe92613 None None] Notify callbacks ['neutron.plugins.ml2.plugin.SecurityGroupServerNotifierRpcMixin._notify_sg_on_port_change-3594677', 'neutron.plugins.ml2.ovo_rpc._ObjectChangeHandler.handle_event-4119373', 'neutron.api.rpc.agentnotifiers.dhcp_rpc_agent_api.DhcpAgentNotifyAPI._native_event_send_dhcp_notification-3634759', 'neutron.db.l3_dvrscheduler_db._notify_l3_agent_new_port-8765635562159'] for port, after_create {{(pid=112074) _notify_loop /usr/local/lib/python3.8/dist-packages/neutron_lib/callbacks/manager.py:192}}
Sep 17 01:00:26.467103 n-d-789963-7 neutron-server[112074]: DEBUG neutron.api.rpc.handlers.resources_rpc [None req-387fb3f9-3070-4ff1-8e2f-9d12bbe92613 None None] Pushing event updated for resources: {'Port': ['ID=f11c5ea0-ea82-4fa7-a726-4bab211ec796,revision_number=1']} {{(pid=112074) push /opt/stack/neutron/neutron/api/rpc/handlers/resources_rpc.py:237}}
Sep 17 01:00:26.468771 n-d-789963-7 neutron-server[112072]: DEBUG neutron_lib.callbacks.manager [None req-7479dc45-25a0-4f08-a5fa-73aeacb84f30 admin admin] Notify callbacks [] for security_group, before_create {{(pid=112072) _notify_loop /usr/local/lib/python3.8/dist-packages/neutron_lib/callbacks/manager.py:192}}
Sep 17 01:00:26.477081 n-d-789963-7 neutron-server[112074]: DEBUG neutron.api.rpc.callbacks.version_manager [None req-387fb3f9-3070-4ff1-8e2f-9d12bbe92613 None None] Version for resource type AddressGroup changed None to 1.2 on consumer Open vSwitch agent@n-d-789963-7 {{(pid=112074) _set_version /opt/stack/neutron/neutron/api/rpc/callbacks/version_manager.py:113}}
Sep 17 01:00:26.477591 n-d-789963-7 neutron-server[112074]: DEBUG neutron.api.rpc.callbacks.version_manager [None req-387fb3f9-3070-4ff1-8e2f-9d12bbe92613 None None] Version for resource type ConntrackHelper changed None to 1.0 on consumer Open vSwitch agent@n-d-789963-7 {{(pid=112074) _set_version /opt/stack/neutron/neutron/api/rpc/callbacks/version_manager.py:113}}
Sep 17 01:00:26.478089 n-d-789963-7 neutron-server[112074]: DEBUG neutron.api.rpc.callbacks.version_manager [None req-387fb3f9-3070-4ff1-8e2f-9d12bbe92613 None None] Version for resource type Log changed None to 1.0 on consumer Open vSwitch agent@n-d-789963-7 {{(pid=112074) _set_version /opt/stack/neutron/neutron/api/rpc/callbacks/version_manager.py:113}}
Sep 17 01:00:26.478965 n-d-789963-7 neutron-server[112074]: DEBUG neutron.api.rpc.callbacks.version_manager [None req-387fb3f9-3070-4ff1-8e2f-9d12bbe92613 None None] Version for resource type Network changed None to 1.1 on consumer Open vSwitch agent@n-d-789963-7 {{(pid=112074) _set_version /opt/stack/neutron/neutron/api/rpc/callbacks/version_manager.py:113}}
Sep 17 01:00:26.479546 n-d-789963-7 neutron-server[112074]: DEBUG neutron.api.rpc.callbacks.version_manager [None req-387fb3f9-3070-4ff1-8e2f-9d12bbe92613 None None] Version for resource type Port changed None to 1.7 on consumer Open vSwitch agent@n-d-789963-7 {{(pid=112074) _set_version /opt/stack/neutron/neutron/api/rpc/callbacks/version_manager.py:113}}
Sep 17 01:00:26.480075 n-d-789963-7 neutron-server[112074]: DEBUG neutron.api.rpc.callbacks.version_manager [None req-387fb3f9-3070-4ff1-8e2f-9d12bbe92613 None None] Version for resource type PortForwarding changed None to 1.2 on consumer Open vSwitch agent@n-d-789963-7 {{(pid=112074) _set_version /opt/stack/neutron/neutron/api/rpc/callbacks/version_manager.py:113}}
Sep 17 01:00:26.480619 n-d-789963-7 neutron-server[112074]: DEBUG neutron.api.rpc.callbacks.version_manager [None req-387fb3f9-3070-4ff1-8e2f-9d12bbe92613 None None] Version for resource type QosPolicy changed None to 1.9 on consumer Open vSwitch agent@n-d-789963-7 {{(pid=112074) _set_version /opt/stack/neutron/neutron/api/rpc/callbacks/version_manager.py:113}}
Sep 17 01:00:26.481188 n-d-789963-7 neutron-server[112074]: DEBUG neutron.api.rpc.callbacks.version_manager [None req-387fb3f9-3070-4ff1-8e2f-9d12bbe92613 None None] Version for resource type SecurityGroup changed None to 1.4 on consumer Open vSwitch agent@n-d-789963-7 {{(pid=112074) _set_version /opt/stack/neutron/neutron/api/rpc/callbacks/version_manager.py:113}}
Sep 17 01:00:26.481709 n-d-789963-7 neutron-server[112074]: DEBUG neutron.api.rpc.callbacks.version_manager [None req-387fb3f9-3070-4ff1-8e2f-9d12bbe92613 None None] Version for resource type SecurityGroupRule changed None to 1.2 on consumer Open vSwitch agent@n-d-789963-7 {{(pid=112074) _set_version /opt/stack/neutron/neutron/api/rpc/callbacks/version_manager.py:113}}
Sep 17 01:00:26.482401 n-d-789963-7 neutron-server[112074]: DEBUG neutron.api.rpc.callbacks.version_manager [None req-387fb3f9-3070-4ff1-8e2f-9d12bbe92613 None None] Version for resource type SubPort changed None to 1.0 on consumer Open vSwitch agent@n-d-789963-7 {{(pid=112074) _set_version /opt/stack/neutron/neutron/api/rpc/callbacks/version_manager.py:113}}
Sep 17 01:00:26.483528 n-d-789963-7 neutron-server[112074]: DEBUG neutron.api.rpc.callbacks.version_manager [None req-387fb3f9-3070-4ff1-8e2f-9d12bbe92613 None None] Version for resource type Subnet changed None to 1.1 on consumer Open vSwitch agent@n-d-789963-7 {{(pid=112074) _set_version /opt/stack/neutron/neutron/api/rpc/callbacks/version_manager.py:113}}
Sep 17 01:00:26.484059 n-d-789963-7 neutron-server[112074]: DEBUG neutron.api.rpc.callbacks.version_manager [None req-387fb3f9-3070-4ff1-8e2f-9d12bbe92613 None None] Version for resource type Trunk changed None to 1.1 on consumer Open vSwitch agent@n-d-789963-7 {{(pid=112074) _set_version /opt/stack/neutron/neutron/api/rpc/callbacks/version_manager.py:113}}
Sep 17 01:00:26.485414 n-d-789963-7 neutron-server[112074]: DEBUG neutron.api.rpc.callbacks.version_manager [None req-387fb3f9-3070-4ff1-8e2f-9d12bbe92613 None None] Tracked resource versions report:
Sep 17 01:00:26.485414 n-d-789963-7 neutron-server[112074]: pushed versions:
Sep 17 01:00:26.485414 n-d-789963-7 neutron-server[112074]: { 'AddressGroup': {'1.2'},
Sep 17 01:00:26.485414 n-d-789963-7 neutron-server[112074]: 'ConntrackHelper': {'1.0'},
Sep 17 01:00:26.485414 n-d-789963-7 neutron-server[112074]: 'Log': {'1.0'},
Sep 17 01:00:26.485414 n-d-789963-7 neutron-server[112074]: 'Network': {'1.1'},
Sep 17 01:00:26.485414 n-d-789963-7 neutron-server[112074]: 'Port': {'1.7'},
Sep 17 01:00:26.485414 n-d-789963-7 neutron-server[112074]: 'PortForwarding': {'1.2'},
Sep 17 01:00:26.485414 n-d-789963-7 neutron-server[112074]: 'QosPolicy': {'1.9'},
Sep 17 01:00:26.485414 n-d-789963-7 neutron-server[112074]: 'SecurityGroup': {'1.4'},
Sep 17 01:00:26.485414 n-d-789963-7 neutron-server[112074]: 'SecurityGroupRule': {'1.2'},
Sep 17 01:00:26.485414 n-d-789963-7 neutron-server[112074]: 'SubPort': {'1.0'},
Sep 17 01:00:26.485414 n-d-789963-7 neutron-server[112074]: 'Subnet': {'1.1'},
Sep 17 01:00:26.485414 n-d-789963-7 neutron-server[112074]: 'Trunk': {'1.1'}}
Sep 17 01:00:26.485414 n-d-789963-7 neutron-server[112074]: consumer versions:
Sep 17 01:00:26.485414 n-d-789963-7 neutron-server[112074]: { DHCP agent@n-d-789963-7: {},
Sep 17 01:00:26.485414 n-d-789963-7 neutron-server[112074]: HyperV agent@n-h1-789963-7: {},
Sep 17 01:00:26.485414 n-d-789963-7 neutron-server[112074]: HyperV agent@n-h2-789963-7: {},
Sep 17 01:00:26.485414 n-d-789963-7 neutron-server[112074]: L3 agent@n-d-789963-7: {},
Sep 17 01:00:26.485414 n-d-789963-7 neutron-server[112074]: Metadata agent@n-d-789963-7: {},
Sep 17 01:00:26.485414 n-d-789963-7 neutron-server[112074]: Metering agent@n-d-789963-7: {},
Sep 17 01:00:26.485414 n-d-789963-7 neutron-server[112074]: Open vSwitch agent@n-d-789963-7: { 'AddressGroup': '1.2',
Sep 17 01:00:26.485414 n-d-789963-7 neutron-server[112074]: 'ConntrackHelper': '1.0',
Sep 17 01:00:26.485414 n-d-789963-7 neutron-server[112074]: 'Log': '1.0',
Sep 17 01:00:26.485414 n-d-789963-7 neutron-server[112074]: 'Network': '1.1',
Sep 17 01:00:26.485414 n-d-789963-7 neutron-server[112074]: 'Port': '1.7',
Sep 17 01:00:26.485414 n-d-789963-7 neutron-server[112074]: 'PortForwarding': '1.2',
Sep 17 01:00:26.485414 n-d-789963-7 neutron-server[112074]: 'QosPolicy': '1.9',
Sep 17 01:00:26.485414 n-d-789963-7 neutron-server[112074]: 'SecurityGroup': '1.4',
Sep 17 01:00:26.485414 n-d-789963-7 neutron-server[112074]: 'SecurityGroupRule': '1.2',
Sep 17 01:00:26.485414 n-d-789963-7 neutron-server[112074]: 'SubPort': '1.0',
Sep 17 01:00:26.485414 n-d-789963-7 neutron-server[112074]: 'Subnet': '1.1',
Sep 17 01:00:26.485414 n-d-789963-7 neutron-server[112074]: 'Trunk': '1.1'}}
Sep 17 01:00:26.485414 n-d-789963-7 neutron-server[112074]: {{(pid=112074) report /opt/stack/neutron/neutron/api/rpc/callbacks/version_manager.py:175}}
Sep 17 01:00:26.504922 n-d-789963-7 neutron-server[112074]: DEBUG neutron.scheduler.dhcp_agent_scheduler [None req-387fb3f9-3070-4ff1-8e2f-9d12bbe92613 None None] Network 8c63c263-68c6-4482-ae36-0499b99ef1aa is already hosted by enough agents. {{(pid=112074) _get_dhcp_agents_hosting_network /opt/stack/neutron/neutron/scheduler/dhcp_agent_scheduler.py:275}}
Sep 17 01:00:26.506127 n-d-789963-7 neutron-server[112073]: INFO neutron.wsgi [req-68db8012-715e-456a-8ba9-ab84654974b7 req-57d99862-83c2-494d-b276-096c581faac0 tempest-AggregatesAdminTestJSON-1862473324 tempest-AggregatesAdminTestJSON-1862473324-project] 10.222.0.13 "GET /v2.0/ports?device_id=00233f7d-7239-4edf-b1b9-d76614603e59 HTTP/1.1" status: 200 len: 210 time: 0.0770683
Sep 17 01:00:26.506588 n-d-789963-7 neutron-server[112074]: DEBUG neutron.scheduler.base_scheduler [None req-387fb3f9-3070-4ff1-8e2f-9d12bbe92613 None None] Resources bound (agent type, host, resource id): {{(pid=112074) schedule /opt/stack/neutron/neutron/scheduler/base_scheduler.py:57}}
Sep 17 01:00:26.510212 n-d-789963-7 neutron-server[112074]: DEBUG neutron.db.l3_dvrscheduler_db [None req-387fb3f9-3070-4ff1-8e2f-9d12bbe92613 None None] Received port after_create {{(pid=112074) _notify_l3_agent_new_port /opt/stack/neutron/neutron/db/l3_dvrscheduler_db.py:535}}
Sep 17 01:00:26.592290 n-d-789963-7 neutron-server[112074]: DEBUG neutron.plugins.ml2.managers [None req-387fb3f9-3070-4ff1-8e2f-9d12bbe92613 None None] Attempting to bind port f11c5ea0-ea82-4fa7-a726-4bab211ec796 on host n-d-789963-7 for vnic_type normal with profile {{(pid=112074) bind_port /opt/stack/neutron/neutron/plugins/ml2/managers.py:790}}
Sep 17 01:00:26.594027 n-d-789963-7 neutron-server[112074]: DEBUG neutron.plugins.ml2.managers [None req-387fb3f9-3070-4ff1-8e2f-9d12bbe92613 None None] Attempting to bind port f11c5ea0-ea82-4fa7-a726-4bab211ec796 by drivers openvswitch,hyperv on host n-d-789963-7 at level 0 using segments [{'id': '8d652ce5-4002-4513-82de-82549228b407', 'network_type': 'vlan', 'physical_network': 'physnet1', 'segmentation_id': 127, 'network_id': '8c63c263-68c6-4482-ae36-0499b99ef1aa'}] {{(pid=112074) _bind_port_level /opt/stack/neutron/neutron/plugins/ml2/managers.py:815}}
Sep 17 01:00:26.595048 n-d-789963-7 neutron-server[112074]: DEBUG neutron.plugins.ml2.drivers.mech_agent [None req-387fb3f9-3070-4ff1-8e2f-9d12bbe92613 None None] Attempting to bind port f11c5ea0-ea82-4fa7-a726-4bab211ec796 on network 8c63c263-68c6-4482-ae36-0499b99ef1aa {{(pid=112074) bind_port /opt/stack/neutron/neutron/plugins/ml2/drivers/mech_agent.py:91}}
Sep 17 01:00:26.604416 n-d-789963-7 neutron-server[112074]: DEBUG neutron.plugins.ml2.drivers.mech_agent [None req-387fb3f9-3070-4ff1-8e2f-9d12bbe92613 None None] Checking agent: {'id': '4c1f8a01-2d52-45a9-b3ad-bbb2a43b8395', 'agent_type': 'Open vSwitch agent', 'binary': 'neutron-openvswitch-agent', 'topic': 'N/A', 'host': 'n-d-789963-7', 'admin_state_up': True, 'created_at': datetime.datetime(2021, 9, 17, 0, 50, 9), 'started_at': datetime.datetime(2021, 9, 17, 0, 50, 39), 'heartbeat_timestamp': datetime.datetime(2021, 9, 17, 1, 0, 9), 'description': None, 'resources_synced': None, 'availability_zone': None, 'alive': True, 'configurations': {'arp_responder_enabled': False, 'baremetal_smartnic': False, 'bridge_mappings': {'physnet1': 'br-data'}, 'datapath_type': 'system', 'devices': 0, 'enable_distributed_routing': False, 'extensions': [], 'in_distributed_mode': False, 'integration_bridge': 'br-int', 'l2_population': False, 'log_agent_heartbeats': False, 'ovs_capabilities': {'datapath_types': ['netdev', 'system'], 'iface_types': ['erspan', 'geneve', 'gre', 'internal', 'ip6erspan', 'ip6gre', 'lisp', 'patch', 'stt', 'system', 'tap', 'vxlan']}, 'ovs_hybrid_plug': False, 'resource_provider_bandwidths': {}, 'resource_provider_hypervisors': {'br-data': 'n-d-789963-7'}, 'resource_provider_inventory_defaults': {'allocation_ratio': 1.0, 'min_unit': 1, 'step_size': 1, 'reserved': 0}, 'tunnel_types': [], 'tunneling_ip': None, 'vhostuser_socket_dir': '/var/run/openvswitch'}, 'resource_versions': {'AddressGroup': '1.2', 'ConntrackHelper': '1.0', 'Log': '1.0', 'Network': '1.1', 'Port': '1.7', 'PortForwarding': '1.2', 'QosPolicy': '1.9', 'SecurityGroup': '1.4', 'SecurityGroupRule': '1.2', 'SubPort': '1.0', 'Subnet': '1.1', 'Trunk': '1.1'}} {{(pid=112074) bind_port /opt/stack/neutron/neutron/plugins/ml2/drivers/mech_agent.py:110}}
Sep 17 01:00:26.605196 n-d-789963-7 neutron-server[112074]: DEBUG neutron.plugins.ml2.drivers.mech_agent [None req-387fb3f9-3070-4ff1-8e2f-9d12bbe92613 None None] Checking segment: {'id': '8d652ce5-4002-4513-82de-82549228b407', 'network_type': 'vlan', 'physical_network': 'physnet1', 'segmentation_id': 127, 'network_id': '8c63c263-68c6-4482-ae36-0499b99ef1aa'} for mappings: {'physnet1': 'br-data'} with network types: ['local', 'flat', 'vlan'] {{(pid=112074) check_segment_for_agent /opt/stack/neutron/neutron/plugins/ml2/drivers/mech_agent.py:358}}
Sep 17 01:00:26.605836 n-d-789963-7 neutron-server[112074]: DEBUG neutron_lib.callbacks.manager [None req-387fb3f9-3070-4ff1-8e2f-9d12bbe92613 None None] Notify callbacks [] for ovs_bridge_name, before_read {{(pid=112074) _notify_loop /usr/local/lib/python3.8/dist-packages/neutron_lib/callbacks/manager.py:192}}
Sep 17 01:00:26.607364 n-d-789963-7 neutron-server[112074]: DEBUG neutron.plugins.ml2.drivers.mech_agent [None req-387fb3f9-3070-4ff1-8e2f-9d12bbe92613 None None] Bound using segment: {'id': '8d652ce5-4002-4513-82de-82549228b407', 'network_type': 'vlan', 'physical_network': 'physnet1', 'segmentation_id': 127, 'network_id': '8c63c263-68c6-4482-ae36-0499b99ef1aa'} {{(pid=112074) bind_port /opt/stack/neutron/neutron/plugins/ml2/drivers/mech_agent.py:120}}
Sep 17 01:00:26.608659 n-d-789963-7 neutron-server[112074]: DEBUG neutron.plugins.ml2.managers [None req-387fb3f9-3070-4ff1-8e2f-9d12bbe92613 None None] Bound port: f11c5ea0-ea82-4fa7-a726-4bab211ec796, host: n-d-789963-7, vif_type: ovs, vif_details: {"connectivity": "l2", "port_filter": true, "ovs_hybrid_plug": false, "datapath_type": "system", "bridge_name": "br-int"}, binding_levels: [{'bound_driver': 'openvswitch', 'bound_segment': {'id': '8d652ce5-4002-4513-82de-82549228b407', 'network_type': 'vlan', 'physical_network': 'physnet1', 'segmentation_id': 127, 'network_id': '8c63c263-68c6-4482-ae36-0499b99ef1aa'}}] {{(pid=112074) _bind_port_level /opt/stack/neutron/neutron/plugins/ml2/managers.py:928}}
