Feb 09 20:37:25.429813 n-d-789963-29 neutron-server[103324]: INFO neutron.wsgi [req-8db7b00e-c5af-49ac-9522-dbe1959e9e35 req-9fe545ca-ce21-4329-9dd0-becb085e7ef6 service neutron] 10.222.0.102 "POST /v2.0/ports/1aaa6a06-d7e7-4691-85a2-9b50e460923f/bindings HTTP/1.1" status: 201 len: 390 time: 0.4826906
Feb 09 20:37:25.464667 n-d-789963-29 neutron-server[103325]: INFO neutron.wsgi [req-6910470f-191d-47eb-89f8-7fd393c98bee req-5b1d079a-b924-4deb-be14-5057b9913eb0 tempest-LiveMigrationNegativeTest-1813103770 tempest-LiveMigrationNegativeTest-1813103770-project] 10.222.0.102 "GET /v2.0/security-groups?id=42c14dde-be77-43b4-95e1-a9cf36ed45d6&fields=id&fields=name HTTP/1.1" status: 200 len: 286 time: 0.0530357
Feb 09 20:37:25.479961 n-d-789963-29 neutron-server[103326]: DEBUG neutron.notifiers.nova [-] Sending events: [{'server_uuid': '027e4949-5410-4c38-bce1-5ad19c9418ee', 'name': 'network-vif-plugged', 'status': 'completed', 'tag': '9b81501b-ccc6-40f0-8051-3f9130ad3dda'}] {{(pid=103326) send_events /opt/stack/neutron/neutron/notifiers/nova.py:271}}
Feb 09 20:37:25.486128 n-d-789963-29 neutron-server[103326]: DEBUG novaclient.v2.client [-] REQ: curl -g -i --cacert "/opt/stack/data/ca-bundle.pem" -X POST http://10.222.0.102/compute/v2.1/os-server-external-events -H "Accept: application/json" -H "Content-Type: application/json" -H "User-Agent: python-novaclient" -H "X-Auth-Token: {SHA256}ff45bdc554277ca1b9426562432f0b87a387b0f88fbd35df00fae1faaa84d3bb" -H "X-OpenStack-Nova-API-Version: 2.1" -H "X-OpenStack-Request-ID: req-b8f14a42-3774-47be-a716-efed5ab2b352" -d '{"events": [{"server_uuid": "027e4949-5410-4c38-bce1-5ad19c9418ee", "name": "network-vif-plugged", "status": "completed", "tag": "9b81501b-ccc6-40f0-8051-3f9130ad3dda"}]}' {{(pid=103326) _http_log_request /usr/local/lib/python3.8/dist-packages/keystoneauth1/session.py:519}}
Feb 09 20:37:25.513787 n-d-789963-29 neutron-server[103326]: DEBUG neutron.plugins.ml2.db [None req-a17d0322-e9d3-4adb-ba98-7ff6c2efd687 None None] For port 9b81501b-ccc6-40f0-8051-3f9130ad3dda, host n-h2-789963-29, got binding levels [PortBindingLevel(driver='hyperv',host='n-h2-789963-29',level=0,port_id=9b81501b-ccc6-40f0-8051-3f9130ad3dda,segment=NetworkSegment(ced60443-8e5b-445d-8840-d5b55a884a87),segment_id=ced60443-8e5b-445d-8840-d5b55a884a87)] {{(pid=103326) get_binding_level_objs /opt/stack/neutron/neutron/plugins/ml2/db.py:74}}
Feb 09 20:37:25.519079 n-d-789963-29 neutron-server[103326]: DEBUG neutron_lib.callbacks.manager [None req-a17d0322-e9d3-4adb-ba98-7ff6c2efd687 None None] Publish callbacks ['neutron.plugins.ml2.plugin.SecurityGroupServerNotifierRpcMixin._notify_sg_on_port_change-728141', 'neutron.plugins.ml2.ovo_rpc._ObjectChangeHandler.handle_event-43830', 'neutron.api.rpc.agentnotifiers.dhcp_rpc_agent_api.DhcpAgentNotifyAPI._native_event_send_dhcp_notification-1811098', 'neutron.db.l3_db.L3RpcNotifierMixin._notify_gateway_port_ip_changed-8743317270285', 'neutron.db.l3_dvrscheduler_db._notify_l3_agent_port_update-8743316720357', 'neutron.db.l3_hascheduler_db._notify_l3_agent_ha_port_update-8743316720375'] for port (9b81501b-ccc6-40f0-8051-3f9130ad3dda), after_update {{(pid=103326) _notify_loop /usr/local/lib/python3.8/dist-packages/neutron_lib/callbacks/manager.py:176}}
Feb 09 20:37:25.595765 n-d-789963-29 neutron-server[103326]: DEBUG neutron.api.rpc.handlers.resources_rpc [None req-a17d0322-e9d3-4adb-ba98-7ff6c2efd687 None None] Pushing event updated for resources: {'Port': ['ID=9b81501b-ccc6-40f0-8051-3f9130ad3dda,revision_number=5']} {{(pid=103326) push /opt/stack/neutron/neutron/api/rpc/handlers/resources_rpc.py:237}}
Feb 09 20:37:25.608903 n-d-789963-29 neutron-server[103326]: DEBUG neutron.api.rpc.callbacks.version_manager [None req-a17d0322-e9d3-4adb-ba98-7ff6c2efd687 None None] Version for resource type AddressGroup changed None to 1.2 on consumer Open vSwitch agent@n-d-789963-29 {{(pid=103326) _set_version /opt/stack/neutron/neutron/api/rpc/callbacks/version_manager.py:113}}
Feb 09 20:37:25.610056 n-d-789963-29 neutron-server[103326]: DEBUG neutron.api.rpc.callbacks.version_manager [None req-a17d0322-e9d3-4adb-ba98-7ff6c2efd687 None None] Version for resource type ConntrackHelper changed None to 1.0 on consumer Open vSwitch agent@n-d-789963-29 {{(pid=103326) _set_version /opt/stack/neutron/neutron/api/rpc/callbacks/version_manager.py:113}}
Feb 09 20:37:25.610736 n-d-789963-29 neutron-server[103326]: DEBUG neutron.api.rpc.callbacks.version_manager [None req-a17d0322-e9d3-4adb-ba98-7ff6c2efd687 None None] Version for resource type LocalIPAssociation changed None to 1.0 on consumer Open vSwitch agent@n-d-789963-29 {{(pid=103326) _set_version /opt/stack/neutron/neutron/api/rpc/callbacks/version_manager.py:113}}
Feb 09 20:37:25.611274 n-d-789963-29 neutron-server[103326]: DEBUG neutron.api.rpc.callbacks.version_manager [None req-a17d0322-e9d3-4adb-ba98-7ff6c2efd687 None None] Version for resource type Log changed None to 1.0 on consumer Open vSwitch agent@n-d-789963-29 {{(pid=103326) _set_version /opt/stack/neutron/neutron/api/rpc/callbacks/version_manager.py:113}}
Feb 09 20:37:25.611848 n-d-789963-29 neutron-server[103326]: DEBUG neutron.api.rpc.callbacks.version_manager [None req-a17d0322-e9d3-4adb-ba98-7ff6c2efd687 None None] Version for resource type Network changed None to 1.1 on consumer Open vSwitch agent@n-d-789963-29 {{(pid=103326) _set_version /opt/stack/neutron/neutron/api/rpc/callbacks/version_manager.py:113}}
Feb 09 20:37:25.612503 n-d-789963-29 neutron-server[103326]: DEBUG neutron.api.rpc.callbacks.version_manager [None req-a17d0322-e9d3-4adb-ba98-7ff6c2efd687 None None] Version for resource type Port changed None to 1.7 on consumer Open vSwitch agent@n-d-789963-29 {{(pid=103326) _set_version /opt/stack/neutron/neutron/api/rpc/callbacks/version_manager.py:113}}
Feb 09 20:37:25.613294 n-d-789963-29 neutron-server[103326]: DEBUG neutron.api.rpc.callbacks.version_manager [None req-a17d0322-e9d3-4adb-ba98-7ff6c2efd687 None None] Version for resource type PortForwarding changed None to 1.2 on consumer Open vSwitch agent@n-d-789963-29 {{(pid=103326) _set_version /opt/stack/neutron/neutron/api/rpc/callbacks/version_manager.py:113}}
Feb 09 20:37:25.613741 n-d-789963-29 neutron-server[103326]: DEBUG neutron.api.rpc.callbacks.version_manager [None req-a17d0322-e9d3-4adb-ba98-7ff6c2efd687 None None] Version for resource type QosPolicy changed None to 1.10 on consumer Open vSwitch agent@n-d-789963-29 {{(pid=103326) _set_version /opt/stack/neutron/neutron/api/rpc/callbacks/version_manager.py:113}}
Feb 09 20:37:25.614316 n-d-789963-29 neutron-server[103326]: DEBUG neutron.api.rpc.callbacks.version_manager [None req-a17d0322-e9d3-4adb-ba98-7ff6c2efd687 None None] Version for resource type SecurityGroup changed None to 1.5 on consumer Open vSwitch agent@n-d-789963-29 {{(pid=103326) _set_version /opt/stack/neutron/neutron/api/rpc/callbacks/version_manager.py:113}}
Feb 09 20:37:25.614763 n-d-789963-29 neutron-server[103326]: DEBUG neutron.api.rpc.callbacks.version_manager [None req-a17d0322-e9d3-4adb-ba98-7ff6c2efd687 None None] Version for resource type SecurityGroupRule changed None to 1.2 on consumer Open vSwitch agent@n-d-789963-29 {{(pid=103326) _set_version /opt/stack/neutron/neutron/api/rpc/callbacks/version_manager.py:113}}
Feb 09 20:37:25.615285 n-d-789963-29 neutron-server[103326]: DEBUG neutron.api.rpc.callbacks.version_manager [None req-a17d0322-e9d3-4adb-ba98-7ff6c2efd687 None None] Version for resource type SubPort changed None to 1.0 on consumer Open vSwitch agent@n-d-789963-29 {{(pid=103326) _set_version /opt/stack/neutron/neutron/api/rpc/callbacks/version_manager.py:113}}
Feb 09 20:37:25.615835 n-d-789963-29 neutron-server[103326]: DEBUG neutron.api.rpc.callbacks.version_manager [None req-a17d0322-e9d3-4adb-ba98-7ff6c2efd687 None None] Version for resource type Subnet changed None to 1.1 on consumer Open vSwitch agent@n-d-789963-29 {{(pid=103326) _set_version /opt/stack/neutron/neutron/api/rpc/callbacks/version_manager.py:113}}
Feb 09 20:37:25.616512 n-d-789963-29 neutron-server[103326]: DEBUG neutron.api.rpc.callbacks.version_manager [None req-a17d0322-e9d3-4adb-ba98-7ff6c2efd687 None None] Version for resource type Trunk changed None to 1.1 on consumer Open vSwitch agent@n-d-789963-29 {{(pid=103326) _set_version /opt/stack/neutron/neutron/api/rpc/callbacks/version_manager.py:113}}
Feb 09 20:37:25.643817 n-d-789963-29 neutron-server[103324]: DEBUG neutron.pecan_wsgi.hooks.policy_enforcement [req-82cd3e3a-fee9-409b-a641-85cf1ce5eb86 req-58f0e857-cbe3-4d08-a710-47dd3766c073 tempest-MigrationsAdminTest-1873034635 tempest-MigrationsAdminTest-1873034635-project] Attributes excluded by policy engine: ['standard_attr_id', 'binding:profile', 'binding:host_id', 'binding:vif_type', 'binding:vif_details'] {{(pid=103324) _exclude_attributes_by_policy /opt/stack/neutron/neutron/pecan_wsgi/hooks/policy_enforcement.py:255}}
Feb 09 20:37:25.646327 n-d-789963-29 neutron-server[103324]: INFO neutron.wsgi [req-82cd3e3a-fee9-409b-a641-85cf1ce5eb86 req-58f0e857-cbe3-4d08-a710-47dd3766c073 tempest-MigrationsAdminTest-1873034635 tempest-MigrationsAdminTest-1873034635-project] 10.222.0.102 "GET /v2.0/ports?device_id=f434e874-814e-44b5-9858-99083abf28da HTTP/1.1" status: 200 len: 971 time: 0.0693762
Feb 09 20:37:25.716467 n-d-789963-29 neutron-server[103324]: INFO neutron.wsgi [req-82cd3e3a-fee9-409b-a641-85cf1ce5eb86 req-04d166ad-617f-45c5-9364-49332b4aa61e tempest-MigrationsAdminTest-1873034635 tempest-MigrationsAdminTest-1873034635-project] 10.222.0.102 "GET /v2.0/security-groups?id=306c3d4e-1fe7-4071-b9a6-0acdf8d64c41&fields=id&fields=name HTTP/1.1" status: 200 len: 286 time: 0.0638573
Feb 09 20:37:25.761356 n-d-789963-29 neutron-server[103326]: DEBUG novaclient.v2.client [-] RESP: [200] Connection: close Content-Length: 183 Content-Type: application/json Date: Wed, 09 Feb 2022 20:37:25 GMT OpenStack-API-Version: compute 2.1 Server: Apache/2.4.41 (Ubuntu) Vary: OpenStack-API-Version,X-OpenStack-Nova-API-Version X-OpenStack-Nova-API-Version: 2.1 x-compute-request-id: req-f3cf8cbb-0684-48a9-91c7-b456ac88a680 x-openstack-request-id: req-f3cf8cbb-0684-48a9-91c7-b456ac88a680 {{(pid=103326) _http_log_response /usr/local/lib/python3.8/dist-packages/keystoneauth1/session.py:550}}
Feb 09 20:37:25.761682 n-d-789963-29 neutron-server[103326]: DEBUG novaclient.v2.client [-] RESP BODY: {"events": [{"server_uuid": "027e4949-5410-4c38-bce1-5ad19c9418ee", "name": "network-vif-plugged", "status": "completed", "tag": "9b81501b-ccc6-40f0-8051-3f9130ad3dda", "code": 200}]} {{(pid=103326) _http_log_response /usr/local/lib/python3.8/dist-packages/keystoneauth1/session.py:582}}
Feb 09 20:37:25.761943 n-d-789963-29 neutron-server[103326]: DEBUG novaclient.v2.client [-] POST call to compute for http://10.222.0.102/compute/v2.1/os-server-external-events used request id req-f3cf8cbb-0684-48a9-91c7-b456ac88a680 {{(pid=103326) request /usr/local/lib/python3.8/dist-packages/keystoneauth1/session.py:954}}
Feb 09 20:37:25.762581 n-d-789963-29 neutron-server[103326]: INFO neutron.notifiers.nova [-] Nova event response: {'server_uuid': '027e4949-5410-4c38-bce1-5ad19c9418ee', 'name': 'network-vif-plugged', 'status': 'completed', 'tag': '9b81501b-ccc6-40f0-8051-3f9130ad3dda', 'code': 200}
Feb 09 20:37:25.799832 n-d-789963-29 neutron-server[103324]: DEBUG neutron.pecan_wsgi.hooks.policy_enforcement [req-8db7b00e-c5af-49ac-9522-dbe1959e9e35 req-fe6b838c-6f63-4e25-81b2-c3c00a0a0f10 service neutron] Attributes excluded by policy engine: ['standard_attr_id'] {{(pid=103324) _exclude_attributes_by_policy /opt/stack/neutron/neutron/pecan_wsgi/hooks/policy_enforcement.py:255}}
Feb 09 20:37:25.802657 n-d-789963-29 neutron-server[103324]: INFO neutron.wsgi [req-8db7b00e-c5af-49ac-9522-dbe1959e9e35 req-fe6b838c-6f63-4e25-81b2-c3c00a0a0f10 service neutron] 10.222.0.13 "GET /v2.0/ports?tenant_id=97292526b23f47e7b063a919fd79ffee&device_id=51c76fda-e743-4de7-9aa4-27574849370b HTTP/1.1" status: 200 len: 1129 time: 0.0725024
Feb 09 20:37:25.886450 n-d-789963-29 neutron-server[103325]: DEBUG neutron.pecan_wsgi.hooks.policy_enforcement [req-8a944d3d-80fa-44bd-a63b-163de45f9812 req-8b71f1b2-71dd-45ca-8d2a-ca5d34a74336 service neutron] Attributes excluded by policy engine: ['standard_attr_id'] {{(pid=103325) _exclude_attributes_by_policy /opt/stack/neutron/neutron/pecan_wsgi/hooks/policy_enforcement.py:255}}
Feb 09 20:37:25.888673 n-d-789963-29 neutron-server[103325]: INFO neutron.wsgi [req-8a944d3d-80fa-44bd-a63b-163de45f9812 req-8b71f1b2-71dd-45ca-8d2a-ca5d34a74336 service neutron] 10.222.0.50 "GET /v2.0/ports?device_id=027e4949-5410-4c38-bce1-5ad19c9418ee HTTP/1.1" status: 200 len: 1133 time: 0.0555658
Feb 09 20:37:25.953349 n-d-789963-29 neutron-server[103325]: INFO neutron.wsgi [req-8a944d3d-80fa-44bd-a63b-163de45f9812 req-3eae8be0-704f-44ed-b052-6c173c35a7c1 service neutron] 10.222.0.50 "GET /v2.0/security-groups?id=f3c1a937-b5f4-40cf-a97c-e53957cad7f3&fields=id&fields=name HTTP/1.1" status: 200 len: 286 time: 0.0590720
Feb 09 20:37:25.961776 n-d-789963-29 neutron-server[103324]: DEBUG neutron.pecan_wsgi.hooks.policy_enforcement [req-a51b827f-d3ae-4000-b811-edfb5ab9f65c req-615f0453-3317-45a2-b54c-fd94648110a5 tempest-LiveAutoBlockMigrationV225Test-1260174176 tempest-LiveAutoBlockMigrationV225Test-1260174176-project] Attributes excluded by policy engine: ['standard_attr_id', 'binding:profile', 'binding:host_id', 'binding:vif_type', 'binding:vif_details'] {{(pid=103324) _exclude_attributes_by_policy /opt/stack/neutron/neutron/pecan_wsgi/hooks/policy_enforcement.py:255}}
Feb 09 20:37:25.963325 n-d-789963-29 neutron-server[103324]: INFO neutron.wsgi [req-a51b827f-d3ae-4000-b811-edfb5ab9f65c req-615f0453-3317-45a2-b54c-fd94648110a5 tempest-LiveAutoBlockMigrationV225Test-1260174176 tempest-LiveAutoBlockMigrationV225Test-1260174176-project] 10.222.0.102 "GET /v2.0/ports?device_id=51c76fda-e743-4de7-9aa4-27574849370b HTTP/1.1" status: 200 len: 946 time: 0.1336787
Feb 09 20:37:25.968356 n-d-789963-29 neutron-server[103324]: DEBUG neutron.pecan_wsgi.hooks.policy_enforcement [req-8db7b00e-c5af-49ac-9522-dbe1959e9e35 req-ca5035c8-1432-46c2-ad83-0bb1a197202f service neutron] Attributes excluded by policy engine: ['standard_attr_id', 'vlan_transparent'] {{(pid=103324) _exclude_attributes_by_policy /opt/stack/neutron/neutron/pecan_wsgi/hooks/policy_enforcement.py:255}}
Feb 09 20:37:25.969799 n-d-789963-29 neutron-server[103324]: INFO neutron.wsgi [req-8db7b00e-c5af-49ac-9522-dbe1959e9e35 req-ca5035c8-1432-46c2-ad83-0bb1a197202f service neutron] 10.222.0.13 "GET /v2.0/networks?id=214975b9-d111-4bb8-ae3b-378a61143f53 HTTP/1.1" status: 200 len: 922 time: 0.1618915
Feb 09 20:37:26.029503 n-d-789963-29 neutron-server[103324]: INFO neutron.wsgi [req-8db7b00e-c5af-49ac-9522-dbe1959e9e35 req-4279e1fc-9ccf-4161-a3f2-0ff1edcfc6f9 service neutron] 10.222.0.13 "GET /v2.0/floatingips?fixed_ip_address=172.20.0.13&port_id=1aaa6a06-d7e7-4691-85a2-9b50e460923f HTTP/1.1" status: 200 len: 217 time: 0.0439997
Feb 09 20:37:26.081760 n-d-789963-29 neutron-server[103325]: DEBUG neutron.pecan_wsgi.hooks.policy_enforcement [req-9f50b7d7-2296-4466-9c3f-6d1c1dd1949e req-7cde9fca-225c-47ec-9951-9a0662ff3dae tempest-DeleteServersAdminTestJSON-1924732623 tempest-DeleteServersAdminTestJSON-1924732623-project] Attributes excluded by policy engine: ['standard_attr_id', 'binding:profile', 'binding:host_id', 'binding:vif_type', 'binding:vif_details'] {{(pid=103325) _exclude_attributes_by_policy /opt/stack/neutron/neutron/pecan_wsgi/hooks/policy_enforcement.py:255}}
Feb 09 20:37:26.083430 n-d-789963-29 neutron-server[103325]: INFO neutron.wsgi [req-9f50b7d7-2296-4466-9c3f-6d1c1dd1949e req-7cde9fca-225c-47ec-9951-9a0662ff3dae tempest-DeleteServersAdminTestJSON-1924732623 tempest-DeleteServersAdminTestJSON-1924732623-project] 10.222.0.102 "GET /v2.0/ports?device_id=027e4949-5410-4c38-bce1-5ad19c9418ee HTTP/1.1" status: 200 len: 950 time: 0.0611172
Feb 09 20:37:26.092258 n-d-789963-29 neutron-server[103324]: INFO neutron.wsgi [req-a51b827f-d3ae-4000-b811-edfb5ab9f65c req-649bbae1-ca36-409d-990b-b8c939fc334c tempest-LiveAutoBlockMigrationV225Test-1260174176 tempest-LiveAutoBlockMigrationV225Test-1260174176-project] 10.222.0.102 "GET /v2.0/security-groups?id=fee38728-b86b-4802-a9f7-7b4e95226b96&fields=id&fields=name HTTP/1.1" status: 200 len: 286 time: 0.1203449
Feb 09 20:37:26.103230 n-d-789963-29 neutron-server[103324]: DEBUG neutron.pecan_wsgi.hooks.policy_enforcement [req-8db7b00e-c5af-49ac-9522-dbe1959e9e35 req-2ad053e5-db32-42fa-9862-162dfc2d0bc9 service neutron] Attributes excluded by policy engine: ['standard_attr_id', 'shared'] {{(pid=103324) _exclude_attributes_by_policy /opt/stack/neutron/neutron/pecan_wsgi/hooks/policy_enforcement.py:255}}
Feb 09 20:37:26.106222 n-d-789963-29 neutron-server[103324]: INFO neutron.wsgi [req-8db7b00e-c5af-49ac-9522-dbe1959e9e35 req-2ad053e5-db32-42fa-9862-162dfc2d0bc9 service neutron] 10.222.0.13 "GET /v2.0/subnets?id=9f63afb1-c10e-4345-ab56-2ecd1228ad55 HTTP/1.1" status: 200 len: 861 time: 0.0655985
Feb 09 20:37:26.142346 n-d-789963-29 neutron-server[103325]: INFO neutron.wsgi [req-9f50b7d7-2296-4466-9c3f-6d1c1dd1949e req-577d3804-7581-461b-bd0d-f22cec3deb4c tempest-DeleteServersAdminTestJSON-1924732623 tempest-DeleteServersAdminTestJSON-1924732623-project] 10.222.0.102 "GET /v2.0/security-groups?id=f3c1a937-b5f4-40cf-a97c-e53957cad7f3&fields=id&fields=name HTTP/1.1" status: 200 len: 286 time: 0.0508540
Feb 09 20:37:26.177055 n-d-789963-29 neutron-server[103324]: INFO neutron.wsgi [req-8db7b00e-c5af-49ac-9522-dbe1959e9e35 req-22282340-f7a5-456b-9fa1-bbf3121bacaf service neutron] 10.222.0.13 "GET /v2.0/ports?network_id=214975b9-d111-4bb8-ae3b-378a61143f53&device_owner=network%3Adhcp HTTP/1.1" status: 200 len: 210 time: 0.0561550
Feb 09 20:37:26.247390 n-d-789963-29 neutron-server[103326]: DEBUG neutron_lib.callbacks.manager [None req-a17d0322-e9d3-4adb-ba98-7ff6c2efd687 None None] Publish callbacks ['neutron.services.segments.db._update_segment_host_mapping_for_agent-8743317062063', 'neutron.plugins.ml2.plugin.Ml2Plugin._retry_binding_revived_agents-1362904'] for agent (36910fac-fe5b-452f-8513-3cad32d9cd86), after_update {{(pid=103326) _notify_loop /usr/local/lib/python3.8/dist-packages/neutron_lib/callbacks/manager.py:176}}
Feb 09 20:37:26.274081 n-d-789963-29 neutron-server[103326]: DEBUG neutron.plugins.ml2.rpc [None req-8909f97b-6e65-4eaf-864b-20cadb7c41e3 None None] Device 00d2540d-c15e-46ef-9bd8-13f6f185c2b3 details requested by agent hyperv_n-h1-789963-29 with host n-h1-789963-29 {{(pid=103326) get_device_details /opt/stack/neutron/neutron/plugins/ml2/rpc.py:102}}
Feb 09 20:37:26.395508 n-d-789963-29 neutron-server[103324]: INFO neutron.wsgi [req-8db7b00e-c5af-49ac-9522-dbe1959e9e35 req-3a8f515d-fd69-4cb7-aa26-5ab8c8a96733 service neutron] 10.222.0.13 "GET /v2.0/networks/214975b9-d111-4bb8-ae3b-378a61143f53?fields=segments HTTP/1.1" status: 200 len: 212 time: 0.2095952
Feb 09 20:37:26.427464 n-d-789963-29 neutron-server[103326]: DEBUG neutron.plugins.ml2.db [None req-8909f97b-6e65-4eaf-864b-20cadb7c41e3 None None] For port 00d2540d-c15e-46ef-9bd8-13f6f185c2b3, host n-h1-789963-29, got binding levels [PortBindingLevel(driver='hyperv',host='n-h1-789963-29',level=0,port_id=00d2540d-c15e-46ef-9bd8-13f6f185c2b3,segment=NetworkSegment(ced60443-8e5b-445d-8840-d5b55a884a87),segment_id=ced60443-8e5b-445d-8840-d5b55a884a87)] {{(pid=103326) get_binding_level_objs /opt/stack/neutron/neutron/plugins/ml2/db.py:74}}
Feb 09 20:37:26.441184 n-d-789963-29 neutron-server[103326]: DEBUG neutron.plugins.ml2.rpc [None req-8909f97b-6e65-4eaf-864b-20cadb7c41e3 None None] Returning: {'device': '00d2540d-c15e-46ef-9bd8-13f6f185c2b3', 'network_id': 'bbfd010d-eece-477b-8834-b5a945275f65', 'port_id': '00d2540d-c15e-46ef-9bd8-13f6f185c2b3', 'mac_address': 'fa:16:3e:0f:7e:3d', 'admin_state_up': True, 'network_type': 'vlan', 'segmentation_id': 936, 'physical_network': 'physnet1', 'mtu': 1500, 'fixed_ips': [{'subnet_id': '16565ebe-2a7d-4100-9e0c-f8b06081ae89', 'ip_address': '192.168.233.61'}], 'device_owner': 'compute:nova', 'allowed_address_pairs': [], 'port_security_enabled': True, 'qos_policy_id': None, 'network_qos_policy_id': None, 'profile': {}, 'propagate_uplink_status': False} {{(pid=103326) _get_device_details /opt/stack/neutron/neutron/plugins/ml2/rpc.py:184}}
Feb 09 20:37:26.559889 n-d-789963-29 neutron-server[103324]: INFO neutron.wsgi [req-8db7b00e-c5af-49ac-9522-dbe1959e9e35 req-17b60a23-573d-46b0-9a45-c351d5bdcd24 service neutron] 10.222.0.13 "GET /v2.0/networks/214975b9-d111-4bb8-ae3b-378a61143f53?fields=provider%3Aphysical_network&fields=provider%3Anetwork_type HTTP/1.1" status: 200 len: 281 time: 0.1578727
Feb 09 20:37:26.613167 n-d-789963-29 neutron-server[103326]: DEBUG neutron.plugins.ml2.plugin [None req-8909f97b-6e65-4eaf-864b-20cadb7c41e3 None None] Current status of the port 00d2540d-c15e-46ef-9bd8-13f6f185c2b3 is: DOWN; New status is: BUILD {{(pid=103326) _update_individual_port_db_status /opt/stack/neutron/neutron/plugins/ml2/plugin.py:2232}}
Feb 09 20:37:26.613569 n-d-789963-29 neutron-server[103326]: DEBUG neutron_lib.callbacks.manager [None req-8909f97b-6e65-4eaf-864b-20cadb7c41e3 None None] Publish callbacks ['neutron.plugins.ml2.plugin.SecurityGroupDbMixin._ensure_default_security_group_handler-728289'] for port (00d2540d-c15e-46ef-9bd8-13f6f185c2b3), before_update {{(pid=103326) _notify_loop /usr/local/lib/python3.8/dist-packages/neutron_lib/callbacks/manager.py:176}}
Feb 09 20:37:26.628752 n-d-789963-29 neutron-server[103326]: DEBUG neutron.notifiers.nova [None req-8909f97b-6e65-4eaf-864b-20cadb7c41e3 None None] Ignoring state change previous_port_status: DOWN current_port_status: BUILD port_id 00d2540d-c15e-46ef-9bd8-13f6f185c2b3 {{(pid=103326) record_port_status_changed /opt/stack/neutron/neutron/notifiers/nova.py:233}}
Feb 09 20:37:26.651888 n-d-789963-29 neutron-server[103326]: DEBUG neutron.plugins.ml2.db [None req-8909f97b-6e65-4eaf-864b-20cadb7c41e3 None None] For port 00d2540d-c15e-46ef-9bd8-13f6f185c2b3, host n-h1-789963-29, got binding levels [PortBindingLevel(driver='hyperv',host='n-h1-789963-29',level=0,port_id=00d2540d-c15e-46ef-9bd8-13f6f185c2b3,segment=NetworkSegment(ced60443-8e5b-445d-8840-d5b55a884a87),segment_id=ced60443-8e5b-445d-8840-d5b55a884a87)] {{(pid=103326) get_binding_level_objs /opt/stack/neutron/neutron/plugins/ml2/db.py:74}}
Feb 09 20:37:26.656946 n-d-789963-29 neutron-server[103326]: DEBUG neutron_lib.callbacks.manager [None req-8909f97b-6e65-4eaf-864b-20cadb7c41e3 None None] Publish callbacks ['neutron.plugins.ml2.plugin.SecurityGroupServerNotifierRpcMixin._notify_sg_on_port_change-728141', 'neutron.plugins.ml2.ovo_rpc._ObjectChangeHandler.handle_event-43830', 'neutron.api.rpc.agentnotifiers.dhcp_rpc_agent_api.DhcpAgentNotifyAPI._native_event_send_dhcp_notification-1811098', 'neutron.db.l3_db.L3RpcNotifierMixin._notify_gateway_port_ip_changed-8743317270285', 'neutron.db.l3_dvrscheduler_db._notify_l3_agent_port_update-8743316720357', 'neutron.db.l3_hascheduler_db._notify_l3_agent_ha_port_update-8743316720375'] for port (00d2540d-c15e-46ef-9bd8-13f6f185c2b3), after_update {{(pid=103326) _notify_loop /usr/local/lib/python3.8/dist-packages/neutron_lib/callbacks/manager.py:176}}
Feb 09 20:37:26.664472 n-d-789963-29 neutron-server[103324]: DEBUG neutron.pecan_wsgi.hooks.policy_enforcement [req-46e1befa-58be-4e78-a53e-99ca2482c5b1 req-e49c90c3-3851-427e-b36a-1538fd8fb94c tempest-LiveMigrationNegativeTest-1813103770 tempest-LiveMigrationNegativeTest-1813103770-project] Attributes excluded by policy engine: ['standard_attr_id', 'binding:profile', 'binding:host_id', 'binding:vif_type', 'binding:vif_details'] {{(pid=103324) _exclude_attributes_by_policy /opt/stack/neutron/neutron/pecan_wsgi/hooks/policy_enforcement.py:255}}
Feb 09 20:37:26.666588 n-d-789963-29 neutron-server[103324]: INFO neutron.wsgi [req-46e1befa-58be-4e78-a53e-99ca2482c5b1 req-e49c90c3-3851-427e-b36a-1538fd8fb94c tempest-LiveMigrationNegativeTest-1813103770 tempest-LiveMigrationNegativeTest-1813103770-project] 10.222.0.102 "GET /v2.0/ports?device_id=576e30de-c82d-4bd8-ab57-48d4c47006c1 HTTP/1.1" status: 200 len: 947 time: 0.0716820
Feb 09 20:37:26.711190 n-d-789963-29 neutron-server[103326]: DEBUG neutron.api.rpc.handlers.resources_rpc [None req-8909f97b-6e65-4eaf-864b-20cadb7c41e3 None None] Pushing event updated for resources: {'Port': ['ID=00d2540d-c15e-46ef-9bd8-13f6f185c2b3,revision_number=4']} {{(pid=103326) push /opt/stack/neutron/neutron/api/rpc/handlers/resources_rpc.py:237}}
Feb 09 20:37:26.733393 n-d-789963-29 neutron-server[103324]: INFO neutron.wsgi [req-46e1befa-58be-4e78-a53e-99ca2482c5b1 req-90fdafb1-7692-4e70-8387-b50367c24705 tempest-LiveMigrationNegativeTest-1813103770 tempest-LiveMigrationNegativeTest-1813103770-project] 10.222.0.102 "GET /v2.0/security-groups?id=42c14dde-be77-43b4-95e1-a9cf36ed45d6&fields=id&fields=name HTTP/1.1" status: 200 len: 286 time: 0.0609503
Feb 09 20:37:26.755303 n-d-789963-29 neutron-server[103325]: DEBUG neutron.wsgi [-] (103325) accepted ('10.222.0.102', 38384) {{(pid=103325) server /usr/local/lib/python3.8/dist-packages/eventlet/wsgi.py:1004}}
Feb 09 20:37:26.876295 n-d-789963-29 neutron-server[103324]: DEBUG neutron.pecan_wsgi.hooks.policy_enforcement [req-8db7b00e-c5af-49ac-9522-dbe1959e9e35 req-096f2de7-2b47-45ed-80c0-6986ec1cf1a0 tempest-LiveAutoBlockMigrationV225Test-789601749 tempest-LiveAutoBlockMigrationV225Test-789601749-project-admin] Attributes excluded by policy engine: ['standard_attr_id'] {{(pid=103324) _exclude_attributes_by_policy /opt/stack/neutron/neutron/pecan_wsgi/hooks/policy_enforcement.py:255}}
Feb 09 20:37:26.877799 n-d-789963-29 neutron-server[103324]: INFO neutron.wsgi [req-8db7b00e-c5af-49ac-9522-dbe1959e9e35 req-096f2de7-2b47-45ed-80c0-6986ec1cf1a0 tempest-LiveAutoBlockMigrationV225Test-789601749 tempest-LiveAutoBlockMigrationV225Test-789601749-project-admin] 10.222.0.13 "GET /v2.0/ports?device_id=51c76fda-e743-4de7-9aa4-27574849370b&tenant_id=97292526b23f47e7b063a919fd79ffee&binding%3Ahost_id=n-h2-789963-29 HTTP/1.1" status: 200 len: 1129 time: 0.1298764
Feb 09 20:37:26.888514 n-d-789963-29 neutron-server[103324]: DEBUG neutron.api.v2.base [req-8db7b00e-c5af-49ac-9522-dbe1959e9e35 req-e4558693-0128-41d4-90bd-3e9cd16abe52 service neutron] Request body: {'port': {'binding:profile': {'migrating_to': 'n-h1-789963-29'}}} {{(pid=103324) prepare_request_body /opt/stack/neutron/neutron/api/v2/base.py:729}}
Feb 09 20:37:26.897045 n-d-789963-29 neutron-server[103326]: DEBUG neutron.plugins.ml2.db [None req-8909f97b-6e65-4eaf-864b-20cadb7c41e3 None None] get_ports_and_sgs() called for port_ids ['00d2540d-c15e-46ef-9bd8-13f6f185c2b3'] {{(pid=103326) get_ports_and_sgs /opt/stack/neutron/neutron/plugins/ml2/db.py:156}}
Feb 09 20:37:26.906543 n-d-789963-29 neutron-server[103325]: DEBUG neutron_lib.callbacks.manager [None req-840be55a-dc57-4a1b-b63d-9c21cdea2013 admin admin] Publish callbacks [] for security_group (None), before_create {{(pid=103325) _notify_loop /usr/local/lib/python3.8/dist-packages/neutron_lib/callbacks/manager.py:176}}
Feb 09 20:37:26.952203 n-d-789963-29 neutron-server[103324]: DEBUG neutron.pecan_wsgi.hooks.policy_enforcement [req-b20abcc3-dc72-4f7f-aa4e-cc6dbf118b63 req-d5f2b2fa-4e4f-4a41-aa74-4f4f674307d9 tempest-MigrationsAdminTest-1873034635 tempest-MigrationsAdminTest-1873034635-project] Attributes excluded by policy engine: ['standard_attr_id', 'binding:profile', 'binding:host_id', 'binding:vif_type', 'binding:vif_details'] {{(pid=103324) _exclude_attributes_by_policy /opt/stack/neutron/neutron/pecan_wsgi/hooks/policy_enforcement.py:255}}
Feb 09 20:37:26.953702 n-d-789963-29 neutron-server[103324]: INFO neutron.wsgi [req-b20abcc3-dc72-4f7f-aa4e-cc6dbf118b63 req-d5f2b2fa-4e4f-4a41-aa74-4f4f674307d9 tempest-MigrationsAdminTest-1873034635 tempest-MigrationsAdminTest-1873034635-project] 10.222.0.102 "GET /v2.0/ports?device_id=f434e874-814e-44b5-9858-99083abf28da HTTP/1.1" status: 200 len: 971 time: 0.1197169
Feb 09 20:37:26.966586 n-d-789963-29 neutron-server[103325]: INFO neutron.wsgi [req-f1920266-6a75-48ce-93cb-2f06d1a2558f req-a0f72d90-6c61-46e6-be76-b2228abaf26f tempest-TenantUsagesTestJSON-1283826195 tempest-TenantUsagesTestJSON-1283826195-project] 10.222.0.102 "GET /v2.0/networks?tenant_id=2017aa8f232d4e07882b8aef5f2a52ed&shared=False HTTP/1.1" status: 200 len: 213 time: 0.0449114
Feb 09 20:37:26.981153 n-d-789963-29 neutron-server[103324]: DEBUG neutron_lib.callbacks.manager [req-8db7b00e-c5af-49ac-9522-dbe1959e9e35 req-e4558693-0128-41d4-90bd-3e9cd16abe52 service neutron] Publish callbacks ['neutron.plugins.ml2.plugin.SecurityGroupDbMixin._ensure_default_security_group_handler-728289'] for port (1aaa6a06-d7e7-4691-85a2-9b50e460923f), before_update {{(pid=103324) _notify_loop /usr/local/lib/python3.8/dist-packages/neutron_lib/callbacks/manager.py:176}}
Feb 09 20:37:27.072672 n-d-789963-29 neutron-server[103324]: INFO neutron.wsgi [req-b20abcc3-dc72-4f7f-aa4e-cc6dbf118b63 req-acbcdda1-8b71-4845-b22f-19882b5d9703 tempest-MigrationsAdminTest-1873034635 tempest-MigrationsAdminTest-1873034635-project] 10.222.0.102 "GET /v2.0/security-groups?id=306c3d4e-1fe7-4071-b9a6-0acdf8d64c41&fields=id&fields=name HTTP/1.1" status: 200 len: 286 time: 0.1118696
Feb 09 20:37:27.133100 n-d-789963-29 neutron-server[103325]: DEBUG neutron.pecan_wsgi.hooks.policy_enforcement [req-f1920266-6a75-48ce-93cb-2f06d1a2558f req-814dd77a-d3f7-4426-b064-736b6b31880f tempest-TenantUsagesTestJSON-1283826195 tempest-TenantUsagesTestJSON-1283826195-project] Attributes excluded by policy engine: ['standard_attr_id', 'vlan_transparent', 'provider:network_type', 'provider:physical_network', 'provider:segmentation_id'] {{(pid=103325) _exclude_attributes_by_policy /opt/stack/neutron/neutron/pecan_wsgi/hooks/policy_enforcement.py:255}}
Feb 09 20:37:27.139722 n-d-789963-29 neutron-server[103325]: INFO neutron.wsgi [req-f1920266-6a75-48ce-93cb-2f06d1a2558f req-814dd77a-d3f7-4426-b064-736b6b31880f tempest-TenantUsagesTestJSON-1283826195 tempest-TenantUsagesTestJSON-1283826195-project] 10.222.0.102 "GET /v2.0/networks?shared=True HTTP/1.1" status: 200 len: 769 time: 0.1669593
Feb 09 20:37:27.142873 n-d-789963-29 neutron-server[103325]: DEBUG neutron_lib.callbacks.manager [None req-840be55a-dc57-4a1b-b63d-9c21cdea2013 admin admin] Publish callbacks [] for security_group (dd92678a-8e21-4f3f-9578-f32a33a6440e), precommit_create {{(pid=103325) _notify_loop /usr/local/lib/python3.8/dist-packages/neutron_lib/callbacks/manager.py:176}}
Feb 09 20:37:27.151462 n-d-789963-29 neutron-server[103325]: DEBUG neutron_lib.callbacks.manager [None req-840be55a-dc57-4a1b-b63d-9c21cdea2013 admin admin] Publish callbacks ['neutron.plugins.ml2.ovo_rpc._ObjectChangeHandler.handle_event-1595389'] for security_group (dd92678a-8e21-4f3f-9578-f32a33a6440e), after_create {{(pid=103325) _notify_loop /usr/local/lib/python3.8/dist-packages/neutron_lib/callbacks/manager.py:176}}
Feb 09 20:37:27.171852 n-d-789963-29 neutron-server[103324]: DEBUG neutron.plugins.ml2.db [req-8db7b00e-c5af-49ac-9522-dbe1959e9e35 req-e4558693-0128-41d4-90bd-3e9cd16abe52 service neutron] For port 1aaa6a06-d7e7-4691-85a2-9b50e460923f, host n-h2-789963-29, got binding levels [PortBindingLevel(driver='hyperv',host='n-h2-789963-29',level=0,port_id=1aaa6a06-d7e7-4691-85a2-9b50e460923f,segment=NetworkSegment(3d405d62-c3c2-4c5d-b4c1-2e6587711f5a),segment_id=3d405d62-c3c2-4c5d-b4c1-2e6587711f5a)] {{(pid=103324) get_binding_level_objs /opt/stack/neutron/neutron/plugins/ml2/db.py:74}}
Feb 09 20:37:27.172873 n-d-789963-29 neutron-server[103325]: INFO neutron.wsgi [req-f1920266-6a75-48ce-93cb-2f06d1a2558f req-9ddebfbb-ee65-4c2f-a7bb-5280aecf4fe9 tempest-TenantUsagesTestJSON-1283826195 tempest-TenantUsagesTestJSON-1283826195-project] 10.222.0.102 "GET /v2.0/quotas/2017aa8f232d4e07882b8aef5f2a52ed HTTP/1.1" status: 200 len: 375 time: 0.0322683
Feb 09 20:37:27.204264 n-d-789963-29 neutron-server[103325]: DEBUG neutron.api.rpc.handlers.resources_rpc [None req-840be55a-dc57-4a1b-b63d-9c21cdea2013 admin admin] Pushing event updated for resources: {'SecurityGroup': ['ID=dd92678a-8e21-4f3f-9578-f32a33a6440e,revision_number=1']} {{(pid=103325) push /opt/stack/neutron/neutron/api/rpc/handlers/resources_rpc.py:237}}
Feb 09 20:37:27.224152 n-d-789963-29 neutron-server[103325]: INFO neutron.wsgi [req-f1920266-6a75-48ce-93cb-2f06d1a2558f req-6ab1995f-39a0-487a-85f9-c4efdb784bc4 tempest-TenantUsagesTestJSON-1283826195 tempest-TenantUsagesTestJSON-1283826195-project] 10.222.0.102 "GET /v2.0/ports?tenant_id=2017aa8f232d4e07882b8aef5f2a52ed&fields=id HTTP/1.1" status: 200 len: 210 time: 0.0412123
Feb 09 20:37:27.227425 n-d-789963-29 neutron-server[103325]: INFO neutron.wsgi [None req-840be55a-dc57-4a1b-b63d-9c21cdea2013 admin admin] 10.222.0.102 "GET /v2.0/security-groups?tenant_id=4bd62d447ff941a8a16fe7d4a8d746ef&name=default HTTP/1.1" status: 200 len: 2996 time: 0.4709601
Feb 09 20:37:27.231226 n-d-789963-29 neutron-server[103325]: DEBUG neutron.wsgi [-] (103325) accepted ('10.222.0.102', 38404) {{(pid=103325) server /usr/local/lib/python3.8/dist-packages/eventlet/wsgi.py:1004}}
Feb 09 20:37:27.256153 n-d-789963-29 neutron-server[103324]: DEBUG neutron.plugins.ml2.db [req-8db7b00e-c5af-49ac-9522-dbe1959e9e35 req-e4558693-0128-41d4-90bd-3e9cd16abe52 service neutron] For port 1aaa6a06-d7e7-4691-85a2-9b50e460923f, host n-h2-789963-29, cleared binding levels {{(pid=103324) clear_binding_levels /opt/stack/neutron/neutron/plugins/ml2/db.py:87}}
Feb 09 20:37:27.288019 n-d-789963-29 neutron-server[103324]: DEBUG neutron.pecan_wsgi.hooks.policy_enforcement [req-83c43050-e523-4cfa-b2b7-d568ffbe4b56 req-6c03e4bf-d8a7-46cc-ad62-249b0fe8c064 tempest-LiveAutoBlockMigrationV225Test-1260174176 tempest-LiveAutoBlockMigrationV225Test-1260174176-project] Attributes excluded by policy engine: ['standard_attr_id', 'binding:profile', 'binding:host_id', 'binding:vif_type', 'binding:vif_details'] {{(pid=103324) _exclude_attributes_by_policy /opt/stack/neutron/neutron/pecan_wsgi/hooks/policy_enforcement.py:255}}
Feb 09 20:37:27.289564 n-d-789963-29 neutron-server[103324]: INFO neutron.wsgi [req-83c43050-e523-4cfa-b2b7-d568ffbe4b56 req-6c03e4bf-d8a7-46cc-ad62-249b0fe8c064 tempest-LiveAutoBlockMigrationV225Test-1260174176 tempest-LiveAutoBlockMigrationV225Test-1260174176-project] 10.222.0.102 "GET /v2.0/ports?device_id=51c76fda-e743-4de7-9aa4-27574849370b HTTP/1.1" status: 200 len: 946 time: 0.1049287
Feb 09 20:37:27.300998 n-d-789963-29 neutron-server[103325]: DEBUG neutron_lib.callbacks.manager [None req-394da609-859d-4c79-896e-d25ad23ca6fc admin admin] Publish callbacks [] for security_group (dd92678a-8e21-4f3f-9578-f32a33a6440e), before_delete {{(pid=103325) _notify_loop /usr/local/lib/python3.8/dist-packages/neutron_lib/callbacks/manager.py:176}}
Feb 09 20:37:27.325876 n-d-789963-29 neutron-server[103325]: DEBUG neutron_lib.callbacks.manager [None req-394da609-859d-4c79-896e-d25ad23ca6fc admin admin] Publish callbacks [] for security_group (dd92678a-8e21-4f3f-9578-f32a33a6440e), precommit_delete {{(pid=103325) _notify_loop /usr/local/lib/python3.8/dist-packages/neutron_lib/callbacks/manager.py:176}}
Feb 09 20:37:27.327773 n-d-789963-29 neutron-server[103324]: DEBUG neutron.notifiers.nova [-] Sending events: [{'server_uuid': '51c76fda-e743-4de7-9aa4-27574849370b', 'name': 'network-vif-unplugged', 'status': 'completed', 'tag': '1aaa6a06-d7e7-4691-85a2-9b50e460923f'}] {{(pid=103324) send_events /opt/stack/neutron/neutron/notifiers/nova.py:271}}
Feb 09 20:37:27.330051 n-d-789963-29 neutron-server[103324]: DEBUG novaclient.v2.client [-] REQ: curl -g -i --cacert "/opt/stack/data/ca-bundle.pem" -X POST http://10.222.0.102/compute/v2.1/os-server-external-events -H "Accept: application/json" -H "Content-Type: application/json" -H "User-Agent: python-novaclient" -H "X-Auth-Token: {SHA256}19edebb0c13ba06f94e20d3d52649ac8498af7bafeebf90cafa2c111b1387f9e" -H "X-OpenStack-Nova-API-Version: 2.1" -H "X-OpenStack-Request-ID: req-9e2a3ebf-2bdd-4f56-9651-90eea04d2a22" -d '{"events": [{"server_uuid": "51c76fda-e743-4de7-9aa4-27574849370b", "name": "network-vif-unplugged", "status": "completed", "tag": "1aaa6a06-d7e7-4691-85a2-9b50e460923f"}]}' {{(pid=103324) _http_log_request /usr/local/lib/python3.8/dist-packages/keystoneauth1/session.py:519}}
Feb 09 20:37:27.333967 n-d-789963-29 neutron-server[103324]: DEBUG neutron_lib.callbacks.manager [req-8db7b00e-c5af-49ac-9522-dbe1959e9e35 req-e4558693-0128-41d4-90bd-3e9cd16abe52 service neutron] Publish callbacks [] for port (1aaa6a06-d7e7-4691-85a2-9b50e460923f), precommit_update {{(pid=103324) _notify_loop /usr/local/lib/python3.8/dist-packages/neutron_lib/callbacks/manager.py:176}}
Feb 09 20:37:27.348536 n-d-789963-29 neutron-server[103324]: DEBUG neutron_lib.callbacks.manager [req-8db7b00e-c5af-49ac-9522-dbe1959e9e35 req-e4558693-0128-41d4-90bd-3e9cd16abe52 service neutron] Publish callbacks ['neutron.plugins.ml2.plugin.SecurityGroupServerNotifierRpcMixin._notify_sg_on_port_change-728141', 'neutron.plugins.ml2.ovo_rpc._ObjectChangeHandler.handle_event-43830', 'neutron.api.rpc.agentnotifiers.dhcp_rpc_agent_api.DhcpAgentNotifyAPI._native_event_send_dhcp_notification-1811098', 'neutron.db.l3_db.L3RpcNotifierMixin._notify_gateway_port_ip_changed-8743317270285', 'neutron.db.l3_dvrscheduler_db._notify_l3_agent_port_update-8743316720357', 'neutron.db.l3_hascheduler_db._notify_l3_agent_ha_port_update-8743316720375'] for port (1aaa6a06-d7e7-4691-85a2-9b50e460923f), after_update {{(pid=103324) _notify_loop /usr/local/lib/python3.8/dist-packages/neutron_lib/callbacks/manager.py:176}}
Feb 09 20:37:27.392219 n-d-789963-29 neutron-server[103325]: DEBUG neutron_lib.callbacks.manager [None req-394da609-859d-4c79-896e-d25ad23ca6fc admin admin] Publish callbacks ['neutron.plugins.ml2.ovo_rpc._ObjectChangeHandler.handle_event-1595389'] for security_group (dd92678a-8e21-4f3f-9578-f32a33a6440e), after_delete {{(pid=103325) _notify_loop /usr/local/lib/python3.8/dist-packages/neutron_lib/callbacks/manager.py:176}}
Feb 09 20:37:27.394825 n-d-789963-29 neutron-server[103325]: DEBUG neutron_lib.callbacks.manager [None req-394da609-859d-4c79-896e-d25ad23ca6fc admin admin] Publish callbacks [] for security_group (None), before_response {{(pid=103325) _notify_loop /usr/local/lib/python3.8/dist-packages/neutron_lib/callbacks/manager.py:176}}
Feb 09 20:37:27.396646 n-d-789963-29 neutron-server[103325]: INFO neutron.wsgi [None req-394da609-859d-4c79-896e-d25ad23ca6fc admin admin] 10.222.0.102 "DELETE /v2.0/security-groups/dd92678a-8e21-4f3f-9578-f32a33a6440e HTTP/1.1" status: 204 len: 168 time: 0.1629179
Feb 09 20:37:27.405514 n-d-789963-29 neutron-server[103325]: DEBUG neutron.api.rpc.handlers.resources_rpc [None req-394da609-859d-4c79-896e-d25ad23ca6fc admin admin] Pushing event deleted for resources: {'SecurityGroup': ['ID=dd92678a-8e21-4f3f-9578-f32a33a6440e,revision_number=None']} {{(pid=103325) push /opt/stack/neutron/neutron/api/rpc/handlers/resources_rpc.py:237}}
Feb 09 20:37:27.430709 n-d-789963-29 neutron-server[103324]: INFO neutron.wsgi [req-83c43050-e523-4cfa-b2b7-d568ffbe4b56 req-1229b0e8-cdaf-4833-ba92-6cae14e65d2b tempest-LiveAutoBlockMigrationV225Test-1260174176 tempest-LiveAutoBlockMigrationV225Test-1260174176-project] 10.222.0.102 "GET /v2.0/security-groups?id=fee38728-b86b-4802-a9f7-7b4e95226b96&fields=id&fields=name HTTP/1.1" status: 200 len: 286 time: 0.1341717
Feb 09 20:37:27.471480 n-d-789963-29 neutron-server[103324]: DEBUG neutron.api.rpc.handlers.resources_rpc [None req-e4558693-0128-41d4-90bd-3e9cd16abe52 service neutron] Pushing event updated for resources: {'Port': ['ID=1aaa6a06-d7e7-4691-85a2-9b50e460923f,revision_number=7']} {{(pid=103324) push /opt/stack/neutron/neutron/api/rpc/handlers/resources_rpc.py:237}}
Feb 09 20:37:27.496484 n-d-789963-29 neutron-server[103324]: DEBUG novaclient.v2.client [-] RESP: [200] Connection: close Content-Length: 185 Content-Type: application/json Date: Wed, 09 Feb 2022 20:37:27 GMT OpenStack-API-Version: compute 2.1 Server: Apache/2.4.41 (Ubuntu) Vary: OpenStack-API-Version,X-OpenStack-Nova-API-Version X-OpenStack-Nova-API-Version: 2.1 x-compute-request-id: req-ab135314-5310-4796-8105-3ff9428bda28 x-openstack-request-id: req-ab135314-5310-4796-8105-3ff9428bda28 {{(pid=103324) _http_log_response /usr/local/lib/python3.8/dist-packages/keystoneauth1/session.py:550}}
Feb 09 20:37:27.496780 n-d-789963-29 neutron-server[103324]: DEBUG novaclient.v2.client [-] RESP BODY: {"events": [{"server_uuid": "51c76fda-e743-4de7-9aa4-27574849370b", "name": "network-vif-unplugged", "status": "completed", "tag": "1aaa6a06-d7e7-4691-85a2-9b50e460923f", "code": 200}]} {{(pid=103324) _http_log_response /usr/local/lib/python3.8/dist-packages/keystoneauth1/session.py:582}}
Feb 09 20:37:27.497030 n-d-789963-29 neutron-server[103324]: DEBUG novaclient.v2.client [-] POST call to compute for http://10.222.0.102/compute/v2.1/os-server-external-events used request id req-ab135314-5310-4796-8105-3ff9428bda28 {{(pid=103324) request /usr/local/lib/python3.8/dist-packages/keystoneauth1/session.py:954}}
Feb 09 20:37:27.497430 n-d-789963-29 neutron-server[103324]: INFO neutron.notifiers.nova [-] Nova event response: {'server_uuid': '51c76fda-e743-4de7-9aa4-27574849370b', 'name': 'network-vif-unplugged', 'status': 'completed', 'tag': '1aaa6a06-d7e7-4691-85a2-9b50e460923f', 'code': 200}
Feb 09 20:37:27.581792 n-d-789963-29 neutron-server[103324]: DEBUG neutron.plugins.ml2.managers [req-8db7b00e-c5af-49ac-9522-dbe1959e9e35 req-e4558693-0128-41d4-90bd-3e9cd16abe52 service neutron] Attempting to bind port 1aaa6a06-d7e7-4691-85a2-9b50e460923f on host n-h2-789963-29 for vnic_type normal with profile {"migrating_to": "n-h1-789963-29"} {{(pid=103324) bind_port /opt/stack/neutron/neutron/plugins/ml2/managers.py:795}}
Feb 09 20:37:27.582369 n-d-789963-29 neutron-server[103324]: DEBUG neutron.plugins.ml2.managers [req-8db7b00e-c5af-49ac-9522-dbe1959e9e35 req-e4558693-0128-41d4-90bd-3e9cd16abe52 service neutron] Attempting to bind port 1aaa6a06-d7e7-4691-85a2-9b50e460923f by drivers openvswitch,hyperv on host n-h2-789963-29 at level 0 using segments [{'id': '3d405d62-c3c2-4c5d-b4c1-2e6587711f5a', 'network_type': 'vlan', 'physical_network': 'physnet1', 'segmentation_id': 947, 'network_id': '214975b9-d111-4bb8-ae3b-378a61143f53'}] {{(pid=103324) _bind_port_level /opt/stack/neutron/neutron/plugins/ml2/managers.py:820}}
Feb 09 20:37:27.582470 n-d-789963-29 neutron-server[103324]: DEBUG neutron.plugins.ml2.drivers.mech_agent [req-8db7b00e-c5af-49ac-9522-dbe1959e9e35 req-e4558693-0128-41d4-90bd-3e9cd16abe52 service neutron] Attempting to bind port 1aaa6a06-d7e7-4691-85a2-9b50e460923f on network 214975b9-d111-4bb8-ae3b-378a61143f53 {{(pid=103324) bind_port /opt/stack/neutron/neutron/plugins/ml2/drivers/mech_agent.py:91}}
Feb 09 20:37:27.588179 n-d-789963-29 neutron-server[103324]: DEBUG neutron.plugins.ml2.drivers.mech_agent [req-8db7b00e-c5af-49ac-9522-dbe1959e9e35 req-e4558693-0128-41d4-90bd-3e9cd16abe52 service neutron] Port 1aaa6a06-d7e7-4691-85a2-9b50e460923f on network 214975b9-d111-4bb8-ae3b-378a61143f53 not bound, no agent of type Open vSwitch agent registered on host n-h2-789963-29 {{(pid=103324) bind_port /opt/stack/neutron/neutron/plugins/ml2/drivers/mech_agent.py:103}}
Feb 09 20:37:27.588501 n-d-789963-29 neutron-server[103324]: DEBUG neutron.plugins.ml2.drivers.mech_agent [req-8db7b00e-c5af-49ac-9522-dbe1959e9e35 req-e4558693-0128-41d4-90bd-3e9cd16abe52 service neutron] Attempting to bind port 1aaa6a06-d7e7-4691-85a2-9b50e460923f on network 214975b9-d111-4bb8-ae3b-378a61143f53 {{(pid=103324) bind_port /opt/stack/neutron/neutron/plugins/ml2/drivers/mech_agent.py:91}}
Feb 09 20:37:27.597775 n-d-789963-29 neutron-server[103324]: INFO neutron.wsgi [req-d09896ae-bb81-4db6-8bc4-106ec0e295cb req-ff8605fd-4915-4b47-b132-76a6d0370621 tempest-TenantUsagesTestJSON-1283826195 tempest-TenantUsagesTestJSON-1283826195-project] 10.222.0.102 "GET /v2.0/ports?device_id=0620929b-0f15-41f5-8391-6b57596293df HTTP/1.1" status: 200 len: 210 time: 0.0589979
Feb 09 20:37:27.599293 n-d-789963-29 neutron-server[103324]: DEBUG neutron.plugins.ml2.drivers.mech_agent [req-8db7b00e-c5af-49ac-9522-dbe1959e9e35 req-e4558693-0128-41d4-90bd-3e9cd16abe52 service neutron] Checking agent: {'id': '36910fac-fe5b-452f-8513-3cad32d9cd86', 'agent_type': 'HyperV agent', 'binary': 'neutron-hyperv-agent', 'topic': 'N/A', 'host': 'n-h2-789963-29', 'admin_state_up': True, 'created_at': datetime.datetime(2022, 2, 9, 20, 33, 56), 'started_at': datetime.datetime(2022, 2, 9, 20, 33, 56), 'heartbeat_timestamp': datetime.datetime(2022, 2, 9, 20, 37, 26), 'description': None, 'resources_synced': None, 'availability_zone': None, 'alive': True, 'configurations': {'vswitch_mappings': {'physnet1$': 'br-data'}}, 'resource_versions': {}} {{(pid=103324) bind_port /opt/stack/neutron/neutron/plugins/ml2/drivers/mech_agent.py:110}}
Feb 09 20:37:27.599631 n-d-789963-29 neutron-server[103324]: DEBUG neutron.plugins.ml2.drivers.mech_agent [req-8db7b00e-c5af-49ac-9522-dbe1959e9e35 req-e4558693-0128-41d4-90bd-3e9cd16abe52 service neutron] Checking segment: {'id': '3d405d62-c3c2-4c5d-b4c1-2e6587711f5a', 'network_type': 'vlan', 'physical_network': 'physnet1', 'segmentation_id': 947, 'network_id': '214975b9-d111-4bb8-ae3b-378a61143f53'} for mappings: {'physnet1$': 'br-data'} with network types: ['local', 'flat', 'vlan'] {{(pid=103324) check_segment_for_agent /opt/stack/neutron/neutron/plugins/ml2/drivers/mech_agent.py:373}}
Feb 09 20:37:27.600079 n-d-789963-29 neutron-server[103324]: DEBUG neutron.plugins.ml2.drivers.mech_agent [req-8db7b00e-c5af-49ac-9522-dbe1959e9e35 req-e4558693-0128-41d4-90bd-3e9cd16abe52 service neutron] Bound using segment: {'id': '3d405d62-c3c2-4c5d-b4c1-2e6587711f5a', 'network_type': 'vlan', 'physical_network': 'physnet1', 'segmentation_id': 947, 'network_id': '214975b9-d111-4bb8-ae3b-378a61143f53'} {{(pid=103324) bind_port /opt/stack/neutron/neutron/plugins/ml2/drivers/mech_agent.py:120}}
Feb 09 20:37:27.600515 n-d-789963-29 neutron-server[103324]: DEBUG neutron.plugins.ml2.managers [req-8db7b00e-c5af-49ac-9522-dbe1959e9e35 req-e4558693-0128-41d4-90bd-3e9cd16abe52 service neutron] Bound port: 1aaa6a06-d7e7-4691-85a2-9b50e460923f, host: n-h2-789963-29, vif_type: hyperv, vif_details: {"connectivity": "legacy", "port_filter": false}, binding_levels: [{'bound_driver': 'hyperv', 'bound_segment': {'id': '3d405d62-c3c2-4c5d-b4c1-2e6587711f5a', 'network_type': 'vlan', 'physical_network': 'physnet1', 'segmentation_id': 947, 'network_id': '214975b9-d111-4bb8-ae3b-378a61143f53'}}] {{(pid=103324) _bind_port_level /opt/stack/neutron/neutron/plugins/ml2/managers.py:932}}
Feb 09 20:37:27.600868 n-d-789963-29 neutron-server[103324]: DEBUG neutron_lib.callbacks.manager [req-8db7b00e-c5af-49ac-9522-dbe1959e9e35 req-e4558693-0128-41d4-90bd-3e9cd16abe52 service neutron] Publish callbacks ['neutron.plugins.ml2.plugin.SecurityGroupDbMixin._ensure_default_security_group_handler-728289'] for port (1aaa6a06-d7e7-4691-85a2-9b50e460923f), before_update {{(pid=103324) _notify_loop /usr/local/lib/python3.8/dist-packages/neutron_lib/callbacks/manager.py:176}}
Feb 09 20:37:27.614492 n-d-789963-29 neutron-server[103325]: DEBUG neutron.pecan_wsgi.hooks.policy_enforcement [req-11fdc344-6db6-4754-a67d-02cdb321972a req-70d6444b-653c-49a1-a69e-ab14bbaa862b tempest-DeleteServersAdminTestJSON-1924732623 tempest-DeleteServersAdminTestJSON-1924732623-project] Attributes excluded by policy engine: ['standard_attr_id', 'binding:profile', 'binding:host_id', 'binding:vif_type', 'binding:vif_details'] {{(pid=103325) _exclude_attributes_by_policy /opt/stack/neutron/neutron/pecan_wsgi/hooks/policy_enforcement.py:255}}
Feb 09 20:37:27.616198 n-d-789963-29 neutron-server[103325]: INFO neutron.wsgi [req-11fdc344-6db6-4754-a67d-02cdb321972a req-70d6444b-653c-49a1-a69e-ab14bbaa862b tempest-DeleteServersAdminTestJSON-1924732623 tempest-DeleteServersAdminTestJSON-1924732623-project] 10.222.0.102 "GET /v2.0/ports?device_id=027e4949-5410-4c38-bce1-5ad19c9418ee HTTP/1.1" status: 200 len: 950 time: 0.0810621
Feb 09 20:37:27.704410 n-d-789963-29 neutron-server[103324]: DEBUG neutron.plugins.ml2.db [req-8db7b00e-c5af-49ac-9522-dbe1959e9e35 req-e4558693-0128-41d4-90bd-3e9cd16abe52 service neutron] For port 1aaa6a06-d7e7-4691-85a2-9b50e460923f, host n-h2-789963-29, cleared binding levels {{(pid=103324) clear_binding_levels /opt/stack/neutron/neutron/plugins/ml2/db.py:87}}
Feb 09 20:37:27.708066 n-d-789963-29 neutron-server[103324]: DEBUG neutron.plugins.ml2.db [req-8db7b00e-c5af-49ac-9522-dbe1959e9e35 req-e4558693-0128-41d4-90bd-3e9cd16abe52 service neutron] For port 1aaa6a06-d7e7-4691-85a2-9b50e460923f, host n-h2-789963-29, set binding levels [PortBindingLevel(driver='hyperv',host='n-h2-789963-29',level=0,port_id=1aaa6a06-d7e7-4691-85a2-9b50e460923f,segment=NetworkSegment(3d405d62-c3c2-4c5d-b4c1-2e6587711f5a),segment_id=3d405d62-c3c2-4c5d-b4c1-2e6587711f5a)] {{(pid=103324) set_binding_levels /opt/stack/neutron/neutron/plugins/ml2/db.py:59}}
Feb 09 20:37:27.716372 n-d-789963-29 neutron-server[103325]: INFO neutron.wsgi [req-11fdc344-6db6-4754-a67d-02cdb321972a req-ab44f98e-db85-4f19-a288-2d42c2165bb2 tempest-DeleteServersAdminTestJSON-1924732623 tempest-DeleteServersAdminTestJSON-1924732623-project] 10.222.0.102 "GET /v2.0/security-groups?id=f3c1a937-b5f4-40cf-a97c-e53957cad7f3&fields=id&fields=name HTTP/1.1" status: 200 len: 286 time: 0.0914040
