Feb 08 23:44:51.380870 n-d-789963-27 devstack@placement-api.service[104259]: DEBUG placement.handlers.allocation [req-b84934a9-29f9-4b7d-a969-563399a153a4 req-245a6037-2d64-425e-adf6-bff9dc777b11 service placement] Successfully deleted allocations [, , ] {{(pid=104259) delete_allocations /opt/stack/placement/placement/handlers/allocation.py:627}}
Feb 08 23:44:51.382560 n-d-789963-27 devstack@placement-api.service[104259]: INFO placement.requestlog [req-b84934a9-29f9-4b7d-a969-563399a153a4 req-245a6037-2d64-425e-adf6-bff9dc777b11 service placement] 10.222.0.55 "DELETE /placement/allocations/a48d57c0-8516-4d87-a666-871711cf5064" status: 204 len: 0 microversion: 1.0
Feb 08 23:44:51.383594 n-d-789963-27 devstack@placement-api.service[104259]: [pid: 104259|app: 0|req: 219/430] 10.222.0.55 () {60 vars in 1355 bytes} [Tue Feb 8 23:44:51 2022] DELETE /placement/allocations/a48d57c0-8516-4d87-a666-871711cf5064 => generated 0 bytes in 222 msecs (HTTP/1.1 204) 5 headers in 198 bytes (1 switches on core 0)
Feb 08 23:44:51.494583 n-d-789963-27 devstack@placement-api.service[104260]: DEBUG placement.handlers.allocation [req-2d6390c1-93a2-4c07-b30c-4f7d3b2639e9 req-90cf007b-db9b-4317-9f0e-3a439bf9ffd4 service placement] Successfully deleted allocations [, , ] {{(pid=104260) delete_allocations /opt/stack/placement/placement/handlers/allocation.py:627}}
Feb 08 23:44:51.496177 n-d-789963-27 devstack@placement-api.service[104260]: INFO placement.requestlog [req-2d6390c1-93a2-4c07-b30c-4f7d3b2639e9 req-90cf007b-db9b-4317-9f0e-3a439bf9ffd4 service placement] 10.222.0.75 "DELETE /placement/allocations/249f28b6-9c23-431b-85d5-d43ac0a5f3ce" status: 204 len: 0 microversion: 1.0
Feb 08 23:44:51.496798 n-d-789963-27 devstack@placement-api.service[104260]: [pid: 104260|app: 0|req: 212/431] 10.222.0.75 () {60 vars in 1355 bytes} [Tue Feb 8 23:44:51 2022] DELETE /placement/allocations/249f28b6-9c23-431b-85d5-d43ac0a5f3ce => generated 0 bytes in 159 msecs (HTTP/1.1 204) 5 headers in 198 bytes (2 switches on core 0)
Feb 08 23:44:57.399120 n-d-789963-27 devstack@placement-api.service[104259]: DEBUG placement.requestlog [req-c869d9a5-37ec-4655-97d8-bc783ba07c56 req-797ba0e9-a3d6-4e49-9133-de783f45b4e4 None None] Starting request: 10.222.0.55 "DELETE /placement/allocations/5ffe9046-a520-4db7-a439-66b319d67c1a" {{(pid=104259) __call__ /opt/stack/placement/placement/requestlog.py:55}}
Feb 08 23:44:57.591615 n-d-789963-27 devstack@placement-api.service[104259]: DEBUG placement.handlers.allocation [req-c869d9a5-37ec-4655-97d8-bc783ba07c56 req-797ba0e9-a3d6-4e49-9133-de783f45b4e4 service placement] Successfully deleted allocations [, , ] {{(pid=104259) delete_allocations /opt/stack/placement/placement/handlers/allocation.py:627}}
Feb 08 23:44:57.592306 n-d-789963-27 devstack@placement-api.service[104259]: INFO placement.requestlog [req-c869d9a5-37ec-4655-97d8-bc783ba07c56 req-797ba0e9-a3d6-4e49-9133-de783f45b4e4 service placement] 10.222.0.55 "DELETE /placement/allocations/5ffe9046-a520-4db7-a439-66b319d67c1a" status: 204 len: 0 microversion: 1.0
Feb 08 23:44:57.592948 n-d-789963-27 devstack@placement-api.service[104259]: [pid: 104259|app: 0|req: 220/432] 10.222.0.55 () {60 vars in 1355 bytes} [Tue Feb 8 23:44:57 2022] DELETE /placement/allocations/5ffe9046-a520-4db7-a439-66b319d67c1a => generated 0 bytes in 194 msecs (HTTP/1.1 204) 5 headers in 198 bytes (1 switches on core 0)
Feb 08 23:44:59.126987 n-d-789963-27 devstack@placement-api.service[104260]: DEBUG placement.requestlog [req-c9689df1-ebcf-415b-88bc-3126b389a104 req-33a81b63-8efa-4a28-8d5e-845edac7eeff None None] Starting request: 10.222.0.75 "DELETE /placement/allocations/96f5adc5-3623-414c-b598-7e054b7babbf" {{(pid=104260) __call__ /opt/stack/placement/placement/requestlog.py:55}}
Feb 08 23:44:59.398612 n-d-789963-27 devstack@placement-api.service[104260]: DEBUG placement.handlers.allocation [req-c9689df1-ebcf-415b-88bc-3126b389a104 req-33a81b63-8efa-4a28-8d5e-845edac7eeff service placement] Successfully deleted allocations [, , ] {{(pid=104260) delete_allocations /opt/stack/placement/placement/handlers/allocation.py:627}}
Feb 08 23:44:59.399547 n-d-789963-27 devstack@placement-api.service[104260]: INFO placement.requestlog [req-c9689df1-ebcf-415b-88bc-3126b389a104 req-33a81b63-8efa-4a28-8d5e-845edac7eeff service placement] 10.222.0.75 "DELETE /placement/allocations/96f5adc5-3623-414c-b598-7e054b7babbf" status: 204 len: 0 microversion: 1.0
Feb 08 23:44:59.401362 n-d-789963-27 devstack@placement-api.service[104260]: [pid: 104260|app: 0|req: 213/433] 10.222.0.75 () {60 vars in 1355 bytes} [Tue Feb 8 23:44:59 2022] DELETE /placement/allocations/96f5adc5-3623-414c-b598-7e054b7babbf => generated 0 bytes in 274 msecs (HTTP/1.1 204) 5 headers in 198 bytes (1 switches on core 0)
Feb 08 23:45:02.857988 n-d-789963-27 devstack@placement-api.service[104259]: DEBUG placement.requestlog [req-1eb92281-70ab-4ad6-90d0-4870b698b6a6 req-7bf82c29-f531-4408-9358-77e1adc3d0b8 None None] Starting request: 10.222.0.55 "DELETE /placement/allocations/81b4307f-750b-438f-866e-c4b6ca160a94" {{(pid=104259) __call__ /opt/stack/placement/placement/requestlog.py:55}}
Feb 08 23:45:03.020626 n-d-789963-27 devstack@placement-api.service[104259]: DEBUG placement.handlers.allocation [req-1eb92281-70ab-4ad6-90d0-4870b698b6a6 req-7bf82c29-f531-4408-9358-77e1adc3d0b8 service placement] Successfully deleted allocations [, , ] {{(pid=104259) delete_allocations /opt/stack/placement/placement/handlers/allocation.py:627}}
Feb 08 23:45:03.021806 n-d-789963-27 devstack@placement-api.service[104259]: INFO placement.requestlog [req-1eb92281-70ab-4ad6-90d0-4870b698b6a6 req-7bf82c29-f531-4408-9358-77e1adc3d0b8 service placement] 10.222.0.55 "DELETE /placement/allocations/81b4307f-750b-438f-866e-c4b6ca160a94" status: 204 len: 0 microversion: 1.0
Feb 08 23:45:03.024411 n-d-789963-27 devstack@placement-api.service[104259]: [pid: 104259|app: 0|req: 221/434] 10.222.0.55 () {60 vars in 1355 bytes} [Tue Feb 8 23:45:02 2022] DELETE /placement/allocations/81b4307f-750b-438f-866e-c4b6ca160a94 => generated 0 bytes in 165 msecs (HTTP/1.1 204) 5 headers in 198 bytes (2 switches on core 0)
Feb 08 23:45:03.904447 n-d-789963-27 devstack@placement-api.service[104260]: DEBUG placement.requestlog [req-e59661a0-841b-45fa-aa6d-d775600718ff req-3e957086-f5a1-4039-8914-82346bd7734b None None] Starting request: 10.222.0.55 "DELETE /placement/allocations/b20cdffd-1a9c-4468-abad-4daac576348d" {{(pid=104260) __call__ /opt/stack/placement/placement/requestlog.py:55}}
Feb 08 23:45:04.141070 n-d-789963-27 devstack@placement-api.service[104260]: DEBUG placement.handlers.allocation [req-e59661a0-841b-45fa-aa6d-d775600718ff req-3e957086-f5a1-4039-8914-82346bd7734b service placement] Successfully deleted allocations [, , ] {{(pid=104260) delete_allocations /opt/stack/placement/placement/handlers/allocation.py:627}}
Feb 08 23:45:04.141795 n-d-789963-27 devstack@placement-api.service[104260]: INFO placement.requestlog [req-e59661a0-841b-45fa-aa6d-d775600718ff req-3e957086-f5a1-4039-8914-82346bd7734b service placement] 10.222.0.55 "DELETE /placement/allocations/b20cdffd-1a9c-4468-abad-4daac576348d" status: 204 len: 0 microversion: 1.0
Feb 08 23:45:04.142932 n-d-789963-27 devstack@placement-api.service[104260]: [pid: 104260|app: 0|req: 214/435] 10.222.0.55 () {60 vars in 1355 bytes} [Tue Feb 8 23:45:03 2022] DELETE /placement/allocations/b20cdffd-1a9c-4468-abad-4daac576348d => generated 0 bytes in 239 msecs (HTTP/1.1 204) 5 headers in 198 bytes (1 switches on core 0)
Feb 08 23:45:04.507096 n-d-789963-27 devstack@placement-api.service[104259]: DEBUG placement.requestlog [req-848f3ef1-872d-4637-8117-a5d5b85df34a req-5babe6b2-4be5-4fc0-b1f2-bf37690b64dd None None] Starting request: 10.222.0.75 "DELETE /placement/allocations/ea6b9f94-de81-43cc-8c91-fb15c8342ab9" {{(pid=104259) __call__ /opt/stack/placement/placement/requestlog.py:55}}
Feb 08 23:45:04.717943 n-d-789963-27 devstack@placement-api.service[104259]: DEBUG placement.handlers.allocation [req-848f3ef1-872d-4637-8117-a5d5b85df34a req-5babe6b2-4be5-4fc0-b1f2-bf37690b64dd service placement] Successfully deleted allocations [, , ] {{(pid=104259) delete_allocations /opt/stack/placement/placement/handlers/allocation.py:627}}
Feb 08 23:45:04.723768 n-d-789963-27 devstack@placement-api.service[104259]: INFO placement.requestlog [req-848f3ef1-872d-4637-8117-a5d5b85df34a req-5babe6b2-4be5-4fc0-b1f2-bf37690b64dd service placement] 10.222.0.75 "DELETE /placement/allocations/ea6b9f94-de81-43cc-8c91-fb15c8342ab9" status: 204 len: 0 microversion: 1.0
Feb 08 23:45:04.723768 n-d-789963-27 devstack@placement-api.service[104259]: [pid: 104259|app: 0|req: 222/436] 10.222.0.75 () {60 vars in 1355 bytes} [Tue Feb 8 23:45:04 2022] DELETE /placement/allocations/ea6b9f94-de81-43cc-8c91-fb15c8342ab9 => generated 0 bytes in 216 msecs (HTTP/1.1 204) 5 headers in 198 bytes (2 switches on core 0)
Feb 08 23:45:05.054742 n-d-789963-27 devstack@placement-api.service[104260]: DEBUG placement.requestlog [req-a454e1ef-6d5e-452a-9aa1-03f321fee923 req-02fbf8ee-2998-4d6f-a310-2884c2aaf215 None None] Starting request: 10.222.0.55 "DELETE /placement/allocations/f9ad12e9-af0f-4933-9eaa-a0fc1d1c4025" {{(pid=104260) __call__ /opt/stack/placement/placement/requestlog.py:55}}
Feb 08 23:45:05.283421 n-d-789963-27 devstack@placement-api.service[104260]: DEBUG placement.handlers.allocation [req-a454e1ef-6d5e-452a-9aa1-03f321fee923 req-02fbf8ee-2998-4d6f-a310-2884c2aaf215 service placement] Successfully deleted allocations [, , ] {{(pid=104260) delete_allocations /opt/stack/placement/placement/handlers/allocation.py:627}}
Feb 08 23:45:05.291605 n-d-789963-27 devstack@placement-api.service[104260]: INFO placement.requestlog [req-a454e1ef-6d5e-452a-9aa1-03f321fee923 req-02fbf8ee-2998-4d6f-a310-2884c2aaf215 service placement] 10.222.0.55 "DELETE /placement/allocations/f9ad12e9-af0f-4933-9eaa-a0fc1d1c4025" status: 204 len: 0 microversion: 1.0
Feb 08 23:45:05.295607 n-d-789963-27 devstack@placement-api.service[104260]: [pid: 104260|app: 0|req: 215/437] 10.222.0.55 () {60 vars in 1355 bytes} [Tue Feb 8 23:45:05 2022] DELETE /placement/allocations/f9ad12e9-af0f-4933-9eaa-a0fc1d1c4025 => generated 0 bytes in 241 msecs (HTTP/1.1 204) 5 headers in 198 bytes (1 switches on core 0)
Feb 08 23:45:12.877658 n-d-789963-27 devstack@placement-api.service[104259]: DEBUG placement.requestlog [None req-5d00b737-e5ab-4cf3-b9ac-88fe059bff72 None None] Starting request: 10.222.0.65 "GET /placement/" {{(pid=104259) __call__ /opt/stack/placement/placement/requestlog.py:55}}
Feb 08 23:45:12.878516 n-d-789963-27 devstack@placement-api.service[104259]: INFO placement.requestlog [None req-5d00b737-e5ab-4cf3-b9ac-88fe059bff72 None None] 10.222.0.65 "GET /placement/" status: 200 len: 136 microversion: 1.0
Feb 08 23:45:12.880019 n-d-789963-27 devstack@placement-api.service[104259]: [pid: 104259|app: 0|req: 223/438] 10.222.0.65 () {54 vars in 916 bytes} [Tue Feb 8 23:45:12 2022] GET /placement => generated 136 bytes in 4 msecs (HTTP/1.1 200) 6 headers in 224 bytes (1 switches on core 0)
Feb 08 23:45:12.906734 n-d-789963-27 devstack@placement-api.service[104260]: DEBUG placement.requestlog [req-6cca9096-28d0-48b9-bc1e-5f85ca0dac5f req-54baf4ea-e552-48e0-9ef1-77489500951e None None] Starting request: 10.222.0.65 "GET /placement/allocations/d4959596-1c97-4841-aac2-f1712728b52f" {{(pid=104260) __call__ /opt/stack/placement/placement/requestlog.py:55}}
Feb 08 23:45:13.088999 n-d-789963-27 devstack@placement-api.service[104260]: INFO placement.requestlog [req-6cca9096-28d0-48b9-bc1e-5f85ca0dac5f req-54baf4ea-e552-48e0-9ef1-77489500951e service placement] 10.222.0.65 "GET /placement/allocations/d4959596-1c97-4841-aac2-f1712728b52f" status: 200 len: 245 microversion: 1.28
Feb 08 23:45:13.090645 n-d-789963-27 devstack@placement-api.service[104260]: [pid: 104260|app: 0|req: 216/439] 10.222.0.65 () {60 vars in 1380 bytes} [Tue Feb 8 23:45:12 2022] GET /placement/allocations/d4959596-1c97-4841-aac2-f1712728b52f => generated 245 bytes in 189 msecs (HTTP/1.1 200) 8 headers in 296 bytes (1 switches on core 0)
Feb 08 23:45:13.097870 n-d-789963-27 devstack@placement-api.service[104259]: DEBUG placement.requestlog [req-6cca9096-28d0-48b9-bc1e-5f85ca0dac5f req-fd72c636-e32a-4c81-ab37-abbe3ad4360a None None] Starting request: 10.222.0.65 "GET /placement/allocations/d4959596-1c97-4841-aac2-f1712728b52f" {{(pid=104259) __call__ /opt/stack/placement/placement/requestlog.py:55}}
Feb 08 23:45:13.130963 n-d-789963-27 devstack@placement-api.service[104259]: INFO placement.requestlog [req-6cca9096-28d0-48b9-bc1e-5f85ca0dac5f req-fd72c636-e32a-4c81-ab37-abbe3ad4360a service placement] 10.222.0.65 "GET /placement/allocations/d4959596-1c97-4841-aac2-f1712728b52f" status: 200 len: 245 microversion: 1.28
Feb 08 23:45:13.145533 n-d-789963-27 devstack@placement-api.service[104260]: DEBUG placement.requestlog [req-6cca9096-28d0-48b9-bc1e-5f85ca0dac5f req-bc8d9bca-8033-4155-81d2-169d4b2994d6 None None] Starting request: 10.222.0.65 "GET /placement/allocations/51201a68-5d51-4b85-b38c-0b6e1c1892fa" {{(pid=104260) __call__ /opt/stack/placement/placement/requestlog.py:55}}
Feb 08 23:45:13.155580 n-d-789963-27 devstack@placement-api.service[104259]: [pid: 104259|app: 0|req: 224/440] 10.222.0.65 () {60 vars in 1380 bytes} [Tue Feb 8 23:45:13 2022] GET /placement/allocations/d4959596-1c97-4841-aac2-f1712728b52f => generated 245 bytes in 59 msecs (HTTP/1.1 200) 8 headers in 296 bytes (1 switches on core 0)
Feb 08 23:45:13.173857 n-d-789963-27 devstack@placement-api.service[104260]: INFO placement.requestlog [req-6cca9096-28d0-48b9-bc1e-5f85ca0dac5f req-bc8d9bca-8033-4155-81d2-169d4b2994d6 service placement] 10.222.0.65 "GET /placement/allocations/51201a68-5d51-4b85-b38c-0b6e1c1892fa" status: 200 len: 19 microversion: 1.28
Feb 08 23:45:13.181873 n-d-789963-27 devstack@placement-api.service[104259]: DEBUG placement.requestlog [req-6cca9096-28d0-48b9-bc1e-5f85ca0dac5f req-25b103c4-61c5-43a3-830f-4e66ff50d204 None None] Starting request: 10.222.0.65 "POST /placement/allocations" {{(pid=104259) __call__ /opt/stack/placement/placement/requestlog.py:55}}
Feb 08 23:45:13.194037 n-d-789963-27 devstack@placement-api.service[104260]: [pid: 104260|app: 0|req: 217/441] 10.222.0.65 () {60 vars in 1380 bytes} [Tue Feb 8 23:45:13 2022] GET /placement/allocations/51201a68-5d51-4b85-b38c-0b6e1c1892fa => generated 19 bytes in 50 msecs (HTTP/1.1 200) 8 headers in 295 bytes (1 switches on core 0)
Feb 08 23:45:13.417479 n-d-789963-27 devstack@placement-api.service[104259]: DEBUG placement.handlers.allocation [req-6cca9096-28d0-48b9-bc1e-5f85ca0dac5f req-25b103c4-61c5-43a3-830f-4e66ff50d204 service placement] Successfully wrote allocations [, , , ] {{(pid=104259) _update_consumers_and_create_allocations /opt/stack/placement/placement/handlers/allocation.py:572}}
Feb 08 23:45:13.484782 n-d-789963-27 devstack@placement-api.service[104259]: INFO placement.requestlog [req-6cca9096-28d0-48b9-bc1e-5f85ca0dac5f req-25b103c4-61c5-43a3-830f-4e66ff50d204 service placement] 10.222.0.65 "POST /placement/allocations" status: 204 len: 0 microversion: 1.28
Feb 08 23:45:13.488526 n-d-789963-27 devstack@placement-api.service[104259]: [pid: 104259|app: 0|req: 225/442] 10.222.0.65 () {64 vars in 1323 bytes} [Tue Feb 8 23:45:13 2022] POST /placement/allocations => generated 0 bytes in 308 msecs (HTTP/1.1 204) 5 headers in 199 bytes (2 switches on core 0)
Feb 08 23:45:13.578788 n-d-789963-27 devstack@placement-api.service[104260]: DEBUG placement.requestlog [req-6cca9096-28d0-48b9-bc1e-5f85ca0dac5f req-ad9c5650-fb4b-4134-8f04-3c929a0a61ce None None] Starting request: 10.222.0.65 "GET /placement/allocations/d4959596-1c97-4841-aac2-f1712728b52f" {{(pid=104260) __call__ /opt/stack/placement/placement/requestlog.py:55}}
Feb 08 23:45:13.594089 n-d-789963-27 devstack@placement-api.service[104260]: INFO placement.requestlog [req-6cca9096-28d0-48b9-bc1e-5f85ca0dac5f req-ad9c5650-fb4b-4134-8f04-3c929a0a61ce service placement] 10.222.0.65 "GET /placement/allocations/d4959596-1c97-4841-aac2-f1712728b52f" status: 200 len: 19 microversion: 1.28
Feb 08 23:45:13.598444 n-d-789963-27 devstack@placement-api.service[104260]: [pid: 104260|app: 0|req: 218/443] 10.222.0.65 () {60 vars in 1380 bytes} [Tue Feb 8 23:45:13 2022] GET /placement/allocations/d4959596-1c97-4841-aac2-f1712728b52f => generated 19 bytes in 20 msecs (HTTP/1.1 200) 8 headers in 295 bytes (1 switches on core 0)
Feb 08 23:45:13.611822 n-d-789963-27 devstack@placement-api.service[104259]: DEBUG placement.requestlog [req-6cca9096-28d0-48b9-bc1e-5f85ca0dac5f req-ffd41824-0c5a-41b8-b926-e407d29e8a59 None None] Starting request: 10.222.0.65 "PUT /placement/allocations/d4959596-1c97-4841-aac2-f1712728b52f" {{(pid=104259) __call__ /opt/stack/placement/placement/requestlog.py:55}}
Feb 08 23:45:13.800871 n-d-789963-27 devstack@placement-api.service[104259]: DEBUG placement.handlers.allocation [req-6cca9096-28d0-48b9-bc1e-5f85ca0dac5f req-ffd41824-0c5a-41b8-b926-e407d29e8a59 service placement] Successfully wrote allocations [, ] {{(pid=104259) _update_consumers_and_create_allocations /opt/stack/placement/placement/handlers/allocation.py:462}}
Feb 08 23:45:13.927437 n-d-789963-27 devstack@placement-api.service[104259]: INFO placement.requestlog [req-6cca9096-28d0-48b9-bc1e-5f85ca0dac5f req-ffd41824-0c5a-41b8-b926-e407d29e8a59 service placement] 10.222.0.65 "PUT /placement/allocations/d4959596-1c97-4841-aac2-f1712728b52f" status: 204 len: 0 microversion: 1.28
Feb 08 23:45:13.929371 n-d-789963-27 devstack@placement-api.service[104259]: [pid: 104259|app: 0|req: 226/444] 10.222.0.65 () {64 vars in 1433 bytes} [Tue Feb 8 23:45:13 2022] PUT /placement/allocations/d4959596-1c97-4841-aac2-f1712728b52f => generated 0 bytes in 318 msecs (HTTP/1.1 204) 5 headers in 199 bytes (1 switches on core 0)
Feb 08 23:45:14.244098 n-d-789963-27 devstack@placement-api.service[104260]: DEBUG placement.requestlog [req-6cca9096-28d0-48b9-bc1e-5f85ca0dac5f req-1c82741f-bfec-438a-a8a4-8c1828324652 None None] Starting request: 10.222.0.75 "GET /placement/allocations/d4959596-1c97-4841-aac2-f1712728b52f" {{(pid=104260) __call__ /opt/stack/placement/placement/requestlog.py:55}}
Feb 08 23:45:14.305812 n-d-789963-27 devstack@placement-api.service[104260]: INFO placement.requestlog [req-6cca9096-28d0-48b9-bc1e-5f85ca0dac5f req-1c82741f-bfec-438a-a8a4-8c1828324652 service placement] 10.222.0.75 "GET /placement/allocations/d4959596-1c97-4841-aac2-f1712728b52f" status: 200 len: 245 microversion: 1.28
Feb 08 23:45:14.305812 n-d-789963-27 devstack@placement-api.service[104260]: [pid: 104260|app: 0|req: 219/445] 10.222.0.75 () {60 vars in 1377 bytes} [Tue Feb 8 23:45:14 2022] GET /placement/allocations/d4959596-1c97-4841-aac2-f1712728b52f => generated 245 bytes in 58 msecs (HTTP/1.1 200) 8 headers in 296 bytes (2 switches on core 0)
Feb 08 23:45:19.068324 n-d-789963-27 devstack@placement-api.service[104259]: DEBUG placement.requestlog [req-277ac73f-fa9b-483e-9d3d-fdc2dca99a50 req-0cf45ddf-7764-4e27-9e41-070c166e781d None None] Starting request: 10.222.0.75 "DELETE /placement/allocations/7aaff4d3-cc58-4c6e-96f2-46c13af0ef6e" {{(pid=104259) __call__ /opt/stack/placement/placement/requestlog.py:55}}
Feb 08 23:45:19.391983 n-d-789963-27 devstack@placement-api.service[104259]: DEBUG placement.handlers.allocation [req-277ac73f-fa9b-483e-9d3d-fdc2dca99a50 req-0cf45ddf-7764-4e27-9e41-070c166e781d service placement] Successfully deleted allocations [, , ] {{(pid=104259) delete_allocations /opt/stack/placement/placement/handlers/allocation.py:627}}
Feb 08 23:45:19.392641 n-d-789963-27 devstack@placement-api.service[104259]: INFO placement.requestlog [req-277ac73f-fa9b-483e-9d3d-fdc2dca99a50 req-0cf45ddf-7764-4e27-9e41-070c166e781d service placement] 10.222.0.75 "DELETE /placement/allocations/7aaff4d3-cc58-4c6e-96f2-46c13af0ef6e" status: 204 len: 0 microversion: 1.0
Feb 08 23:45:19.393097 n-d-789963-27 devstack@placement-api.service[104259]: [pid: 104259|app: 0|req: 227/446] 10.222.0.75 () {60 vars in 1355 bytes} [Tue Feb 8 23:45:19 2022] DELETE /placement/allocations/7aaff4d3-cc58-4c6e-96f2-46c13af0ef6e => generated 0 bytes in 326 msecs (HTTP/1.1 204) 5 headers in 198 bytes (2 switches on core 0)
Feb 08 23:45:23.235931 n-d-789963-27 devstack@placement-api.service[104260]: DEBUG placement.requestlog [req-1691b245-203c-40a0-aab9-c4d1ec9aa29b req-75661112-7a36-449d-a8b8-b646b4fdc92b None None] Starting request: 10.222.0.75 "GET /placement/resource_providers/071d94d7-52a6-4000-804a-a5672f37c4a4/allocations" {{(pid=104260) __call__ /opt/stack/placement/placement/requestlog.py:55}}
Feb 08 23:45:23.330581 n-d-789963-27 devstack@placement-api.service[104260]: INFO placement.requestlog [req-1691b245-203c-40a0-aab9-c4d1ec9aa29b req-75661112-7a36-449d-a8b8-b646b4fdc92b service placement] 10.222.0.75 "GET /placement/resource_providers/071d94d7-52a6-4000-804a-a5672f37c4a4/allocations" status: 200 len: 631 microversion: 1.0
Feb 08 23:45:23.337052 n-d-789963-27 devstack@placement-api.service[104260]: [pid: 104260|app: 0|req: 220/447] 10.222.0.75 () {58 vars in 1390 bytes} [Tue Feb 8 23:45:23 2022] GET /placement/resource_providers/071d94d7-52a6-4000-804a-a5672f37c4a4/allocations => generated 631 bytes in 101 msecs (HTTP/1.1 200) 6 headers in 224 bytes (1 switches on core 0)
Feb 08 23:45:23.886972 n-d-789963-27 devstack@placement-api.service[104259]: DEBUG placement.requestlog [req-1691b245-203c-40a0-aab9-c4d1ec9aa29b req-578dac27-f235-4371-8ae6-23f8f704d688 None None] Starting request: 10.222.0.75 "GET /placement/allocations/8202335d-6dfe-4abb-bbf7-07c5004a65ed" {{(pid=104259) __call__ /opt/stack/placement/placement/requestlog.py:55}}
Feb 08 23:45:23.947510 n-d-789963-27 devstack@placement-api.service[104259]: INFO placement.requestlog [req-1691b245-203c-40a0-aab9-c4d1ec9aa29b req-578dac27-f235-4371-8ae6-23f8f704d688 service placement] 10.222.0.75 "GET /placement/allocations/8202335d-6dfe-4abb-bbf7-07c5004a65ed" status: 200 len: 245 microversion: 1.28
Feb 08 23:45:23.949092 n-d-789963-27 devstack@placement-api.service[104259]: [pid: 104259|app: 0|req: 228/448] 10.222.0.75 () {60 vars in 1377 bytes} [Tue Feb 8 23:45:23 2022] GET /placement/allocations/8202335d-6dfe-4abb-bbf7-07c5004a65ed => generated 245 bytes in 63 msecs (HTTP/1.1 200) 8 headers in 296 bytes (1 switches on core 0)
Feb 08 23:45:23.957071 n-d-789963-27 devstack@placement-api.service[104260]: DEBUG placement.requestlog [req-1691b245-203c-40a0-aab9-c4d1ec9aa29b req-765218c3-2253-478e-8237-4c07d0ce7a34 None None] Starting request: 10.222.0.75 "PUT /placement/allocations/8202335d-6dfe-4abb-bbf7-07c5004a65ed" {{(pid=104260) __call__ /opt/stack/placement/placement/requestlog.py:55}}
Feb 08 23:45:24.190039 n-d-789963-27 devstack@placement-api.service[104260]: DEBUG placement.handlers.allocation [req-1691b245-203c-40a0-aab9-c4d1ec9aa29b req-765218c3-2253-478e-8237-4c07d0ce7a34 service placement] Successfully wrote allocations [, ] {{(pid=104260) _update_consumers_and_create_allocations /opt/stack/placement/placement/handlers/allocation.py:462}}
Feb 08 23:45:24.308170 n-d-789963-27 devstack@placement-api.service[104260]: INFO placement.requestlog [req-1691b245-203c-40a0-aab9-c4d1ec9aa29b req-765218c3-2253-478e-8237-4c07d0ce7a34 service placement] 10.222.0.75 "PUT /placement/allocations/8202335d-6dfe-4abb-bbf7-07c5004a65ed" status: 204 len: 0 microversion: 1.28
Feb 08 23:45:24.309622 n-d-789963-27 devstack@placement-api.service[104260]: [pid: 104260|app: 0|req: 221/449] 10.222.0.75 () {64 vars in 1430 bytes} [Tue Feb 8 23:45:23 2022] PUT /placement/allocations/8202335d-6dfe-4abb-bbf7-07c5004a65ed => generated 0 bytes in 353 msecs (HTTP/1.1 204) 5 headers in 199 bytes (1 switches on core 0)
Feb 08 23:45:32.142067 n-d-789963-27 devstack@placement-api.service[104259]: DEBUG placement.requestlog [req-16e287da-0227-497b-b48e-7449a3f1cb70 req-e985fc89-070c-4af4-a685-4603716f8761 None None] Starting request: 10.222.0.55 "GET /placement/resource_providers/1bd5db0b-25ad-4fff-b3b8-63893539dc9e/allocations" {{(pid=104259) __call__ /opt/stack/placement/placement/requestlog.py:55}}
Feb 08 23:45:32.495901 n-d-789963-27 devstack@placement-api.service[104259]: INFO placement.requestlog [req-16e287da-0227-497b-b48e-7449a3f1cb70 req-e985fc89-070c-4af4-a685-4603716f8761 service placement] 10.222.0.55 "GET /placement/resource_providers/1bd5db0b-25ad-4fff-b3b8-63893539dc9e/allocations" status: 200 len: 530 microversion: 1.0
Feb 08 23:45:32.496523 n-d-789963-27 devstack@placement-api.service[104259]: [pid: 104259|app: 0|req: 229/450] 10.222.0.55 () {58 vars in 1390 bytes} [Tue Feb 8 23:45:32 2022] GET /placement/resource_providers/1bd5db0b-25ad-4fff-b3b8-63893539dc9e/allocations => generated 530 bytes in 355 msecs (HTTP/1.1 200) 6 headers in 224 bytes (1 switches on core 0)
Feb 08 23:45:32.614848 n-d-789963-27 devstack@placement-api.service[104260]: DEBUG placement.requestlog [req-16e287da-0227-497b-b48e-7449a3f1cb70 req-d83e4861-8ce6-4724-a024-17823f839f4f None None] Starting request: 10.222.0.55 "GET /placement/resource_providers?in_tree=1bd5db0b-25ad-4fff-b3b8-63893539dc9e" {{(pid=104260) __call__ /opt/stack/placement/placement/requestlog.py:55}}
Feb 08 23:45:32.644343 n-d-789963-27 devstack@placement-api.service[104260]: INFO placement.requestlog [req-16e287da-0227-497b-b48e-7449a3f1cb70 req-d83e4861-8ce6-4724-a024-17823f839f4f service placement] 10.222.0.55 "GET /placement/resource_providers?in_tree=1bd5db0b-25ad-4fff-b3b8-63893539dc9e" status: 200 len: 864 microversion: 1.14
Feb 08 23:45:32.646245 n-d-789963-27 devstack@placement-api.service[104260]: [pid: 104260|app: 0|req: 222/451] 10.222.0.55 () {60 vars in 1376 bytes} [Tue Feb 8 23:45:32 2022] GET /placement/resource_providers?in_tree=1bd5db0b-25ad-4fff-b3b8-63893539dc9e => generated 864 bytes in 32 msecs (HTTP/1.1 200) 6 headers in 225 bytes (1 switches on core 0)
Feb 08 23:45:32.654365 n-d-789963-27 devstack@placement-api.service[104259]: DEBUG placement.requestlog [req-16e287da-0227-497b-b48e-7449a3f1cb70 req-44b3277d-0b6c-4547-87bb-0748245f1bf0 None None] Starting request: 10.222.0.55 "GET /placement/resource_providers/1bd5db0b-25ad-4fff-b3b8-63893539dc9e/inventories" {{(pid=104259) __call__ /opt/stack/placement/placement/requestlog.py:55}}
Feb 08 23:45:32.693667 n-d-789963-27 devstack@placement-api.service[104259]: INFO placement.requestlog [req-16e287da-0227-497b-b48e-7449a3f1cb70 req-44b3277d-0b6c-4547-87bb-0748245f1bf0 service placement] 10.222.0.55 "GET /placement/resource_providers/1bd5db0b-25ad-4fff-b3b8-63893539dc9e/inventories" status: 200 len: 398 microversion: 1.0
Feb 08 23:45:32.694053 n-d-789963-27 devstack@placement-api.service[104259]: [pid: 104259|app: 0|req: 230/452] 10.222.0.55 () {58 vars in 1390 bytes} [Tue Feb 8 23:45:32 2022] GET /placement/resource_providers/1bd5db0b-25ad-4fff-b3b8-63893539dc9e/inventories => generated 398 bytes in 40 msecs (HTTP/1.1 200) 6 headers in 224 bytes (1 switches on core 0)
Feb 08 23:45:32.704258 n-d-789963-27 devstack@placement-api.service[104260]: DEBUG placement.requestlog [req-16e287da-0227-497b-b48e-7449a3f1cb70 req-131fda05-803b-4cde-91c7-670024a495a4 None None] Starting request: 10.222.0.55 "GET /placement/resource_providers/1bd5db0b-25ad-4fff-b3b8-63893539dc9e/aggregates" {{(pid=104260) __call__ /opt/stack/placement/placement/requestlog.py:55}}
Feb 08 23:45:32.729408 n-d-789963-27 devstack@placement-api.service[104260]: INFO placement.requestlog [req-16e287da-0227-497b-b48e-7449a3f1cb70 req-131fda05-803b-4cde-91c7-670024a495a4 service placement] 10.222.0.55 "GET /placement/resource_providers/1bd5db0b-25ad-4fff-b3b8-63893539dc9e/aggregates" status: 200 len: 54 microversion: 1.19
Feb 08 23:45:32.729806 n-d-789963-27 devstack@placement-api.service[104260]: [pid: 104260|app: 0|req: 223/453] 10.222.0.55 () {60 vars in 1431 bytes} [Tue Feb 8 23:45:32 2022] GET /placement/resource_providers/1bd5db0b-25ad-4fff-b3b8-63893539dc9e/aggregates => generated 54 bytes in 26 msecs (HTTP/1.1 200) 8 headers in 295 bytes (1 switches on core 0)
Feb 08 23:45:32.739404 n-d-789963-27 devstack@placement-api.service[104259]: DEBUG placement.requestlog [req-16e287da-0227-497b-b48e-7449a3f1cb70 req-d3fc3cce-a0ae-4c6c-a8fe-75e1a18ae934 None None] Starting request: 10.222.0.55 "GET /placement/resource_providers/1bd5db0b-25ad-4fff-b3b8-63893539dc9e/traits" {{(pid=104259) __call__ /opt/stack/placement/placement/requestlog.py:55}}
Feb 08 23:45:32.797707 n-d-789963-27 devstack@placement-api.service[104259]: INFO placement.requestlog [req-16e287da-0227-497b-b48e-7449a3f1cb70 req-d3fc3cce-a0ae-4c6c-a8fe-75e1a18ae934 service placement] 10.222.0.55 "GET /placement/resource_providers/1bd5db0b-25ad-4fff-b3b8-63893539dc9e/traits" status: 200 len: 212 microversion: 1.6
Feb 08 23:45:32.798689 n-d-789963-27 devstack@placement-api.service[104259]: [pid: 104259|app: 0|req: 231/454] 10.222.0.55 () {60 vars in 1418 bytes} [Tue Feb 8 23:45:32 2022] GET /placement/resource_providers/1bd5db0b-25ad-4fff-b3b8-63893539dc9e/traits => generated 212 bytes in 59 msecs (HTTP/1.1 200) 6 headers in 224 bytes (1 switches on core 0)
Feb 08 23:45:33.160746 n-d-789963-27 devstack@placement-api.service[104260]: DEBUG placement.requestlog [req-370257d2-dbbb-4fac-b471-b4e3dd11a0c1 req-b1ce9fb2-2f5f-40f9-befc-99861360e791 None None] Starting request: 10.222.0.75 "GET /placement/resource_providers/071d94d7-52a6-4000-804a-a5672f37c4a4/allocations" {{(pid=104260) __call__ /opt/stack/placement/placement/requestlog.py:55}}
Feb 08 23:45:33.312629 n-d-789963-27 devstack@placement-api.service[104260]: INFO placement.requestlog [req-370257d2-dbbb-4fac-b471-b4e3dd11a0c1 req-b1ce9fb2-2f5f-40f9-befc-99861360e791 service placement] 10.222.0.75 "GET /placement/resource_providers/071d94d7-52a6-4000-804a-a5672f37c4a4/allocations" status: 200 len: 544 microversion: 1.0
Feb 08 23:45:33.313471 n-d-789963-27 devstack@placement-api.service[104260]: [pid: 104260|app: 0|req: 224/455] 10.222.0.75 () {58 vars in 1390 bytes} [Tue Feb 8 23:45:33 2022] GET /placement/resource_providers/071d94d7-52a6-4000-804a-a5672f37c4a4/allocations => generated 544 bytes in 153 msecs (HTTP/1.1 200) 6 headers in 224 bytes (1 switches on core 0)
Feb 08 23:45:33.361136 n-d-789963-27 devstack@placement-api.service[104259]: DEBUG placement.requestlog [req-370257d2-dbbb-4fac-b471-b4e3dd11a0c1 req-912145d5-30df-457b-aa90-0df4c91514b6 None None] Starting request: 10.222.0.75 "GET /placement/resource_providers?in_tree=071d94d7-52a6-4000-804a-a5672f37c4a4" {{(pid=104259) __call__ /opt/stack/placement/placement/requestlog.py:55}}
Feb 08 23:45:33.392832 n-d-789963-27 devstack@placement-api.service[104259]: INFO placement.requestlog [req-370257d2-dbbb-4fac-b471-b4e3dd11a0c1 req-912145d5-30df-457b-aa90-0df4c91514b6 service placement] 10.222.0.75 "GET /placement/resource_providers?in_tree=071d94d7-52a6-4000-804a-a5672f37c4a4" status: 200 len: 864 microversion: 1.14
Feb 08 23:45:33.400087 n-d-789963-27 devstack@placement-api.service[104259]: [pid: 104259|app: 0|req: 232/456] 10.222.0.75 () {60 vars in 1376 bytes} [Tue Feb 8 23:45:33 2022] GET /placement/resource_providers?in_tree=071d94d7-52a6-4000-804a-a5672f37c4a4 => generated 864 bytes in 39 msecs (HTTP/1.1 200) 6 headers in 225 bytes (1 switches on core 0)
Feb 08 23:45:33.408709 n-d-789963-27 devstack@placement-api.service[104260]: DEBUG placement.requestlog [req-370257d2-dbbb-4fac-b471-b4e3dd11a0c1 req-4553806b-27b3-41de-b68e-8b13b58274af None None] Starting request: 10.222.0.75 "GET /placement/resource_providers/071d94d7-52a6-4000-804a-a5672f37c4a4/inventories" {{(pid=104260) __call__ /opt/stack/placement/placement/requestlog.py:55}}
Feb 08 23:45:33.442305 n-d-789963-27 devstack@placement-api.service[104260]: INFO placement.requestlog [req-370257d2-dbbb-4fac-b471-b4e3dd11a0c1 req-4553806b-27b3-41de-b68e-8b13b58274af service placement] 10.222.0.75 "GET /placement/resource_providers/071d94d7-52a6-4000-804a-a5672f37c4a4/inventories" status: 200 len: 398 microversion: 1.0
Feb 08 23:45:33.442830 n-d-789963-27 devstack@placement-api.service[104260]: [pid: 104260|app: 0|req: 225/457] 10.222.0.75 () {58 vars in 1390 bytes} [Tue Feb 8 23:45:33 2022] GET /placement/resource_providers/071d94d7-52a6-4000-804a-a5672f37c4a4/inventories => generated 398 bytes in 34 msecs (HTTP/1.1 200) 6 headers in 224 bytes (1 switches on core 0)
Feb 08 23:45:33.453005 n-d-789963-27 devstack@placement-api.service[104259]: DEBUG placement.requestlog [req-370257d2-dbbb-4fac-b471-b4e3dd11a0c1 req-4a5047ef-ce46-46d1-a64d-e91f94d91e50 None None] Starting request: 10.222.0.75 "GET /placement/resource_providers/071d94d7-52a6-4000-804a-a5672f37c4a4/aggregates" {{(pid=104259) __call__ /opt/stack/placement/placement/requestlog.py:55}}
Feb 08 23:45:33.487337 n-d-789963-27 devstack@placement-api.service[104259]: INFO placement.requestlog [req-370257d2-dbbb-4fac-b471-b4e3dd11a0c1 req-4a5047ef-ce46-46d1-a64d-e91f94d91e50 service placement] 10.222.0.75 "GET /placement/resource_providers/071d94d7-52a6-4000-804a-a5672f37c4a4/aggregates" status: 200 len: 54 microversion: 1.19
Feb 08 23:45:33.487980 n-d-789963-27 devstack@placement-api.service[104259]: [pid: 104259|app: 0|req: 233/458] 10.222.0.75 () {60 vars in 1431 bytes} [Tue Feb 8 23:45:33 2022] GET /placement/resource_providers/071d94d7-52a6-4000-804a-a5672f37c4a4/aggregates => generated 54 bytes in 35 msecs (HTTP/1.1 200) 8 headers in 295 bytes (1 switches on core 0)
Feb 08 23:45:33.501268 n-d-789963-27 devstack@placement-api.service[104260]: DEBUG placement.requestlog [req-370257d2-dbbb-4fac-b471-b4e3dd11a0c1 req-f1c8e279-6295-4544-81d9-09c191dbbb81 None None] Starting request: 10.222.0.75 "GET /placement/resource_providers/071d94d7-52a6-4000-804a-a5672f37c4a4/traits" {{(pid=104260) __call__ /opt/stack/placement/placement/requestlog.py:55}}
Feb 08 23:45:33.557526 n-d-789963-27 devstack@placement-api.service[104260]: INFO placement.requestlog [req-370257d2-dbbb-4fac-b471-b4e3dd11a0c1 req-f1c8e279-6295-4544-81d9-09c191dbbb81 service placement] 10.222.0.75 "GET /placement/resource_providers/071d94d7-52a6-4000-804a-a5672f37c4a4/traits" status: 200 len: 212 microversion: 1.6
Feb 08 23:45:33.567795 n-d-789963-27 devstack@placement-api.service[104260]: [pid: 104260|app: 0|req: 226/459] 10.222.0.75 () {60 vars in 1418 bytes} [Tue Feb 8 23:45:33 2022] GET /placement/resource_providers/071d94d7-52a6-4000-804a-a5672f37c4a4/traits => generated 212 bytes in 67 msecs (HTTP/1.1 200) 6 headers in 224 bytes (1 switches on core 0)
Feb 08 23:45:34.411696 n-d-789963-27 devstack@placement-api.service[104259]: DEBUG placement.requestlog [req-b680f1c6-b047-48a8-9017-515069e7e733 req-bc929c1b-b65e-4653-9a27-4866821d8637 None None] Starting request: 10.222.0.65 "GET /placement/allocation_candidates?limit=1000&resources=DISK_GB%3A1%2CMEMORY_MB%3A1024%2CVCPU%3A1&root_required=%21COMPUTE_STATUS_DISABLED" {{(pid=104259) __call__ /opt/stack/placement/placement/requestlog.py:55}}
Feb 08 23:45:34.520277 n-d-789963-27 devstack@placement-api.service[104259]: DEBUG placement.objects.research_context [req-b680f1c6-b047-48a8-9017-515069e7e733 req-bc929c1b-b65e-4653-9a27-4866821d8637 service placement] getting providers with 1 DISK_GB {{(pid=104259) __init__ /opt/stack/placement/placement/objects/research_context.py:126}}
Feb 08 23:45:34.531893 n-d-789963-27 devstack@placement-api.service[104259]: DEBUG placement.objects.research_context [req-b680f1c6-b047-48a8-9017-515069e7e733 req-bc929c1b-b65e-4653-9a27-4866821d8637 service placement] getting providers with 1024 MEMORY_MB {{(pid=104259) __init__ /opt/stack/placement/placement/objects/research_context.py:126}}
Feb 08 23:45:34.548476 n-d-789963-27 devstack@placement-api.service[104259]: DEBUG placement.objects.research_context [req-b680f1c6-b047-48a8-9017-515069e7e733 req-bc929c1b-b65e-4653-9a27-4866821d8637 service placement] getting providers with 1 VCPU {{(pid=104259) __init__ /opt/stack/placement/placement/objects/research_context.py:126}}
Feb 08 23:45:34.574544 n-d-789963-27 devstack@placement-api.service[104259]: DEBUG placement.objects.research_context [req-b680f1c6-b047-48a8-9017-515069e7e733 req-bc929c1b-b65e-4653-9a27-4866821d8637 service placement] found 2 providers with available 1 DISK_GB {{(pid=104259) get_provider_ids_matching /opt/stack/placement/placement/objects/research_context.py:549}}
Feb 08 23:45:34.575006 n-d-789963-27 devstack@placement-api.service[104259]: DEBUG placement.objects.research_context [req-b680f1c6-b047-48a8-9017-515069e7e733 req-bc929c1b-b65e-4653-9a27-4866821d8637 service placement] found 2 providers with available 1024 MEMORY_MB {{(pid=104259) get_provider_ids_matching /opt/stack/placement/placement/objects/research_context.py:549}}
Feb 08 23:45:34.575472 n-d-789963-27 devstack@placement-api.service[104259]: DEBUG placement.objects.research_context [req-b680f1c6-b047-48a8-9017-515069e7e733 req-bc929c1b-b65e-4653-9a27-4866821d8637 service placement] found 2 providers after filtering by previous result {{(pid=104259) get_provider_ids_matching /opt/stack/placement/placement/objects/research_context.py:580}}
Feb 08 23:45:34.575853 n-d-789963-27 devstack@placement-api.service[104259]: DEBUG placement.objects.research_context [req-b680f1c6-b047-48a8-9017-515069e7e733 req-bc929c1b-b65e-4653-9a27-4866821d8637 service placement] found 2 providers with available 1 VCPU {{(pid=104259) get_provider_ids_matching /opt/stack/placement/placement/objects/research_context.py:549}}
Feb 08 23:45:34.576133 n-d-789963-27 devstack@placement-api.service[104259]: DEBUG placement.objects.research_context [req-b680f1c6-b047-48a8-9017-515069e7e733 req-bc929c1b-b65e-4653-9a27-4866821d8637 service placement] found 2 providers after filtering by previous result {{(pid=104259) get_provider_ids_matching /opt/stack/placement/placement/objects/research_context.py:580}}
Feb 08 23:45:34.608386 n-d-789963-27 devstack@placement-api.service[104259]: DEBUG placement.objects.allocation_candidate [req-b680f1c6-b047-48a8-9017-515069e7e733 req-bc929c1b-b65e-4653-9a27-4866821d8637 service placement] RequestGroup(use_same_provider=False, resources={DISK_GB:1, MEMORY_MB:1024, VCPU:1}, traits=[], aggregates=[]) (suffix '') returned 2 matches {{(pid=104259) _get_by_requests /opt/stack/placement/placement/objects/allocation_candidate.py:145}}
Feb 08 23:45:34.608772 n-d-789963-27 devstack@placement-api.service[104259]: DEBUG placement.objects.allocation_candidate [req-b680f1c6-b047-48a8-9017-515069e7e733 req-bc929c1b-b65e-4653-9a27-4866821d8637 service placement] Merging candidates yields 2 allocation requests and 2 provider summaries {{(pid=104259) _merge_candidates /opt/stack/placement/placement/objects/allocation_candidate.py:783}}
Feb 08 23:45:34.614007 n-d-789963-27 devstack@placement-api.service[104259]: INFO placement.requestlog [req-b680f1c6-b047-48a8-9017-515069e7e733 req-bc929c1b-b65e-4653-9a27-4866821d8637 service placement] 10.222.0.65 "GET /placement/allocation_candidates?limit=1000&resources=DISK_GB%3A1%2CMEMORY_MB%3A1024%2CVCPU%3A1&root_required=%21COMPUTE_STATUS_DISABLED" status: 200 len: 1309 microversion: 1.36
Feb 08 23:45:34.614776 n-d-789963-27 devstack@placement-api.service[104259]: [pid: 104259|app: 0|req: 234/460] 10.222.0.65 () {60 vars in 1506 bytes} [Tue Feb 8 23:45:34 2022] GET /placement/allocation_candidates?limit=1000&resources=DISK_GB%3A1%2CMEMORY_MB%3A1024%2CVCPU%3A1&root_required=%21COMPUTE_STATUS_DISABLED => generated 1309 bytes in 204 msecs (HTTP/1.1 200) 8 headers in 297 bytes (1 switches on core 0)
Feb 08 23:45:34.759138 n-d-789963-27 devstack@placement-api.service[104260]: DEBUG placement.requestlog [req-b680f1c6-b047-48a8-9017-515069e7e733 req-ed3180d0-2b9b-43cd-b4d2-6419c66ae18d None None] Starting request: 10.222.0.65 "GET /placement/allocations/6a72024a-5fa0-44b3-90d1-a202b8618b7d" {{(pid=104260) __call__ /opt/stack/placement/placement/requestlog.py:55}}
Feb 08 23:45:34.783042 n-d-789963-27 devstack@placement-api.service[104260]: INFO placement.requestlog [req-b680f1c6-b047-48a8-9017-515069e7e733 req-ed3180d0-2b9b-43cd-b4d2-6419c66ae18d service placement] 10.222.0.65 "GET /placement/allocations/6a72024a-5fa0-44b3-90d1-a202b8618b7d" status: 200 len: 19 microversion: 1.28
Feb 08 23:45:34.783636 n-d-789963-27 devstack@placement-api.service[104260]: [pid: 104260|app: 0|req: 227/461] 10.222.0.65 () {60 vars in 1380 bytes} [Tue Feb 8 23:45:34 2022] GET /placement/allocations/6a72024a-5fa0-44b3-90d1-a202b8618b7d => generated 19 bytes in 25 msecs (HTTP/1.1 200) 8 headers in 295 bytes (1 switches on core 0)
Feb 08 23:45:34.794962 n-d-789963-27 devstack@placement-api.service[104259]: DEBUG placement.requestlog [req-b680f1c6-b047-48a8-9017-515069e7e733 req-5c2bae9d-1425-489c-aad2-75426d0a9e88 None None] Starting request: 10.222.0.65 "PUT /placement/allocations/6a72024a-5fa0-44b3-90d1-a202b8618b7d" {{(pid=104259) __call__ /opt/stack/placement/placement/requestlog.py:55}}
Feb 08 23:45:35.135512 n-d-789963-27 devstack@placement-api.service[104259]: DEBUG placement.handlers.allocation [req-b680f1c6-b047-48a8-9017-515069e7e733 req-5c2bae9d-1425-489c-aad2-75426d0a9e88 service placement] Successfully wrote allocations [, , ] {{(pid=104259) _update_consumers_and_create_allocations /opt/stack/placement/placement/handlers/allocation.py:462}}
Feb 08 23:45:35.215192 n-d-789963-27 devstack@placement-api.service[104259]: INFO placement.requestlog [req-b680f1c6-b047-48a8-9017-515069e7e733 req-5c2bae9d-1425-489c-aad2-75426d0a9e88 service placement] 10.222.0.65 "PUT /placement/allocations/6a72024a-5fa0-44b3-90d1-a202b8618b7d" status: 204 len: 0 microversion: 1.36
Feb 08 23:45:35.215896 n-d-789963-27 devstack@placement-api.service[104259]: [pid: 104259|app: 0|req: 235/462] 10.222.0.65 () {64 vars in 1433 bytes} [Tue Feb 8 23:45:34 2022] PUT /placement/allocations/6a72024a-5fa0-44b3-90d1-a202b8618b7d => generated 0 bytes in 422 msecs (HTTP/1.1 204) 5 headers in 199 bytes (1 switches on core 0)
Feb 08 23:45:36.324658 n-d-789963-27 devstack@placement-api.service[104260]: DEBUG placement.requestlog [req-b680f1c6-b047-48a8-9017-515069e7e733 req-d2b7f414-afe4-481c-bceb-dc16b03efec7 None None] Starting request: 10.222.0.75 "GET /placement/allocations/6a72024a-5fa0-44b3-90d1-a202b8618b7d" {{(pid=104260) __call__ /opt/stack/placement/placement/requestlog.py:55}}
Feb 08 23:45:36.362539 n-d-789963-27 devstack@placement-api.service[104260]: INFO placement.requestlog [req-b680f1c6-b047-48a8-9017-515069e7e733 req-d2b7f414-afe4-481c-bceb-dc16b03efec7 service placement] 10.222.0.75 "GET /placement/allocations/6a72024a-5fa0-44b3-90d1-a202b8618b7d" status: 200 len: 259 microversion: 1.28
Feb 08 23:45:36.363237 n-d-789963-27 devstack@placement-api.service[104260]: [pid: 104260|app: 0|req: 228/463] 10.222.0.75 () {60 vars in 1377 bytes} [Tue Feb 8 23:45:36 2022] GET /placement/allocations/6a72024a-5fa0-44b3-90d1-a202b8618b7d => generated 259 bytes in 39 msecs (HTTP/1.1 200) 8 headers in 296 bytes (1 switches on core 0)
Feb 08 23:45:52.285011 n-d-789963-27 devstack@placement-api.service[104259]: DEBUG placement.requestlog [req-dda60fe7-edf9-4b15-97c2-af345d24b963 req-f1318f4d-3d2c-4044-a765-75558589ac66 None None] Starting request: 10.222.0.55 "DELETE /placement/allocations/909ef63e-fda7-493b-a5e1-4b4b0170f2ca" {{(pid=104259) __call__ /opt/stack/placement/placement/requestlog.py:55}}
Feb 08 23:45:52.470815 n-d-789963-27 devstack@placement-api.service[104259]: DEBUG placement.handlers.allocation [req-dda60fe7-edf9-4b15-97c2-af345d24b963 req-f1318f4d-3d2c-4044-a765-75558589ac66 service placement] Successfully deleted allocations [, ] {{(pid=104259) delete_allocations /opt/stack/placement/placement/handlers/allocation.py:627}}
Feb 08 23:45:52.472192 n-d-789963-27 devstack@placement-api.service[104259]: INFO placement.requestlog [req-dda60fe7-edf9-4b15-97c2-af345d24b963 req-f1318f4d-3d2c-4044-a765-75558589ac66 service placement] 10.222.0.55 "DELETE /placement/allocations/909ef63e-fda7-493b-a5e1-4b4b0170f2ca" status: 204 len: 0 microversion: 1.0
Feb 08 23:45:52.473078 n-d-789963-27 devstack@placement-api.service[104259]: [pid: 104259|app: 0|req: 236/464] 10.222.0.55 () {60 vars in 1355 bytes} [Tue Feb 8 23:45:52 2022] DELETE /placement/allocations/909ef63e-fda7-493b-a5e1-4b4b0170f2ca => generated 0 bytes in 188 msecs (HTTP/1.1 204) 5 headers in 198 bytes (1 switches on core 0)
Feb 08 23:45:58.515973 n-d-789963-27 devstack@placement-api.service[104260]: DEBUG placement.requestlog [req-3ad340ea-acbd-4b4c-b8e7-14b6a0fc2349 req-eb889e17-5b28-4c1e-8c46-7a1f12e58c0f None None] Starting request: 10.222.0.75 "GET /placement/allocations/6a72024a-5fa0-44b3-90d1-a202b8618b7d" {{(pid=104260) __call__ /opt/stack/placement/placement/requestlog.py:55}}
Feb 08 23:45:58.549537 n-d-789963-27 devstack@placement-api.service[104260]: INFO placement.requestlog [req-3ad340ea-acbd-4b4c-b8e7-14b6a0fc2349 req-eb889e17-5b28-4c1e-8c46-7a1f12e58c0f service placement] 10.222.0.75 "GET /placement/allocations/6a72024a-5fa0-44b3-90d1-a202b8618b7d" status: 200 len: 259 microversion: 1.28
Feb 08 23:45:58.551603 n-d-789963-27 devstack@placement-api.service[104260]: [pid: 104260|app: 0|req: 229/465] 10.222.0.75 () {60 vars in 1377 bytes} [Tue Feb 8 23:45:58 2022] GET /placement/allocations/6a72024a-5fa0-44b3-90d1-a202b8618b7d => generated 259 bytes in 36 msecs (HTTP/1.1 200) 8 headers in 296 bytes (1 switches on core 0)
Feb 08 23:46:03.344594 n-d-789963-27 devstack@placement-api.service[104259]: DEBUG placement.requestlog [req-20ba1045-1152-493f-9ec4-ad8f66829c81 req-0da531a2-3c9a-473a-bcb7-68f34eb43dd8 None None] Starting request: 10.222.0.65 "GET /placement/allocation_candidates?limit=1000&resources=DISK_GB%3A1%2CMEMORY_MB%3A1024%2CVCPU%3A1&root_required=%21COMPUTE_STATUS_DISABLED" {{(pid=104259) __call__ /opt/stack/placement/placement/requestlog.py:55}}
Feb 08 23:46:03.419387 n-d-789963-27 devstack@placement-api.service[104259]: DEBUG placement.objects.research_context [req-20ba1045-1152-493f-9ec4-ad8f66829c81 req-0da531a2-3c9a-473a-bcb7-68f34eb43dd8 service placement] getting providers with 1 DISK_GB {{(pid=104259) __init__ /opt/stack/placement/placement/objects/research_context.py:126}}
Feb 08 23:46:03.425898 n-d-789963-27 devstack@placement-api.service[104259]: DEBUG placement.objects.research_context [req-20ba1045-1152-493f-9ec4-ad8f66829c81 req-0da531a2-3c9a-473a-bcb7-68f34eb43dd8 service placement] getting providers with 1024 MEMORY_MB {{(pid=104259) __init__ /opt/stack/placement/placement/objects/research_context.py:126}}
Feb 08 23:46:03.432999 n-d-789963-27 devstack@placement-api.service[104259]: DEBUG placement.objects.research_context [req-20ba1045-1152-493f-9ec4-ad8f66829c81 req-0da531a2-3c9a-473a-bcb7-68f34eb43dd8 service placement] getting providers with 1 VCPU {{(pid=104259) __init__ /opt/stack/placement/placement/objects/research_context.py:126}}
Feb 08 23:46:03.440007 n-d-789963-27 devstack@placement-api.service[104259]: DEBUG placement.objects.research_context [req-20ba1045-1152-493f-9ec4-ad8f66829c81 req-0da531a2-3c9a-473a-bcb7-68f34eb43dd8 service placement] found 2 providers with available 1 DISK_GB {{(pid=104259) get_provider_ids_matching /opt/stack/placement/placement/objects/research_context.py:549}}
Feb 08 23:46:03.443562 n-d-789963-27 devstack@placement-api.service[104259]: DEBUG placement.objects.research_context [req-20ba1045-1152-493f-9ec4-ad8f66829c81 req-0da531a2-3c9a-473a-bcb7-68f34eb43dd8 service placement] found 2 providers with available 1024 MEMORY_MB {{(pid=104259) get_provider_ids_matching /opt/stack/placement/placement/objects/research_context.py:549}}
Feb 08 23:46:03.443562 n-d-789963-27 devstack@placement-api.service[104259]: DEBUG placement.objects.research_context [req-20ba1045-1152-493f-9ec4-ad8f66829c81 req-0da531a2-3c9a-473a-bcb7-68f34eb43dd8 service placement] found 2 providers after filtering by previous result {{(pid=104259) get_provider_ids_matching /opt/stack/placement/placement/objects/research_context.py:580}}
Feb 08 23:46:03.443562 n-d-789963-27 devstack@placement-api.service[104259]: DEBUG placement.objects.research_context [req-20ba1045-1152-493f-9ec4-ad8f66829c81 req-0da531a2-3c9a-473a-bcb7-68f34eb43dd8 service placement] found 2 providers with available 1 VCPU {{(pid=104259) get_provider_ids_matching /opt/stack/placement/placement/objects/research_context.py:549}}
Feb 08 23:46:03.443562 n-d-789963-27 devstack@placement-api.service[104259]: DEBUG placement.objects.research_context [req-20ba1045-1152-493f-9ec4-ad8f66829c81 req-0da531a2-3c9a-473a-bcb7-68f34eb43dd8 service placement] found 2 providers after filtering by previous result {{(pid=104259) get_provider_ids_matching /opt/stack/placement/placement/objects/research_context.py:580}}
Feb 08 23:46:03.456670 n-d-789963-27 devstack@placement-api.service[104259]: DEBUG placement.objects.allocation_candidate [req-20ba1045-1152-493f-9ec4-ad8f66829c81 req-0da531a2-3c9a-473a-bcb7-68f34eb43dd8 service placement] RequestGroup(use_same_provider=False, resources={DISK_GB:1, MEMORY_MB:1024, VCPU:1}, traits=[], aggregates=[]) (suffix '') returned 2 matches {{(pid=104259) _get_by_requests /opt/stack/placement/placement/objects/allocation_candidate.py:145}}
Feb 08 23:46:03.457462 n-d-789963-27 devstack@placement-api.service[104259]: DEBUG placement.objects.allocation_candidate [req-20ba1045-1152-493f-9ec4-ad8f66829c81 req-0da531a2-3c9a-473a-bcb7-68f34eb43dd8 service placement] Merging candidates yields 2 allocation requests and 2 provider summaries {{(pid=104259) _merge_candidates /opt/stack/placement/placement/objects/allocation_candidate.py:783}}
