Jan 28 05:44:32.364520 n-d-789963-25 devstack@placement-api.service[110897]: INFO placement.requestlog [req-afde2a06-36f1-4ea6-8b52-6f89ce024a2f req-13d15ad4-0b5c-4f59-94d1-03902cd9b8a7 service placement] 10.222.0.70 "GET /placement/resource_providers?name=n-h1-789963-25" status: 200 len: 442 microversion: 1.0
Jan 28 05:44:32.366154 n-d-789963-25 devstack@placement-api.service[110897]: [pid: 110897|app: 0|req: 49/93] 10.222.0.70 () {58 vars in 1276 bytes} [Fri Jan 28 05:44:32 2022] GET /placement/resource_providers?name=n-h1-789963-25 => generated 442 bytes in 17 msecs (HTTP/1.1 200) 6 headers in 224 bytes (1 switches on core 0)
Jan 28 05:44:32.372623 n-d-789963-25 devstack@placement-api.service[110897]: DEBUG placement.requestlog [req-afde2a06-36f1-4ea6-8b52-6f89ce024a2f req-24c7892b-a47f-4413-909f-9609e249e069 None None] Starting request: 10.222.0.70 "GET /placement/resource_providers/9eaf2381-9c38-488d-bb7a-6dcc5559b7f7/aggregates" {{(pid=110897) __call__ /opt/stack/placement/placement/requestlog.py:55}}
Jan 28 05:44:32.391639 n-d-789963-25 devstack@placement-api.service[110897]: INFO placement.requestlog [req-afde2a06-36f1-4ea6-8b52-6f89ce024a2f req-24c7892b-a47f-4413-909f-9609e249e069 service placement] 10.222.0.70 "GET /placement/resource_providers/9eaf2381-9c38-488d-bb7a-6dcc5559b7f7/aggregates" status: 200 len: 54 microversion: 1.19
Jan 28 05:44:32.392042 n-d-789963-25 devstack@placement-api.service[110897]: [pid: 110897|app: 0|req: 50/94] 10.222.0.70 () {60 vars in 1425 bytes} [Fri Jan 28 05:44:32 2022] GET /placement/resource_providers/9eaf2381-9c38-488d-bb7a-6dcc5559b7f7/aggregates => generated 54 bytes in 20 msecs (HTTP/1.1 200) 8 headers in 295 bytes (2 switches on core 0)
Jan 28 05:44:32.402925 n-d-789963-25 devstack@placement-api.service[110897]: DEBUG placement.requestlog [req-afde2a06-36f1-4ea6-8b52-6f89ce024a2f req-896cf637-4c1f-49fe-ade4-95fd35def717 None None] Starting request: 10.222.0.70 "PUT /placement/resource_providers/9eaf2381-9c38-488d-bb7a-6dcc5559b7f7/aggregates" {{(pid=110897) __call__ /opt/stack/placement/placement/requestlog.py:55}}
Jan 28 05:44:32.419536 n-d-789963-25 devstack@placement-api.service[110897]: DEBUG placement.objects.resource_provider [req-afde2a06-36f1-4ea6-8b52-6f89ce024a2f req-896cf637-4c1f-49fe-ade4-95fd35def717 service placement] _ensure_aggregate() did not find aggregate 28fe9257-6321-4209-88c1-5a44b5f65299. Attempting to create it. {{(pid=110897) _ensure_aggregate /opt/stack/placement/placement/objects/resource_provider.py:320}}
Jan 28 05:44:32.420764 n-d-789963-25 devstack@placement-api.service[110897]: DEBUG placement.objects.resource_provider [req-afde2a06-36f1-4ea6-8b52-6f89ce024a2f req-896cf637-4c1f-49fe-ade4-95fd35def717 service placement] _ensure_aggregate() created new aggregate 28fe9257-6321-4209-88c1-5a44b5f65299 (id=6). {{(pid=110897) _ensure_aggregate /opt/stack/placement/placement/objects/resource_provider.py:326}}
Jan 28 05:44:32.422034 n-d-789963-25 devstack@placement-api.service[110897]: DEBUG placement.objects.resource_provider [req-afde2a06-36f1-4ea6-8b52-6f89ce024a2f req-896cf637-4c1f-49fe-ade4-95fd35def717 service placement] Setting aggregates for provider 9eaf2381-9c38-488d-bb7a-6dcc5559b7f7. Successfully associated aggregate 28fe9257-6321-4209-88c1-5a44b5f65299. {{(pid=110897) _set_aggregates /opt/stack/placement/placement/objects/resource_provider.py:388}}
Jan 28 05:44:32.467949 n-d-789963-25 devstack@placement-api.service[110897]: INFO placement.requestlog [req-afde2a06-36f1-4ea6-8b52-6f89ce024a2f req-896cf637-4c1f-49fe-ade4-95fd35def717 service placement] 10.222.0.70 "PUT /placement/resource_providers/9eaf2381-9c38-488d-bb7a-6dcc5559b7f7/aggregates" status: 200 len: 92 microversion: 1.19
Jan 28 05:44:32.468352 n-d-789963-25 devstack@placement-api.service[110897]: [pid: 110897|app: 0|req: 51/95] 10.222.0.70 () {64 vars in 1477 bytes} [Fri Jan 28 05:44:32 2022] PUT /placement/resource_providers/9eaf2381-9c38-488d-bb7a-6dcc5559b7f7/aggregates => generated 92 bytes in 66 msecs (HTTP/1.1 200) 8 headers in 295 bytes (2 switches on core 0)
Jan 28 05:44:32.468993 n-d-789963-25 devstack@placement-api.service[110897]: DEBUG placement.requestlog [req-127f5b5f-2543-46e6-990e-3ad6eeacf43b req-96ce0e4a-5caa-4bcc-9c9e-1521fa0fa836 None None] Starting request: 10.222.0.50 "GET /placement/allocations/7ba0dbef-4c67-42a4-bdc9-ba5edb5212c5" {{(pid=110897) __call__ /opt/stack/placement/placement/requestlog.py:55}}
Jan 28 05:44:32.496694 n-d-789963-25 devstack@placement-api.service[110897]: INFO placement.requestlog [req-127f5b5f-2543-46e6-990e-3ad6eeacf43b req-96ce0e4a-5caa-4bcc-9c9e-1521fa0fa836 service placement] 10.222.0.50 "GET /placement/allocations/7ba0dbef-4c67-42a4-bdc9-ba5edb5212c5" status: 200 len: 258 microversion: 1.28
Jan 28 05:44:32.497535 n-d-789963-25 devstack@placement-api.service[110897]: [pid: 110897|app: 0|req: 52/96] 10.222.0.50 () {60 vars in 1377 bytes} [Fri Jan 28 05:44:32 2022] GET /placement/allocations/7ba0dbef-4c67-42a4-bdc9-ba5edb5212c5 => generated 258 bytes in 28 msecs (HTTP/1.1 200) 8 headers in 296 bytes (1 switches on core 0)
Jan 28 05:44:32.561920 n-d-789963-25 devstack@placement-api.service[110896]: INFO placement.requestlog [req-8273272e-51fb-4233-b3a3-a311ab5ccf6d req-ee3acd84-fc9f-49cd-8955-cfb721945121 service placement] 10.222.0.70 "GET /placement/allocations/d9f1a192-0d0b-427b-b01c-d92f53454aab" status: 200 len: 259 microversion: 1.28
Jan 28 05:44:32.562693 n-d-789963-25 devstack@placement-api.service[110896]: [pid: 110896|app: 0|req: 45/97] 10.222.0.70 () {60 vars in 1380 bytes} [Fri Jan 28 05:44:32 2022] GET /placement/allocations/d9f1a192-0d0b-427b-b01c-d92f53454aab => generated 259 bytes in 218 msecs (HTTP/1.1 200) 8 headers in 296 bytes (1 switches on core 0)
Jan 28 05:44:32.568323 n-d-789963-25 devstack@placement-api.service[110897]: DEBUG placement.requestlog [req-8273272e-51fb-4233-b3a3-a311ab5ccf6d req-784da150-f403-44ad-bf8c-4f3f0db6effb None None] Starting request: 10.222.0.70 "GET /placement/allocations/d9f1a192-0d0b-427b-b01c-d92f53454aab" {{(pid=110897) __call__ /opt/stack/placement/placement/requestlog.py:55}}
Jan 28 05:44:32.587920 n-d-789963-25 devstack@placement-api.service[110897]: INFO placement.requestlog [req-8273272e-51fb-4233-b3a3-a311ab5ccf6d req-784da150-f403-44ad-bf8c-4f3f0db6effb service placement] 10.222.0.70 "GET /placement/allocations/d9f1a192-0d0b-427b-b01c-d92f53454aab" status: 200 len: 259 microversion: 1.28
Jan 28 05:44:32.588747 n-d-789963-25 devstack@placement-api.service[110897]: [pid: 110897|app: 0|req: 53/98] 10.222.0.70 () {60 vars in 1380 bytes} [Fri Jan 28 05:44:32 2022] GET /placement/allocations/d9f1a192-0d0b-427b-b01c-d92f53454aab => generated 259 bytes in 21 msecs (HTTP/1.1 200) 8 headers in 296 bytes (2 switches on core 0)
Jan 28 05:44:32.595318 n-d-789963-25 devstack@placement-api.service[110896]: DEBUG placement.requestlog [req-8273272e-51fb-4233-b3a3-a311ab5ccf6d req-ab0913cf-ff01-44cd-a134-ef5c7d932274 None None] Starting request: 10.222.0.70 "GET /placement/allocations/693f0168-cde2-4b8e-876d-9d21258a3c77" {{(pid=110896) __call__ /opt/stack/placement/placement/requestlog.py:55}}
Jan 28 05:44:32.611414 n-d-789963-25 devstack@placement-api.service[110896]: INFO placement.requestlog [req-8273272e-51fb-4233-b3a3-a311ab5ccf6d req-ab0913cf-ff01-44cd-a134-ef5c7d932274 service placement] 10.222.0.70 "GET /placement/allocations/693f0168-cde2-4b8e-876d-9d21258a3c77" status: 200 len: 19 microversion: 1.28
Jan 28 05:44:32.611996 n-d-789963-25 devstack@placement-api.service[110896]: [pid: 110896|app: 0|req: 46/99] 10.222.0.70 () {60 vars in 1380 bytes} [Fri Jan 28 05:44:32 2022] GET /placement/allocations/693f0168-cde2-4b8e-876d-9d21258a3c77 => generated 19 bytes in 17 msecs (HTTP/1.1 200) 8 headers in 295 bytes (1 switches on core 0)
Jan 28 05:44:32.619930 n-d-789963-25 devstack@placement-api.service[110897]: DEBUG placement.requestlog [req-8273272e-51fb-4233-b3a3-a311ab5ccf6d req-c590f6b0-7c4b-48a9-a992-d2a5d4272c7c None None] Starting request: 10.222.0.70 "POST /placement/allocations" {{(pid=110897) __call__ /opt/stack/placement/placement/requestlog.py:55}}
Jan 28 05:44:32.655805 n-d-789963-25 devstack@placement-api.service[110896]: DEBUG placement.requestlog [req-591fb5a5-2d27-426c-956b-edcccd0ef956 req-b5e0f186-e722-4443-98c4-25a1c1977001 None None] Starting request: 10.222.0.70 "GET /placement/resource_providers?name=n-h1-789963-25" {{(pid=110896) __call__ /opt/stack/placement/placement/requestlog.py:55}}
Jan 28 05:44:32.680653 n-d-789963-25 devstack@placement-api.service[110896]: INFO placement.requestlog [req-591fb5a5-2d27-426c-956b-edcccd0ef956 req-b5e0f186-e722-4443-98c4-25a1c1977001 service placement] 10.222.0.70 "GET /placement/resource_providers?name=n-h1-789963-25" status: 200 len: 442 microversion: 1.0
Jan 28 05:44:32.681830 n-d-789963-25 devstack@placement-api.service[110896]: [pid: 110896|app: 0|req: 47/100] 10.222.0.70 () {58 vars in 1276 bytes} [Fri Jan 28 05:44:32 2022] GET /placement/resource_providers?name=n-h1-789963-25 => generated 442 bytes in 26 msecs (HTTP/1.1 200) 6 headers in 224 bytes (1 switches on core 0)
Jan 28 05:44:32.691875 n-d-789963-25 devstack@placement-api.service[110896]: DEBUG placement.requestlog [req-591fb5a5-2d27-426c-956b-edcccd0ef956 req-b5442924-693f-46bd-bd86-8ed4ae0e27a5 None None] Starting request: 10.222.0.70 "GET /placement/resource_providers/9eaf2381-9c38-488d-bb7a-6dcc5559b7f7/aggregates" {{(pid=110896) __call__ /opt/stack/placement/placement/requestlog.py:55}}
Jan 28 05:44:32.712809 n-d-789963-25 devstack@placement-api.service[110896]: INFO placement.requestlog [req-591fb5a5-2d27-426c-956b-edcccd0ef956 req-b5442924-693f-46bd-bd86-8ed4ae0e27a5 service placement] 10.222.0.70 "GET /placement/resource_providers/9eaf2381-9c38-488d-bb7a-6dcc5559b7f7/aggregates" status: 200 len: 92 microversion: 1.19
Jan 28 05:44:32.713724 n-d-789963-25 devstack@placement-api.service[110896]: [pid: 110896|app: 0|req: 48/101] 10.222.0.70 () {60 vars in 1425 bytes} [Fri Jan 28 05:44:32 2022] GET /placement/resource_providers/9eaf2381-9c38-488d-bb7a-6dcc5559b7f7/aggregates => generated 92 bytes in 22 msecs (HTTP/1.1 200) 8 headers in 295 bytes (2 switches on core 0)
Jan 28 05:44:32.727481 n-d-789963-25 devstack@placement-api.service[110896]: DEBUG placement.requestlog [req-591fb5a5-2d27-426c-956b-edcccd0ef956 req-1c544cd0-af72-4977-abce-278874339342 None None] Starting request: 10.222.0.70 "PUT /placement/resource_providers/9eaf2381-9c38-488d-bb7a-6dcc5559b7f7/aggregates" {{(pid=110896) __call__ /opt/stack/placement/placement/requestlog.py:55}}
Jan 28 05:44:32.761945 n-d-789963-25 devstack@placement-api.service[110896]: DEBUG placement.objects.resource_provider [req-591fb5a5-2d27-426c-956b-edcccd0ef956 req-1c544cd0-af72-4977-abce-278874339342 service placement] Setting aggregates for provider 9eaf2381-9c38-488d-bb7a-6dcc5559b7f7. Successfully disassociated aggregate 28fe9257-6321-4209-88c1-5a44b5f65299. {{(pid=110896) _set_aggregates /opt/stack/placement/placement/objects/resource_provider.py:403}}
Jan 28 05:44:32.833220 n-d-789963-25 devstack@placement-api.service[110897]: DEBUG placement.objects.allocation [req-8273272e-51fb-4233-b3a3-a311ab5ccf6d req-c590f6b0-7c4b-48a9-a992-d2a5d4272c7c service placement] Retrying allocations write on resource provider generation conflict {{(pid=110897) replace_all /opt/stack/placement/placement/objects/allocation.py:507}}
Jan 28 05:44:32.833350 n-d-789963-25 devstack@placement-api.service[110896]: INFO placement.requestlog [req-591fb5a5-2d27-426c-956b-edcccd0ef956 req-1c544cd0-af72-4977-abce-278874339342 service placement] 10.222.0.70 "PUT /placement/resource_providers/9eaf2381-9c38-488d-bb7a-6dcc5559b7f7/aggregates" status: 200 len: 54 microversion: 1.19
Jan 28 05:44:32.840346 n-d-789963-25 devstack@placement-api.service[110896]: [pid: 110896|app: 0|req: 49/102] 10.222.0.70 () {64 vars in 1477 bytes} [Fri Jan 28 05:44:32 2022] PUT /placement/resource_providers/9eaf2381-9c38-488d-bb7a-6dcc5559b7f7/aggregates => generated 54 bytes in 116 msecs (HTTP/1.1 200) 8 headers in 295 bytes (1 switches on core 0)
Jan 28 05:44:32.886516 n-d-789963-25 devstack@placement-api.service[110897]: DEBUG placement.handlers.allocation [req-8273272e-51fb-4233-b3a3-a311ab5ccf6d req-c590f6b0-7c4b-48a9-a992-d2a5d4272c7c service placement] Successfully wrote allocations [, , , , , ] {{(pid=110897) _update_consumers_and_create_allocations /opt/stack/placement/placement/handlers/allocation.py:572}}
Jan 28 05:44:32.959515 n-d-789963-25 devstack@placement-api.service[110897]: INFO placement.requestlog [req-8273272e-51fb-4233-b3a3-a311ab5ccf6d req-c590f6b0-7c4b-48a9-a992-d2a5d4272c7c service placement] 10.222.0.70 "POST /placement/allocations" status: 204 len: 0 microversion: 1.28
Jan 28 05:44:32.959961 n-d-789963-25 devstack@placement-api.service[110897]: [pid: 110897|app: 0|req: 54/103] 10.222.0.70 () {64 vars in 1323 bytes} [Fri Jan 28 05:44:32 2022] POST /placement/allocations => generated 0 bytes in 340 msecs (HTTP/1.1 204) 5 headers in 199 bytes (1 switches on core 0)
Jan 28 05:44:32.994122 n-d-789963-25 devstack@placement-api.service[110896]: DEBUG placement.requestlog [req-8273272e-51fb-4233-b3a3-a311ab5ccf6d req-0d306e4e-9ab8-41e1-9c08-8d08bb2c23d9 None None] Starting request: 10.222.0.70 "GET /placement/allocation_candidates?limit=1000&resources=DISK_GB%3A1%2CMEMORY_MB%3A1024%2CVCPU%3A1&root_required=%21COMPUTE_STATUS_DISABLED" {{(pid=110896) __call__ /opt/stack/placement/placement/requestlog.py:55}}
Jan 28 05:44:33.057754 n-d-789963-25 devstack@placement-api.service[110896]: DEBUG placement.objects.research_context [req-8273272e-51fb-4233-b3a3-a311ab5ccf6d req-0d306e4e-9ab8-41e1-9c08-8d08bb2c23d9 service placement] getting providers with 1 DISK_GB {{(pid=110896) __init__ /opt/stack/placement/placement/objects/research_context.py:126}}
Jan 28 05:44:33.081366 n-d-789963-25 devstack@placement-api.service[110896]: DEBUG placement.objects.research_context [req-8273272e-51fb-4233-b3a3-a311ab5ccf6d req-0d306e4e-9ab8-41e1-9c08-8d08bb2c23d9 service placement] getting providers with 1024 MEMORY_MB {{(pid=110896) __init__ /opt/stack/placement/placement/objects/research_context.py:126}}
Jan 28 05:44:33.093517 n-d-789963-25 devstack@placement-api.service[110896]: DEBUG placement.objects.research_context [req-8273272e-51fb-4233-b3a3-a311ab5ccf6d req-0d306e4e-9ab8-41e1-9c08-8d08bb2c23d9 service placement] getting providers with 1 VCPU {{(pid=110896) __init__ /opt/stack/placement/placement/objects/research_context.py:126}}
Jan 28 05:44:33.101936 n-d-789963-25 devstack@placement-api.service[110896]: DEBUG placement.objects.research_context [req-8273272e-51fb-4233-b3a3-a311ab5ccf6d req-0d306e4e-9ab8-41e1-9c08-8d08bb2c23d9 service placement] found 2 providers with available 1 DISK_GB {{(pid=110896) get_provider_ids_matching /opt/stack/placement/placement/objects/research_context.py:549}}
Jan 28 05:44:33.102950 n-d-789963-25 devstack@placement-api.service[110896]: DEBUG placement.objects.research_context [req-8273272e-51fb-4233-b3a3-a311ab5ccf6d req-0d306e4e-9ab8-41e1-9c08-8d08bb2c23d9 service placement] found 2 providers with available 1024 MEMORY_MB {{(pid=110896) get_provider_ids_matching /opt/stack/placement/placement/objects/research_context.py:549}}
Jan 28 05:44:33.103547 n-d-789963-25 devstack@placement-api.service[110896]: DEBUG placement.objects.research_context [req-8273272e-51fb-4233-b3a3-a311ab5ccf6d req-0d306e4e-9ab8-41e1-9c08-8d08bb2c23d9 service placement] found 2 providers after filtering by previous result {{(pid=110896) get_provider_ids_matching /opt/stack/placement/placement/objects/research_context.py:580}}
Jan 28 05:44:33.104037 n-d-789963-25 devstack@placement-api.service[110896]: DEBUG placement.objects.research_context [req-8273272e-51fb-4233-b3a3-a311ab5ccf6d req-0d306e4e-9ab8-41e1-9c08-8d08bb2c23d9 service placement] found 2 providers with available 1 VCPU {{(pid=110896) get_provider_ids_matching /opt/stack/placement/placement/objects/research_context.py:549}}
Jan 28 05:44:33.104472 n-d-789963-25 devstack@placement-api.service[110896]: DEBUG placement.objects.research_context [req-8273272e-51fb-4233-b3a3-a311ab5ccf6d req-0d306e4e-9ab8-41e1-9c08-8d08bb2c23d9 service placement] found 2 providers after filtering by previous result {{(pid=110896) get_provider_ids_matching /opt/stack/placement/placement/objects/research_context.py:580}}
Jan 28 05:44:33.121991 n-d-789963-25 devstack@placement-api.service[110896]: DEBUG placement.objects.allocation_candidate [req-8273272e-51fb-4233-b3a3-a311ab5ccf6d req-0d306e4e-9ab8-41e1-9c08-8d08bb2c23d9 service placement] RequestGroup(use_same_provider=False, resources={DISK_GB:1, MEMORY_MB:1024, VCPU:1}, traits=[], aggregates=[]) (suffix '') returned 2 matches {{(pid=110896) _get_by_requests /opt/stack/placement/placement/objects/allocation_candidate.py:145}}
Jan 28 05:44:33.123205 n-d-789963-25 devstack@placement-api.service[110896]: DEBUG placement.objects.allocation_candidate [req-8273272e-51fb-4233-b3a3-a311ab5ccf6d req-0d306e4e-9ab8-41e1-9c08-8d08bb2c23d9 service placement] Merging candidates yields 2 allocation requests and 2 provider summaries {{(pid=110896) _merge_candidates /opt/stack/placement/placement/objects/allocation_candidate.py:783}}
Jan 28 05:44:33.126130 n-d-789963-25 devstack@placement-api.service[110896]: INFO placement.requestlog [req-8273272e-51fb-4233-b3a3-a311ab5ccf6d req-0d306e4e-9ab8-41e1-9c08-8d08bb2c23d9 service placement] 10.222.0.70 "GET /placement/allocation_candidates?limit=1000&resources=DISK_GB%3A1%2CMEMORY_MB%3A1024%2CVCPU%3A1&root_required=%21COMPUTE_STATUS_DISABLED" status: 200 len: 1309 microversion: 1.36
Jan 28 05:44:33.127120 n-d-789963-25 devstack@placement-api.service[110896]: [pid: 110896|app: 0|req: 50/104] 10.222.0.70 () {60 vars in 1506 bytes} [Fri Jan 28 05:44:32 2022] GET /placement/allocation_candidates?limit=1000&resources=DISK_GB%3A1%2CMEMORY_MB%3A1024%2CVCPU%3A1&root_required=%21COMPUTE_STATUS_DISABLED => generated 1309 bytes in 133 msecs (HTTP/1.1 200) 8 headers in 297 bytes (1 switches on core 0)
Jan 28 05:44:33.220445 n-d-789963-25 devstack@placement-api.service[110897]: DEBUG placement.requestlog [req-8273272e-51fb-4233-b3a3-a311ab5ccf6d req-f618813e-2fbd-4bbb-a9e0-600d63ed0a60 None None] Starting request: 10.222.0.70 "GET /placement/allocations/d9f1a192-0d0b-427b-b01c-d92f53454aab" {{(pid=110897) __call__ /opt/stack/placement/placement/requestlog.py:55}}
Jan 28 05:44:33.233254 n-d-789963-25 devstack@placement-api.service[110897]: INFO placement.requestlog [req-8273272e-51fb-4233-b3a3-a311ab5ccf6d req-f618813e-2fbd-4bbb-a9e0-600d63ed0a60 service placement] 10.222.0.70 "GET /placement/allocations/d9f1a192-0d0b-427b-b01c-d92f53454aab" status: 200 len: 19 microversion: 1.28
Jan 28 05:44:33.238105 n-d-789963-25 devstack@placement-api.service[110897]: [pid: 110897|app: 0|req: 55/105] 10.222.0.70 () {60 vars in 1380 bytes} [Fri Jan 28 05:44:33 2022] GET /placement/allocations/d9f1a192-0d0b-427b-b01c-d92f53454aab => generated 19 bytes in 18 msecs (HTTP/1.1 200) 8 headers in 295 bytes (1 switches on core 0)
Jan 28 05:44:33.242677 n-d-789963-25 devstack@placement-api.service[110896]: DEBUG placement.requestlog [req-8273272e-51fb-4233-b3a3-a311ab5ccf6d req-c227114f-ff3e-47bb-8838-ad6e77773643 None None] Starting request: 10.222.0.70 "PUT /placement/allocations/d9f1a192-0d0b-427b-b01c-d92f53454aab" {{(pid=110896) __call__ /opt/stack/placement/placement/requestlog.py:55}}
Jan 28 05:44:33.441130 n-d-789963-25 devstack@placement-api.service[110896]: DEBUG placement.handlers.allocation [req-8273272e-51fb-4233-b3a3-a311ab5ccf6d req-c227114f-ff3e-47bb-8838-ad6e77773643 service placement] Successfully wrote allocations [, , ] {{(pid=110896) _update_consumers_and_create_allocations /opt/stack/placement/placement/handlers/allocation.py:462}}
Jan 28 05:44:33.518937 n-d-789963-25 devstack@placement-api.service[110896]: INFO placement.requestlog [req-8273272e-51fb-4233-b3a3-a311ab5ccf6d req-c227114f-ff3e-47bb-8838-ad6e77773643 service placement] 10.222.0.70 "PUT /placement/allocations/d9f1a192-0d0b-427b-b01c-d92f53454aab" status: 204 len: 0 microversion: 1.36
Jan 28 05:44:33.519623 n-d-789963-25 devstack@placement-api.service[110896]: [pid: 110896|app: 0|req: 51/106] 10.222.0.70 () {64 vars in 1433 bytes} [Fri Jan 28 05:44:33 2022] PUT /placement/allocations/d9f1a192-0d0b-427b-b01c-d92f53454aab => generated 0 bytes in 277 msecs (HTTP/1.1 204) 5 headers in 199 bytes (2 switches on core 0)
Jan 28 05:44:34.074713 n-d-789963-25 devstack@placement-api.service[110897]: DEBUG placement.requestlog [req-8273272e-51fb-4233-b3a3-a311ab5ccf6d req-57e0f5aa-6813-40b2-8626-56c3cbbdbfd8 None None] Starting request: 10.222.0.50 "GET /placement/allocations/d9f1a192-0d0b-427b-b01c-d92f53454aab" {{(pid=110897) __call__ /opt/stack/placement/placement/requestlog.py:55}}
Jan 28 05:44:34.099430 n-d-789963-25 devstack@placement-api.service[110897]: INFO placement.requestlog [req-8273272e-51fb-4233-b3a3-a311ab5ccf6d req-57e0f5aa-6813-40b2-8626-56c3cbbdbfd8 service placement] 10.222.0.50 "GET /placement/allocations/d9f1a192-0d0b-427b-b01c-d92f53454aab" status: 200 len: 258 microversion: 1.28
Jan 28 05:44:34.102278 n-d-789963-25 devstack@placement-api.service[110897]: [pid: 110897|app: 0|req: 56/107] 10.222.0.50 () {60 vars in 1377 bytes} [Fri Jan 28 05:44:34 2022] GET /placement/allocations/d9f1a192-0d0b-427b-b01c-d92f53454aab => generated 258 bytes in 26 msecs (HTTP/1.1 200) 8 headers in 296 bytes (1 switches on core 0)
Jan 28 05:44:36.934056 n-d-789963-25 devstack@placement-api.service[110896]: DEBUG placement.requestlog [req-024fa26e-db32-4a05-ba64-367456de515c req-b9be9a3b-3e44-4587-b6ce-9b9218db223e None None] Starting request: 10.222.0.70 "GET /placement/resource_providers?name=n-h1-789963-25" {{(pid=110896) __call__ /opt/stack/placement/placement/requestlog.py:55}}
Jan 28 05:44:36.953843 n-d-789963-25 devstack@placement-api.service[110896]: INFO placement.requestlog [req-024fa26e-db32-4a05-ba64-367456de515c req-b9be9a3b-3e44-4587-b6ce-9b9218db223e service placement] 10.222.0.70 "GET /placement/resource_providers?name=n-h1-789963-25" status: 200 len: 442 microversion: 1.0
Jan 28 05:44:36.954465 n-d-789963-25 devstack@placement-api.service[110896]: [pid: 110896|app: 0|req: 52/108] 10.222.0.70 () {58 vars in 1276 bytes} [Fri Jan 28 05:44:36 2022] GET /placement/resource_providers?name=n-h1-789963-25 => generated 442 bytes in 21 msecs (HTTP/1.1 200) 6 headers in 224 bytes (1 switches on core 0)
Jan 28 05:44:36.966391 n-d-789963-25 devstack@placement-api.service[110897]: DEBUG placement.requestlog [req-024fa26e-db32-4a05-ba64-367456de515c req-29d18550-1afe-45b5-a168-f7cd1fb4aac1 None None] Starting request: 10.222.0.70 "GET /placement/resource_providers/9eaf2381-9c38-488d-bb7a-6dcc5559b7f7/aggregates" {{(pid=110897) __call__ /opt/stack/placement/placement/requestlog.py:55}}
Jan 28 05:44:36.984992 n-d-789963-25 devstack@placement-api.service[110897]: INFO placement.requestlog [req-024fa26e-db32-4a05-ba64-367456de515c req-29d18550-1afe-45b5-a168-f7cd1fb4aac1 service placement] 10.222.0.70 "GET /placement/resource_providers/9eaf2381-9c38-488d-bb7a-6dcc5559b7f7/aggregates" status: 200 len: 54 microversion: 1.19
Jan 28 05:44:36.994286 n-d-789963-25 devstack@placement-api.service[110897]: [pid: 110897|app: 0|req: 57/109] 10.222.0.70 () {60 vars in 1425 bytes} [Fri Jan 28 05:44:36 2022] GET /placement/resource_providers/9eaf2381-9c38-488d-bb7a-6dcc5559b7f7/aggregates => generated 54 bytes in 28 msecs (HTTP/1.1 200) 8 headers in 295 bytes (2 switches on core 0)
Jan 28 05:44:36.997024 n-d-789963-25 devstack@placement-api.service[110896]: DEBUG placement.requestlog [req-024fa26e-db32-4a05-ba64-367456de515c req-87d7fbb9-7d98-43c2-8c65-6c1b3dd584b1 None None] Starting request: 10.222.0.70 "PUT /placement/resource_providers/9eaf2381-9c38-488d-bb7a-6dcc5559b7f7/aggregates" {{(pid=110896) __call__ /opt/stack/placement/placement/requestlog.py:55}}
Jan 28 05:44:37.039721 n-d-789963-25 devstack@placement-api.service[110896]: DEBUG placement.objects.resource_provider [req-024fa26e-db32-4a05-ba64-367456de515c req-87d7fbb9-7d98-43c2-8c65-6c1b3dd584b1 service placement] _ensure_aggregate() did not find aggregate 7b8d3826-4cf3-4cff-83c8-80e13f665603. Attempting to create it. {{(pid=110896) _ensure_aggregate /opt/stack/placement/placement/objects/resource_provider.py:320}}
Jan 28 05:44:37.041805 n-d-789963-25 devstack@placement-api.service[110896]: DEBUG placement.objects.resource_provider [req-024fa26e-db32-4a05-ba64-367456de515c req-87d7fbb9-7d98-43c2-8c65-6c1b3dd584b1 service placement] _ensure_aggregate() created new aggregate 7b8d3826-4cf3-4cff-83c8-80e13f665603 (id=7). {{(pid=110896) _ensure_aggregate /opt/stack/placement/placement/objects/resource_provider.py:326}}
Jan 28 05:44:37.043112 n-d-789963-25 devstack@placement-api.service[110896]: DEBUG placement.objects.resource_provider [req-024fa26e-db32-4a05-ba64-367456de515c req-87d7fbb9-7d98-43c2-8c65-6c1b3dd584b1 service placement] Setting aggregates for provider 9eaf2381-9c38-488d-bb7a-6dcc5559b7f7. Successfully associated aggregate 7b8d3826-4cf3-4cff-83c8-80e13f665603. {{(pid=110896) _set_aggregates /opt/stack/placement/placement/objects/resource_provider.py:388}}
Jan 28 05:44:37.102046 n-d-789963-25 devstack@placement-api.service[110896]: INFO placement.requestlog [req-024fa26e-db32-4a05-ba64-367456de515c req-87d7fbb9-7d98-43c2-8c65-6c1b3dd584b1 service placement] 10.222.0.70 "PUT /placement/resource_providers/9eaf2381-9c38-488d-bb7a-6dcc5559b7f7/aggregates" status: 200 len: 92 microversion: 1.19
Jan 28 05:44:37.103022 n-d-789963-25 devstack@placement-api.service[110896]: [pid: 110896|app: 0|req: 53/110] 10.222.0.70 () {64 vars in 1477 bytes} [Fri Jan 28 05:44:36 2022] PUT /placement/resource_providers/9eaf2381-9c38-488d-bb7a-6dcc5559b7f7/aggregates => generated 92 bytes in 106 msecs (HTTP/1.1 200) 8 headers in 295 bytes (1 switches on core 0)
Jan 28 05:44:37.685661 n-d-789963-25 devstack@placement-api.service[110897]: DEBUG placement.requestlog [req-f1610b63-76c0-4c22-b2fc-f5620f1852c5 req-a7dc977e-59d3-40b5-a6ce-4e9363ef9d49 None None] Starting request: 10.222.0.70 "GET /placement/resource_providers?name=n-h1-789963-25" {{(pid=110897) __call__ /opt/stack/placement/placement/requestlog.py:55}}
Jan 28 05:44:37.703000 n-d-789963-25 devstack@placement-api.service[110897]: INFO placement.requestlog [req-f1610b63-76c0-4c22-b2fc-f5620f1852c5 req-a7dc977e-59d3-40b5-a6ce-4e9363ef9d49 service placement] 10.222.0.70 "GET /placement/resource_providers?name=n-h1-789963-25" status: 200 len: 442 microversion: 1.0
Jan 28 05:44:37.703376 n-d-789963-25 devstack@placement-api.service[110897]: [pid: 110897|app: 0|req: 58/111] 10.222.0.70 () {58 vars in 1276 bytes} [Fri Jan 28 05:44:37 2022] GET /placement/resource_providers?name=n-h1-789963-25 => generated 442 bytes in 18 msecs (HTTP/1.1 200) 6 headers in 224 bytes (1 switches on core 0)
Jan 28 05:44:37.712964 n-d-789963-25 devstack@placement-api.service[110896]: DEBUG placement.requestlog [req-f1610b63-76c0-4c22-b2fc-f5620f1852c5 req-8368fee7-c669-4ef6-a634-e0ed772551a4 None None] Starting request: 10.222.0.70 "GET /placement/resource_providers/9eaf2381-9c38-488d-bb7a-6dcc5559b7f7/aggregates" {{(pid=110896) __call__ /opt/stack/placement/placement/requestlog.py:55}}
Jan 28 05:44:37.729022 n-d-789963-25 devstack@placement-api.service[110896]: INFO placement.requestlog [req-f1610b63-76c0-4c22-b2fc-f5620f1852c5 req-8368fee7-c669-4ef6-a634-e0ed772551a4 service placement] 10.222.0.70 "GET /placement/resource_providers/9eaf2381-9c38-488d-bb7a-6dcc5559b7f7/aggregates" status: 200 len: 92 microversion: 1.19
Jan 28 05:44:37.736967 n-d-789963-25 devstack@placement-api.service[110897]: DEBUG placement.requestlog [req-f1610b63-76c0-4c22-b2fc-f5620f1852c5 req-2021e8c1-f516-451f-9605-844631098ef3 None None] Starting request: 10.222.0.70 "PUT /placement/resource_providers/9eaf2381-9c38-488d-bb7a-6dcc5559b7f7/aggregates" {{(pid=110897) __call__ /opt/stack/placement/placement/requestlog.py:55}}
Jan 28 05:44:37.745278 n-d-789963-25 devstack@placement-api.service[110896]: [pid: 110896|app: 0|req: 54/112] 10.222.0.70 () {60 vars in 1425 bytes} [Fri Jan 28 05:44:37 2022] GET /placement/resource_providers/9eaf2381-9c38-488d-bb7a-6dcc5559b7f7/aggregates => generated 92 bytes in 33 msecs (HTTP/1.1 200) 8 headers in 295 bytes (1 switches on core 0)
Jan 28 05:44:37.753900 n-d-789963-25 devstack@placement-api.service[110897]: DEBUG placement.objects.resource_provider [req-f1610b63-76c0-4c22-b2fc-f5620f1852c5 req-2021e8c1-f516-451f-9605-844631098ef3 service placement] Setting aggregates for provider 9eaf2381-9c38-488d-bb7a-6dcc5559b7f7. Successfully disassociated aggregate 7b8d3826-4cf3-4cff-83c8-80e13f665603. {{(pid=110897) _set_aggregates /opt/stack/placement/placement/objects/resource_provider.py:403}}
Jan 28 05:44:37.834811 n-d-789963-25 devstack@placement-api.service[110897]: INFO placement.requestlog [req-f1610b63-76c0-4c22-b2fc-f5620f1852c5 req-2021e8c1-f516-451f-9605-844631098ef3 service placement] 10.222.0.70 "PUT /placement/resource_providers/9eaf2381-9c38-488d-bb7a-6dcc5559b7f7/aggregates" status: 200 len: 54 microversion: 1.19
Jan 28 05:44:37.835217 n-d-789963-25 devstack@placement-api.service[110897]: [pid: 110897|app: 0|req: 59/113] 10.222.0.70 () {64 vars in 1477 bytes} [Fri Jan 28 05:44:37 2022] PUT /placement/resource_providers/9eaf2381-9c38-488d-bb7a-6dcc5559b7f7/aggregates => generated 54 bytes in 99 msecs (HTTP/1.1 200) 8 headers in 295 bytes (2 switches on core 0)
Jan 28 05:44:44.409270 n-d-789963-25 devstack@placement-api.service[110896]: DEBUG placement.requestlog [req-9c5a9029-0aac-41c4-867d-1237748b5dca req-d5af7b60-f6be-468e-aeb8-31e152bd8cfd None None] Starting request: 10.222.0.70 "GET /placement/allocation_candidates?limit=1000&resources=DISK_GB%3A1%2CMEMORY_MB%3A1024%2CVCPU%3A1&root_required=%21COMPUTE_STATUS_DISABLED" {{(pid=110896) __call__ /opt/stack/placement/placement/requestlog.py:55}}
Jan 28 05:44:44.476643 n-d-789963-25 devstack@placement-api.service[110896]: DEBUG placement.objects.research_context [req-9c5a9029-0aac-41c4-867d-1237748b5dca req-d5af7b60-f6be-468e-aeb8-31e152bd8cfd service placement] getting providers with 1 DISK_GB {{(pid=110896) __init__ /opt/stack/placement/placement/objects/research_context.py:126}}
Jan 28 05:44:44.485182 n-d-789963-25 devstack@placement-api.service[110896]: DEBUG placement.objects.research_context [req-9c5a9029-0aac-41c4-867d-1237748b5dca req-d5af7b60-f6be-468e-aeb8-31e152bd8cfd service placement] getting providers with 1024 MEMORY_MB {{(pid=110896) __init__ /opt/stack/placement/placement/objects/research_context.py:126}}
Jan 28 05:44:44.493139 n-d-789963-25 devstack@placement-api.service[110896]: DEBUG placement.objects.research_context [req-9c5a9029-0aac-41c4-867d-1237748b5dca req-d5af7b60-f6be-468e-aeb8-31e152bd8cfd service placement] getting providers with 1 VCPU {{(pid=110896) __init__ /opt/stack/placement/placement/objects/research_context.py:126}}
Jan 28 05:44:44.500568 n-d-789963-25 devstack@placement-api.service[110896]: DEBUG placement.objects.research_context [req-9c5a9029-0aac-41c4-867d-1237748b5dca req-d5af7b60-f6be-468e-aeb8-31e152bd8cfd service placement] found 2 providers with available 1 DISK_GB {{(pid=110896) get_provider_ids_matching /opt/stack/placement/placement/objects/research_context.py:549}}
Jan 28 05:44:44.500994 n-d-789963-25 devstack@placement-api.service[110896]: DEBUG placement.objects.research_context [req-9c5a9029-0aac-41c4-867d-1237748b5dca req-d5af7b60-f6be-468e-aeb8-31e152bd8cfd service placement] found 2 providers with available 1024 MEMORY_MB {{(pid=110896) get_provider_ids_matching /opt/stack/placement/placement/objects/research_context.py:549}}
Jan 28 05:44:44.501341 n-d-789963-25 devstack@placement-api.service[110896]: DEBUG placement.objects.research_context [req-9c5a9029-0aac-41c4-867d-1237748b5dca req-d5af7b60-f6be-468e-aeb8-31e152bd8cfd service placement] found 2 providers after filtering by previous result {{(pid=110896) get_provider_ids_matching /opt/stack/placement/placement/objects/research_context.py:580}}
Jan 28 05:44:44.501721 n-d-789963-25 devstack@placement-api.service[110896]: DEBUG placement.objects.research_context [req-9c5a9029-0aac-41c4-867d-1237748b5dca req-d5af7b60-f6be-468e-aeb8-31e152bd8cfd service placement] found 2 providers with available 1 VCPU {{(pid=110896) get_provider_ids_matching /opt/stack/placement/placement/objects/research_context.py:549}}
Jan 28 05:44:44.502152 n-d-789963-25 devstack@placement-api.service[110896]: DEBUG placement.objects.research_context [req-9c5a9029-0aac-41c4-867d-1237748b5dca req-d5af7b60-f6be-468e-aeb8-31e152bd8cfd service placement] found 2 providers after filtering by previous result {{(pid=110896) get_provider_ids_matching /opt/stack/placement/placement/objects/research_context.py:580}}
Jan 28 05:44:44.517452 n-d-789963-25 devstack@placement-api.service[110896]: DEBUG placement.objects.allocation_candidate [req-9c5a9029-0aac-41c4-867d-1237748b5dca req-d5af7b60-f6be-468e-aeb8-31e152bd8cfd service placement] RequestGroup(use_same_provider=False, resources={DISK_GB:1, MEMORY_MB:1024, VCPU:1}, traits=[], aggregates=[]) (suffix '') returned 2 matches {{(pid=110896) _get_by_requests /opt/stack/placement/placement/objects/allocation_candidate.py:145}}
Jan 28 05:44:44.517984 n-d-789963-25 devstack@placement-api.service[110896]: DEBUG placement.objects.allocation_candidate [req-9c5a9029-0aac-41c4-867d-1237748b5dca req-d5af7b60-f6be-468e-aeb8-31e152bd8cfd service placement] Merging candidates yields 2 allocation requests and 2 provider summaries {{(pid=110896) _merge_candidates /opt/stack/placement/placement/objects/allocation_candidate.py:783}}
Jan 28 05:44:44.519789 n-d-789963-25 devstack@placement-api.service[110896]: INFO placement.requestlog [req-9c5a9029-0aac-41c4-867d-1237748b5dca req-d5af7b60-f6be-468e-aeb8-31e152bd8cfd service placement] 10.222.0.70 "GET /placement/allocation_candidates?limit=1000&resources=DISK_GB%3A1%2CMEMORY_MB%3A1024%2CVCPU%3A1&root_required=%21COMPUTE_STATUS_DISABLED" status: 200 len: 1309 microversion: 1.36
Jan 28 05:44:44.523978 n-d-789963-25 devstack@placement-api.service[110896]: [pid: 110896|app: 0|req: 55/114] 10.222.0.70 () {60 vars in 1506 bytes} [Fri Jan 28 05:44:44 2022] GET /placement/allocation_candidates?limit=1000&resources=DISK_GB%3A1%2CMEMORY_MB%3A1024%2CVCPU%3A1&root_required=%21COMPUTE_STATUS_DISABLED => generated 1309 bytes in 111 msecs (HTTP/1.1 200) 8 headers in 297 bytes (1 switches on core 0)
Jan 28 05:44:44.593897 n-d-789963-25 devstack@placement-api.service[110897]: DEBUG placement.requestlog [req-9c5a9029-0aac-41c4-867d-1237748b5dca req-4677993a-a6d8-466b-a46f-d4fd0dcef661 None None] Starting request: 10.222.0.70 "GET /placement/allocations/78d6f118-1b66-493a-9324-217ba344f7e8" {{(pid=110897) __call__ /opt/stack/placement/placement/requestlog.py:55}}
Jan 28 05:44:44.608825 n-d-789963-25 devstack@placement-api.service[110897]: INFO placement.requestlog [req-9c5a9029-0aac-41c4-867d-1237748b5dca req-4677993a-a6d8-466b-a46f-d4fd0dcef661 service placement] 10.222.0.70 "GET /placement/allocations/78d6f118-1b66-493a-9324-217ba344f7e8" status: 200 len: 19 microversion: 1.28
Jan 28 05:44:44.609707 n-d-789963-25 devstack@placement-api.service[110897]: [pid: 110897|app: 0|req: 60/115] 10.222.0.70 () {60 vars in 1380 bytes} [Fri Jan 28 05:44:44 2022] GET /placement/allocations/78d6f118-1b66-493a-9324-217ba344f7e8 => generated 19 bytes in 16 msecs (HTTP/1.1 200) 8 headers in 295 bytes (1 switches on core 0)
Jan 28 05:44:44.618319 n-d-789963-25 devstack@placement-api.service[110896]: DEBUG placement.requestlog [req-9c5a9029-0aac-41c4-867d-1237748b5dca req-9aba3f7b-7e62-4209-aba0-5dee917d755c None None] Starting request: 10.222.0.70 "PUT /placement/allocations/78d6f118-1b66-493a-9324-217ba344f7e8" {{(pid=110896) __call__ /opt/stack/placement/placement/requestlog.py:55}}
Jan 28 05:44:44.929057 n-d-789963-25 devstack@placement-api.service[110896]: DEBUG placement.handlers.allocation [req-9c5a9029-0aac-41c4-867d-1237748b5dca req-9aba3f7b-7e62-4209-aba0-5dee917d755c service placement] Successfully wrote allocations [, , ] {{(pid=110896) _update_consumers_and_create_allocations /opt/stack/placement/placement/handlers/allocation.py:462}}
Jan 28 05:44:44.992851 n-d-789963-25 devstack@placement-api.service[110896]: INFO placement.requestlog [req-9c5a9029-0aac-41c4-867d-1237748b5dca req-9aba3f7b-7e62-4209-aba0-5dee917d755c service placement] 10.222.0.70 "PUT /placement/allocations/78d6f118-1b66-493a-9324-217ba344f7e8" status: 204 len: 0 microversion: 1.36
Jan 28 05:44:44.996310 n-d-789963-25 devstack@placement-api.service[110896]: [pid: 110896|app: 0|req: 56/116] 10.222.0.70 () {64 vars in 1433 bytes} [Fri Jan 28 05:44:44 2022] PUT /placement/allocations/78d6f118-1b66-493a-9324-217ba344f7e8 => generated 0 bytes in 375 msecs (HTTP/1.1 204) 5 headers in 199 bytes (1 switches on core 0)
Jan 28 05:44:45.446319 n-d-789963-25 devstack@placement-api.service[110897]: DEBUG placement.requestlog [req-dd7d5728-8954-46b7-b4d4-0d9188be6567 req-a83d7c39-7560-424c-a602-df16882a620c None None] Starting request: 10.222.0.50 "GET /placement/resource_providers/5d88c86c-a28f-42cf-8337-a49f16eb7b3f/allocations" {{(pid=110897) __call__ /opt/stack/placement/placement/requestlog.py:55}}
Jan 28 05:44:45.480719 n-d-789963-25 devstack@placement-api.service[110897]: INFO placement.requestlog [req-dd7d5728-8954-46b7-b4d4-0d9188be6567 req-a83d7c39-7560-424c-a602-df16882a620c service placement] 10.222.0.50 "GET /placement/resource_providers/5d88c86c-a28f-42cf-8337-a49f16eb7b3f/allocations" status: 200 len: 355 microversion: 1.0
Jan 28 05:44:45.481464 n-d-789963-25 devstack@placement-api.service[110897]: [pid: 110897|app: 0|req: 61/117] 10.222.0.50 () {58 vars in 1390 bytes} [Fri Jan 28 05:44:45 2022] GET /placement/resource_providers/5d88c86c-a28f-42cf-8337-a49f16eb7b3f/allocations => generated 355 bytes in 36 msecs (HTTP/1.1 200) 6 headers in 224 bytes (1 switches on core 0)
Jan 28 05:44:46.015439 n-d-789963-25 devstack@placement-api.service[110896]: DEBUG placement.requestlog [req-dd7d5728-8954-46b7-b4d4-0d9188be6567 req-f1e9681b-008f-4cd0-a415-3e64e39fead0 None None] Starting request: 10.222.0.50 "GET /placement/allocations/d1a650ed-4c02-48d9-8083-f7c6843c6868" {{(pid=110896) __call__ /opt/stack/placement/placement/requestlog.py:55}}
Jan 28 05:44:46.039709 n-d-789963-25 devstack@placement-api.service[110896]: INFO placement.requestlog [req-dd7d5728-8954-46b7-b4d4-0d9188be6567 req-f1e9681b-008f-4cd0-a415-3e64e39fead0 service placement] 10.222.0.50 "GET /placement/allocations/d1a650ed-4c02-48d9-8083-f7c6843c6868" status: 200 len: 258 microversion: 1.28
Jan 28 05:44:46.042169 n-d-789963-25 devstack@placement-api.service[110896]: [pid: 110896|app: 0|req: 57/118] 10.222.0.50 () {60 vars in 1377 bytes} [Fri Jan 28 05:44:46 2022] GET /placement/allocations/d1a650ed-4c02-48d9-8083-f7c6843c6868 => generated 258 bytes in 27 msecs (HTTP/1.1 200) 8 headers in 296 bytes (1 switches on core 0)
Jan 28 05:44:46.049314 n-d-789963-25 devstack@placement-api.service[110897]: DEBUG placement.requestlog [req-dd7d5728-8954-46b7-b4d4-0d9188be6567 req-4722233c-3e75-4e9b-acc8-151bb08280e0 None None] Starting request: 10.222.0.50 "PUT /placement/allocations/d1a650ed-4c02-48d9-8083-f7c6843c6868" {{(pid=110897) __call__ /opt/stack/placement/placement/requestlog.py:55}}
Jan 28 05:44:46.054436 n-d-789963-25 devstack@placement-api.service[110896]: DEBUG placement.requestlog [req-9c5a9029-0aac-41c4-867d-1237748b5dca req-a20b5609-a337-4172-8d83-83792cc2455e None None] Starting request: 10.222.0.26 "GET /placement/allocations/78d6f118-1b66-493a-9324-217ba344f7e8" {{(pid=110896) __call__ /opt/stack/placement/placement/requestlog.py:55}}
Jan 28 05:44:46.075143 n-d-789963-25 devstack@placement-api.service[110896]: INFO placement.requestlog [req-9c5a9029-0aac-41c4-867d-1237748b5dca req-a20b5609-a337-4172-8d83-83792cc2455e service placement] 10.222.0.26 "GET /placement/allocations/78d6f118-1b66-493a-9324-217ba344f7e8" status: 200 len: 259 microversion: 1.28
Jan 28 05:44:46.075143 n-d-789963-25 devstack@placement-api.service[110896]: [pid: 110896|app: 0|req: 58/119] 10.222.0.26 () {60 vars in 1377 bytes} [Fri Jan 28 05:44:46 2022] GET /placement/allocations/78d6f118-1b66-493a-9324-217ba344f7e8 => generated 259 bytes in 17 msecs (HTTP/1.1 200) 8 headers in 296 bytes (2 switches on core 0)
Jan 28 05:44:46.112395 n-d-789963-25 devstack@placement-api.service[110897]: DEBUG placement.handlers.allocation [req-dd7d5728-8954-46b7-b4d4-0d9188be6567 req-4722233c-3e75-4e9b-acc8-151bb08280e0 service placement] Successfully wrote allocations [, , ] {{(pid=110897) _update_consumers_and_create_allocations /opt/stack/placement/placement/handlers/allocation.py:462}}
Jan 28 05:44:46.176918 n-d-789963-25 devstack@placement-api.service[110897]: INFO placement.requestlog [req-dd7d5728-8954-46b7-b4d4-0d9188be6567 req-4722233c-3e75-4e9b-acc8-151bb08280e0 service placement] 10.222.0.50 "PUT /placement/allocations/d1a650ed-4c02-48d9-8083-f7c6843c6868" status: 204 len: 0 microversion: 1.28
Jan 28 05:44:46.178446 n-d-789963-25 devstack@placement-api.service[110897]: [pid: 110897|app: 0|req: 62/120] 10.222.0.50 () {64 vars in 1430 bytes} [Fri Jan 28 05:44:46 2022] PUT /placement/allocations/d1a650ed-4c02-48d9-8083-f7c6843c6868 => generated 0 bytes in 129 msecs (HTTP/1.1 204) 5 headers in 199 bytes (1 switches on core 0)
Jan 28 05:44:46.426078 n-d-789963-25 devstack@placement-api.service[110896]: DEBUG placement.requestlog [req-5efb1d10-bbae-4e33-90b5-47b22eed5590 req-452b276c-7d63-44c3-836b-1472dc8f99b1 None None] Starting request: 10.222.0.70 "GET /placement/allocation_candidates?limit=1000&resources=DISK_GB%3A1%2CMEMORY_MB%3A1024%2CVCPU%3A1&root_required=%21COMPUTE_STATUS_DISABLED" {{(pid=110896) __call__ /opt/stack/placement/placement/requestlog.py:55}}
Jan 28 05:44:46.481406 n-d-789963-25 devstack@placement-api.service[110896]: DEBUG placement.objects.research_context [req-5efb1d10-bbae-4e33-90b5-47b22eed5590 req-452b276c-7d63-44c3-836b-1472dc8f99b1 service placement] getting providers with 1 DISK_GB {{(pid=110896) __init__ /opt/stack/placement/placement/objects/research_context.py:126}}
Jan 28 05:44:46.490461 n-d-789963-25 devstack@placement-api.service[110896]: DEBUG placement.objects.research_context [req-5efb1d10-bbae-4e33-90b5-47b22eed5590 req-452b276c-7d63-44c3-836b-1472dc8f99b1 service placement] getting providers with 1024 MEMORY_MB {{(pid=110896) __init__ /opt/stack/placement/placement/objects/research_context.py:126}}
Jan 28 05:44:46.497173 n-d-789963-25 devstack@placement-api.service[110896]: DEBUG placement.objects.research_context [req-5efb1d10-bbae-4e33-90b5-47b22eed5590 req-452b276c-7d63-44c3-836b-1472dc8f99b1 service placement] getting providers with 1 VCPU {{(pid=110896) __init__ /opt/stack/placement/placement/objects/research_context.py:126}}
Jan 28 05:44:46.503685 n-d-789963-25 devstack@placement-api.service[110896]: DEBUG placement.objects.research_context [req-5efb1d10-bbae-4e33-90b5-47b22eed5590 req-452b276c-7d63-44c3-836b-1472dc8f99b1 service placement] found 2 providers with available 1 DISK_GB {{(pid=110896) get_provider_ids_matching /opt/stack/placement/placement/objects/research_context.py:549}}
Jan 28 05:44:46.504340 n-d-789963-25 devstack@placement-api.service[110896]: DEBUG placement.objects.research_context [req-5efb1d10-bbae-4e33-90b5-47b22eed5590 req-452b276c-7d63-44c3-836b-1472dc8f99b1 service placement] found 2 providers with available 1024 MEMORY_MB {{(pid=110896) get_provider_ids_matching /opt/stack/placement/placement/objects/research_context.py:549}}
Jan 28 05:44:46.504834 n-d-789963-25 devstack@placement-api.service[110896]: DEBUG placement.objects.research_context [req-5efb1d10-bbae-4e33-90b5-47b22eed5590 req-452b276c-7d63-44c3-836b-1472dc8f99b1 service placement] found 2 providers after filtering by previous result {{(pid=110896) get_provider_ids_matching /opt/stack/placement/placement/objects/research_context.py:580}}
Jan 28 05:44:46.505321 n-d-789963-25 devstack@placement-api.service[110896]: DEBUG placement.objects.research_context [req-5efb1d10-bbae-4e33-90b5-47b22eed5590 req-452b276c-7d63-44c3-836b-1472dc8f99b1 service placement] found 2 providers with available 1 VCPU {{(pid=110896) get_provider_ids_matching /opt/stack/placement/placement/objects/research_context.py:549}}
Jan 28 05:44:46.506067 n-d-789963-25 devstack@placement-api.service[110896]: DEBUG placement.objects.research_context [req-5efb1d10-bbae-4e33-90b5-47b22eed5590 req-452b276c-7d63-44c3-836b-1472dc8f99b1 service placement] found 2 providers after filtering by previous result {{(pid=110896) get_provider_ids_matching /opt/stack/placement/placement/objects/research_context.py:580}}
Jan 28 05:44:46.519398 n-d-789963-25 devstack@placement-api.service[110896]: DEBUG placement.objects.allocation_candidate [req-5efb1d10-bbae-4e33-90b5-47b22eed5590 req-452b276c-7d63-44c3-836b-1472dc8f99b1 service placement] RequestGroup(use_same_provider=False, resources={DISK_GB:1, MEMORY_MB:1024, VCPU:1}, traits=[], aggregates=[]) (suffix '') returned 2 matches {{(pid=110896) _get_by_requests /opt/stack/placement/placement/objects/allocation_candidate.py:145}}
Jan 28 05:44:46.519398 n-d-789963-25 devstack@placement-api.service[110896]: DEBUG placement.objects.allocation_candidate [req-5efb1d10-bbae-4e33-90b5-47b22eed5590 req-452b276c-7d63-44c3-836b-1472dc8f99b1 service placement] Merging candidates yields 2 allocation requests and 2 provider summaries {{(pid=110896) _merge_candidates /opt/stack/placement/placement/objects/allocation_candidate.py:783}}
Jan 28 05:44:46.522090 n-d-789963-25 devstack@placement-api.service[110896]: INFO placement.requestlog [req-5efb1d10-bbae-4e33-90b5-47b22eed5590 req-452b276c-7d63-44c3-836b-1472dc8f99b1 service placement] 10.222.0.70 "GET /placement/allocation_candidates?limit=1000&resources=DISK_GB%3A1%2CMEMORY_MB%3A1024%2CVCPU%3A1&root_required=%21COMPUTE_STATUS_DISABLED" status: 200 len: 1309 microversion: 1.36
Jan 28 05:44:46.522839 n-d-789963-25 devstack@placement-api.service[110896]: [pid: 110896|app: 0|req: 59/121] 10.222.0.70 () {60 vars in 1506 bytes} [Fri Jan 28 05:44:46 2022] GET /placement/allocation_candidates?limit=1000&resources=DISK_GB%3A1%2CMEMORY_MB%3A1024%2CVCPU%3A1&root_required=%21COMPUTE_STATUS_DISABLED => generated 1309 bytes in 97 msecs (HTTP/1.1 200) 8 headers in 297 bytes (1 switches on core 0)
Jan 28 05:44:46.595231 n-d-789963-25 devstack@placement-api.service[110897]: DEBUG placement.requestlog [req-5efb1d10-bbae-4e33-90b5-47b22eed5590 req-ee17b90d-8e01-42fd-88b2-f26946e7920e None None] Starting request: 10.222.0.70 "GET /placement/allocations/1665ebb6-4ef8-465c-af2a-845a937cd9ca" {{(pid=110897) __call__ /opt/stack/placement/placement/requestlog.py:55}}
Jan 28 05:44:46.609302 n-d-789963-25 devstack@placement-api.service[110897]: INFO placement.requestlog [req-5efb1d10-bbae-4e33-90b5-47b22eed5590 req-ee17b90d-8e01-42fd-88b2-f26946e7920e service placement] 10.222.0.70 "GET /placement/allocations/1665ebb6-4ef8-465c-af2a-845a937cd9ca" status: 200 len: 19 microversion: 1.28
Jan 28 05:44:46.610168 n-d-789963-25 devstack@placement-api.service[110897]: [pid: 110897|app: 0|req: 63/122] 10.222.0.70 () {60 vars in 1380 bytes} [Fri Jan 28 05:44:46 2022] GET /placement/allocations/1665ebb6-4ef8-465c-af2a-845a937cd9ca => generated 19 bytes in 15 msecs (HTTP/1.1 200) 8 headers in 295 bytes (1 switches on core 0)
Jan 28 05:44:46.624156 n-d-789963-25 devstack@placement-api.service[110896]: DEBUG placement.requestlog [req-5efb1d10-bbae-4e33-90b5-47b22eed5590 req-1482a345-562d-4132-bce5-67acd0b52676 None None] Starting request: 10.222.0.70 "PUT /placement/allocations/1665ebb6-4ef8-465c-af2a-845a937cd9ca" {{(pid=110896) __call__ /opt/stack/placement/placement/requestlog.py:55}}
Jan 28 05:44:46.751702 n-d-789963-25 devstack@placement-api.service[110896]: DEBUG placement.handlers.allocation [req-5efb1d10-bbae-4e33-90b5-47b22eed5590 req-1482a345-562d-4132-bce5-67acd0b52676 service placement] Successfully wrote allocations [, , ] {{(pid=110896) _update_consumers_and_create_allocations /opt/stack/placement/placement/handlers/allocation.py:462}}
Jan 28 05:44:46.822178 n-d-789963-25 devstack@placement-api.service[110896]: INFO placement.requestlog [req-5efb1d10-bbae-4e33-90b5-47b22eed5590 req-1482a345-562d-4132-bce5-67acd0b52676 service placement] 10.222.0.70 "PUT /placement/allocations/1665ebb6-4ef8-465c-af2a-845a937cd9ca" status: 204 len: 0 microversion: 1.36
Jan 28 05:44:46.822860 n-d-789963-25 devstack@placement-api.service[110896]: [pid: 110896|app: 0|req: 60/123] 10.222.0.70 () {64 vars in 1433 bytes} [Fri Jan 28 05:44:46 2022] PUT /placement/allocations/1665ebb6-4ef8-465c-af2a-845a937cd9ca => generated 0 bytes in 199 msecs (HTTP/1.1 204) 5 headers in 199 bytes (2 switches on core 0)
Jan 28 05:44:47.995001 n-d-789963-25 devstack@placement-api.service[110897]: DEBUG placement.requestlog [req-68219171-bd45-45fe-8f27-f802b9456769 req-e2c55cd1-2443-4019-a700-df95be9a5043 None None] Starting request: 10.222.0.70 "GET /placement/allocation_candidates?limit=1000&resources=DISK_GB%3A1%2CMEMORY_MB%3A1024%2CVCPU%3A1&root_required=%21COMPUTE_STATUS_DISABLED" {{(pid=110897) __call__ /opt/stack/placement/placement/requestlog.py:55}}
Jan 28 05:44:48.032375 n-d-789963-25 devstack@placement-api.service[110897]: DEBUG placement.objects.research_context [req-68219171-bd45-45fe-8f27-f802b9456769 req-e2c55cd1-2443-4019-a700-df95be9a5043 service placement] getting providers with 1 DISK_GB {{(pid=110897) __init__ /opt/stack/placement/placement/objects/research_context.py:126}}
