Jan 28 06:21:06.287431 n-d-789963-25 devstack@placement-api.service[110897]: INFO placement.requestlog [req-f4a1399c-320e-440a-94bb-2f4fe178841d req-a5a23056-5cf9-46d6-9d0a-288544512981 service placement] 10.222.0.26 "GET /placement/resource_providers/9eaf2381-9c38-488d-bb7a-6dcc5559b7f7/allocations" status: 200 len: 255 microversion: 1.0
Jan 28 06:21:06.296009 n-d-789963-25 devstack@placement-api.service[110897]: [pid: 110897|app: 0|req: 493/982] 10.222.0.26 () {58 vars in 1390 bytes} [Fri Jan 28 06:21:06 2022] GET /placement/resource_providers/9eaf2381-9c38-488d-bb7a-6dcc5559b7f7/allocations => generated 255 bytes in 111 msecs (HTTP/1.1 200) 6 headers in 224 bytes (1 switches on core 0)
Jan 28 06:21:06.400898 n-d-789963-25 devstack@placement-api.service[110896]: DEBUG placement.requestlog [req-f59c993d-2c17-40bd-a357-317e710ab4e7 req-4b2905f3-bffa-4362-bf21-da27d7504426 None None] Starting request: 10.222.0.50 "GET /placement/resource_providers/5d88c86c-a28f-42cf-8337-a49f16eb7b3f/allocations" {{(pid=110896) __call__ /opt/stack/placement/placement/requestlog.py:55}}
Jan 28 06:21:06.471939 n-d-789963-25 devstack@placement-api.service[110896]: INFO placement.requestlog [req-f59c993d-2c17-40bd-a357-317e710ab4e7 req-4b2905f3-bffa-4362-bf21-da27d7504426 service placement] 10.222.0.50 "GET /placement/resource_providers/5d88c86c-a28f-42cf-8337-a49f16eb7b3f/allocations" status: 200 len: 255 microversion: 1.0
Jan 28 06:21:06.474024 n-d-789963-25 devstack@placement-api.service[110896]: [pid: 110896|app: 0|req: 490/983] 10.222.0.50 () {58 vars in 1390 bytes} [Fri Jan 28 06:21:06 2022] GET /placement/resource_providers/5d88c86c-a28f-42cf-8337-a49f16eb7b3f/allocations => generated 255 bytes in 73 msecs (HTTP/1.1 200) 6 headers in 224 bytes (1 switches on core 0)
Jan 28 06:21:15.670636 n-d-789963-25 devstack@placement-api.service[110897]: DEBUG placement.requestlog [req-3022bb8b-a8d8-4d42-b670-f9da69f1ff9e req-c1ba7bba-0c82-4a98-80a2-0dcb712cfb3e None None] Starting request: 10.222.0.70 "GET /placement/allocation_candidates?limit=1000&resources=DISK_GB%3A1%2CMEMORY_MB%3A1024%2CVCPU%3A1&root_required=%21COMPUTE_STATUS_DISABLED" {{(pid=110897) __call__ /opt/stack/placement/placement/requestlog.py:55}}
Jan 28 06:21:15.713547 n-d-789963-25 devstack@placement-api.service[110897]: DEBUG placement.objects.research_context [req-3022bb8b-a8d8-4d42-b670-f9da69f1ff9e req-c1ba7bba-0c82-4a98-80a2-0dcb712cfb3e service placement] getting providers with 1 DISK_GB {{(pid=110897) __init__ /opt/stack/placement/placement/objects/research_context.py:126}}
Jan 28 06:21:15.727125 n-d-789963-25 devstack@placement-api.service[110897]: DEBUG placement.objects.research_context [req-3022bb8b-a8d8-4d42-b670-f9da69f1ff9e req-c1ba7bba-0c82-4a98-80a2-0dcb712cfb3e service placement] getting providers with 1024 MEMORY_MB {{(pid=110897) __init__ /opt/stack/placement/placement/objects/research_context.py:126}}
Jan 28 06:21:15.749778 n-d-789963-25 devstack@placement-api.service[110897]: DEBUG placement.objects.research_context [req-3022bb8b-a8d8-4d42-b670-f9da69f1ff9e req-c1ba7bba-0c82-4a98-80a2-0dcb712cfb3e service placement] getting providers with 1 VCPU {{(pid=110897) __init__ /opt/stack/placement/placement/objects/research_context.py:126}}
Jan 28 06:21:15.776078 n-d-789963-25 devstack@placement-api.service[110897]: DEBUG placement.objects.research_context [req-3022bb8b-a8d8-4d42-b670-f9da69f1ff9e req-c1ba7bba-0c82-4a98-80a2-0dcb712cfb3e service placement] found 2 providers with available 1 DISK_GB {{(pid=110897) get_provider_ids_matching /opt/stack/placement/placement/objects/research_context.py:549}}
Jan 28 06:21:15.776713 n-d-789963-25 devstack@placement-api.service[110897]: DEBUG placement.objects.research_context [req-3022bb8b-a8d8-4d42-b670-f9da69f1ff9e req-c1ba7bba-0c82-4a98-80a2-0dcb712cfb3e service placement] found 2 providers with available 1024 MEMORY_MB {{(pid=110897) get_provider_ids_matching /opt/stack/placement/placement/objects/research_context.py:549}}
Jan 28 06:21:15.777332 n-d-789963-25 devstack@placement-api.service[110897]: DEBUG placement.objects.research_context [req-3022bb8b-a8d8-4d42-b670-f9da69f1ff9e req-c1ba7bba-0c82-4a98-80a2-0dcb712cfb3e service placement] found 2 providers after filtering by previous result {{(pid=110897) get_provider_ids_matching /opt/stack/placement/placement/objects/research_context.py:580}}
Jan 28 06:21:15.777751 n-d-789963-25 devstack@placement-api.service[110897]: DEBUG placement.objects.research_context [req-3022bb8b-a8d8-4d42-b670-f9da69f1ff9e req-c1ba7bba-0c82-4a98-80a2-0dcb712cfb3e service placement] found 2 providers with available 1 VCPU {{(pid=110897) get_provider_ids_matching /opt/stack/placement/placement/objects/research_context.py:549}}
Jan 28 06:21:15.778280 n-d-789963-25 devstack@placement-api.service[110897]: DEBUG placement.objects.research_context [req-3022bb8b-a8d8-4d42-b670-f9da69f1ff9e req-c1ba7bba-0c82-4a98-80a2-0dcb712cfb3e service placement] found 2 providers after filtering by previous result {{(pid=110897) get_provider_ids_matching /opt/stack/placement/placement/objects/research_context.py:580}}
Jan 28 06:21:15.822962 n-d-789963-25 devstack@placement-api.service[110897]: DEBUG placement.objects.allocation_candidate [req-3022bb8b-a8d8-4d42-b670-f9da69f1ff9e req-c1ba7bba-0c82-4a98-80a2-0dcb712cfb3e service placement] RequestGroup(use_same_provider=False, resources={DISK_GB:1, MEMORY_MB:1024, VCPU:1}, traits=[], aggregates=[]) (suffix '') returned 2 matches {{(pid=110897) _get_by_requests /opt/stack/placement/placement/objects/allocation_candidate.py:145}}
Jan 28 06:21:15.823341 n-d-789963-25 devstack@placement-api.service[110897]: DEBUG placement.objects.allocation_candidate [req-3022bb8b-a8d8-4d42-b670-f9da69f1ff9e req-c1ba7bba-0c82-4a98-80a2-0dcb712cfb3e service placement] Merging candidates yields 2 allocation requests and 2 provider summaries {{(pid=110897) _merge_candidates /opt/stack/placement/placement/objects/allocation_candidate.py:783}}
Jan 28 06:21:15.827390 n-d-789963-25 devstack@placement-api.service[110897]: INFO placement.requestlog [req-3022bb8b-a8d8-4d42-b670-f9da69f1ff9e req-c1ba7bba-0c82-4a98-80a2-0dcb712cfb3e service placement] 10.222.0.70 "GET /placement/allocation_candidates?limit=1000&resources=DISK_GB%3A1%2CMEMORY_MB%3A1024%2CVCPU%3A1&root_required=%21COMPUTE_STATUS_DISABLED" status: 200 len: 1309 microversion: 1.36
Jan 28 06:21:15.830258 n-d-789963-25 devstack@placement-api.service[110897]: [pid: 110897|app: 0|req: 494/984] 10.222.0.70 () {60 vars in 1506 bytes} [Fri Jan 28 06:21:15 2022] GET /placement/allocation_candidates?limit=1000&resources=DISK_GB%3A1%2CMEMORY_MB%3A1024%2CVCPU%3A1&root_required=%21COMPUTE_STATUS_DISABLED => generated 1309 bytes in 160 msecs (HTTP/1.1 200) 8 headers in 297 bytes (1 switches on core 0)
Jan 28 06:21:15.960321 n-d-789963-25 devstack@placement-api.service[110896]: DEBUG placement.requestlog [req-3022bb8b-a8d8-4d42-b670-f9da69f1ff9e req-9e8e8c11-4659-4995-8eda-aaa743a29309 None None] Starting request: 10.222.0.70 "GET /placement/allocations/c5f0ccbc-281b-4361-a299-a53360228197" {{(pid=110896) __call__ /opt/stack/placement/placement/requestlog.py:55}}
Jan 28 06:21:15.976660 n-d-789963-25 devstack@placement-api.service[110896]: INFO placement.requestlog [req-3022bb8b-a8d8-4d42-b670-f9da69f1ff9e req-9e8e8c11-4659-4995-8eda-aaa743a29309 service placement] 10.222.0.70 "GET /placement/allocations/c5f0ccbc-281b-4361-a299-a53360228197" status: 200 len: 19 microversion: 1.28
Jan 28 06:21:15.977961 n-d-789963-25 devstack@placement-api.service[110896]: [pid: 110896|app: 0|req: 491/985] 10.222.0.70 () {60 vars in 1380 bytes} [Fri Jan 28 06:21:15 2022] GET /placement/allocations/c5f0ccbc-281b-4361-a299-a53360228197 => generated 19 bytes in 18 msecs (HTTP/1.1 200) 8 headers in 295 bytes (1 switches on core 0)
Jan 28 06:21:15.986093 n-d-789963-25 devstack@placement-api.service[110897]: DEBUG placement.requestlog [req-3022bb8b-a8d8-4d42-b670-f9da69f1ff9e req-0324fa82-4db0-403a-9991-1eb94d37f250 None None] Starting request: 10.222.0.70 "PUT /placement/allocations/c5f0ccbc-281b-4361-a299-a53360228197" {{(pid=110897) __call__ /opt/stack/placement/placement/requestlog.py:55}}
Jan 28 06:21:16.199368 n-d-789963-25 devstack@placement-api.service[110897]: DEBUG placement.handlers.allocation [req-3022bb8b-a8d8-4d42-b670-f9da69f1ff9e req-0324fa82-4db0-403a-9991-1eb94d37f250 service placement] Successfully wrote allocations [, , ] {{(pid=110897) _update_consumers_and_create_allocations /opt/stack/placement/placement/handlers/allocation.py:462}}
Jan 28 06:21:16.284506 n-d-789963-25 devstack@placement-api.service[110897]: INFO placement.requestlog [req-3022bb8b-a8d8-4d42-b670-f9da69f1ff9e req-0324fa82-4db0-403a-9991-1eb94d37f250 service placement] 10.222.0.70 "PUT /placement/allocations/c5f0ccbc-281b-4361-a299-a53360228197" status: 204 len: 0 microversion: 1.36
Jan 28 06:21:16.290067 n-d-789963-25 devstack@placement-api.service[110897]: [pid: 110897|app: 0|req: 495/986] 10.222.0.70 () {64 vars in 1433 bytes} [Fri Jan 28 06:21:15 2022] PUT /placement/allocations/c5f0ccbc-281b-4361-a299-a53360228197 => generated 0 bytes in 300 msecs (HTTP/1.1 204) 5 headers in 199 bytes (1 switches on core 0)
Jan 28 06:21:17.318797 n-d-789963-25 devstack@placement-api.service[110896]: DEBUG placement.requestlog [req-3022bb8b-a8d8-4d42-b670-f9da69f1ff9e req-be14f1f3-ba87-4284-85a5-318f7bd63832 None None] Starting request: 10.222.0.26 "GET /placement/allocations/c5f0ccbc-281b-4361-a299-a53360228197" {{(pid=110896) __call__ /opt/stack/placement/placement/requestlog.py:55}}
Jan 28 06:21:17.349458 n-d-789963-25 devstack@placement-api.service[110896]: INFO placement.requestlog [req-3022bb8b-a8d8-4d42-b670-f9da69f1ff9e req-be14f1f3-ba87-4284-85a5-318f7bd63832 service placement] 10.222.0.26 "GET /placement/allocations/c5f0ccbc-281b-4361-a299-a53360228197" status: 200 len: 260 microversion: 1.28
Jan 28 06:21:17.355513 n-d-789963-25 devstack@placement-api.service[110896]: [pid: 110896|app: 0|req: 492/987] 10.222.0.26 () {60 vars in 1377 bytes} [Fri Jan 28 06:21:17 2022] GET /placement/allocations/c5f0ccbc-281b-4361-a299-a53360228197 => generated 260 bytes in 32 msecs (HTTP/1.1 200) 8 headers in 296 bytes (1 switches on core 0)
Jan 28 06:21:37.352705 n-d-789963-25 devstack@placement-api.service[110897]: DEBUG placement.requestlog [req-cbe22e86-3861-4d10-b4e0-0dff3c74cae5 req-18bf4940-5859-42ce-b0e3-b04486db3816 None None] Starting request: 10.222.0.70 "GET /placement/allocation_candidates?limit=1000&resources=DISK_GB%3A1%2CMEMORY_MB%3A1024%2CVCPU%3A1&root_required=%21COMPUTE_STATUS_DISABLED" {{(pid=110897) __call__ /opt/stack/placement/placement/requestlog.py:55}}
Jan 28 06:21:37.387204 n-d-789963-25 devstack@placement-api.service[110897]: DEBUG placement.objects.research_context [req-cbe22e86-3861-4d10-b4e0-0dff3c74cae5 req-18bf4940-5859-42ce-b0e3-b04486db3816 service placement] getting providers with 1 DISK_GB {{(pid=110897) __init__ /opt/stack/placement/placement/objects/research_context.py:126}}
Jan 28 06:21:37.394890 n-d-789963-25 devstack@placement-api.service[110897]: DEBUG placement.objects.research_context [req-cbe22e86-3861-4d10-b4e0-0dff3c74cae5 req-18bf4940-5859-42ce-b0e3-b04486db3816 service placement] getting providers with 1024 MEMORY_MB {{(pid=110897) __init__ /opt/stack/placement/placement/objects/research_context.py:126}}
Jan 28 06:21:37.400852 n-d-789963-25 devstack@placement-api.service[110897]: DEBUG placement.objects.research_context [req-cbe22e86-3861-4d10-b4e0-0dff3c74cae5 req-18bf4940-5859-42ce-b0e3-b04486db3816 service placement] getting providers with 1 VCPU {{(pid=110897) __init__ /opt/stack/placement/placement/objects/research_context.py:126}}
Jan 28 06:21:37.412867 n-d-789963-25 devstack@placement-api.service[110897]: DEBUG placement.objects.research_context [req-cbe22e86-3861-4d10-b4e0-0dff3c74cae5 req-18bf4940-5859-42ce-b0e3-b04486db3816 service placement] found 2 providers with available 1 DISK_GB {{(pid=110897) get_provider_ids_matching /opt/stack/placement/placement/objects/research_context.py:549}}
Jan 28 06:21:37.413169 n-d-789963-25 devstack@placement-api.service[110897]: DEBUG placement.objects.research_context [req-cbe22e86-3861-4d10-b4e0-0dff3c74cae5 req-18bf4940-5859-42ce-b0e3-b04486db3816 service placement] found 2 providers with available 1024 MEMORY_MB {{(pid=110897) get_provider_ids_matching /opt/stack/placement/placement/objects/research_context.py:549}}
Jan 28 06:21:37.413416 n-d-789963-25 devstack@placement-api.service[110897]: DEBUG placement.objects.research_context [req-cbe22e86-3861-4d10-b4e0-0dff3c74cae5 req-18bf4940-5859-42ce-b0e3-b04486db3816 service placement] found 2 providers after filtering by previous result {{(pid=110897) get_provider_ids_matching /opt/stack/placement/placement/objects/research_context.py:580}}
Jan 28 06:21:37.413940 n-d-789963-25 devstack@placement-api.service[110897]: DEBUG placement.objects.research_context [req-cbe22e86-3861-4d10-b4e0-0dff3c74cae5 req-18bf4940-5859-42ce-b0e3-b04486db3816 service placement] found 2 providers with available 1 VCPU {{(pid=110897) get_provider_ids_matching /opt/stack/placement/placement/objects/research_context.py:549}}
Jan 28 06:21:37.414242 n-d-789963-25 devstack@placement-api.service[110897]: DEBUG placement.objects.research_context [req-cbe22e86-3861-4d10-b4e0-0dff3c74cae5 req-18bf4940-5859-42ce-b0e3-b04486db3816 service placement] found 2 providers after filtering by previous result {{(pid=110897) get_provider_ids_matching /opt/stack/placement/placement/objects/research_context.py:580}}
Jan 28 06:21:37.433266 n-d-789963-25 devstack@placement-api.service[110897]: DEBUG placement.objects.allocation_candidate [req-cbe22e86-3861-4d10-b4e0-0dff3c74cae5 req-18bf4940-5859-42ce-b0e3-b04486db3816 service placement] RequestGroup(use_same_provider=False, resources={DISK_GB:1, MEMORY_MB:1024, VCPU:1}, traits=[], aggregates=[]) (suffix '') returned 2 matches {{(pid=110897) _get_by_requests /opt/stack/placement/placement/objects/allocation_candidate.py:145}}
Jan 28 06:21:37.433665 n-d-789963-25 devstack@placement-api.service[110897]: DEBUG placement.objects.allocation_candidate [req-cbe22e86-3861-4d10-b4e0-0dff3c74cae5 req-18bf4940-5859-42ce-b0e3-b04486db3816 service placement] Merging candidates yields 2 allocation requests and 2 provider summaries {{(pid=110897) _merge_candidates /opt/stack/placement/placement/objects/allocation_candidate.py:783}}
Jan 28 06:21:37.435451 n-d-789963-25 devstack@placement-api.service[110897]: INFO placement.requestlog [req-cbe22e86-3861-4d10-b4e0-0dff3c74cae5 req-18bf4940-5859-42ce-b0e3-b04486db3816 service placement] 10.222.0.70 "GET /placement/allocation_candidates?limit=1000&resources=DISK_GB%3A1%2CMEMORY_MB%3A1024%2CVCPU%3A1&root_required=%21COMPUTE_STATUS_DISABLED" status: 200 len: 1309 microversion: 1.36
Jan 28 06:21:37.436097 n-d-789963-25 devstack@placement-api.service[110897]: [pid: 110897|app: 0|req: 496/988] 10.222.0.70 () {60 vars in 1506 bytes} [Fri Jan 28 06:21:37 2022] GET /placement/allocation_candidates?limit=1000&resources=DISK_GB%3A1%2CMEMORY_MB%3A1024%2CVCPU%3A1&root_required=%21COMPUTE_STATUS_DISABLED => generated 1309 bytes in 84 msecs (HTTP/1.1 200) 8 headers in 297 bytes (2 switches on core 0)
Jan 28 06:21:37.485976 n-d-789963-25 devstack@placement-api.service[110896]: DEBUG placement.requestlog [req-cbe22e86-3861-4d10-b4e0-0dff3c74cae5 req-a80a283b-032d-47a2-b7fb-028f7f442030 None None] Starting request: 10.222.0.70 "GET /placement/allocations/5c164613-b8fd-494f-a39b-7423ba3c656c" {{(pid=110896) __call__ /opt/stack/placement/placement/requestlog.py:55}}
Jan 28 06:21:37.497351 n-d-789963-25 devstack@placement-api.service[110896]: INFO placement.requestlog [req-cbe22e86-3861-4d10-b4e0-0dff3c74cae5 req-a80a283b-032d-47a2-b7fb-028f7f442030 service placement] 10.222.0.70 "GET /placement/allocations/5c164613-b8fd-494f-a39b-7423ba3c656c" status: 200 len: 19 microversion: 1.28
Jan 28 06:21:37.498317 n-d-789963-25 devstack@placement-api.service[110896]: [pid: 110896|app: 0|req: 493/989] 10.222.0.70 () {60 vars in 1380 bytes} [Fri Jan 28 06:21:37 2022] GET /placement/allocations/5c164613-b8fd-494f-a39b-7423ba3c656c => generated 19 bytes in 12 msecs (HTTP/1.1 200) 8 headers in 295 bytes (1 switches on core 0)
Jan 28 06:21:37.504336 n-d-789963-25 devstack@placement-api.service[110897]: DEBUG placement.requestlog [req-cbe22e86-3861-4d10-b4e0-0dff3c74cae5 req-6c599c67-b390-4522-8891-58ffc1f6bfbe None None] Starting request: 10.222.0.70 "PUT /placement/allocations/5c164613-b8fd-494f-a39b-7423ba3c656c" {{(pid=110897) __call__ /opt/stack/placement/placement/requestlog.py:55}}
Jan 28 06:21:37.667986 n-d-789963-25 devstack@placement-api.service[110897]: DEBUG placement.handlers.allocation [req-cbe22e86-3861-4d10-b4e0-0dff3c74cae5 req-6c599c67-b390-4522-8891-58ffc1f6bfbe service placement] Successfully wrote allocations [, , ] {{(pid=110897) _update_consumers_and_create_allocations /opt/stack/placement/placement/handlers/allocation.py:462}}
Jan 28 06:21:37.776608 n-d-789963-25 devstack@placement-api.service[110897]: INFO placement.requestlog [req-cbe22e86-3861-4d10-b4e0-0dff3c74cae5 req-6c599c67-b390-4522-8891-58ffc1f6bfbe service placement] 10.222.0.70 "PUT /placement/allocations/5c164613-b8fd-494f-a39b-7423ba3c656c" status: 204 len: 0 microversion: 1.36
Jan 28 06:21:37.777113 n-d-789963-25 devstack@placement-api.service[110897]: [pid: 110897|app: 0|req: 497/990] 10.222.0.70 () {64 vars in 1433 bytes} [Fri Jan 28 06:21:37 2022] PUT /placement/allocations/5c164613-b8fd-494f-a39b-7423ba3c656c => generated 0 bytes in 273 msecs (HTTP/1.1 204) 5 headers in 199 bytes (1 switches on core 0)
Jan 28 06:21:39.262245 n-d-789963-25 devstack@placement-api.service[110896]: DEBUG placement.requestlog [req-cbe22e86-3861-4d10-b4e0-0dff3c74cae5 req-0ec366cf-7da5-4b46-ac1c-1c9b6e37a875 None None] Starting request: 10.222.0.50 "GET /placement/allocations/5c164613-b8fd-494f-a39b-7423ba3c656c" {{(pid=110896) __call__ /opt/stack/placement/placement/requestlog.py:55}}
Jan 28 06:21:39.277976 n-d-789963-25 devstack@placement-api.service[110896]: INFO placement.requestlog [req-cbe22e86-3861-4d10-b4e0-0dff3c74cae5 req-0ec366cf-7da5-4b46-ac1c-1c9b6e37a875 service placement] 10.222.0.50 "GET /placement/allocations/5c164613-b8fd-494f-a39b-7423ba3c656c" status: 200 len: 259 microversion: 1.28
Jan 28 06:21:39.278483 n-d-789963-25 devstack@placement-api.service[110896]: [pid: 110896|app: 0|req: 494/991] 10.222.0.50 () {60 vars in 1377 bytes} [Fri Jan 28 06:21:39 2022] GET /placement/allocations/5c164613-b8fd-494f-a39b-7423ba3c656c => generated 259 bytes in 17 msecs (HTTP/1.1 200) 8 headers in 296 bytes (1 switches on core 0)
Jan 28 06:22:07.383980 n-d-789963-25 devstack@placement-api.service[110897]: DEBUG placement.requestlog [req-babe0710-f81a-40b4-912d-b1e186e859e3 req-f36c657d-c8a4-4b51-a2cf-7131abc3c694 None None] Starting request: 10.222.0.26 "GET /placement/resource_providers/9eaf2381-9c38-488d-bb7a-6dcc5559b7f7/allocations" {{(pid=110897) __call__ /opt/stack/placement/placement/requestlog.py:55}}
Jan 28 06:22:07.649080 n-d-789963-25 devstack@placement-api.service[110897]: INFO placement.requestlog [req-babe0710-f81a-40b4-912d-b1e186e859e3 req-f36c657d-c8a4-4b51-a2cf-7131abc3c694 service placement] 10.222.0.26 "GET /placement/resource_providers/9eaf2381-9c38-488d-bb7a-6dcc5559b7f7/allocations" status: 200 len: 357 microversion: 1.0
Jan 28 06:22:07.649709 n-d-789963-25 devstack@placement-api.service[110897]: [pid: 110897|app: 0|req: 498/992] 10.222.0.26 () {58 vars in 1390 bytes} [Fri Jan 28 06:22:07 2022] GET /placement/resource_providers/9eaf2381-9c38-488d-bb7a-6dcc5559b7f7/allocations => generated 357 bytes in 266 msecs (HTTP/1.1 200) 6 headers in 224 bytes (1 switches on core 0)
Jan 28 06:22:07.876014 n-d-789963-25 devstack@placement-api.service[110896]: DEBUG placement.requestlog [req-babe0710-f81a-40b4-912d-b1e186e859e3 req-571e3297-1db5-4327-b8be-1eb605822f2a None None] Starting request: 10.222.0.26 "GET /placement/resource_providers?in_tree=9eaf2381-9c38-488d-bb7a-6dcc5559b7f7" {{(pid=110896) __call__ /opt/stack/placement/placement/requestlog.py:55}}
Jan 28 06:22:07.902546 n-d-789963-25 devstack@placement-api.service[110896]: INFO placement.requestlog [req-babe0710-f81a-40b4-912d-b1e186e859e3 req-571e3297-1db5-4327-b8be-1eb605822f2a service placement] 10.222.0.26 "GET /placement/resource_providers?in_tree=9eaf2381-9c38-488d-bb7a-6dcc5559b7f7" status: 200 len: 865 microversion: 1.14
Jan 28 06:22:07.906109 n-d-789963-25 devstack@placement-api.service[110896]: [pid: 110896|app: 0|req: 495/993] 10.222.0.26 () {60 vars in 1376 bytes} [Fri Jan 28 06:22:07 2022] GET /placement/resource_providers?in_tree=9eaf2381-9c38-488d-bb7a-6dcc5559b7f7 => generated 865 bytes in 30 msecs (HTTP/1.1 200) 6 headers in 225 bytes (1 switches on core 0)
Jan 28 06:22:07.919705 n-d-789963-25 devstack@placement-api.service[110897]: DEBUG placement.requestlog [req-babe0710-f81a-40b4-912d-b1e186e859e3 req-2bc3a6d6-9e38-4ba5-b45b-3864e7dd9abe None None] Starting request: 10.222.0.26 "GET /placement/resource_providers/9eaf2381-9c38-488d-bb7a-6dcc5559b7f7/inventories" {{(pid=110897) __call__ /opt/stack/placement/placement/requestlog.py:55}}
Jan 28 06:22:07.951498 n-d-789963-25 devstack@placement-api.service[110897]: INFO placement.requestlog [req-babe0710-f81a-40b4-912d-b1e186e859e3 req-2bc3a6d6-9e38-4ba5-b45b-3864e7dd9abe service placement] 10.222.0.26 "GET /placement/resource_providers/9eaf2381-9c38-488d-bb7a-6dcc5559b7f7/inventories" status: 200 len: 399 microversion: 1.0
Jan 28 06:22:07.955935 n-d-789963-25 devstack@placement-api.service[110897]: [pid: 110897|app: 0|req: 499/994] 10.222.0.26 () {58 vars in 1390 bytes} [Fri Jan 28 06:22:07 2022] GET /placement/resource_providers/9eaf2381-9c38-488d-bb7a-6dcc5559b7f7/inventories => generated 399 bytes in 36 msecs (HTTP/1.1 200) 6 headers in 224 bytes (1 switches on core 0)
Jan 28 06:22:07.973313 n-d-789963-25 devstack@placement-api.service[110896]: DEBUG placement.requestlog [req-babe0710-f81a-40b4-912d-b1e186e859e3 req-551fba7c-776f-4684-93e9-7f596c26b616 None None] Starting request: 10.222.0.26 "GET /placement/resource_providers/9eaf2381-9c38-488d-bb7a-6dcc5559b7f7/aggregates" {{(pid=110896) __call__ /opt/stack/placement/placement/requestlog.py:55}}
Jan 28 06:22:07.997754 n-d-789963-25 devstack@placement-api.service[110896]: INFO placement.requestlog [req-babe0710-f81a-40b4-912d-b1e186e859e3 req-551fba7c-776f-4684-93e9-7f596c26b616 service placement] 10.222.0.26 "GET /placement/resource_providers/9eaf2381-9c38-488d-bb7a-6dcc5559b7f7/aggregates" status: 200 len: 55 microversion: 1.19
Jan 28 06:22:07.998381 n-d-789963-25 devstack@placement-api.service[110896]: [pid: 110896|app: 0|req: 496/995] 10.222.0.26 () {60 vars in 1431 bytes} [Fri Jan 28 06:22:07 2022] GET /placement/resource_providers/9eaf2381-9c38-488d-bb7a-6dcc5559b7f7/aggregates => generated 55 bytes in 26 msecs (HTTP/1.1 200) 8 headers in 295 bytes (1 switches on core 0)
Jan 28 06:22:08.016754 n-d-789963-25 devstack@placement-api.service[110897]: DEBUG placement.requestlog [req-babe0710-f81a-40b4-912d-b1e186e859e3 req-c72fd578-b1c9-4985-a3f1-62c6ed48e283 None None] Starting request: 10.222.0.26 "GET /placement/resource_providers/9eaf2381-9c38-488d-bb7a-6dcc5559b7f7/traits" {{(pid=110897) __call__ /opt/stack/placement/placement/requestlog.py:55}}
Jan 28 06:22:08.088990 n-d-789963-25 devstack@placement-api.service[110897]: INFO placement.requestlog [req-babe0710-f81a-40b4-912d-b1e186e859e3 req-c72fd578-b1c9-4985-a3f1-62c6ed48e283 service placement] 10.222.0.26 "GET /placement/resource_providers/9eaf2381-9c38-488d-bb7a-6dcc5559b7f7/traits" status: 200 len: 213 microversion: 1.6
Jan 28 06:22:08.089919 n-d-789963-25 devstack@placement-api.service[110897]: [pid: 110897|app: 0|req: 500/996] 10.222.0.26 () {60 vars in 1418 bytes} [Fri Jan 28 06:22:08 2022] GET /placement/resource_providers/9eaf2381-9c38-488d-bb7a-6dcc5559b7f7/traits => generated 213 bytes in 73 msecs (HTTP/1.1 200) 6 headers in 224 bytes (1 switches on core 0)
Jan 28 06:22:08.442723 n-d-789963-25 devstack@placement-api.service[110896]: DEBUG placement.requestlog [req-96b9a64b-dc5f-4f7a-b523-f14e85d841f4 req-49eaac3f-fa63-4b66-8d2e-479358a87a4f None None] Starting request: 10.222.0.50 "GET /placement/resource_providers/5d88c86c-a28f-42cf-8337-a49f16eb7b3f/allocations" {{(pid=110896) __call__ /opt/stack/placement/placement/requestlog.py:55}}
Jan 28 06:22:08.497805 n-d-789963-25 devstack@placement-api.service[110896]: INFO placement.requestlog [req-96b9a64b-dc5f-4f7a-b523-f14e85d841f4 req-49eaac3f-fa63-4b66-8d2e-479358a87a4f service placement] 10.222.0.50 "GET /placement/resource_providers/5d88c86c-a28f-42cf-8337-a49f16eb7b3f/allocations" status: 200 len: 356 microversion: 1.0
Jan 28 06:22:08.497805 n-d-789963-25 devstack@placement-api.service[110896]: [pid: 110896|app: 0|req: 497/997] 10.222.0.50 () {58 vars in 1390 bytes} [Fri Jan 28 06:22:08 2022] GET /placement/resource_providers/5d88c86c-a28f-42cf-8337-a49f16eb7b3f/allocations => generated 356 bytes in 49 msecs (HTTP/1.1 200) 6 headers in 224 bytes (2 switches on core 0)
Jan 28 06:22:10.643662 n-d-789963-25 devstack@placement-api.service[110897]: DEBUG placement.requestlog [req-4f952ddd-68b2-40bd-b236-c9e1382e4fc9 req-08b7f4cc-2cb1-4ecb-be38-4f12a4739328 None None] Starting request: 10.222.0.50 "DELETE /placement/allocations/9325f68a-8d9e-4a71-b7a3-7a13ed02201e" {{(pid=110897) __call__ /opt/stack/placement/placement/requestlog.py:55}}
Jan 28 06:22:10.861291 n-d-789963-25 devstack@placement-api.service[110897]: DEBUG placement.handlers.allocation [req-4f952ddd-68b2-40bd-b236-c9e1382e4fc9 req-08b7f4cc-2cb1-4ecb-be38-4f12a4739328 service placement] Successfully deleted allocations [, , ] {{(pid=110897) delete_allocations /opt/stack/placement/placement/handlers/allocation.py:627}}
Jan 28 06:22:10.862086 n-d-789963-25 devstack@placement-api.service[110897]: INFO placement.requestlog [req-4f952ddd-68b2-40bd-b236-c9e1382e4fc9 req-08b7f4cc-2cb1-4ecb-be38-4f12a4739328 service placement] 10.222.0.50 "DELETE /placement/allocations/9325f68a-8d9e-4a71-b7a3-7a13ed02201e" status: 204 len: 0 microversion: 1.0
Jan 28 06:22:10.862637 n-d-789963-25 devstack@placement-api.service[110897]: [pid: 110897|app: 0|req: 501/998] 10.222.0.50 () {60 vars in 1355 bytes} [Fri Jan 28 06:22:10 2022] DELETE /placement/allocations/9325f68a-8d9e-4a71-b7a3-7a13ed02201e => generated 0 bytes in 221 msecs (HTTP/1.1 204) 5 headers in 198 bytes (1 switches on core 0)
Jan 28 06:22:31.031929 n-d-789963-25 devstack@placement-api.service[110896]: DEBUG placement.requestlog [req-53adfe71-7e62-42fb-9d19-eea439eac554 req-a33e4039-c20e-4fc6-9877-d2e608f10bf4 None None] Starting request: 10.222.0.50 "DELETE /placement/allocations/5c164613-b8fd-494f-a39b-7423ba3c656c" {{(pid=110896) __call__ /opt/stack/placement/placement/requestlog.py:55}}
Jan 28 06:22:31.238382 n-d-789963-25 devstack@placement-api.service[110896]: DEBUG placement.handlers.allocation [req-53adfe71-7e62-42fb-9d19-eea439eac554 req-a33e4039-c20e-4fc6-9877-d2e608f10bf4 service placement] Successfully deleted allocations [, , ] {{(pid=110896) delete_allocations /opt/stack/placement/placement/handlers/allocation.py:627}}
Jan 28 06:22:31.238875 n-d-789963-25 devstack@placement-api.service[110896]: INFO placement.requestlog [req-53adfe71-7e62-42fb-9d19-eea439eac554 req-a33e4039-c20e-4fc6-9877-d2e608f10bf4 service placement] 10.222.0.50 "DELETE /placement/allocations/5c164613-b8fd-494f-a39b-7423ba3c656c" status: 204 len: 0 microversion: 1.0
Jan 28 06:22:31.242740 n-d-789963-25 devstack@placement-api.service[110896]: [pid: 110896|app: 0|req: 498/999] 10.222.0.50 () {60 vars in 1355 bytes} [Fri Jan 28 06:22:31 2022] DELETE /placement/allocations/5c164613-b8fd-494f-a39b-7423ba3c656c => generated 0 bytes in 208 msecs (HTTP/1.1 204) 5 headers in 198 bytes (1 switches on core 0)
Jan 28 06:22:38.815203 n-d-789963-25 devstack@placement-api.service[110897]: DEBUG placement.requestlog [req-0cc7654b-8b4c-483f-ae46-4a7a5aa9d261 req-9726ee90-aafe-4aeb-b33b-02aba9e3efa3 None None] Starting request: 10.222.0.70 "GET /placement/resource_providers?name=n-h1-789963-25" {{(pid=110897) __call__ /opt/stack/placement/placement/requestlog.py:55}}
Jan 28 06:22:39.019390 n-d-789963-25 devstack@placement-api.service[110897]: INFO placement.requestlog [req-0cc7654b-8b4c-483f-ae46-4a7a5aa9d261 req-9726ee90-aafe-4aeb-b33b-02aba9e3efa3 service placement] 10.222.0.70 "GET /placement/resource_providers?name=n-h1-789963-25" status: 200 len: 443 microversion: 1.0
Jan 28 06:22:39.019892 n-d-789963-25 devstack@placement-api.service[110897]: [pid: 110897|app: 0|req: 502/1000] 10.222.0.70 () {58 vars in 1276 bytes} [Fri Jan 28 06:22:38 2022] GET /placement/resource_providers?name=n-h1-789963-25 => generated 443 bytes in 205 msecs (HTTP/1.1 200) 6 headers in 224 bytes (1 switches on core 0)
Jan 28 06:22:39.027906 n-d-789963-25 devstack@placement-api.service[110896]: DEBUG placement.requestlog [req-0cc7654b-8b4c-483f-ae46-4a7a5aa9d261 req-1c82d772-c890-435c-be9d-cef31dda10f9 None None] Starting request: 10.222.0.70 "GET /placement/resource_providers/9eaf2381-9c38-488d-bb7a-6dcc5559b7f7/aggregates" {{(pid=110896) __call__ /opt/stack/placement/placement/requestlog.py:55}}
Jan 28 06:22:39.046627 n-d-789963-25 devstack@placement-api.service[110896]: INFO placement.requestlog [req-0cc7654b-8b4c-483f-ae46-4a7a5aa9d261 req-1c82d772-c890-435c-be9d-cef31dda10f9 service placement] 10.222.0.70 "GET /placement/resource_providers/9eaf2381-9c38-488d-bb7a-6dcc5559b7f7/aggregates" status: 200 len: 55 microversion: 1.19
Jan 28 06:22:39.047519 n-d-789963-25 devstack@placement-api.service[110896]: [pid: 110896|app: 0|req: 499/1001] 10.222.0.70 () {60 vars in 1425 bytes} [Fri Jan 28 06:22:39 2022] GET /placement/resource_providers/9eaf2381-9c38-488d-bb7a-6dcc5559b7f7/aggregates => generated 55 bytes in 20 msecs (HTTP/1.1 200) 8 headers in 295 bytes (1 switches on core 0)
Jan 28 06:22:39.053844 n-d-789963-25 devstack@placement-api.service[110897]: DEBUG placement.requestlog [req-0cc7654b-8b4c-483f-ae46-4a7a5aa9d261 req-565753db-b304-4512-b220-4c08980722a0 None None] Starting request: 10.222.0.70 "PUT /placement/resource_providers/9eaf2381-9c38-488d-bb7a-6dcc5559b7f7/aggregates" {{(pid=110897) __call__ /opt/stack/placement/placement/requestlog.py:55}}
Jan 28 06:22:39.087204 n-d-789963-25 devstack@placement-api.service[110897]: DEBUG placement.objects.resource_provider [req-0cc7654b-8b4c-483f-ae46-4a7a5aa9d261 req-565753db-b304-4512-b220-4c08980722a0 service placement] _ensure_aggregate() did not find aggregate c8ddacb3-6a58-4e75-a965-61725c558805. Attempting to create it. {{(pid=110897) _ensure_aggregate /opt/stack/placement/placement/objects/resource_provider.py:320}}
Jan 28 06:22:39.093981 n-d-789963-25 devstack@placement-api.service[110897]: DEBUG placement.objects.resource_provider [req-0cc7654b-8b4c-483f-ae46-4a7a5aa9d261 req-565753db-b304-4512-b220-4c08980722a0 service placement] _ensure_aggregate() created new aggregate c8ddacb3-6a58-4e75-a965-61725c558805 (id=8). {{(pid=110897) _ensure_aggregate /opt/stack/placement/placement/objects/resource_provider.py:326}}
Jan 28 06:22:39.101730 n-d-789963-25 devstack@placement-api.service[110897]: DEBUG placement.objects.resource_provider [req-0cc7654b-8b4c-483f-ae46-4a7a5aa9d261 req-565753db-b304-4512-b220-4c08980722a0 service placement] Setting aggregates for provider 9eaf2381-9c38-488d-bb7a-6dcc5559b7f7. Successfully associated aggregate c8ddacb3-6a58-4e75-a965-61725c558805. {{(pid=110897) _set_aggregates /opt/stack/placement/placement/objects/resource_provider.py:388}}
Jan 28 06:22:39.238590 n-d-789963-25 devstack@placement-api.service[110897]: INFO placement.requestlog [req-0cc7654b-8b4c-483f-ae46-4a7a5aa9d261 req-565753db-b304-4512-b220-4c08980722a0 service placement] 10.222.0.70 "PUT /placement/resource_providers/9eaf2381-9c38-488d-bb7a-6dcc5559b7f7/aggregates" status: 200 len: 93 microversion: 1.19
Jan 28 06:22:39.238924 n-d-789963-25 devstack@placement-api.service[110897]: [pid: 110897|app: 0|req: 503/1002] 10.222.0.70 () {64 vars in 1477 bytes} [Fri Jan 28 06:22:39 2022] PUT /placement/resource_providers/9eaf2381-9c38-488d-bb7a-6dcc5559b7f7/aggregates => generated 93 bytes in 185 msecs (HTTP/1.1 200) 8 headers in 295 bytes (1 switches on core 0)
Jan 28 06:22:40.028114 n-d-789963-25 devstack@placement-api.service[110896]: DEBUG placement.requestlog [req-e713ea59-263c-404d-a95f-b0532c474546 req-dd56cd3e-3a10-4eac-990e-c4277ca596aa None None] Starting request: 10.222.0.70 "GET /placement/resource_providers?name=n-h1-789963-25" {{(pid=110896) __call__ /opt/stack/placement/placement/requestlog.py:55}}
Jan 28 06:22:40.056078 n-d-789963-25 devstack@placement-api.service[110896]: INFO placement.requestlog [req-e713ea59-263c-404d-a95f-b0532c474546 req-dd56cd3e-3a10-4eac-990e-c4277ca596aa service placement] 10.222.0.70 "GET /placement/resource_providers?name=n-h1-789963-25" status: 200 len: 443 microversion: 1.0
Jan 28 06:22:40.056991 n-d-789963-25 devstack@placement-api.service[110896]: [pid: 110896|app: 0|req: 500/1003] 10.222.0.70 () {58 vars in 1276 bytes} [Fri Jan 28 06:22:40 2022] GET /placement/resource_providers?name=n-h1-789963-25 => generated 443 bytes in 29 msecs (HTTP/1.1 200) 6 headers in 224 bytes (1 switches on core 0)
Jan 28 06:22:40.068876 n-d-789963-25 devstack@placement-api.service[110897]: DEBUG placement.requestlog [req-e713ea59-263c-404d-a95f-b0532c474546 req-20a34ae9-6452-4300-a80d-d73b834a361c None None] Starting request: 10.222.0.70 "GET /placement/resource_providers/9eaf2381-9c38-488d-bb7a-6dcc5559b7f7/aggregates" {{(pid=110897) __call__ /opt/stack/placement/placement/requestlog.py:55}}
Jan 28 06:22:40.091451 n-d-789963-25 devstack@placement-api.service[110897]: INFO placement.requestlog [req-e713ea59-263c-404d-a95f-b0532c474546 req-20a34ae9-6452-4300-a80d-d73b834a361c service placement] 10.222.0.70 "GET /placement/resource_providers/9eaf2381-9c38-488d-bb7a-6dcc5559b7f7/aggregates" status: 200 len: 93 microversion: 1.19
Jan 28 06:22:40.095895 n-d-789963-25 devstack@placement-api.service[110897]: [pid: 110897|app: 0|req: 504/1004] 10.222.0.70 () {60 vars in 1425 bytes} [Fri Jan 28 06:22:40 2022] GET /placement/resource_providers/9eaf2381-9c38-488d-bb7a-6dcc5559b7f7/aggregates => generated 93 bytes in 27 msecs (HTTP/1.1 200) 8 headers in 295 bytes (1 switches on core 0)
Jan 28 06:22:40.112592 n-d-789963-25 devstack@placement-api.service[110896]: DEBUG placement.requestlog [req-e713ea59-263c-404d-a95f-b0532c474546 req-57a8eb16-d2dd-45e5-8dab-203b1614e732 None None] Starting request: 10.222.0.70 "PUT /placement/resource_providers/9eaf2381-9c38-488d-bb7a-6dcc5559b7f7/aggregates" {{(pid=110896) __call__ /opt/stack/placement/placement/requestlog.py:55}}
Jan 28 06:22:40.136213 n-d-789963-25 devstack@placement-api.service[110896]: DEBUG placement.objects.resource_provider [req-e713ea59-263c-404d-a95f-b0532c474546 req-57a8eb16-d2dd-45e5-8dab-203b1614e732 service placement] Setting aggregates for provider 9eaf2381-9c38-488d-bb7a-6dcc5559b7f7. Successfully disassociated aggregate c8ddacb3-6a58-4e75-a965-61725c558805. {{(pid=110896) _set_aggregates /opt/stack/placement/placement/objects/resource_provider.py:403}}
Jan 28 06:22:40.250896 n-d-789963-25 devstack@placement-api.service[110896]: INFO placement.requestlog [req-e713ea59-263c-404d-a95f-b0532c474546 req-57a8eb16-d2dd-45e5-8dab-203b1614e732 service placement] 10.222.0.70 "PUT /placement/resource_providers/9eaf2381-9c38-488d-bb7a-6dcc5559b7f7/aggregates" status: 200 len: 55 microversion: 1.19
Jan 28 06:22:40.251301 n-d-789963-25 devstack@placement-api.service[110896]: [pid: 110896|app: 0|req: 501/1005] 10.222.0.70 () {64 vars in 1477 bytes} [Fri Jan 28 06:22:40 2022] PUT /placement/resource_providers/9eaf2381-9c38-488d-bb7a-6dcc5559b7f7/aggregates => generated 55 bytes in 139 msecs (HTTP/1.1 200) 8 headers in 295 bytes (1 switches on core 0)
Jan 28 06:23:04.136703 n-d-789963-25 devstack@placement-api.service[110897]: DEBUG placement.requestlog [req-0c5a641c-0239-4b30-830d-560ffb9dea24 req-844ac581-0e2d-4bd0-9b29-8bb34fc141d8 None None] Starting request: 10.222.0.70 "DELETE /placement/allocations/5c164613-b8fd-494f-a39b-7423ba3c656c" {{(pid=110897) __call__ /opt/stack/placement/placement/requestlog.py:55}}
Jan 28 06:23:04.327937 n-d-789963-25 devstack@placement-api.service[110897]: DEBUG placement.wsgi_wrapper [req-0c5a641c-0239-4b30-830d-560ffb9dea24 req-844ac581-0e2d-4bd0-9b29-8bb34fc141d8 service placement] Placement API returning an error response: No allocations for consumer '5c164613-b8fd-494f-a39b-7423ba3c656c' {{(pid=110897) call_func /opt/stack/placement/placement/wsgi_wrapper.py:31}}
Jan 28 06:23:04.329324 n-d-789963-25 devstack@placement-api.service[110897]: INFO placement.requestlog [req-0c5a641c-0239-4b30-830d-560ffb9dea24 req-844ac581-0e2d-4bd0-9b29-8bb34fc141d8 service placement] 10.222.0.70 "DELETE /placement/allocations/5c164613-b8fd-494f-a39b-7423ba3c656c" status: 404 len: 228 microversion: 1.0
Jan 28 06:23:04.330217 n-d-789963-25 devstack@placement-api.service[110897]: [pid: 110897|app: 0|req: 505/1006] 10.222.0.70 () {60 vars in 1349 bytes} [Fri Jan 28 06:23:04 2022] DELETE /placement/allocations/5c164613-b8fd-494f-a39b-7423ba3c656c => generated 228 bytes in 194 msecs (HTTP/1.1 404) 6 headers in 231 bytes (1 switches on core 0)
Jan 28 06:23:08.466075 n-d-789963-25 devstack@placement-api.service[110896]: DEBUG placement.requestlog [req-0173b76c-b109-4a4a-959e-524b4fd464dc req-103db21c-5f54-46d0-b0f5-905e471e9898 None None] Starting request: 10.222.0.50 "GET /placement/resource_providers/5d88c86c-a28f-42cf-8337-a49f16eb7b3f/allocations" {{(pid=110896) __call__ /opt/stack/placement/placement/requestlog.py:55}}
Jan 28 06:23:08.730935 n-d-789963-25 devstack@placement-api.service[110896]: INFO placement.requestlog [req-0173b76c-b109-4a4a-959e-524b4fd464dc req-103db21c-5f54-46d0-b0f5-905e471e9898 service placement] 10.222.0.50 "GET /placement/resource_providers/5d88c86c-a28f-42cf-8337-a49f16eb7b3f/allocations" status: 200 len: 154 microversion: 1.0
Jan 28 06:23:08.731592 n-d-789963-25 devstack@placement-api.service[110896]: [pid: 110896|app: 0|req: 502/1007] 10.222.0.50 () {58 vars in 1390 bytes} [Fri Jan 28 06:23:08 2022] GET /placement/resource_providers/5d88c86c-a28f-42cf-8337-a49f16eb7b3f/allocations => generated 154 bytes in 266 msecs (HTTP/1.1 200) 6 headers in 224 bytes (1 switches on core 0)
Jan 28 06:23:08.869882 n-d-789963-25 devstack@placement-api.service[110897]: DEBUG placement.requestlog [req-0173b76c-b109-4a4a-959e-524b4fd464dc req-69c3774b-d462-4a0e-a26c-759bff3c3f7d None None] Starting request: 10.222.0.50 "GET /placement/resource_providers?in_tree=5d88c86c-a28f-42cf-8337-a49f16eb7b3f" {{(pid=110897) __call__ /opt/stack/placement/placement/requestlog.py:55}}
Jan 28 06:23:08.914037 n-d-789963-25 devstack@placement-api.service[110897]: INFO placement.requestlog [req-0173b76c-b109-4a4a-959e-524b4fd464dc req-69c3774b-d462-4a0e-a26c-759bff3c3f7d service placement] 10.222.0.50 "GET /placement/resource_providers?in_tree=5d88c86c-a28f-42cf-8337-a49f16eb7b3f" status: 200 len: 864 microversion: 1.14
Jan 28 06:23:08.917612 n-d-789963-25 devstack@placement-api.service[110897]: [pid: 110897|app: 0|req: 506/1008] 10.222.0.50 () {60 vars in 1376 bytes} [Fri Jan 28 06:23:08 2022] GET /placement/resource_providers?in_tree=5d88c86c-a28f-42cf-8337-a49f16eb7b3f => generated 864 bytes in 48 msecs (HTTP/1.1 200) 6 headers in 225 bytes (1 switches on core 0)
Jan 28 06:23:08.933403 n-d-789963-25 devstack@placement-api.service[110896]: DEBUG placement.requestlog [req-0173b76c-b109-4a4a-959e-524b4fd464dc req-7f1e4626-2c6d-47f2-916b-fbce965b9719 None None] Starting request: 10.222.0.50 "GET /placement/resource_providers/5d88c86c-a28f-42cf-8337-a49f16eb7b3f/inventories" {{(pid=110896) __call__ /opt/stack/placement/placement/requestlog.py:55}}
Jan 28 06:23:08.983577 n-d-789963-25 devstack@placement-api.service[110896]: INFO placement.requestlog [req-0173b76c-b109-4a4a-959e-524b4fd464dc req-7f1e4626-2c6d-47f2-916b-fbce965b9719 service placement] 10.222.0.50 "GET /placement/resource_providers/5d88c86c-a28f-42cf-8337-a49f16eb7b3f/inventories" status: 200 len: 398 microversion: 1.0
Jan 28 06:23:08.986964 n-d-789963-25 devstack@placement-api.service[110896]: [pid: 110896|app: 0|req: 503/1009] 10.222.0.50 () {58 vars in 1390 bytes} [Fri Jan 28 06:23:08 2022] GET /placement/resource_providers/5d88c86c-a28f-42cf-8337-a49f16eb7b3f/inventories => generated 398 bytes in 54 msecs (HTTP/1.1 200) 6 headers in 224 bytes (1 switches on core 0)
Jan 28 06:23:09.007992 n-d-789963-25 devstack@placement-api.service[110897]: DEBUG placement.requestlog [req-0173b76c-b109-4a4a-959e-524b4fd464dc req-43aa0318-786c-4f61-a452-32818a64b7e0 None None] Starting request: 10.222.0.50 "GET /placement/resource_providers/5d88c86c-a28f-42cf-8337-a49f16eb7b3f/aggregates" {{(pid=110897) __call__ /opt/stack/placement/placement/requestlog.py:55}}
Jan 28 06:23:09.037392 n-d-789963-25 devstack@placement-api.service[110896]: DEBUG placement.requestlog [req-272eb06f-54a6-46ef-a25f-bc841984eaa4 req-7175486b-f8ff-42cf-b3da-990845a95173 None None] Starting request: 10.222.0.26 "GET /placement/resource_providers/9eaf2381-9c38-488d-bb7a-6dcc5559b7f7/allocations" {{(pid=110896) __call__ /opt/stack/placement/placement/requestlog.py:55}}
Jan 28 06:23:09.053550 n-d-789963-25 devstack@placement-api.service[110897]: INFO placement.requestlog [req-0173b76c-b109-4a4a-959e-524b4fd464dc req-43aa0318-786c-4f61-a452-32818a64b7e0 service placement] 10.222.0.50 "GET /placement/resource_providers/5d88c86c-a28f-42cf-8337-a49f16eb7b3f/aggregates" status: 200 len: 54 microversion: 1.19
Jan 28 06:23:09.055554 n-d-789963-25 devstack@placement-api.service[110897]: [pid: 110897|app: 0|req: 507/1010] 10.222.0.50 () {60 vars in 1431 bytes} [Fri Jan 28 06:23:09 2022] GET /placement/resource_providers/5d88c86c-a28f-42cf-8337-a49f16eb7b3f/aggregates => generated 54 bytes in 48 msecs (HTTP/1.1 200) 8 headers in 295 bytes (1 switches on core 0)
Jan 28 06:23:09.070479 n-d-789963-25 devstack@placement-api.service[110897]: DEBUG placement.requestlog [req-0173b76c-b109-4a4a-959e-524b4fd464dc req-9f690e2d-6fca-4d71-886d-4ea4214dd3d4 None None] Starting request: 10.222.0.50 "GET /placement/resource_providers/5d88c86c-a28f-42cf-8337-a49f16eb7b3f/traits" {{(pid=110897) __call__ /opt/stack/placement/placement/requestlog.py:55}}
Jan 28 06:23:09.103257 n-d-789963-25 devstack@placement-api.service[110896]: INFO placement.requestlog [req-272eb06f-54a6-46ef-a25f-bc841984eaa4 req-7175486b-f8ff-42cf-b3da-990845a95173 service placement] 10.222.0.26 "GET /placement/resource_providers/9eaf2381-9c38-488d-bb7a-6dcc5559b7f7/allocations" status: 200 len: 357 microversion: 1.0
Jan 28 06:23:09.139873 n-d-789963-25 devstack@placement-api.service[110896]: [pid: 110896|app: 0|req: 504/1011] 10.222.0.26 () {58 vars in 1390 bytes} [Fri Jan 28 06:23:09 2022] GET /placement/resource_providers/9eaf2381-9c38-488d-bb7a-6dcc5559b7f7/allocations => generated 357 bytes in 67 msecs (HTTP/1.1 200) 6 headers in 224 bytes (1 switches on core 0)
Jan 28 06:23:09.169039 n-d-789963-25 devstack@placement-api.service[110897]: INFO placement.requestlog [req-0173b76c-b109-4a4a-959e-524b4fd464dc req-9f690e2d-6fca-4d71-886d-4ea4214dd3d4 service placement] 10.222.0.50 "GET /placement/resource_providers/5d88c86c-a28f-42cf-8337-a49f16eb7b3f/traits" status: 200 len: 212 microversion: 1.6
Jan 28 06:23:09.169502 n-d-789963-25 devstack@placement-api.service[110897]: [pid: 110897|app: 0|req: 508/1012] 10.222.0.50 () {60 vars in 1418 bytes} [Fri Jan 28 06:23:09 2022] GET /placement/resource_providers/5d88c86c-a28f-42cf-8337-a49f16eb7b3f/traits => generated 212 bytes in 100 msecs (HTTP/1.1 200) 6 headers in 224 bytes (1 switches on core 0)
Jan 28 06:23:10.281562 n-d-789963-25 devstack@placement-api.service[110896]: DEBUG placement.requestlog [req-78a23e1f-763c-45fa-895c-f4f88d41bedd req-6eed97c9-a9e9-423d-aca3-35d6e031da4e None None] Starting request: 10.222.0.26 "DELETE /placement/allocations/c5f0ccbc-281b-4361-a299-a53360228197" {{(pid=110896) __call__ /opt/stack/placement/placement/requestlog.py:55}}
Jan 28 06:23:10.578976 n-d-789963-25 devstack@placement-api.service[110896]: DEBUG placement.handlers.allocation [req-78a23e1f-763c-45fa-895c-f4f88d41bedd req-6eed97c9-a9e9-423d-aca3-35d6e031da4e service placement] Successfully deleted allocations [, , ] {{(pid=110896) delete_allocations /opt/stack/placement/placement/handlers/allocation.py:627}}
Jan 28 06:23:10.581322 n-d-789963-25 devstack@placement-api.service[110896]: INFO placement.requestlog [req-78a23e1f-763c-45fa-895c-f4f88d41bedd req-6eed97c9-a9e9-423d-aca3-35d6e031da4e service placement] 10.222.0.26 "DELETE /placement/allocations/c5f0ccbc-281b-4361-a299-a53360228197" status: 204 len: 0 microversion: 1.0
Jan 28 06:23:10.582403 n-d-789963-25 devstack@placement-api.service[110896]: [pid: 110896|app: 0|req: 505/1013] 10.222.0.26 () {60 vars in 1355 bytes} [Fri Jan 28 06:23:10 2022] DELETE /placement/allocations/c5f0ccbc-281b-4361-a299-a53360228197 => generated 0 bytes in 301 msecs (HTTP/1.1 204) 5 headers in 198 bytes (1 switches on core 0)
Jan 28 06:23:15.671460 n-d-789963-25 devstack@placement-api.service[110897]: DEBUG placement.requestlog [req-9be0d4a5-2053-41ab-9ed4-4218a4a20f69 req-15e65e22-099a-4363-a24a-71e8523c8ce2 None None] Starting request: 10.222.0.26 "DELETE /placement/allocations/67bfb7d3-0185-415c-94ff-f75cffec6090" {{(pid=110897) __call__ /opt/stack/placement/placement/requestlog.py:55}}
Jan 28 06:23:15.898674 n-d-789963-25 devstack@placement-api.service[110897]: DEBUG placement.handlers.allocation [req-9be0d4a5-2053-41ab-9ed4-4218a4a20f69 req-15e65e22-099a-4363-a24a-71e8523c8ce2 service placement] Successfully deleted allocations [, , ] {{(pid=110897) delete_allocations /opt/stack/placement/placement/handlers/allocation.py:627}}
Jan 28 06:23:15.902388 n-d-789963-25 devstack@placement-api.service[110897]: INFO placement.requestlog [req-9be0d4a5-2053-41ab-9ed4-4218a4a20f69 req-15e65e22-099a-4363-a24a-71e8523c8ce2 service placement] 10.222.0.26 "DELETE /placement/allocations/67bfb7d3-0185-415c-94ff-f75cffec6090" status: 204 len: 0 microversion: 1.0
Jan 28 06:23:15.902388 n-d-789963-25 devstack@placement-api.service[110897]: [pid: 110897|app: 0|req: 509/1014] 10.222.0.26 () {60 vars in 1355 bytes} [Fri Jan 28 06:23:15 2022] DELETE /placement/allocations/67bfb7d3-0185-415c-94ff-f75cffec6090 => generated 0 bytes in 231 msecs (HTTP/1.1 204) 5 headers in 198 bytes (1 switches on core 0)
Jan 28 06:23:16.947803 n-d-789963-25 devstack@placement-api.service[110896]: DEBUG placement.requestlog [req-e9bc574c-0384-4a6c-8347-6288cef8d357 req-ce4105ca-ee43-4a98-8829-0a8e3ecbd432 None None] Starting request: 10.222.0.70 "GET /placement/allocation_candidates?limit=1000&resources=DISK_GB%3A1%2CMEMORY_MB%3A1024%2CVCPU%3A1&root_required=%21COMPUTE_STATUS_DISABLED" {{(pid=110896) __call__ /opt/stack/placement/placement/requestlog.py:55}}
Jan 28 06:23:17.125052 n-d-789963-25 devstack@placement-api.service[110896]: DEBUG placement.objects.research_context [req-e9bc574c-0384-4a6c-8347-6288cef8d357 req-ce4105ca-ee43-4a98-8829-0a8e3ecbd432 service placement] getting providers with 1 DISK_GB {{(pid=110896) __init__ /opt/stack/placement/placement/objects/research_context.py:126}}
Jan 28 06:23:17.156054 n-d-789963-25 devstack@placement-api.service[110896]: DEBUG placement.objects.research_context [req-e9bc574c-0384-4a6c-8347-6288cef8d357 req-ce4105ca-ee43-4a98-8829-0a8e3ecbd432 service placement] getting providers with 1024 MEMORY_MB {{(pid=110896) __init__ /opt/stack/placement/placement/objects/research_context.py:126}}
Jan 28 06:23:17.164990 n-d-789963-25 devstack@placement-api.service[110896]: DEBUG placement.objects.research_context [req-e9bc574c-0384-4a6c-8347-6288cef8d357 req-ce4105ca-ee43-4a98-8829-0a8e3ecbd432 service placement] getting providers with 1 VCPU {{(pid=110896) __init__ /opt/stack/placement/placement/objects/research_context.py:126}}
Jan 28 06:23:17.186697 n-d-789963-25 devstack@placement-api.service[110896]: DEBUG placement.objects.research_context [req-e9bc574c-0384-4a6c-8347-6288cef8d357 req-ce4105ca-ee43-4a98-8829-0a8e3ecbd432 service placement] found 2 providers with available 1 DISK_GB {{(pid=110896) get_provider_ids_matching /opt/stack/placement/placement/objects/research_context.py:549}}
Jan 28 06:23:17.186973 n-d-789963-25 devstack@placement-api.service[110896]: DEBUG placement.objects.research_context [req-e9bc574c-0384-4a6c-8347-6288cef8d357 req-ce4105ca-ee43-4a98-8829-0a8e3ecbd432 service placement] found 2 providers with available 1024 MEMORY_MB {{(pid=110896) get_provider_ids_matching /opt/stack/placement/placement/objects/research_context.py:549}}
Jan 28 06:23:17.187246 n-d-789963-25 devstack@placement-api.service[110896]: DEBUG placement.objects.research_context [req-e9bc574c-0384-4a6c-8347-6288cef8d357 req-ce4105ca-ee43-4a98-8829-0a8e3ecbd432 service placement] found 2 providers after filtering by previous result {{(pid=110896) get_provider_ids_matching /opt/stack/placement/placement/objects/research_context.py:580}}
Jan 28 06:23:17.187499 n-d-789963-25 devstack@placement-api.service[110896]: DEBUG placement.objects.research_context [req-e9bc574c-0384-4a6c-8347-6288cef8d357 req-ce4105ca-ee43-4a98-8829-0a8e3ecbd432 service placement] found 2 providers with available 1 VCPU {{(pid=110896) get_provider_ids_matching /opt/stack/placement/placement/objects/research_context.py:549}}
