Jan 28 06:05:59.466603 n-d-789963-25 devstack@placement-api.service[110897]: DEBUG placement.objects.research_context [req-0eaba020-aea7-40a6-8f1f-65760a393e39 req-e0f4dba6-27e1-49ef-a744-c0809d4ebc83 service placement] found 2 providers with available 1 DISK_GB {{(pid=110897) get_provider_ids_matching /opt/stack/placement/placement/objects/research_context.py:549}}
Jan 28 06:05:59.468298 n-d-789963-25 devstack@placement-api.service[110897]: DEBUG placement.objects.research_context [req-0eaba020-aea7-40a6-8f1f-65760a393e39 req-e0f4dba6-27e1-49ef-a744-c0809d4ebc83 service placement] found 2 providers with available 1024 MEMORY_MB {{(pid=110897) get_provider_ids_matching /opt/stack/placement/placement/objects/research_context.py:549}}
Jan 28 06:05:59.468830 n-d-789963-25 devstack@placement-api.service[110897]: DEBUG placement.objects.research_context [req-0eaba020-aea7-40a6-8f1f-65760a393e39 req-e0f4dba6-27e1-49ef-a744-c0809d4ebc83 service placement] found 2 providers after filtering by previous result {{(pid=110897) get_provider_ids_matching /opt/stack/placement/placement/objects/research_context.py:580}}
Jan 28 06:05:59.469088 n-d-789963-25 devstack@placement-api.service[110897]: DEBUG placement.objects.research_context [req-0eaba020-aea7-40a6-8f1f-65760a393e39 req-e0f4dba6-27e1-49ef-a744-c0809d4ebc83 service placement] found 2 providers with available 1 VCPU {{(pid=110897) get_provider_ids_matching /opt/stack/placement/placement/objects/research_context.py:549}}
Jan 28 06:05:59.469346 n-d-789963-25 devstack@placement-api.service[110897]: DEBUG placement.objects.research_context [req-0eaba020-aea7-40a6-8f1f-65760a393e39 req-e0f4dba6-27e1-49ef-a744-c0809d4ebc83 service placement] found 2 providers after filtering by previous result {{(pid=110897) get_provider_ids_matching /opt/stack/placement/placement/objects/research_context.py:580}}
Jan 28 06:05:59.488011 n-d-789963-25 devstack@placement-api.service[110897]: DEBUG placement.objects.allocation_candidate [req-0eaba020-aea7-40a6-8f1f-65760a393e39 req-e0f4dba6-27e1-49ef-a744-c0809d4ebc83 service placement] RequestGroup(use_same_provider=False, resources={DISK_GB:1, MEMORY_MB:1024, VCPU:1}, traits=[], aggregates=[]) (suffix '') returned 2 matches {{(pid=110897) _get_by_requests /opt/stack/placement/placement/objects/allocation_candidate.py:145}}
Jan 28 06:05:59.488422 n-d-789963-25 devstack@placement-api.service[110897]: DEBUG placement.objects.allocation_candidate [req-0eaba020-aea7-40a6-8f1f-65760a393e39 req-e0f4dba6-27e1-49ef-a744-c0809d4ebc83 service placement] Merging candidates yields 2 allocation requests and 2 provider summaries {{(pid=110897) _merge_candidates /opt/stack/placement/placement/objects/allocation_candidate.py:783}}
Jan 28 06:05:59.490220 n-d-789963-25 devstack@placement-api.service[110897]: INFO placement.requestlog [req-0eaba020-aea7-40a6-8f1f-65760a393e39 req-e0f4dba6-27e1-49ef-a744-c0809d4ebc83 service placement] 10.222.0.70 "GET /placement/allocation_candidates?limit=1000&resources=DISK_GB%3A1%2CMEMORY_MB%3A1024%2CVCPU%3A1&root_required=%21COMPUTE_STATUS_DISABLED" status: 200 len: 1309 microversion: 1.36
Jan 28 06:05:59.490598 n-d-789963-25 devstack@placement-api.service[110897]: [pid: 110897|app: 0|req: 392/778] 10.222.0.70 () {60 vars in 1506 bytes} [Fri Jan 28 06:05:59 2022] GET /placement/allocation_candidates?limit=1000&resources=DISK_GB%3A1%2CMEMORY_MB%3A1024%2CVCPU%3A1&root_required=%21COMPUTE_STATUS_DISABLED => generated 1309 bytes in 145 msecs (HTTP/1.1 200) 8 headers in 297 bytes (1 switches on core 0)
Jan 28 06:05:59.539680 n-d-789963-25 devstack@placement-api.service[110896]: DEBUG placement.requestlog [req-0eaba020-aea7-40a6-8f1f-65760a393e39 req-6d2a5b95-c4e3-4335-9558-788919ff09fe None None] Starting request: 10.222.0.70 "GET /placement/allocations/732bca06-e44f-4fce-bee7-cedfa8693891" {{(pid=110896) __call__ /opt/stack/placement/placement/requestlog.py:55}}
Jan 28 06:05:59.553867 n-d-789963-25 devstack@placement-api.service[110896]: INFO placement.requestlog [req-0eaba020-aea7-40a6-8f1f-65760a393e39 req-6d2a5b95-c4e3-4335-9558-788919ff09fe service placement] 10.222.0.70 "GET /placement/allocations/732bca06-e44f-4fce-bee7-cedfa8693891" status: 200 len: 19 microversion: 1.28
Jan 28 06:05:59.558371 n-d-789963-25 devstack@placement-api.service[110896]: [pid: 110896|app: 0|req: 387/779] 10.222.0.70 () {60 vars in 1380 bytes} [Fri Jan 28 06:05:59 2022] GET /placement/allocations/732bca06-e44f-4fce-bee7-cedfa8693891 => generated 19 bytes in 19 msecs (HTTP/1.1 200) 8 headers in 295 bytes (1 switches on core 0)
Jan 28 06:05:59.562322 n-d-789963-25 devstack@placement-api.service[110897]: DEBUG placement.requestlog [req-0eaba020-aea7-40a6-8f1f-65760a393e39 req-1c5430e6-04d4-447a-be39-03b62f8d8f36 None None] Starting request: 10.222.0.70 "PUT /placement/allocations/732bca06-e44f-4fce-bee7-cedfa8693891" {{(pid=110897) __call__ /opt/stack/placement/placement/requestlog.py:55}}
Jan 28 06:05:59.869766 n-d-789963-25 devstack@placement-api.service[110897]: DEBUG placement.handlers.allocation [req-0eaba020-aea7-40a6-8f1f-65760a393e39 req-1c5430e6-04d4-447a-be39-03b62f8d8f36 service placement] Successfully wrote allocations [, , ] {{(pid=110897) _update_consumers_and_create_allocations /opt/stack/placement/placement/handlers/allocation.py:462}}
Jan 28 06:05:59.924790 n-d-789963-25 devstack@placement-api.service[110897]: INFO placement.requestlog [req-0eaba020-aea7-40a6-8f1f-65760a393e39 req-1c5430e6-04d4-447a-be39-03b62f8d8f36 service placement] 10.222.0.70 "PUT /placement/allocations/732bca06-e44f-4fce-bee7-cedfa8693891" status: 204 len: 0 microversion: 1.36
Jan 28 06:05:59.925541 n-d-789963-25 devstack@placement-api.service[110897]: [pid: 110897|app: 0|req: 393/780] 10.222.0.70 () {64 vars in 1433 bytes} [Fri Jan 28 06:05:59 2022] PUT /placement/allocations/732bca06-e44f-4fce-bee7-cedfa8693891 => generated 0 bytes in 364 msecs (HTTP/1.1 204) 5 headers in 199 bytes (2 switches on core 0)
Jan 28 06:06:01.258495 n-d-789963-25 devstack@placement-api.service[110896]: DEBUG placement.requestlog [req-0eaba020-aea7-40a6-8f1f-65760a393e39 req-fdf6eaaa-9153-4bc3-b366-0610bfb552a2 None None] Starting request: 10.222.0.50 "GET /placement/allocations/732bca06-e44f-4fce-bee7-cedfa8693891" {{(pid=110896) __call__ /opt/stack/placement/placement/requestlog.py:55}}
Jan 28 06:06:01.310729 n-d-789963-25 devstack@placement-api.service[110896]: INFO placement.requestlog [req-0eaba020-aea7-40a6-8f1f-65760a393e39 req-fdf6eaaa-9153-4bc3-b366-0610bfb552a2 service placement] 10.222.0.50 "GET /placement/allocations/732bca06-e44f-4fce-bee7-cedfa8693891" status: 200 len: 259 microversion: 1.28
Jan 28 06:06:01.311607 n-d-789963-25 devstack@placement-api.service[110896]: [pid: 110896|app: 0|req: 388/781] 10.222.0.50 () {60 vars in 1377 bytes} [Fri Jan 28 06:06:01 2022] GET /placement/allocations/732bca06-e44f-4fce-bee7-cedfa8693891 => generated 259 bytes in 54 msecs (HTTP/1.1 200) 8 headers in 296 bytes (2 switches on core 0)
Jan 28 06:06:06.270048 n-d-789963-25 devstack@placement-api.service[110897]: DEBUG placement.requestlog [req-2352c2bd-0fee-4474-bb25-c7280503ff6f req-28fdf145-1c97-4475-af62-f6533c96cb1b None None] Starting request: 10.222.0.70 "GET /placement/allocation_candidates?limit=1000&resources=DISK_GB%3A1%2CMEMORY_MB%3A1024%2CVCPU%3A1&root_required=%21COMPUTE_STATUS_DISABLED" {{(pid=110897) __call__ /opt/stack/placement/placement/requestlog.py:55}}
Jan 28 06:06:06.332928 n-d-789963-25 devstack@placement-api.service[110897]: DEBUG placement.objects.research_context [req-2352c2bd-0fee-4474-bb25-c7280503ff6f req-28fdf145-1c97-4475-af62-f6533c96cb1b service placement] getting providers with 1 DISK_GB {{(pid=110897) __init__ /opt/stack/placement/placement/objects/research_context.py:126}}
Jan 28 06:06:06.340264 n-d-789963-25 devstack@placement-api.service[110897]: DEBUG placement.objects.research_context [req-2352c2bd-0fee-4474-bb25-c7280503ff6f req-28fdf145-1c97-4475-af62-f6533c96cb1b service placement] getting providers with 1024 MEMORY_MB {{(pid=110897) __init__ /opt/stack/placement/placement/objects/research_context.py:126}}
Jan 28 06:06:06.345930 n-d-789963-25 devstack@placement-api.service[110897]: DEBUG placement.objects.research_context [req-2352c2bd-0fee-4474-bb25-c7280503ff6f req-28fdf145-1c97-4475-af62-f6533c96cb1b service placement] getting providers with 1 VCPU {{(pid=110897) __init__ /opt/stack/placement/placement/objects/research_context.py:126}}
Jan 28 06:06:06.352466 n-d-789963-25 devstack@placement-api.service[110897]: DEBUG placement.objects.research_context [req-2352c2bd-0fee-4474-bb25-c7280503ff6f req-28fdf145-1c97-4475-af62-f6533c96cb1b service placement] found 2 providers with available 1 DISK_GB {{(pid=110897) get_provider_ids_matching /opt/stack/placement/placement/objects/research_context.py:549}}
Jan 28 06:06:06.353174 n-d-789963-25 devstack@placement-api.service[110897]: DEBUG placement.objects.research_context [req-2352c2bd-0fee-4474-bb25-c7280503ff6f req-28fdf145-1c97-4475-af62-f6533c96cb1b service placement] found 2 providers with available 1024 MEMORY_MB {{(pid=110897) get_provider_ids_matching /opt/stack/placement/placement/objects/research_context.py:549}}
Jan 28 06:06:06.353687 n-d-789963-25 devstack@placement-api.service[110897]: DEBUG placement.objects.research_context [req-2352c2bd-0fee-4474-bb25-c7280503ff6f req-28fdf145-1c97-4475-af62-f6533c96cb1b service placement] found 2 providers after filtering by previous result {{(pid=110897) get_provider_ids_matching /opt/stack/placement/placement/objects/research_context.py:580}}
Jan 28 06:06:06.354175 n-d-789963-25 devstack@placement-api.service[110897]: DEBUG placement.objects.research_context [req-2352c2bd-0fee-4474-bb25-c7280503ff6f req-28fdf145-1c97-4475-af62-f6533c96cb1b service placement] found 2 providers with available 1 VCPU {{(pid=110897) get_provider_ids_matching /opt/stack/placement/placement/objects/research_context.py:549}}
Jan 28 06:06:06.354606 n-d-789963-25 devstack@placement-api.service[110897]: DEBUG placement.objects.research_context [req-2352c2bd-0fee-4474-bb25-c7280503ff6f req-28fdf145-1c97-4475-af62-f6533c96cb1b service placement] found 2 providers after filtering by previous result {{(pid=110897) get_provider_ids_matching /opt/stack/placement/placement/objects/research_context.py:580}}
Jan 28 06:06:06.369292 n-d-789963-25 devstack@placement-api.service[110897]: DEBUG placement.objects.allocation_candidate [req-2352c2bd-0fee-4474-bb25-c7280503ff6f req-28fdf145-1c97-4475-af62-f6533c96cb1b service placement] RequestGroup(use_same_provider=False, resources={DISK_GB:1, MEMORY_MB:1024, VCPU:1}, traits=[], aggregates=[]) (suffix '') returned 2 matches {{(pid=110897) _get_by_requests /opt/stack/placement/placement/objects/allocation_candidate.py:145}}
Jan 28 06:06:06.369757 n-d-789963-25 devstack@placement-api.service[110897]: DEBUG placement.objects.allocation_candidate [req-2352c2bd-0fee-4474-bb25-c7280503ff6f req-28fdf145-1c97-4475-af62-f6533c96cb1b service placement] Merging candidates yields 2 allocation requests and 2 provider summaries {{(pid=110897) _merge_candidates /opt/stack/placement/placement/objects/allocation_candidate.py:783}}
Jan 28 06:06:06.371757 n-d-789963-25 devstack@placement-api.service[110897]: INFO placement.requestlog [req-2352c2bd-0fee-4474-bb25-c7280503ff6f req-28fdf145-1c97-4475-af62-f6533c96cb1b service placement] 10.222.0.70 "GET /placement/allocation_candidates?limit=1000&resources=DISK_GB%3A1%2CMEMORY_MB%3A1024%2CVCPU%3A1&root_required=%21COMPUTE_STATUS_DISABLED" status: 200 len: 1309 microversion: 1.36
Jan 28 06:06:06.372541 n-d-789963-25 devstack@placement-api.service[110897]: [pid: 110897|app: 0|req: 394/782] 10.222.0.70 () {60 vars in 1506 bytes} [Fri Jan 28 06:06:06 2022] GET /placement/allocation_candidates?limit=1000&resources=DISK_GB%3A1%2CMEMORY_MB%3A1024%2CVCPU%3A1&root_required=%21COMPUTE_STATUS_DISABLED => generated 1309 bytes in 103 msecs (HTTP/1.1 200) 8 headers in 297 bytes (1 switches on core 0)
Jan 28 06:06:06.438664 n-d-789963-25 devstack@placement-api.service[110896]: DEBUG placement.requestlog [req-2352c2bd-0fee-4474-bb25-c7280503ff6f req-5412c4c7-143f-4206-91b6-6874d79f09c0 None None] Starting request: 10.222.0.70 "GET /placement/allocations/e18269ae-c748-44d3-b7c1-5bef2d41903b" {{(pid=110896) __call__ /opt/stack/placement/placement/requestlog.py:55}}
Jan 28 06:06:06.451446 n-d-789963-25 devstack@placement-api.service[110896]: INFO placement.requestlog [req-2352c2bd-0fee-4474-bb25-c7280503ff6f req-5412c4c7-143f-4206-91b6-6874d79f09c0 service placement] 10.222.0.70 "GET /placement/allocations/e18269ae-c748-44d3-b7c1-5bef2d41903b" status: 200 len: 19 microversion: 1.28
Jan 28 06:06:06.457396 n-d-789963-25 devstack@placement-api.service[110896]: [pid: 110896|app: 0|req: 389/783] 10.222.0.70 () {60 vars in 1380 bytes} [Fri Jan 28 06:06:06 2022] GET /placement/allocations/e18269ae-c748-44d3-b7c1-5bef2d41903b => generated 19 bytes in 19 msecs (HTTP/1.1 200) 8 headers in 295 bytes (2 switches on core 0)
Jan 28 06:06:06.458197 n-d-789963-25 devstack@placement-api.service[110897]: DEBUG placement.requestlog [req-2352c2bd-0fee-4474-bb25-c7280503ff6f req-d7b1d666-c170-438a-84e1-badf2ca42cab None None] Starting request: 10.222.0.70 "PUT /placement/allocations/e18269ae-c748-44d3-b7c1-5bef2d41903b" {{(pid=110897) __call__ /opt/stack/placement/placement/requestlog.py:55}}
Jan 28 06:06:06.624609 n-d-789963-25 devstack@placement-api.service[110897]: DEBUG placement.handlers.allocation [req-2352c2bd-0fee-4474-bb25-c7280503ff6f req-d7b1d666-c170-438a-84e1-badf2ca42cab service placement] Successfully wrote allocations [, , ] {{(pid=110897) _update_consumers_and_create_allocations /opt/stack/placement/placement/handlers/allocation.py:462}}
Jan 28 06:06:06.684684 n-d-789963-25 devstack@placement-api.service[110897]: INFO placement.requestlog [req-2352c2bd-0fee-4474-bb25-c7280503ff6f req-d7b1d666-c170-438a-84e1-badf2ca42cab service placement] 10.222.0.70 "PUT /placement/allocations/e18269ae-c748-44d3-b7c1-5bef2d41903b" status: 204 len: 0 microversion: 1.36
Jan 28 06:06:06.691063 n-d-789963-25 devstack@placement-api.service[110897]: [pid: 110897|app: 0|req: 395/784] 10.222.0.70 () {64 vars in 1433 bytes} [Fri Jan 28 06:06:06 2022] PUT /placement/allocations/e18269ae-c748-44d3-b7c1-5bef2d41903b => generated 0 bytes in 227 msecs (HTTP/1.1 204) 5 headers in 199 bytes (1 switches on core 0)
Jan 28 06:06:07.838582 n-d-789963-25 devstack@placement-api.service[110896]: DEBUG placement.requestlog [req-2352c2bd-0fee-4474-bb25-c7280503ff6f req-092bbb19-2c61-4918-af83-4981ebceb9bf None None] Starting request: 10.222.0.26 "GET /placement/allocations/e18269ae-c748-44d3-b7c1-5bef2d41903b" {{(pid=110896) __call__ /opt/stack/placement/placement/requestlog.py:55}}
Jan 28 06:06:07.875123 n-d-789963-25 devstack@placement-api.service[110896]: INFO placement.requestlog [req-2352c2bd-0fee-4474-bb25-c7280503ff6f req-092bbb19-2c61-4918-af83-4981ebceb9bf service placement] 10.222.0.26 "GET /placement/allocations/e18269ae-c748-44d3-b7c1-5bef2d41903b" status: 200 len: 259 microversion: 1.28
Jan 28 06:06:07.876402 n-d-789963-25 devstack@placement-api.service[110896]: [pid: 110896|app: 0|req: 390/785] 10.222.0.26 () {60 vars in 1377 bytes} [Fri Jan 28 06:06:07 2022] GET /placement/allocations/e18269ae-c748-44d3-b7c1-5bef2d41903b => generated 259 bytes in 38 msecs (HTTP/1.1 200) 8 headers in 296 bytes (1 switches on core 0)
Jan 28 06:06:09.291032 n-d-789963-25 devstack@placement-api.service[110897]: DEBUG placement.requestlog [req-e88b2f2d-f90d-4721-b0a5-c7609f89f63f req-ac0b0564-9cdc-402e-8ce3-afbf52505979 None None] Starting request: 10.222.0.50 "DELETE /placement/allocations/6d2ae1c5-5c0c-4f8b-adda-ac3260f5cc6b" {{(pid=110897) __call__ /opt/stack/placement/placement/requestlog.py:55}}
Jan 28 06:06:09.523876 n-d-789963-25 devstack@placement-api.service[110897]: DEBUG placement.handlers.allocation [req-e88b2f2d-f90d-4721-b0a5-c7609f89f63f req-ac0b0564-9cdc-402e-8ce3-afbf52505979 service placement] Successfully deleted allocations [, , ] {{(pid=110897) delete_allocations /opt/stack/placement/placement/handlers/allocation.py:627}}
Jan 28 06:06:09.524434 n-d-789963-25 devstack@placement-api.service[110897]: INFO placement.requestlog [req-e88b2f2d-f90d-4721-b0a5-c7609f89f63f req-ac0b0564-9cdc-402e-8ce3-afbf52505979 service placement] 10.222.0.50 "DELETE /placement/allocations/6d2ae1c5-5c0c-4f8b-adda-ac3260f5cc6b" status: 204 len: 0 microversion: 1.0
Jan 28 06:06:09.525874 n-d-789963-25 devstack@placement-api.service[110897]: [pid: 110897|app: 0|req: 396/786] 10.222.0.50 () {60 vars in 1355 bytes} [Fri Jan 28 06:06:09 2022] DELETE /placement/allocations/6d2ae1c5-5c0c-4f8b-adda-ac3260f5cc6b => generated 0 bytes in 234 msecs (HTTP/1.1 204) 5 headers in 198 bytes (2 switches on core 0)
Jan 28 06:06:10.645654 n-d-789963-25 devstack@placement-api.service[110896]: DEBUG placement.requestlog [req-7666d9c5-c8c4-4800-ab05-5adab2849e37 req-f12b3029-7fbd-4fc2-a1f2-b2eaece94f05 None None] Starting request: 10.222.0.26 "DELETE /placement/allocations/6ecf3d6e-e9d5-4183-ae5f-f0d22d74eee3" {{(pid=110896) __call__ /opt/stack/placement/placement/requestlog.py:55}}
Jan 28 06:06:10.874305 n-d-789963-25 devstack@placement-api.service[110896]: DEBUG placement.handlers.allocation [req-7666d9c5-c8c4-4800-ab05-5adab2849e37 req-f12b3029-7fbd-4fc2-a1f2-b2eaece94f05 service placement] Successfully deleted allocations [, , ] {{(pid=110896) delete_allocations /opt/stack/placement/placement/handlers/allocation.py:627}}
Jan 28 06:06:10.875156 n-d-789963-25 devstack@placement-api.service[110896]: INFO placement.requestlog [req-7666d9c5-c8c4-4800-ab05-5adab2849e37 req-f12b3029-7fbd-4fc2-a1f2-b2eaece94f05 service placement] 10.222.0.26 "DELETE /placement/allocations/6ecf3d6e-e9d5-4183-ae5f-f0d22d74eee3" status: 204 len: 0 microversion: 1.0
Jan 28 06:06:10.876327 n-d-789963-25 devstack@placement-api.service[110896]: [pid: 110896|app: 0|req: 391/787] 10.222.0.26 () {60 vars in 1355 bytes} [Fri Jan 28 06:06:10 2022] DELETE /placement/allocations/6ecf3d6e-e9d5-4183-ae5f-f0d22d74eee3 => generated 0 bytes in 231 msecs (HTTP/1.1 204) 5 headers in 198 bytes (1 switches on core 0)
Jan 28 06:06:15.586494 n-d-789963-25 devstack@placement-api.service[110897]: DEBUG placement.requestlog [req-3855f35a-78f8-4b46-8887-d70c875bc286 req-bb51c11d-a5ed-467f-b125-f435eb61ea07 None None] Starting request: 10.222.0.26 "DELETE /placement/allocations/8dbb0cb1-4c0b-40c7-9565-90b82baed559" {{(pid=110897) __call__ /opt/stack/placement/placement/requestlog.py:55}}
Jan 28 06:06:15.804681 n-d-789963-25 devstack@placement-api.service[110897]: DEBUG placement.handlers.allocation [req-3855f35a-78f8-4b46-8887-d70c875bc286 req-bb51c11d-a5ed-467f-b125-f435eb61ea07 service placement] Successfully deleted allocations [, , ] {{(pid=110897) delete_allocations /opt/stack/placement/placement/handlers/allocation.py:627}}
Jan 28 06:06:15.806415 n-d-789963-25 devstack@placement-api.service[110897]: INFO placement.requestlog [req-3855f35a-78f8-4b46-8887-d70c875bc286 req-bb51c11d-a5ed-467f-b125-f435eb61ea07 service placement] 10.222.0.26 "DELETE /placement/allocations/8dbb0cb1-4c0b-40c7-9565-90b82baed559" status: 204 len: 0 microversion: 1.0
Jan 28 06:06:15.807030 n-d-789963-25 devstack@placement-api.service[110897]: [pid: 110897|app: 0|req: 397/788] 10.222.0.26 () {60 vars in 1355 bytes} [Fri Jan 28 06:06:15 2022] DELETE /placement/allocations/8dbb0cb1-4c0b-40c7-9565-90b82baed559 => generated 0 bytes in 221 msecs (HTTP/1.1 204) 5 headers in 198 bytes (1 switches on core 0)
Jan 28 06:06:17.073394 n-d-789963-25 devstack@placement-api.service[110896]: DEBUG placement.requestlog [req-c7a3e424-da5c-47c4-947c-ed2779d54bbd req-90a53721-574b-4586-b0ce-20a40dc6a05e None None] Starting request: 10.222.0.70 "GET /placement/allocation_candidates?limit=1000&resources=DISK_GB%3A1%2CMEMORY_MB%3A1024%2CVCPU%3A1&root_required=%21COMPUTE_STATUS_DISABLED" {{(pid=110896) __call__ /opt/stack/placement/placement/requestlog.py:55}}
Jan 28 06:06:17.308694 n-d-789963-25 devstack@placement-api.service[110896]: DEBUG placement.objects.research_context [req-c7a3e424-da5c-47c4-947c-ed2779d54bbd req-90a53721-574b-4586-b0ce-20a40dc6a05e service placement] getting providers with 1 DISK_GB {{(pid=110896) __init__ /opt/stack/placement/placement/objects/research_context.py:126}}
Jan 28 06:06:17.315465 n-d-789963-25 devstack@placement-api.service[110896]: DEBUG placement.objects.research_context [req-c7a3e424-da5c-47c4-947c-ed2779d54bbd req-90a53721-574b-4586-b0ce-20a40dc6a05e service placement] getting providers with 1024 MEMORY_MB {{(pid=110896) __init__ /opt/stack/placement/placement/objects/research_context.py:126}}
Jan 28 06:06:17.321277 n-d-789963-25 devstack@placement-api.service[110896]: DEBUG placement.objects.research_context [req-c7a3e424-da5c-47c4-947c-ed2779d54bbd req-90a53721-574b-4586-b0ce-20a40dc6a05e service placement] getting providers with 1 VCPU {{(pid=110896) __init__ /opt/stack/placement/placement/objects/research_context.py:126}}
Jan 28 06:06:17.327422 n-d-789963-25 devstack@placement-api.service[110896]: DEBUG placement.objects.research_context [req-c7a3e424-da5c-47c4-947c-ed2779d54bbd req-90a53721-574b-4586-b0ce-20a40dc6a05e service placement] found 2 providers with available 1 DISK_GB {{(pid=110896) get_provider_ids_matching /opt/stack/placement/placement/objects/research_context.py:549}}
Jan 28 06:06:17.327688 n-d-789963-25 devstack@placement-api.service[110896]: DEBUG placement.objects.research_context [req-c7a3e424-da5c-47c4-947c-ed2779d54bbd req-90a53721-574b-4586-b0ce-20a40dc6a05e service placement] found 2 providers with available 1024 MEMORY_MB {{(pid=110896) get_provider_ids_matching /opt/stack/placement/placement/objects/research_context.py:549}}
Jan 28 06:06:17.327950 n-d-789963-25 devstack@placement-api.service[110896]: DEBUG placement.objects.research_context [req-c7a3e424-da5c-47c4-947c-ed2779d54bbd req-90a53721-574b-4586-b0ce-20a40dc6a05e service placement] found 2 providers after filtering by previous result {{(pid=110896) get_provider_ids_matching /opt/stack/placement/placement/objects/research_context.py:580}}
Jan 28 06:06:17.328197 n-d-789963-25 devstack@placement-api.service[110896]: DEBUG placement.objects.research_context [req-c7a3e424-da5c-47c4-947c-ed2779d54bbd req-90a53721-574b-4586-b0ce-20a40dc6a05e service placement] found 2 providers with available 1 VCPU {{(pid=110896) get_provider_ids_matching /opt/stack/placement/placement/objects/research_context.py:549}}
Jan 28 06:06:17.328447 n-d-789963-25 devstack@placement-api.service[110896]: DEBUG placement.objects.research_context [req-c7a3e424-da5c-47c4-947c-ed2779d54bbd req-90a53721-574b-4586-b0ce-20a40dc6a05e service placement] found 2 providers after filtering by previous result {{(pid=110896) get_provider_ids_matching /opt/stack/placement/placement/objects/research_context.py:580}}
Jan 28 06:06:17.339100 n-d-789963-25 devstack@placement-api.service[110896]: DEBUG placement.objects.allocation_candidate [req-c7a3e424-da5c-47c4-947c-ed2779d54bbd req-90a53721-574b-4586-b0ce-20a40dc6a05e service placement] RequestGroup(use_same_provider=False, resources={DISK_GB:1, MEMORY_MB:1024, VCPU:1}, traits=[], aggregates=[]) (suffix '') returned 2 matches {{(pid=110896) _get_by_requests /opt/stack/placement/placement/objects/allocation_candidate.py:145}}
Jan 28 06:06:17.339689 n-d-789963-25 devstack@placement-api.service[110896]: DEBUG placement.objects.allocation_candidate [req-c7a3e424-da5c-47c4-947c-ed2779d54bbd req-90a53721-574b-4586-b0ce-20a40dc6a05e service placement] Merging candidates yields 2 allocation requests and 2 provider summaries {{(pid=110896) _merge_candidates /opt/stack/placement/placement/objects/allocation_candidate.py:783}}
Jan 28 06:06:17.341675 n-d-789963-25 devstack@placement-api.service[110896]: INFO placement.requestlog [req-c7a3e424-da5c-47c4-947c-ed2779d54bbd req-90a53721-574b-4586-b0ce-20a40dc6a05e service placement] 10.222.0.70 "GET /placement/allocation_candidates?limit=1000&resources=DISK_GB%3A1%2CMEMORY_MB%3A1024%2CVCPU%3A1&root_required=%21COMPUTE_STATUS_DISABLED" status: 200 len: 1309 microversion: 1.36
Jan 28 06:06:17.356283 n-d-789963-25 devstack@placement-api.service[110896]: [pid: 110896|app: 0|req: 392/789] 10.222.0.70 () {60 vars in 1506 bytes} [Fri Jan 28 06:06:17 2022] GET /placement/allocation_candidates?limit=1000&resources=DISK_GB%3A1%2CMEMORY_MB%3A1024%2CVCPU%3A1&root_required=%21COMPUTE_STATUS_DISABLED => generated 1309 bytes in 277 msecs (HTTP/1.1 200) 8 headers in 297 bytes (1 switches on core 0)
Jan 28 06:06:17.396041 n-d-789963-25 devstack@placement-api.service[110897]: DEBUG placement.requestlog [req-c7a3e424-da5c-47c4-947c-ed2779d54bbd req-79871760-1f3f-4322-884a-db750fa81e9d None None] Starting request: 10.222.0.70 "GET /placement/allocations/548dee82-7c77-4913-9fd7-782452f0bccb" {{(pid=110897) __call__ /opt/stack/placement/placement/requestlog.py:55}}
Jan 28 06:06:17.408313 n-d-789963-25 devstack@placement-api.service[110897]: INFO placement.requestlog [req-c7a3e424-da5c-47c4-947c-ed2779d54bbd req-79871760-1f3f-4322-884a-db750fa81e9d service placement] 10.222.0.70 "GET /placement/allocations/548dee82-7c77-4913-9fd7-782452f0bccb" status: 200 len: 19 microversion: 1.28
Jan 28 06:06:17.408768 n-d-789963-25 devstack@placement-api.service[110897]: [pid: 110897|app: 0|req: 398/790] 10.222.0.70 () {60 vars in 1380 bytes} [Fri Jan 28 06:06:17 2022] GET /placement/allocations/548dee82-7c77-4913-9fd7-782452f0bccb => generated 19 bytes in 13 msecs (HTTP/1.1 200) 8 headers in 295 bytes (1 switches on core 0)
Jan 28 06:06:17.415904 n-d-789963-25 devstack@placement-api.service[110896]: DEBUG placement.requestlog [req-c7a3e424-da5c-47c4-947c-ed2779d54bbd req-60ac0878-a8bd-4587-a55c-f76d3bff65cc None None] Starting request: 10.222.0.70 "PUT /placement/allocations/548dee82-7c77-4913-9fd7-782452f0bccb" {{(pid=110896) __call__ /opt/stack/placement/placement/requestlog.py:55}}
Jan 28 06:06:17.649635 n-d-789963-25 devstack@placement-api.service[110896]: DEBUG placement.handlers.allocation [req-c7a3e424-da5c-47c4-947c-ed2779d54bbd req-60ac0878-a8bd-4587-a55c-f76d3bff65cc service placement] Successfully wrote allocations [, , ] {{(pid=110896) _update_consumers_and_create_allocations /opt/stack/placement/placement/handlers/allocation.py:462}}
Jan 28 06:06:17.720122 n-d-789963-25 devstack@placement-api.service[110896]: INFO placement.requestlog [req-c7a3e424-da5c-47c4-947c-ed2779d54bbd req-60ac0878-a8bd-4587-a55c-f76d3bff65cc service placement] 10.222.0.70 "PUT /placement/allocations/548dee82-7c77-4913-9fd7-782452f0bccb" status: 204 len: 0 microversion: 1.36
Jan 28 06:06:17.723397 n-d-789963-25 devstack@placement-api.service[110896]: [pid: 110896|app: 0|req: 393/791] 10.222.0.70 () {64 vars in 1433 bytes} [Fri Jan 28 06:06:17 2022] PUT /placement/allocations/548dee82-7c77-4913-9fd7-782452f0bccb => generated 0 bytes in 307 msecs (HTTP/1.1 204) 5 headers in 199 bytes (2 switches on core 0)
Jan 28 06:06:18.807621 n-d-789963-25 devstack@placement-api.service[110897]: DEBUG placement.requestlog [req-c7a3e424-da5c-47c4-947c-ed2779d54bbd req-4206b553-05ff-476f-be26-c610f99ae778 None None] Starting request: 10.222.0.26 "GET /placement/allocations/548dee82-7c77-4913-9fd7-782452f0bccb" {{(pid=110897) __call__ /opt/stack/placement/placement/requestlog.py:55}}
Jan 28 06:06:18.823420 n-d-789963-25 devstack@placement-api.service[110897]: INFO placement.requestlog [req-c7a3e424-da5c-47c4-947c-ed2779d54bbd req-4206b553-05ff-476f-be26-c610f99ae778 service placement] 10.222.0.26 "GET /placement/allocations/548dee82-7c77-4913-9fd7-782452f0bccb" status: 200 len: 259 microversion: 1.28
Jan 28 06:06:18.824608 n-d-789963-25 devstack@placement-api.service[110897]: [pid: 110897|app: 0|req: 399/792] 10.222.0.26 () {60 vars in 1377 bytes} [Fri Jan 28 06:06:18 2022] GET /placement/allocations/548dee82-7c77-4913-9fd7-782452f0bccb => generated 259 bytes in 17 msecs (HTTP/1.1 200) 8 headers in 296 bytes (1 switches on core 0)
Jan 28 06:06:29.779508 n-d-789963-25 devstack@placement-api.service[110896]: DEBUG placement.requestlog [req-83545713-0163-460b-b5d0-721f3a705ece req-39fa292f-886d-4d69-a479-bf977182331c None None] Starting request: 10.222.0.26 "DELETE /placement/allocations/e18269ae-c748-44d3-b7c1-5bef2d41903b" {{(pid=110896) __call__ /opt/stack/placement/placement/requestlog.py:55}}
Jan 28 06:06:29.964274 n-d-789963-25 devstack@placement-api.service[110896]: DEBUG placement.handlers.allocation [req-83545713-0163-460b-b5d0-721f3a705ece req-39fa292f-886d-4d69-a479-bf977182331c service placement] Successfully deleted allocations [, , ] {{(pid=110896) delete_allocations /opt/stack/placement/placement/handlers/allocation.py:627}}
Jan 28 06:06:29.965098 n-d-789963-25 devstack@placement-api.service[110896]: INFO placement.requestlog [req-83545713-0163-460b-b5d0-721f3a705ece req-39fa292f-886d-4d69-a479-bf977182331c service placement] 10.222.0.26 "DELETE /placement/allocations/e18269ae-c748-44d3-b7c1-5bef2d41903b" status: 204 len: 0 microversion: 1.0
Jan 28 06:06:29.965967 n-d-789963-25 devstack@placement-api.service[110896]: [pid: 110896|app: 0|req: 394/793] 10.222.0.26 () {60 vars in 1355 bytes} [Fri Jan 28 06:06:29 2022] DELETE /placement/allocations/e18269ae-c748-44d3-b7c1-5bef2d41903b => generated 0 bytes in 187 msecs (HTTP/1.1 204) 5 headers in 198 bytes (1 switches on core 0)
Jan 28 06:06:38.302260 n-d-789963-25 devstack@placement-api.service[110897]: DEBUG placement.requestlog [req-d2d873cc-8091-4e15-b510-024268507f0b req-12bf8f67-53a5-46dc-8066-9e791b49e501 None None] Starting request: 10.222.0.26 "DELETE /placement/allocations/548dee82-7c77-4913-9fd7-782452f0bccb" {{(pid=110897) __call__ /opt/stack/placement/placement/requestlog.py:55}}
Jan 28 06:06:38.430218 n-d-789963-25 devstack@placement-api.service[110896]: DEBUG placement.requestlog [req-daed0621-78d5-44cb-81e1-c8e7cfffdca3 req-6ba26115-381e-47f7-bdfa-c2568d47b746 None None] Starting request: 10.222.0.70 "GET /placement/allocation_candidates?limit=1000&resources=DISK_GB%3A1%2CMEMORY_MB%3A1024%2CVCPU%3A1&root_required=%21COMPUTE_STATUS_DISABLED" {{(pid=110896) __call__ /opt/stack/placement/placement/requestlog.py:55}}
Jan 28 06:06:38.466678 n-d-789963-25 devstack@placement-api.service[110897]: DEBUG placement.handlers.allocation [req-d2d873cc-8091-4e15-b510-024268507f0b req-12bf8f67-53a5-46dc-8066-9e791b49e501 service placement] Successfully deleted allocations [, , ] {{(pid=110897) delete_allocations /opt/stack/placement/placement/handlers/allocation.py:627}}
Jan 28 06:06:38.466909 n-d-789963-25 devstack@placement-api.service[110896]: DEBUG placement.objects.research_context [req-daed0621-78d5-44cb-81e1-c8e7cfffdca3 req-6ba26115-381e-47f7-bdfa-c2568d47b746 service placement] getting providers with 1 DISK_GB {{(pid=110896) __init__ /opt/stack/placement/placement/objects/research_context.py:126}}
Jan 28 06:06:38.467231 n-d-789963-25 devstack@placement-api.service[110897]: INFO placement.requestlog [req-d2d873cc-8091-4e15-b510-024268507f0b req-12bf8f67-53a5-46dc-8066-9e791b49e501 service placement] 10.222.0.26 "DELETE /placement/allocations/548dee82-7c77-4913-9fd7-782452f0bccb" status: 204 len: 0 microversion: 1.0
Jan 28 06:06:38.467670 n-d-789963-25 devstack@placement-api.service[110897]: [pid: 110897|app: 0|req: 400/794] 10.222.0.26 () {60 vars in 1355 bytes} [Fri Jan 28 06:06:38 2022] DELETE /placement/allocations/548dee82-7c77-4913-9fd7-782452f0bccb => generated 0 bytes in 166 msecs (HTTP/1.1 204) 5 headers in 198 bytes (2 switches on core 0)
Jan 28 06:06:38.472978 n-d-789963-25 devstack@placement-api.service[110896]: DEBUG placement.objects.research_context [req-daed0621-78d5-44cb-81e1-c8e7cfffdca3 req-6ba26115-381e-47f7-bdfa-c2568d47b746 service placement] getting providers with 1024 MEMORY_MB {{(pid=110896) __init__ /opt/stack/placement/placement/objects/research_context.py:126}}
Jan 28 06:06:38.482510 n-d-789963-25 devstack@placement-api.service[110896]: DEBUG placement.objects.research_context [req-daed0621-78d5-44cb-81e1-c8e7cfffdca3 req-6ba26115-381e-47f7-bdfa-c2568d47b746 service placement] getting providers with 1 VCPU {{(pid=110896) __init__ /opt/stack/placement/placement/objects/research_context.py:126}}
Jan 28 06:06:38.489031 n-d-789963-25 devstack@placement-api.service[110896]: DEBUG placement.objects.research_context [req-daed0621-78d5-44cb-81e1-c8e7cfffdca3 req-6ba26115-381e-47f7-bdfa-c2568d47b746 service placement] found 2 providers with available 1 DISK_GB {{(pid=110896) get_provider_ids_matching /opt/stack/placement/placement/objects/research_context.py:549}}
Jan 28 06:06:38.489476 n-d-789963-25 devstack@placement-api.service[110896]: DEBUG placement.objects.research_context [req-daed0621-78d5-44cb-81e1-c8e7cfffdca3 req-6ba26115-381e-47f7-bdfa-c2568d47b746 service placement] found 2 providers with available 1024 MEMORY_MB {{(pid=110896) get_provider_ids_matching /opt/stack/placement/placement/objects/research_context.py:549}}
Jan 28 06:06:38.489919 n-d-789963-25 devstack@placement-api.service[110896]: DEBUG placement.objects.research_context [req-daed0621-78d5-44cb-81e1-c8e7cfffdca3 req-6ba26115-381e-47f7-bdfa-c2568d47b746 service placement] found 2 providers after filtering by previous result {{(pid=110896) get_provider_ids_matching /opt/stack/placement/placement/objects/research_context.py:580}}
Jan 28 06:06:38.490239 n-d-789963-25 devstack@placement-api.service[110896]: DEBUG placement.objects.research_context [req-daed0621-78d5-44cb-81e1-c8e7cfffdca3 req-6ba26115-381e-47f7-bdfa-c2568d47b746 service placement] found 2 providers with available 1 VCPU {{(pid=110896) get_provider_ids_matching /opt/stack/placement/placement/objects/research_context.py:549}}
Jan 28 06:06:38.490566 n-d-789963-25 devstack@placement-api.service[110896]: DEBUG placement.objects.research_context [req-daed0621-78d5-44cb-81e1-c8e7cfffdca3 req-6ba26115-381e-47f7-bdfa-c2568d47b746 service placement] found 2 providers after filtering by previous result {{(pid=110896) get_provider_ids_matching /opt/stack/placement/placement/objects/research_context.py:580}}
Jan 28 06:06:38.502305 n-d-789963-25 devstack@placement-api.service[110896]: DEBUG placement.objects.allocation_candidate [req-daed0621-78d5-44cb-81e1-c8e7cfffdca3 req-6ba26115-381e-47f7-bdfa-c2568d47b746 service placement] RequestGroup(use_same_provider=False, resources={DISK_GB:1, MEMORY_MB:1024, VCPU:1}, traits=[], aggregates=[]) (suffix '') returned 2 matches {{(pid=110896) _get_by_requests /opt/stack/placement/placement/objects/allocation_candidate.py:145}}
Jan 28 06:06:38.502928 n-d-789963-25 devstack@placement-api.service[110896]: DEBUG placement.objects.allocation_candidate [req-daed0621-78d5-44cb-81e1-c8e7cfffdca3 req-6ba26115-381e-47f7-bdfa-c2568d47b746 service placement] Merging candidates yields 2 allocation requests and 2 provider summaries {{(pid=110896) _merge_candidates /opt/stack/placement/placement/objects/allocation_candidate.py:783}}
Jan 28 06:06:38.504754 n-d-789963-25 devstack@placement-api.service[110896]: INFO placement.requestlog [req-daed0621-78d5-44cb-81e1-c8e7cfffdca3 req-6ba26115-381e-47f7-bdfa-c2568d47b746 service placement] 10.222.0.70 "GET /placement/allocation_candidates?limit=1000&resources=DISK_GB%3A1%2CMEMORY_MB%3A1024%2CVCPU%3A1&root_required=%21COMPUTE_STATUS_DISABLED" status: 200 len: 1306 microversion: 1.36
Jan 28 06:06:38.505232 n-d-789963-25 devstack@placement-api.service[110896]: [pid: 110896|app: 0|req: 395/795] 10.222.0.70 () {60 vars in 1506 bytes} [Fri Jan 28 06:06:38 2022] GET /placement/allocation_candidates?limit=1000&resources=DISK_GB%3A1%2CMEMORY_MB%3A1024%2CVCPU%3A1&root_required=%21COMPUTE_STATUS_DISABLED => generated 1306 bytes in 77 msecs (HTTP/1.1 200) 8 headers in 297 bytes (1 switches on core 0)
Jan 28 06:06:38.559126 n-d-789963-25 devstack@placement-api.service[110897]: DEBUG placement.requestlog [req-daed0621-78d5-44cb-81e1-c8e7cfffdca3 req-487c343f-7437-4c58-ac57-d2f37e65f23e None None] Starting request: 10.222.0.70 "GET /placement/allocations/a6dd756b-01d0-4b90-be76-3c9204ba605e" {{(pid=110897) __call__ /opt/stack/placement/placement/requestlog.py:55}}
Jan 28 06:06:38.570958 n-d-789963-25 devstack@placement-api.service[110897]: INFO placement.requestlog [req-daed0621-78d5-44cb-81e1-c8e7cfffdca3 req-487c343f-7437-4c58-ac57-d2f37e65f23e service placement] 10.222.0.70 "GET /placement/allocations/a6dd756b-01d0-4b90-be76-3c9204ba605e" status: 200 len: 19 microversion: 1.28
Jan 28 06:06:38.571365 n-d-789963-25 devstack@placement-api.service[110897]: [pid: 110897|app: 0|req: 401/796] 10.222.0.70 () {60 vars in 1380 bytes} [Fri Jan 28 06:06:38 2022] GET /placement/allocations/a6dd756b-01d0-4b90-be76-3c9204ba605e => generated 19 bytes in 13 msecs (HTTP/1.1 200) 8 headers in 295 bytes (1 switches on core 0)
Jan 28 06:06:38.578769 n-d-789963-25 devstack@placement-api.service[110896]: DEBUG placement.requestlog [req-daed0621-78d5-44cb-81e1-c8e7cfffdca3 req-e05ed28d-3f8f-40f6-a479-ff3bfc892336 None None] Starting request: 10.222.0.70 "PUT /placement/allocations/a6dd756b-01d0-4b90-be76-3c9204ba605e" {{(pid=110896) __call__ /opt/stack/placement/placement/requestlog.py:55}}
Jan 28 06:06:38.923678 n-d-789963-25 devstack@placement-api.service[110896]: DEBUG placement.handlers.allocation [req-daed0621-78d5-44cb-81e1-c8e7cfffdca3 req-e05ed28d-3f8f-40f6-a479-ff3bfc892336 service placement] Successfully wrote allocations [, , ] {{(pid=110896) _update_consumers_and_create_allocations /opt/stack/placement/placement/handlers/allocation.py:462}}
Jan 28 06:06:39.004111 n-d-789963-25 devstack@placement-api.service[110896]: INFO placement.requestlog [req-daed0621-78d5-44cb-81e1-c8e7cfffdca3 req-e05ed28d-3f8f-40f6-a479-ff3bfc892336 service placement] 10.222.0.70 "PUT /placement/allocations/a6dd756b-01d0-4b90-be76-3c9204ba605e" status: 204 len: 0 microversion: 1.36
Jan 28 06:06:39.004665 n-d-789963-25 devstack@placement-api.service[110896]: [pid: 110896|app: 0|req: 396/797] 10.222.0.70 () {64 vars in 1433 bytes} [Fri Jan 28 06:06:38 2022] PUT /placement/allocations/a6dd756b-01d0-4b90-be76-3c9204ba605e => generated 0 bytes in 426 msecs (HTTP/1.1 204) 5 headers in 199 bytes (1 switches on core 0)
Jan 28 06:06:40.074949 n-d-789963-25 devstack@placement-api.service[110897]: DEBUG placement.requestlog [req-daed0621-78d5-44cb-81e1-c8e7cfffdca3 req-f77bb7ec-2d09-47a1-88ca-ecfd08af50ed None None] Starting request: 10.222.0.26 "GET /placement/allocations/a6dd756b-01d0-4b90-be76-3c9204ba605e" {{(pid=110897) __call__ /opt/stack/placement/placement/requestlog.py:55}}
Jan 28 06:06:40.103594 n-d-789963-25 devstack@placement-api.service[110897]: INFO placement.requestlog [req-daed0621-78d5-44cb-81e1-c8e7cfffdca3 req-f77bb7ec-2d09-47a1-88ca-ecfd08af50ed service placement] 10.222.0.26 "GET /placement/allocations/a6dd756b-01d0-4b90-be76-3c9204ba605e" status: 200 len: 259 microversion: 1.28
Jan 28 06:06:40.104115 n-d-789963-25 devstack@placement-api.service[110897]: [pid: 110897|app: 0|req: 402/798] 10.222.0.26 () {60 vars in 1377 bytes} [Fri Jan 28 06:06:40 2022] GET /placement/allocations/a6dd756b-01d0-4b90-be76-3c9204ba605e => generated 259 bytes in 30 msecs (HTTP/1.1 200) 8 headers in 296 bytes (1 switches on core 0)
Jan 28 06:06:40.176986 n-d-789963-25 devstack@placement-api.service[110896]: DEBUG placement.requestlog [req-6399c2ce-2778-476e-96ba-6593788d1fd6 req-b8eb1a38-26d7-483a-ab6c-325c3d1985ac None None] Starting request: 10.222.0.70 "GET /placement/allocation_candidates?limit=1000&resources=DISK_GB%3A1%2CMEMORY_MB%3A1024%2CVCPU%3A1&root_required=%21COMPUTE_STATUS_DISABLED" {{(pid=110896) __call__ /opt/stack/placement/placement/requestlog.py:55}}
Jan 28 06:06:40.221943 n-d-789963-25 devstack@placement-api.service[110896]: DEBUG placement.objects.research_context [req-6399c2ce-2778-476e-96ba-6593788d1fd6 req-b8eb1a38-26d7-483a-ab6c-325c3d1985ac service placement] getting providers with 1 DISK_GB {{(pid=110896) __init__ /opt/stack/placement/placement/objects/research_context.py:126}}
Jan 28 06:06:40.227933 n-d-789963-25 devstack@placement-api.service[110896]: DEBUG placement.objects.research_context [req-6399c2ce-2778-476e-96ba-6593788d1fd6 req-b8eb1a38-26d7-483a-ab6c-325c3d1985ac service placement] getting providers with 1024 MEMORY_MB {{(pid=110896) __init__ /opt/stack/placement/placement/objects/research_context.py:126}}
Jan 28 06:06:40.234019 n-d-789963-25 devstack@placement-api.service[110896]: DEBUG placement.objects.research_context [req-6399c2ce-2778-476e-96ba-6593788d1fd6 req-b8eb1a38-26d7-483a-ab6c-325c3d1985ac service placement] getting providers with 1 VCPU {{(pid=110896) __init__ /opt/stack/placement/placement/objects/research_context.py:126}}
Jan 28 06:06:40.239388 n-d-789963-25 devstack@placement-api.service[110896]: DEBUG placement.objects.research_context [req-6399c2ce-2778-476e-96ba-6593788d1fd6 req-b8eb1a38-26d7-483a-ab6c-325c3d1985ac service placement] found 2 providers with available 1 DISK_GB {{(pid=110896) get_provider_ids_matching /opt/stack/placement/placement/objects/research_context.py:549}}
Jan 28 06:06:40.239664 n-d-789963-25 devstack@placement-api.service[110896]: DEBUG placement.objects.research_context [req-6399c2ce-2778-476e-96ba-6593788d1fd6 req-b8eb1a38-26d7-483a-ab6c-325c3d1985ac service placement] found 2 providers with available 1024 MEMORY_MB {{(pid=110896) get_provider_ids_matching /opt/stack/placement/placement/objects/research_context.py:549}}
Jan 28 06:06:40.239931 n-d-789963-25 devstack@placement-api.service[110896]: DEBUG placement.objects.research_context [req-6399c2ce-2778-476e-96ba-6593788d1fd6 req-b8eb1a38-26d7-483a-ab6c-325c3d1985ac service placement] found 2 providers after filtering by previous result {{(pid=110896) get_provider_ids_matching /opt/stack/placement/placement/objects/research_context.py:580}}
Jan 28 06:06:40.240216 n-d-789963-25 devstack@placement-api.service[110896]: DEBUG placement.objects.research_context [req-6399c2ce-2778-476e-96ba-6593788d1fd6 req-b8eb1a38-26d7-483a-ab6c-325c3d1985ac service placement] found 2 providers with available 1 VCPU {{(pid=110896) get_provider_ids_matching /opt/stack/placement/placement/objects/research_context.py:549}}
Jan 28 06:06:40.240475 n-d-789963-25 devstack@placement-api.service[110896]: DEBUG placement.objects.research_context [req-6399c2ce-2778-476e-96ba-6593788d1fd6 req-b8eb1a38-26d7-483a-ab6c-325c3d1985ac service placement] found 2 providers after filtering by previous result {{(pid=110896) get_provider_ids_matching /opt/stack/placement/placement/objects/research_context.py:580}}
Jan 28 06:06:40.253149 n-d-789963-25 devstack@placement-api.service[110896]: DEBUG placement.objects.allocation_candidate [req-6399c2ce-2778-476e-96ba-6593788d1fd6 req-b8eb1a38-26d7-483a-ab6c-325c3d1985ac service placement] RequestGroup(use_same_provider=False, resources={DISK_GB:1, MEMORY_MB:1024, VCPU:1}, traits=[], aggregates=[]) (suffix '') returned 2 matches {{(pid=110896) _get_by_requests /opt/stack/placement/placement/objects/allocation_candidate.py:145}}
Jan 28 06:06:40.253553 n-d-789963-25 devstack@placement-api.service[110896]: DEBUG placement.objects.allocation_candidate [req-6399c2ce-2778-476e-96ba-6593788d1fd6 req-b8eb1a38-26d7-483a-ab6c-325c3d1985ac service placement] Merging candidates yields 2 allocation requests and 2 provider summaries {{(pid=110896) _merge_candidates /opt/stack/placement/placement/objects/allocation_candidate.py:783}}
Jan 28 06:06:40.257651 n-d-789963-25 devstack@placement-api.service[110896]: INFO placement.requestlog [req-6399c2ce-2778-476e-96ba-6593788d1fd6 req-b8eb1a38-26d7-483a-ab6c-325c3d1985ac service placement] 10.222.0.70 "GET /placement/allocation_candidates?limit=1000&resources=DISK_GB%3A1%2CMEMORY_MB%3A1024%2CVCPU%3A1&root_required=%21COMPUTE_STATUS_DISABLED" status: 200 len: 1309 microversion: 1.36
Jan 28 06:06:40.270020 n-d-789963-25 devstack@placement-api.service[110896]: [pid: 110896|app: 0|req: 397/799] 10.222.0.70 () {60 vars in 1506 bytes} [Fri Jan 28 06:06:40 2022] GET /placement/allocation_candidates?limit=1000&resources=DISK_GB%3A1%2CMEMORY_MB%3A1024%2CVCPU%3A1&root_required=%21COMPUTE_STATUS_DISABLED => generated 1309 bytes in 94 msecs (HTTP/1.1 200) 8 headers in 297 bytes (1 switches on core 0)
Jan 28 06:06:40.311323 n-d-789963-25 devstack@placement-api.service[110897]: DEBUG placement.requestlog [req-6399c2ce-2778-476e-96ba-6593788d1fd6 req-114c6a90-e433-4835-8ca0-e0b460543c4b None None] Starting request: 10.222.0.70 "GET /placement/allocations/79eb3200-c8c3-410d-988b-055cafde479a" {{(pid=110897) __call__ /opt/stack/placement/placement/requestlog.py:55}}
Jan 28 06:06:40.323468 n-d-789963-25 devstack@placement-api.service[110897]: INFO placement.requestlog [req-6399c2ce-2778-476e-96ba-6593788d1fd6 req-114c6a90-e433-4835-8ca0-e0b460543c4b service placement] 10.222.0.70 "GET /placement/allocations/79eb3200-c8c3-410d-988b-055cafde479a" status: 200 len: 19 microversion: 1.28
Jan 28 06:06:40.329663 n-d-789963-25 devstack@placement-api.service[110897]: [pid: 110897|app: 0|req: 403/800] 10.222.0.70 () {60 vars in 1380 bytes} [Fri Jan 28 06:06:40 2022] GET /placement/allocations/79eb3200-c8c3-410d-988b-055cafde479a => generated 19 bytes in 13 msecs (HTTP/1.1 200) 8 headers in 295 bytes (1 switches on core 0)
Jan 28 06:06:40.330602 n-d-789963-25 devstack@placement-api.service[110896]: DEBUG placement.requestlog [req-6399c2ce-2778-476e-96ba-6593788d1fd6 req-721f23be-dee1-4e2f-96a9-adbfa5c54396 None None] Starting request: 10.222.0.70 "PUT /placement/allocations/79eb3200-c8c3-410d-988b-055cafde479a" {{(pid=110896) __call__ /opt/stack/placement/placement/requestlog.py:55}}
Jan 28 06:06:40.565450 n-d-789963-25 devstack@placement-api.service[110896]: DEBUG placement.handlers.allocation [req-6399c2ce-2778-476e-96ba-6593788d1fd6 req-721f23be-dee1-4e2f-96a9-adbfa5c54396 service placement] Successfully wrote allocations [, , ] {{(pid=110896) _update_consumers_and_create_allocations /opt/stack/placement/placement/handlers/allocation.py:462}}
Jan 28 06:06:40.672796 n-d-789963-25 devstack@placement-api.service[110896]: INFO placement.requestlog [req-6399c2ce-2778-476e-96ba-6593788d1fd6 req-721f23be-dee1-4e2f-96a9-adbfa5c54396 service placement] 10.222.0.70 "PUT /placement/allocations/79eb3200-c8c3-410d-988b-055cafde479a" status: 204 len: 0 microversion: 1.36
Jan 28 06:06:40.673625 n-d-789963-25 devstack@placement-api.service[110896]: [pid: 110896|app: 0|req: 398/801] 10.222.0.70 () {64 vars in 1433 bytes} [Fri Jan 28 06:06:40 2022] PUT /placement/allocations/79eb3200-c8c3-410d-988b-055cafde479a => generated 0 bytes in 343 msecs (HTTP/1.1 204) 5 headers in 199 bytes (1 switches on core 0)
Jan 28 06:06:41.779844 n-d-789963-25 devstack@placement-api.service[110897]: DEBUG placement.requestlog [req-6399c2ce-2778-476e-96ba-6593788d1fd6 req-18ea293e-45d4-4a81-b9ce-3628d93adc67 None None] Starting request: 10.222.0.26 "GET /placement/allocations/79eb3200-c8c3-410d-988b-055cafde479a" {{(pid=110897) __call__ /opt/stack/placement/placement/requestlog.py:55}}
Jan 28 06:06:41.800887 n-d-789963-25 devstack@placement-api.service[110897]: INFO placement.requestlog [req-6399c2ce-2778-476e-96ba-6593788d1fd6 req-18ea293e-45d4-4a81-b9ce-3628d93adc67 service placement] 10.222.0.26 "GET /placement/allocations/79eb3200-c8c3-410d-988b-055cafde479a" status: 200 len: 259 microversion: 1.28
Jan 28 06:06:41.801455 n-d-789963-25 devstack@placement-api.service[110897]: [pid: 110897|app: 0|req: 404/802] 10.222.0.26 () {60 vars in 1377 bytes} [Fri Jan 28 06:06:41 2022] GET /placement/allocations/79eb3200-c8c3-410d-988b-055cafde479a => generated 259 bytes in 22 msecs (HTTP/1.1 200) 8 headers in 296 bytes (1 switches on core 0)
Jan 28 06:06:49.502564 n-d-789963-25 devstack@placement-api.service[110896]: DEBUG placement.requestlog [req-111d3c53-e286-4a36-9394-944c9ea4af6e req-8df744d5-ffaf-42a2-a195-8be50b83a294 None None] Starting request: 10.222.0.26 "GET /placement/resource_providers/9eaf2381-9c38-488d-bb7a-6dcc5559b7f7/allocations" {{(pid=110896) __call__ /opt/stack/placement/placement/requestlog.py:55}}
Jan 28 06:06:49.702853 n-d-789963-25 devstack@placement-api.service[110896]: INFO placement.requestlog [req-111d3c53-e286-4a36-9394-944c9ea4af6e req-8df744d5-ffaf-42a2-a195-8be50b83a294 service placement] 10.222.0.26 "GET /placement/resource_providers/9eaf2381-9c38-488d-bb7a-6dcc5559b7f7/allocations" status: 200 len: 255 microversion: 1.0
Jan 28 06:06:49.704424 n-d-789963-25 devstack@placement-api.service[110896]: [pid: 110896|app: 0|req: 399/803] 10.222.0.26 () {58 vars in 1390 bytes} [Fri Jan 28 06:06:49 2022] GET /placement/resource_providers/9eaf2381-9c38-488d-bb7a-6dcc5559b7f7/allocations => generated 255 bytes in 202 msecs (HTTP/1.1 200) 6 headers in 224 bytes (1 switches on core 0)
Jan 28 06:06:49.840921 n-d-789963-25 devstack@placement-api.service[110897]: DEBUG placement.requestlog [req-111d3c53-e286-4a36-9394-944c9ea4af6e req-5d09d40d-8f9d-4d06-905c-c786ec09a476 None None] Starting request: 10.222.0.26 "GET /placement/resource_providers?in_tree=9eaf2381-9c38-488d-bb7a-6dcc5559b7f7" {{(pid=110897) __call__ /opt/stack/placement/placement/requestlog.py:55}}
Jan 28 06:06:49.857305 n-d-789963-25 devstack@placement-api.service[110897]: INFO placement.requestlog [req-111d3c53-e286-4a36-9394-944c9ea4af6e req-5d09d40d-8f9d-4d06-905c-c786ec09a476 service placement] 10.222.0.26 "GET /placement/resource_providers?in_tree=9eaf2381-9c38-488d-bb7a-6dcc5559b7f7" status: 200 len: 864 microversion: 1.14
Jan 28 06:06:49.858344 n-d-789963-25 devstack@placement-api.service[110897]: [pid: 110897|app: 0|req: 405/804] 10.222.0.26 () {60 vars in 1376 bytes} [Fri Jan 28 06:06:49 2022] GET /placement/resource_providers?in_tree=9eaf2381-9c38-488d-bb7a-6dcc5559b7f7 => generated 864 bytes in 18 msecs (HTTP/1.1 200) 6 headers in 225 bytes (1 switches on core 0)
