Sep 18 01:54:47.903625 n-d-789963-12 devstack@placement-api.service[106922]: DEBUG placement.requestlog [req-a0e4cfea-8936-4063-95f0-bdbeb3f48dba req-3e30eada-f453-4292-b021-6834bc932b53 None None] Starting request: 10.222.0.21 "GET /placement/allocations/72449ce2-9734-4dd3-8997-17e4529623d4" {{(pid=106922) __call__ /opt/stack/placement/placement/requestlog.py:55}}
Sep 18 01:54:47.917724 n-d-789963-12 devstack@placement-api.service[106922]: INFO placement.requestlog [req-a0e4cfea-8936-4063-95f0-bdbeb3f48dba req-3e30eada-f453-4292-b021-6834bc932b53 service placement] 10.222.0.21 "GET /placement/allocations/72449ce2-9734-4dd3-8997-17e4529623d4" status: 200 len: 19 microversion: 1.28
Sep 18 01:54:47.918170 n-d-789963-12 devstack@placement-api.service[106922]: [pid: 106922|app: 0|req: 109/218] 10.222.0.21 () {60 vars in 1381 bytes} [Sat Sep 18 01:54:47 2021] GET /placement/allocations/72449ce2-9734-4dd3-8997-17e4529623d4 => generated 19 bytes in 15 msecs (HTTP/1.1 200) 8 headers in 295 bytes (2 switches on core 0)
Sep 18 01:54:47.924513 n-d-789963-12 devstack@placement-api.service[106921]: DEBUG placement.requestlog [req-a0e4cfea-8936-4063-95f0-bdbeb3f48dba req-10ffe61e-a55c-4bdf-bd92-cc2b3a8a3128 None None] Starting request: 10.222.0.21 "PUT /placement/allocations/72449ce2-9734-4dd3-8997-17e4529623d4" {{(pid=106921) __call__ /opt/stack/placement/placement/requestlog.py:55}}
Sep 18 01:54:47.982515 n-d-789963-12 devstack@placement-api.service[106921]: DEBUG placement.handlers.allocation [req-a0e4cfea-8936-4063-95f0-bdbeb3f48dba req-10ffe61e-a55c-4bdf-bd92-cc2b3a8a3128 service placement] Successfully wrote allocations [, , ] {{(pid=106921) _update_consumers_and_create_allocations /opt/stack/placement/placement/handlers/allocation.py:462}}
Sep 18 01:54:47.988779 n-d-789963-12 devstack@placement-api.service[106921]: INFO placement.requestlog [req-a0e4cfea-8936-4063-95f0-bdbeb3f48dba req-10ffe61e-a55c-4bdf-bd92-cc2b3a8a3128 service placement] 10.222.0.21 "PUT /placement/allocations/72449ce2-9734-4dd3-8997-17e4529623d4" status: 204 len: 0 microversion: 1.28
Sep 18 01:54:47.989407 n-d-789963-12 devstack@placement-api.service[106921]: [pid: 106921|app: 0|req: 110/219] 10.222.0.21 () {64 vars in 1434 bytes} [Sat Sep 18 01:54:47 2021] PUT /placement/allocations/72449ce2-9734-4dd3-8997-17e4529623d4 => generated 0 bytes in 65 msecs (HTTP/1.1 204) 5 headers in 199 bytes (1 switches on core 0)
Sep 18 01:54:48.173512 n-d-789963-12 devstack@placement-api.service[106922]: DEBUG placement.requestlog [req-a0e4cfea-8936-4063-95f0-bdbeb3f48dba req-a9eafca7-cfd2-49c2-8e6f-d9bb48cc5210 None None] Starting request: 10.222.0.20 "GET /placement/allocations/72449ce2-9734-4dd3-8997-17e4529623d4" {{(pid=106922) __call__ /opt/stack/placement/placement/requestlog.py:55}}
Sep 18 01:54:48.189446 n-d-789963-12 devstack@placement-api.service[106922]: INFO placement.requestlog [req-a0e4cfea-8936-4063-95f0-bdbeb3f48dba req-a9eafca7-cfd2-49c2-8e6f-d9bb48cc5210 service placement] 10.222.0.20 "GET /placement/allocations/72449ce2-9734-4dd3-8997-17e4529623d4" status: 200 len: 259 microversion: 1.28
Sep 18 01:54:48.189857 n-d-789963-12 devstack@placement-api.service[106922]: [pid: 106922|app: 0|req: 110/220] 10.222.0.20 () {60 vars in 1378 bytes} [Sat Sep 18 01:54:48 2021] GET /placement/allocations/72449ce2-9734-4dd3-8997-17e4529623d4 => generated 259 bytes in 17 msecs (HTTP/1.1 200) 8 headers in 296 bytes (1 switches on core 0)
Sep 18 01:54:49.605641 n-d-789963-12 devstack@placement-api.service[106921]: DEBUG placement.requestlog [req-1a88cdea-d6a1-4d6e-a068-08cafd5d2db6 req-71261133-c6b4-4a6b-a971-19dae3e3bfb7 None None] Starting request: 10.222.0.21 "GET /placement/allocation_candidates?limit=1000&resources=DISK_GB%3A1%2CMEMORY_MB%3A1024%2CVCPU%3A1&root_required=%21COMPUTE_STATUS_DISABLED" {{(pid=106921) __call__ /opt/stack/placement/placement/requestlog.py:55}}
Sep 18 01:54:49.649999 n-d-789963-12 devstack@placement-api.service[106921]: DEBUG placement.objects.research_context [req-1a88cdea-d6a1-4d6e-a068-08cafd5d2db6 req-71261133-c6b4-4a6b-a971-19dae3e3bfb7 service placement] getting providers with 1 DISK_GB {{(pid=106921) __init__ /opt/stack/placement/placement/objects/research_context.py:126}}
Sep 18 01:54:49.656317 n-d-789963-12 devstack@placement-api.service[106921]: DEBUG placement.objects.research_context [req-1a88cdea-d6a1-4d6e-a068-08cafd5d2db6 req-71261133-c6b4-4a6b-a971-19dae3e3bfb7 service placement] getting providers with 1024 MEMORY_MB {{(pid=106921) __init__ /opt/stack/placement/placement/objects/research_context.py:126}}
Sep 18 01:54:49.663229 n-d-789963-12 devstack@placement-api.service[106921]: DEBUG placement.objects.research_context [req-1a88cdea-d6a1-4d6e-a068-08cafd5d2db6 req-71261133-c6b4-4a6b-a971-19dae3e3bfb7 service placement] getting providers with 1 VCPU {{(pid=106921) __init__ /opt/stack/placement/placement/objects/research_context.py:126}}
Sep 18 01:54:49.669101 n-d-789963-12 devstack@placement-api.service[106921]: DEBUG placement.objects.research_context [req-1a88cdea-d6a1-4d6e-a068-08cafd5d2db6 req-71261133-c6b4-4a6b-a971-19dae3e3bfb7 service placement] found 2 providers with available 1 DISK_GB {{(pid=106921) get_provider_ids_matching /opt/stack/placement/placement/objects/research_context.py:549}}
Sep 18 01:54:49.669644 n-d-789963-12 devstack@placement-api.service[106921]: DEBUG placement.objects.research_context [req-1a88cdea-d6a1-4d6e-a068-08cafd5d2db6 req-71261133-c6b4-4a6b-a971-19dae3e3bfb7 service placement] found 2 providers with available 1024 MEMORY_MB {{(pid=106921) get_provider_ids_matching /opt/stack/placement/placement/objects/research_context.py:549}}
Sep 18 01:54:49.670130 n-d-789963-12 devstack@placement-api.service[106921]: DEBUG placement.objects.research_context [req-1a88cdea-d6a1-4d6e-a068-08cafd5d2db6 req-71261133-c6b4-4a6b-a971-19dae3e3bfb7 service placement] found 2 providers after filtering by previous result {{(pid=106921) get_provider_ids_matching /opt/stack/placement/placement/objects/research_context.py:580}}
Sep 18 01:54:49.670611 n-d-789963-12 devstack@placement-api.service[106921]: DEBUG placement.objects.research_context [req-1a88cdea-d6a1-4d6e-a068-08cafd5d2db6 req-71261133-c6b4-4a6b-a971-19dae3e3bfb7 service placement] found 2 providers with available 1 VCPU {{(pid=106921) get_provider_ids_matching /opt/stack/placement/placement/objects/research_context.py:549}}
Sep 18 01:54:49.671126 n-d-789963-12 devstack@placement-api.service[106921]: DEBUG placement.objects.research_context [req-1a88cdea-d6a1-4d6e-a068-08cafd5d2db6 req-71261133-c6b4-4a6b-a971-19dae3e3bfb7 service placement] found 2 providers after filtering by previous result {{(pid=106921) get_provider_ids_matching /opt/stack/placement/placement/objects/research_context.py:580}}
Sep 18 01:54:49.686551 n-d-789963-12 devstack@placement-api.service[106921]: DEBUG placement.objects.allocation_candidate [req-1a88cdea-d6a1-4d6e-a068-08cafd5d2db6 req-71261133-c6b4-4a6b-a971-19dae3e3bfb7 service placement] RequestGroup(use_same_provider=False, resources={DISK_GB:1, MEMORY_MB:1024, VCPU:1}, traits=[], aggregates=[]) (suffix '') returned 2 matches {{(pid=106921) _get_by_requests /opt/stack/placement/placement/objects/allocation_candidate.py:145}}
Sep 18 01:54:49.687148 n-d-789963-12 devstack@placement-api.service[106921]: DEBUG placement.objects.allocation_candidate [req-1a88cdea-d6a1-4d6e-a068-08cafd5d2db6 req-71261133-c6b4-4a6b-a971-19dae3e3bfb7 service placement] Merging candidates yields 2 allocation requests and 2 provider summaries {{(pid=106921) _merge_candidates /opt/stack/placement/placement/objects/allocation_candidate.py:783}}
Sep 18 01:54:49.689194 n-d-789963-12 devstack@placement-api.service[106921]: INFO placement.requestlog [req-1a88cdea-d6a1-4d6e-a068-08cafd5d2db6 req-71261133-c6b4-4a6b-a971-19dae3e3bfb7 service placement] 10.222.0.21 "GET /placement/allocation_candidates?limit=1000&resources=DISK_GB%3A1%2CMEMORY_MB%3A1024%2CVCPU%3A1&root_required=%21COMPUTE_STATUS_DISABLED" status: 200 len: 1312 microversion: 1.36
Sep 18 01:54:49.706156 n-d-789963-12 devstack@placement-api.service[106921]: [pid: 106921|app: 0|req: 111/221] 10.222.0.21 () {60 vars in 1507 bytes} [Sat Sep 18 01:54:49 2021] GET /placement/allocation_candidates?limit=1000&resources=DISK_GB%3A1%2CMEMORY_MB%3A1024%2CVCPU%3A1&root_required=%21COMPUTE_STATUS_DISABLED => generated 1312 bytes in 96 msecs (HTTP/1.1 200) 8 headers in 297 bytes (1 switches on core 0)
Sep 18 01:54:49.764611 n-d-789963-12 devstack@placement-api.service[106922]: DEBUG placement.requestlog [req-1a88cdea-d6a1-4d6e-a068-08cafd5d2db6 req-7379f686-c01f-4458-962d-b09906ae6494 None None] Starting request: 10.222.0.21 "GET /placement/allocations/a3284125-1042-4242-9c2e-e17490a257ca" {{(pid=106922) __call__ /opt/stack/placement/placement/requestlog.py:55}}
Sep 18 01:54:49.786893 n-d-789963-12 devstack@placement-api.service[106922]: INFO placement.requestlog [req-1a88cdea-d6a1-4d6e-a068-08cafd5d2db6 req-7379f686-c01f-4458-962d-b09906ae6494 service placement] 10.222.0.21 "GET /placement/allocations/a3284125-1042-4242-9c2e-e17490a257ca" status: 200 len: 19 microversion: 1.28
Sep 18 01:54:49.788131 n-d-789963-12 devstack@placement-api.service[106922]: [pid: 106922|app: 0|req: 111/222] 10.222.0.21 () {60 vars in 1381 bytes} [Sat Sep 18 01:54:49 2021] GET /placement/allocations/a3284125-1042-4242-9c2e-e17490a257ca => generated 19 bytes in 24 msecs (HTTP/1.1 200) 8 headers in 295 bytes (1 switches on core 0)
Sep 18 01:54:49.794496 n-d-789963-12 devstack@placement-api.service[106921]: DEBUG placement.requestlog [req-1a88cdea-d6a1-4d6e-a068-08cafd5d2db6 req-1f89cbf5-a396-4ab2-a84f-7545629aa2e2 None None] Starting request: 10.222.0.21 "PUT /placement/allocations/a3284125-1042-4242-9c2e-e17490a257ca" {{(pid=106921) __call__ /opt/stack/placement/placement/requestlog.py:55}}
Sep 18 01:54:49.898664 n-d-789963-12 devstack@placement-api.service[106922]: DEBUG placement.requestlog [req-1e450317-e5db-4b21-bf9b-1aefa9c41499 req-518b2313-1ec5-4868-8511-90876f99aeca None None] Starting request: 10.222.0.21 "GET /placement/allocation_candidates?limit=1000&resources=DISK_GB%3A1%2CMEMORY_MB%3A1024%2CVCPU%3A1&root_required=%21COMPUTE_STATUS_DISABLED" {{(pid=106922) __call__ /opt/stack/placement/placement/requestlog.py:55}}
Sep 18 01:54:49.925236 n-d-789963-12 devstack@placement-api.service[106921]: DEBUG placement.handlers.allocation [req-1a88cdea-d6a1-4d6e-a068-08cafd5d2db6 req-1f89cbf5-a396-4ab2-a84f-7545629aa2e2 service placement] Successfully wrote allocations [, , ] {{(pid=106921) _update_consumers_and_create_allocations /opt/stack/placement/placement/handlers/allocation.py:462}}
Sep 18 01:54:49.932926 n-d-789963-12 devstack@placement-api.service[106921]: INFO placement.requestlog [req-1a88cdea-d6a1-4d6e-a068-08cafd5d2db6 req-1f89cbf5-a396-4ab2-a84f-7545629aa2e2 service placement] 10.222.0.21 "PUT /placement/allocations/a3284125-1042-4242-9c2e-e17490a257ca" status: 204 len: 0 microversion: 1.36
Sep 18 01:54:49.933395 n-d-789963-12 devstack@placement-api.service[106921]: [pid: 106921|app: 0|req: 112/223] 10.222.0.21 () {64 vars in 1434 bytes} [Sat Sep 18 01:54:49 2021] PUT /placement/allocations/a3284125-1042-4242-9c2e-e17490a257ca => generated 0 bytes in 139 msecs (HTTP/1.1 204) 5 headers in 199 bytes (2 switches on core 0)
Sep 18 01:54:49.934575 n-d-789963-12 devstack@placement-api.service[106922]: DEBUG placement.objects.research_context [req-1e450317-e5db-4b21-bf9b-1aefa9c41499 req-518b2313-1ec5-4868-8511-90876f99aeca service placement] getting providers with 1 DISK_GB {{(pid=106922) __init__ /opt/stack/placement/placement/objects/research_context.py:126}}
Sep 18 01:54:49.942675 n-d-789963-12 devstack@placement-api.service[106922]: DEBUG placement.objects.research_context [req-1e450317-e5db-4b21-bf9b-1aefa9c41499 req-518b2313-1ec5-4868-8511-90876f99aeca service placement] getting providers with 1024 MEMORY_MB {{(pid=106922) __init__ /opt/stack/placement/placement/objects/research_context.py:126}}
Sep 18 01:54:49.969747 n-d-789963-12 devstack@placement-api.service[106922]: DEBUG placement.objects.research_context [req-1e450317-e5db-4b21-bf9b-1aefa9c41499 req-518b2313-1ec5-4868-8511-90876f99aeca service placement] getting providers with 1 VCPU {{(pid=106922) __init__ /opt/stack/placement/placement/objects/research_context.py:126}}
Sep 18 01:54:49.977498 n-d-789963-12 devstack@placement-api.service[106922]: DEBUG placement.objects.research_context [req-1e450317-e5db-4b21-bf9b-1aefa9c41499 req-518b2313-1ec5-4868-8511-90876f99aeca service placement] found 2 providers with available 1 DISK_GB {{(pid=106922) get_provider_ids_matching /opt/stack/placement/placement/objects/research_context.py:549}}
Sep 18 01:54:49.978095 n-d-789963-12 devstack@placement-api.service[106922]: DEBUG placement.objects.research_context [req-1e450317-e5db-4b21-bf9b-1aefa9c41499 req-518b2313-1ec5-4868-8511-90876f99aeca service placement] found 2 providers with available 1024 MEMORY_MB {{(pid=106922) get_provider_ids_matching /opt/stack/placement/placement/objects/research_context.py:549}}
Sep 18 01:54:49.978583 n-d-789963-12 devstack@placement-api.service[106922]: DEBUG placement.objects.research_context [req-1e450317-e5db-4b21-bf9b-1aefa9c41499 req-518b2313-1ec5-4868-8511-90876f99aeca service placement] found 2 providers after filtering by previous result {{(pid=106922) get_provider_ids_matching /opt/stack/placement/placement/objects/research_context.py:580}}
Sep 18 01:54:49.979109 n-d-789963-12 devstack@placement-api.service[106922]: DEBUG placement.objects.research_context [req-1e450317-e5db-4b21-bf9b-1aefa9c41499 req-518b2313-1ec5-4868-8511-90876f99aeca service placement] found 2 providers with available 1 VCPU {{(pid=106922) get_provider_ids_matching /opt/stack/placement/placement/objects/research_context.py:549}}
Sep 18 01:54:49.979618 n-d-789963-12 devstack@placement-api.service[106922]: DEBUG placement.objects.research_context [req-1e450317-e5db-4b21-bf9b-1aefa9c41499 req-518b2313-1ec5-4868-8511-90876f99aeca service placement] found 2 providers after filtering by previous result {{(pid=106922) get_provider_ids_matching /opt/stack/placement/placement/objects/research_context.py:580}}
Sep 18 01:54:50.013305 n-d-789963-12 devstack@placement-api.service[106922]: DEBUG placement.objects.allocation_candidate [req-1e450317-e5db-4b21-bf9b-1aefa9c41499 req-518b2313-1ec5-4868-8511-90876f99aeca service placement] RequestGroup(use_same_provider=False, resources={DISK_GB:1, MEMORY_MB:1024, VCPU:1}, traits=[], aggregates=[]) (suffix '') returned 2 matches {{(pid=106922) _get_by_requests /opt/stack/placement/placement/objects/allocation_candidate.py:145}}
Sep 18 01:54:50.013864 n-d-789963-12 devstack@placement-api.service[106922]: DEBUG placement.objects.allocation_candidate [req-1e450317-e5db-4b21-bf9b-1aefa9c41499 req-518b2313-1ec5-4868-8511-90876f99aeca service placement] Merging candidates yields 2 allocation requests and 2 provider summaries {{(pid=106922) _merge_candidates /opt/stack/placement/placement/objects/allocation_candidate.py:783}}
Sep 18 01:54:50.019667 n-d-789963-12 devstack@placement-api.service[106922]: INFO placement.requestlog [req-1e450317-e5db-4b21-bf9b-1aefa9c41499 req-518b2313-1ec5-4868-8511-90876f99aeca service placement] 10.222.0.21 "GET /placement/allocation_candidates?limit=1000&resources=DISK_GB%3A1%2CMEMORY_MB%3A1024%2CVCPU%3A1&root_required=%21COMPUTE_STATUS_DISABLED" status: 200 len: 1312 microversion: 1.36
Sep 18 01:54:50.020144 n-d-789963-12 devstack@placement-api.service[106922]: [pid: 106922|app: 0|req: 112/224] 10.222.0.21 () {60 vars in 1507 bytes} [Sat Sep 18 01:54:49 2021] GET /placement/allocation_candidates?limit=1000&resources=DISK_GB%3A1%2CMEMORY_MB%3A1024%2CVCPU%3A1&root_required=%21COMPUTE_STATUS_DISABLED => generated 1312 bytes in 122 msecs (HTTP/1.1 200) 8 headers in 297 bytes (2 switches on core 0)
Sep 18 01:54:50.119071 n-d-789963-12 devstack@placement-api.service[106921]: DEBUG placement.requestlog [req-1e450317-e5db-4b21-bf9b-1aefa9c41499 req-13621a79-ff5d-467e-9a68-e61d3b6eceef None None] Starting request: 10.222.0.21 "GET /placement/allocations/3949e0e9-c869-4d1e-baf5-dd63811d99b7" {{(pid=106921) __call__ /opt/stack/placement/placement/requestlog.py:55}}
Sep 18 01:54:50.130489 n-d-789963-12 devstack@placement-api.service[106921]: INFO placement.requestlog [req-1e450317-e5db-4b21-bf9b-1aefa9c41499 req-13621a79-ff5d-467e-9a68-e61d3b6eceef service placement] 10.222.0.21 "GET /placement/allocations/3949e0e9-c869-4d1e-baf5-dd63811d99b7" status: 200 len: 19 microversion: 1.28
Sep 18 01:54:50.130728 n-d-789963-12 devstack@placement-api.service[106921]: [pid: 106921|app: 0|req: 113/225] 10.222.0.21 () {60 vars in 1381 bytes} [Sat Sep 18 01:54:50 2021] GET /placement/allocations/3949e0e9-c869-4d1e-baf5-dd63811d99b7 => generated 19 bytes in 12 msecs (HTTP/1.1 200) 8 headers in 295 bytes (1 switches on core 0)
Sep 18 01:54:50.138276 n-d-789963-12 devstack@placement-api.service[106922]: DEBUG placement.requestlog [req-1e450317-e5db-4b21-bf9b-1aefa9c41499 req-cb715f59-bdab-405f-8d36-e163ca0f368c None None] Starting request: 10.222.0.21 "PUT /placement/allocations/3949e0e9-c869-4d1e-baf5-dd63811d99b7" {{(pid=106922) __call__ /opt/stack/placement/placement/requestlog.py:55}}
Sep 18 01:54:50.232104 n-d-789963-12 devstack@placement-api.service[106922]: DEBUG placement.handlers.allocation [req-1e450317-e5db-4b21-bf9b-1aefa9c41499 req-cb715f59-bdab-405f-8d36-e163ca0f368c service placement] Successfully wrote allocations [, , ] {{(pid=106922) _update_consumers_and_create_allocations /opt/stack/placement/placement/handlers/allocation.py:462}}
Sep 18 01:54:50.237421 n-d-789963-12 devstack@placement-api.service[106922]: INFO placement.requestlog [req-1e450317-e5db-4b21-bf9b-1aefa9c41499 req-cb715f59-bdab-405f-8d36-e163ca0f368c service placement] 10.222.0.21 "PUT /placement/allocations/3949e0e9-c869-4d1e-baf5-dd63811d99b7" status: 204 len: 0 microversion: 1.36
Sep 18 01:54:50.238392 n-d-789963-12 devstack@placement-api.service[106922]: [pid: 106922|app: 0|req: 113/226] 10.222.0.21 () {64 vars in 1434 bytes} [Sat Sep 18 01:54:50 2021] PUT /placement/allocations/3949e0e9-c869-4d1e-baf5-dd63811d99b7 => generated 0 bytes in 100 msecs (HTTP/1.1 204) 5 headers in 199 bytes (1 switches on core 0)
Sep 18 01:54:50.473518 n-d-789963-12 devstack@placement-api.service[106921]: DEBUG placement.requestlog [req-1a88cdea-d6a1-4d6e-a068-08cafd5d2db6 req-0b388b9d-b703-4cf9-b025-c2a19777b83f None None] Starting request: 10.222.0.18 "GET /placement/allocations/a3284125-1042-4242-9c2e-e17490a257ca" {{(pid=106921) __call__ /opt/stack/placement/placement/requestlog.py:55}}
Sep 18 01:54:50.494032 n-d-789963-12 devstack@placement-api.service[106921]: INFO placement.requestlog [req-1a88cdea-d6a1-4d6e-a068-08cafd5d2db6 req-0b388b9d-b703-4cf9-b025-c2a19777b83f service placement] 10.222.0.18 "GET /placement/allocations/a3284125-1042-4242-9c2e-e17490a257ca" status: 200 len: 259 microversion: 1.28
Sep 18 01:54:50.494682 n-d-789963-12 devstack@placement-api.service[106921]: [pid: 106921|app: 0|req: 114/227] 10.222.0.18 () {60 vars in 1378 bytes} [Sat Sep 18 01:54:50 2021] GET /placement/allocations/a3284125-1042-4242-9c2e-e17490a257ca => generated 259 bytes in 24 msecs (HTTP/1.1 200) 8 headers in 296 bytes (2 switches on core 0)
Sep 18 01:54:50.834664 n-d-789963-12 devstack@placement-api.service[106922]: DEBUG placement.requestlog [req-1e450317-e5db-4b21-bf9b-1aefa9c41499 req-e5323269-28c3-4d17-80ff-31a9a63717ec None None] Starting request: 10.222.0.18 "GET /placement/allocations/3949e0e9-c869-4d1e-baf5-dd63811d99b7" {{(pid=106922) __call__ /opt/stack/placement/placement/requestlog.py:55}}
Sep 18 01:54:50.854525 n-d-789963-12 devstack@placement-api.service[106922]: INFO placement.requestlog [req-1e450317-e5db-4b21-bf9b-1aefa9c41499 req-e5323269-28c3-4d17-80ff-31a9a63717ec service placement] 10.222.0.18 "GET /placement/allocations/3949e0e9-c869-4d1e-baf5-dd63811d99b7" status: 200 len: 259 microversion: 1.28
Sep 18 01:54:50.855347 n-d-789963-12 devstack@placement-api.service[106922]: [pid: 106922|app: 0|req: 114/228] 10.222.0.18 () {60 vars in 1378 bytes} [Sat Sep 18 01:54:50 2021] GET /placement/allocations/3949e0e9-c869-4d1e-baf5-dd63811d99b7 => generated 259 bytes in 22 msecs (HTTP/1.1 200) 8 headers in 296 bytes (1 switches on core 0)
Sep 18 01:54:52.960383 n-d-789963-12 devstack@placement-api.service[106921]: DEBUG placement.requestlog [req-b3c01d85-0649-44a6-9170-535eee0b62cd req-b35004ca-dd44-438a-b43d-91d7026717d4 None None] Starting request: 10.222.0.21 "GET /placement/allocation_candidates?limit=1000&resources=DISK_GB%3A2%2CMEMORY_MB%3A1024%2CVCPU%3A1&root_required=%21COMPUTE_STATUS_DISABLED" {{(pid=106921) __call__ /opt/stack/placement/placement/requestlog.py:55}}
Sep 18 01:54:52.991722 n-d-789963-12 devstack@placement-api.service[106922]: DEBUG placement.requestlog [req-bff1dd06-9355-4e71-8638-07752e27a60e req-0a1f227e-62c0-4d91-aa15-ba38f9c7bfb2 None None] Starting request: 10.222.0.21 "GET /placement/allocation_candidates?resources=DISK_GB%3A1%2CMEMORY_MB%3A1024%2CVCPU%3A1&root_required=%21COMPUTE_STATUS_DISABLED" {{(pid=106922) __call__ /opt/stack/placement/placement/requestlog.py:55}}
Sep 18 01:54:53.060981 n-d-789963-12 devstack@placement-api.service[106921]: DEBUG placement.objects.research_context [req-b3c01d85-0649-44a6-9170-535eee0b62cd req-b35004ca-dd44-438a-b43d-91d7026717d4 service placement] getting providers with 2 DISK_GB {{(pid=106921) __init__ /opt/stack/placement/placement/objects/research_context.py:126}}
Sep 18 01:54:53.067730 n-d-789963-12 devstack@placement-api.service[106922]: DEBUG placement.objects.research_context [req-bff1dd06-9355-4e71-8638-07752e27a60e req-0a1f227e-62c0-4d91-aa15-ba38f9c7bfb2 service placement] getting providers with 1 DISK_GB {{(pid=106922) __init__ /opt/stack/placement/placement/objects/research_context.py:126}}
Sep 18 01:54:53.071777 n-d-789963-12 devstack@placement-api.service[106921]: DEBUG placement.objects.research_context [req-b3c01d85-0649-44a6-9170-535eee0b62cd req-b35004ca-dd44-438a-b43d-91d7026717d4 service placement] getting providers with 1024 MEMORY_MB {{(pid=106921) __init__ /opt/stack/placement/placement/objects/research_context.py:126}}
Sep 18 01:54:53.078220 n-d-789963-12 devstack@placement-api.service[106922]: DEBUG placement.objects.research_context [req-bff1dd06-9355-4e71-8638-07752e27a60e req-0a1f227e-62c0-4d91-aa15-ba38f9c7bfb2 service placement] getting providers with 1024 MEMORY_MB {{(pid=106922) __init__ /opt/stack/placement/placement/objects/research_context.py:126}}
Sep 18 01:54:53.079579 n-d-789963-12 devstack@placement-api.service[106921]: DEBUG placement.objects.research_context [req-b3c01d85-0649-44a6-9170-535eee0b62cd req-b35004ca-dd44-438a-b43d-91d7026717d4 service placement] getting providers with 1 VCPU {{(pid=106921) __init__ /opt/stack/placement/placement/objects/research_context.py:126}}
Sep 18 01:54:53.086416 n-d-789963-12 devstack@placement-api.service[106922]: DEBUG placement.objects.research_context [req-bff1dd06-9355-4e71-8638-07752e27a60e req-0a1f227e-62c0-4d91-aa15-ba38f9c7bfb2 service placement] getting providers with 1 VCPU {{(pid=106922) __init__ /opt/stack/placement/placement/objects/research_context.py:126}}
Sep 18 01:54:53.094443 n-d-789963-12 devstack@placement-api.service[106922]: DEBUG placement.objects.research_context [req-bff1dd06-9355-4e71-8638-07752e27a60e req-0a1f227e-62c0-4d91-aa15-ba38f9c7bfb2 service placement] found 2 providers with available 1 DISK_GB {{(pid=106922) get_provider_ids_matching /opt/stack/placement/placement/objects/research_context.py:549}}
Sep 18 01:54:53.095002 n-d-789963-12 devstack@placement-api.service[106922]: DEBUG placement.objects.research_context [req-bff1dd06-9355-4e71-8638-07752e27a60e req-0a1f227e-62c0-4d91-aa15-ba38f9c7bfb2 service placement] found 2 providers with available 1024 MEMORY_MB {{(pid=106922) get_provider_ids_matching /opt/stack/placement/placement/objects/research_context.py:549}}
Sep 18 01:54:53.095796 n-d-789963-12 devstack@placement-api.service[106922]: DEBUG placement.objects.research_context [req-bff1dd06-9355-4e71-8638-07752e27a60e req-0a1f227e-62c0-4d91-aa15-ba38f9c7bfb2 service placement] found 2 providers after filtering by previous result {{(pid=106922) get_provider_ids_matching /opt/stack/placement/placement/objects/research_context.py:580}}
Sep 18 01:54:53.095928 n-d-789963-12 devstack@placement-api.service[106921]: DEBUG placement.objects.research_context [req-b3c01d85-0649-44a6-9170-535eee0b62cd req-b35004ca-dd44-438a-b43d-91d7026717d4 service placement] found 2 providers with available 2 DISK_GB {{(pid=106921) get_provider_ids_matching /opt/stack/placement/placement/objects/research_context.py:549}}
Sep 18 01:54:53.096141 n-d-789963-12 devstack@placement-api.service[106921]: DEBUG placement.objects.research_context [req-b3c01d85-0649-44a6-9170-535eee0b62cd req-b35004ca-dd44-438a-b43d-91d7026717d4 service placement] found 2 providers with available 1024 MEMORY_MB {{(pid=106921) get_provider_ids_matching /opt/stack/placement/placement/objects/research_context.py:549}}
Sep 18 01:54:53.096415 n-d-789963-12 devstack@placement-api.service[106921]: DEBUG placement.objects.research_context [req-b3c01d85-0649-44a6-9170-535eee0b62cd req-b35004ca-dd44-438a-b43d-91d7026717d4 service placement] found 2 providers after filtering by previous result {{(pid=106921) get_provider_ids_matching /opt/stack/placement/placement/objects/research_context.py:580}}
Sep 18 01:54:53.096675 n-d-789963-12 devstack@placement-api.service[106921]: DEBUG placement.objects.research_context [req-b3c01d85-0649-44a6-9170-535eee0b62cd req-b35004ca-dd44-438a-b43d-91d7026717d4 service placement] found 2 providers with available 1 VCPU {{(pid=106921) get_provider_ids_matching /opt/stack/placement/placement/objects/research_context.py:549}}
Sep 18 01:54:53.097016 n-d-789963-12 devstack@placement-api.service[106921]: DEBUG placement.objects.research_context [req-b3c01d85-0649-44a6-9170-535eee0b62cd req-b35004ca-dd44-438a-b43d-91d7026717d4 service placement] found 2 providers after filtering by previous result {{(pid=106921) get_provider_ids_matching /opt/stack/placement/placement/objects/research_context.py:580}}
Sep 18 01:54:53.097343 n-d-789963-12 devstack@placement-api.service[106922]: DEBUG placement.objects.research_context [req-bff1dd06-9355-4e71-8638-07752e27a60e req-0a1f227e-62c0-4d91-aa15-ba38f9c7bfb2 service placement] found 2 providers with available 1 VCPU {{(pid=106922) get_provider_ids_matching /opt/stack/placement/placement/objects/research_context.py:549}}
Sep 18 01:54:53.097824 n-d-789963-12 devstack@placement-api.service[106922]: DEBUG placement.objects.research_context [req-bff1dd06-9355-4e71-8638-07752e27a60e req-0a1f227e-62c0-4d91-aa15-ba38f9c7bfb2 service placement] found 2 providers after filtering by previous result {{(pid=106922) get_provider_ids_matching /opt/stack/placement/placement/objects/research_context.py:580}}
Sep 18 01:54:53.117009 n-d-789963-12 devstack@placement-api.service[106921]: DEBUG placement.objects.allocation_candidate [req-b3c01d85-0649-44a6-9170-535eee0b62cd req-b35004ca-dd44-438a-b43d-91d7026717d4 service placement] RequestGroup(use_same_provider=False, resources={DISK_GB:2, MEMORY_MB:1024, VCPU:1}, traits=[], aggregates=[]) (suffix '') returned 2 matches {{(pid=106921) _get_by_requests /opt/stack/placement/placement/objects/allocation_candidate.py:145}}
Sep 18 01:54:53.117382 n-d-789963-12 devstack@placement-api.service[106921]: DEBUG placement.objects.allocation_candidate [req-b3c01d85-0649-44a6-9170-535eee0b62cd req-b35004ca-dd44-438a-b43d-91d7026717d4 service placement] Merging candidates yields 2 allocation requests and 2 provider summaries {{(pid=106921) _merge_candidates /opt/stack/placement/placement/objects/allocation_candidate.py:783}}
Sep 18 01:54:53.117730 n-d-789963-12 devstack@placement-api.service[106922]: DEBUG placement.objects.allocation_candidate [req-bff1dd06-9355-4e71-8638-07752e27a60e req-0a1f227e-62c0-4d91-aa15-ba38f9c7bfb2 service placement] RequestGroup(use_same_provider=False, resources={DISK_GB:1, MEMORY_MB:1024, VCPU:1}, traits=[], aggregates=[]) (suffix '') returned 2 matches {{(pid=106922) _get_by_requests /opt/stack/placement/placement/objects/allocation_candidate.py:145}}
Sep 18 01:54:53.118893 n-d-789963-12 devstack@placement-api.service[106922]: DEBUG placement.objects.allocation_candidate [req-bff1dd06-9355-4e71-8638-07752e27a60e req-0a1f227e-62c0-4d91-aa15-ba38f9c7bfb2 service placement] Merging candidates yields 2 allocation requests and 2 provider summaries {{(pid=106922) _merge_candidates /opt/stack/placement/placement/objects/allocation_candidate.py:783}}
Sep 18 01:54:53.119451 n-d-789963-12 devstack@placement-api.service[106921]: INFO placement.requestlog [req-b3c01d85-0649-44a6-9170-535eee0b62cd req-b35004ca-dd44-438a-b43d-91d7026717d4 service placement] 10.222.0.21 "GET /placement/allocation_candidates?limit=1000&resources=DISK_GB%3A2%2CMEMORY_MB%3A1024%2CVCPU%3A1&root_required=%21COMPUTE_STATUS_DISABLED" status: 200 len: 1315 microversion: 1.36
Sep 18 01:54:53.119761 n-d-789963-12 devstack@placement-api.service[106921]: [pid: 106921|app: 0|req: 115/229] 10.222.0.21 () {60 vars in 1507 bytes} [Sat Sep 18 01:54:52 2021] GET /placement/allocation_candidates?limit=1000&resources=DISK_GB%3A2%2CMEMORY_MB%3A1024%2CVCPU%3A1&root_required=%21COMPUTE_STATUS_DISABLED => generated 1315 bytes in 160 msecs (HTTP/1.1 200) 8 headers in 297 bytes (1 switches on core 0)
Sep 18 01:54:53.122186 n-d-789963-12 devstack@placement-api.service[106922]: INFO placement.requestlog [req-bff1dd06-9355-4e71-8638-07752e27a60e req-0a1f227e-62c0-4d91-aa15-ba38f9c7bfb2 service placement] 10.222.0.21 "GET /placement/allocation_candidates?resources=DISK_GB%3A1%2CMEMORY_MB%3A1024%2CVCPU%3A1&root_required=%21COMPUTE_STATUS_DISABLED" status: 200 len: 1315 microversion: 1.36
Sep 18 01:54:53.122977 n-d-789963-12 devstack@placement-api.service[106922]: [pid: 106922|app: 0|req: 115/230] 10.222.0.21 () {60 vars in 1485 bytes} [Sat Sep 18 01:54:52 2021] GET /placement/allocation_candidates?resources=DISK_GB%3A1%2CMEMORY_MB%3A1024%2CVCPU%3A1&root_required=%21COMPUTE_STATUS_DISABLED => generated 1315 bytes in 131 msecs (HTTP/1.1 200) 8 headers in 297 bytes (2 switches on core 0)
Sep 18 01:54:53.204849 n-d-789963-12 devstack@placement-api.service[106921]: DEBUG placement.requestlog [req-b3c01d85-0649-44a6-9170-535eee0b62cd req-7b238039-c39a-46b9-a68c-662ffd069c10 None None] Starting request: 10.222.0.21 "GET /placement/allocations/a3dc9e53-e161-40f5-aa78-97ac3757f096" {{(pid=106921) __call__ /opt/stack/placement/placement/requestlog.py:55}}
Sep 18 01:54:53.212690 n-d-789963-12 devstack@placement-api.service[106922]: DEBUG placement.requestlog [req-bff1dd06-9355-4e71-8638-07752e27a60e req-4ef086f6-ade3-4241-b815-3219ab9086a6 None None] Starting request: 10.222.0.21 "GET /placement/allocations/b23ba1ca-bdea-4a8f-abf1-a167bb1203bd" {{(pid=106922) __call__ /opt/stack/placement/placement/requestlog.py:55}}
Sep 18 01:54:53.231005 n-d-789963-12 devstack@placement-api.service[106921]: INFO placement.requestlog [req-b3c01d85-0649-44a6-9170-535eee0b62cd req-7b238039-c39a-46b9-a68c-662ffd069c10 service placement] 10.222.0.21 "GET /placement/allocations/a3dc9e53-e161-40f5-aa78-97ac3757f096" status: 200 len: 19 microversion: 1.28
Sep 18 01:54:53.231838 n-d-789963-12 devstack@placement-api.service[106921]: [pid: 106921|app: 0|req: 116/231] 10.222.0.21 () {60 vars in 1381 bytes} [Sat Sep 18 01:54:53 2021] GET /placement/allocations/a3dc9e53-e161-40f5-aa78-97ac3757f096 => generated 19 bytes in 27 msecs (HTTP/1.1 200) 8 headers in 295 bytes (1 switches on core 0)
Sep 18 01:54:53.244708 n-d-789963-12 devstack@placement-api.service[106922]: INFO placement.requestlog [req-bff1dd06-9355-4e71-8638-07752e27a60e req-4ef086f6-ade3-4241-b815-3219ab9086a6 service placement] 10.222.0.21 "GET /placement/allocations/b23ba1ca-bdea-4a8f-abf1-a167bb1203bd" status: 200 len: 19 microversion: 1.28
Sep 18 01:54:53.246511 n-d-789963-12 devstack@placement-api.service[106922]: [pid: 106922|app: 0|req: 116/232] 10.222.0.21 () {60 vars in 1381 bytes} [Sat Sep 18 01:54:53 2021] GET /placement/allocations/b23ba1ca-bdea-4a8f-abf1-a167bb1203bd => generated 19 bytes in 34 msecs (HTTP/1.1 200) 8 headers in 295 bytes (2 switches on core 0)
Sep 18 01:54:53.250019 n-d-789963-12 devstack@placement-api.service[106921]: DEBUG placement.requestlog [req-b3c01d85-0649-44a6-9170-535eee0b62cd req-f1aa996d-e5a2-417e-b2d6-1d0ba0549ba1 None None] Starting request: 10.222.0.21 "PUT /placement/allocations/a3dc9e53-e161-40f5-aa78-97ac3757f096" {{(pid=106921) __call__ /opt/stack/placement/placement/requestlog.py:55}}
Sep 18 01:54:53.253331 n-d-789963-12 devstack@placement-api.service[106922]: DEBUG placement.requestlog [req-bff1dd06-9355-4e71-8638-07752e27a60e req-ad5807ae-bd49-4b6b-a867-96a76d4d6c2e None None] Starting request: 10.222.0.21 "PUT /placement/allocations/b23ba1ca-bdea-4a8f-abf1-a167bb1203bd" {{(pid=106922) __call__ /opt/stack/placement/placement/requestlog.py:55}}
Sep 18 01:54:53.332822 n-d-789963-12 devstack@placement-api.service[106921]: DEBUG placement.handlers.allocation [req-b3c01d85-0649-44a6-9170-535eee0b62cd req-f1aa996d-e5a2-417e-b2d6-1d0ba0549ba1 service placement] Successfully wrote allocations [, , ] {{(pid=106921) _update_consumers_and_create_allocations /opt/stack/placement/placement/handlers/allocation.py:462}}
Sep 18 01:54:53.335846 n-d-789963-12 devstack@placement-api.service[106922]: DEBUG placement.handlers.allocation [req-bff1dd06-9355-4e71-8638-07752e27a60e req-ad5807ae-bd49-4b6b-a867-96a76d4d6c2e service placement] Successfully wrote allocations [, , ] {{(pid=106922) _update_consumers_and_create_allocations /opt/stack/placement/placement/handlers/allocation.py:462}}
Sep 18 01:54:53.342378 n-d-789963-12 devstack@placement-api.service[106921]: INFO placement.requestlog [req-b3c01d85-0649-44a6-9170-535eee0b62cd req-f1aa996d-e5a2-417e-b2d6-1d0ba0549ba1 service placement] 10.222.0.21 "PUT /placement/allocations/a3dc9e53-e161-40f5-aa78-97ac3757f096" status: 204 len: 0 microversion: 1.36
Sep 18 01:54:53.342972 n-d-789963-12 devstack@placement-api.service[106921]: [pid: 106921|app: 0|req: 117/233] 10.222.0.21 () {64 vars in 1434 bytes} [Sat Sep 18 01:54:53 2021] PUT /placement/allocations/a3dc9e53-e161-40f5-aa78-97ac3757f096 => generated 0 bytes in 93 msecs (HTTP/1.1 204) 5 headers in 199 bytes (1 switches on core 0)
Sep 18 01:54:53.359235 n-d-789963-12 devstack@placement-api.service[106922]: INFO placement.requestlog [req-bff1dd06-9355-4e71-8638-07752e27a60e req-ad5807ae-bd49-4b6b-a867-96a76d4d6c2e service placement] 10.222.0.21 "PUT /placement/allocations/b23ba1ca-bdea-4a8f-abf1-a167bb1203bd" status: 204 len: 0 microversion: 1.36
Sep 18 01:54:53.360500 n-d-789963-12 devstack@placement-api.service[106922]: [pid: 106922|app: 0|req: 117/234] 10.222.0.21 () {64 vars in 1434 bytes} [Sat Sep 18 01:54:53 2021] PUT /placement/allocations/b23ba1ca-bdea-4a8f-abf1-a167bb1203bd => generated 0 bytes in 107 msecs (HTTP/1.1 204) 5 headers in 199 bytes (1 switches on core 0)
Sep 18 01:54:53.814457 n-d-789963-12 devstack@placement-api.service[106921]: DEBUG placement.requestlog [req-bff1dd06-9355-4e71-8638-07752e27a60e req-61f0bb4c-66ff-49e2-85d6-1ccb073f7235 None None] Starting request: 10.222.0.18 "GET /placement/allocations/b23ba1ca-bdea-4a8f-abf1-a167bb1203bd" {{(pid=106921) __call__ /opt/stack/placement/placement/requestlog.py:55}}
Sep 18 01:54:53.834601 n-d-789963-12 devstack@placement-api.service[106921]: INFO placement.requestlog [req-bff1dd06-9355-4e71-8638-07752e27a60e req-61f0bb4c-66ff-49e2-85d6-1ccb073f7235 service placement] 10.222.0.18 "GET /placement/allocations/b23ba1ca-bdea-4a8f-abf1-a167bb1203bd" status: 200 len: 259 microversion: 1.28
Sep 18 01:54:53.835477 n-d-789963-12 devstack@placement-api.service[106921]: [pid: 106921|app: 0|req: 118/235] 10.222.0.18 () {60 vars in 1378 bytes} [Sat Sep 18 01:54:53 2021] GET /placement/allocations/b23ba1ca-bdea-4a8f-abf1-a167bb1203bd => generated 259 bytes in 21 msecs (HTTP/1.1 200) 8 headers in 296 bytes (1 switches on core 0)
Sep 18 01:54:53.872361 n-d-789963-12 devstack@placement-api.service[106922]: DEBUG placement.requestlog [req-b3c01d85-0649-44a6-9170-535eee0b62cd req-6d4b9d98-9e61-4d12-bb5c-9e6b9f7c18c4 None None] Starting request: 10.222.0.20 "GET /placement/allocations/a3dc9e53-e161-40f5-aa78-97ac3757f096" {{(pid=106922) __call__ /opt/stack/placement/placement/requestlog.py:55}}
Sep 18 01:54:53.890877 n-d-789963-12 devstack@placement-api.service[106922]: INFO placement.requestlog [req-b3c01d85-0649-44a6-9170-535eee0b62cd req-6d4b9d98-9e61-4d12-bb5c-9e6b9f7c18c4 service placement] 10.222.0.20 "GET /placement/allocations/a3dc9e53-e161-40f5-aa78-97ac3757f096" status: 200 len: 259 microversion: 1.28
Sep 18 01:54:53.891411 n-d-789963-12 devstack@placement-api.service[106922]: [pid: 106922|app: 0|req: 118/236] 10.222.0.20 () {60 vars in 1378 bytes} [Sat Sep 18 01:54:53 2021] GET /placement/allocations/a3dc9e53-e161-40f5-aa78-97ac3757f096 => generated 259 bytes in 19 msecs (HTTP/1.1 200) 8 headers in 296 bytes (1 switches on core 0)
Sep 18 01:54:56.618886 n-d-789963-12 devstack@placement-api.service[106921]: DEBUG placement.requestlog [req-401b61da-c80c-443f-ae93-964efab07f23 req-906006d0-6b8d-475f-8708-973808f23087 None None] Starting request: 10.222.0.21 "GET /placement/allocation_candidates?resources=DISK_GB%3A1%2CMEMORY_MB%3A1024%2CVCPU%3A1&root_required=%21COMPUTE_STATUS_DISABLED" {{(pid=106921) __call__ /opt/stack/placement/placement/requestlog.py:55}}
Sep 18 01:54:56.690649 n-d-789963-12 devstack@placement-api.service[106921]: DEBUG placement.objects.research_context [req-401b61da-c80c-443f-ae93-964efab07f23 req-906006d0-6b8d-475f-8708-973808f23087 service placement] getting providers with 1 DISK_GB {{(pid=106921) __init__ /opt/stack/placement/placement/objects/research_context.py:126}}
Sep 18 01:54:56.697423 n-d-789963-12 devstack@placement-api.service[106921]: DEBUG placement.objects.research_context [req-401b61da-c80c-443f-ae93-964efab07f23 req-906006d0-6b8d-475f-8708-973808f23087 service placement] getting providers with 1024 MEMORY_MB {{(pid=106921) __init__ /opt/stack/placement/placement/objects/research_context.py:126}}
Sep 18 01:54:56.705417 n-d-789963-12 devstack@placement-api.service[106921]: DEBUG placement.objects.research_context [req-401b61da-c80c-443f-ae93-964efab07f23 req-906006d0-6b8d-475f-8708-973808f23087 service placement] getting providers with 1 VCPU {{(pid=106921) __init__ /opt/stack/placement/placement/objects/research_context.py:126}}
Sep 18 01:54:56.712179 n-d-789963-12 devstack@placement-api.service[106921]: DEBUG placement.objects.research_context [req-401b61da-c80c-443f-ae93-964efab07f23 req-906006d0-6b8d-475f-8708-973808f23087 service placement] found 2 providers with available 1 DISK_GB {{(pid=106921) get_provider_ids_matching /opt/stack/placement/placement/objects/research_context.py:549}}
Sep 18 01:54:56.712683 n-d-789963-12 devstack@placement-api.service[106921]: DEBUG placement.objects.research_context [req-401b61da-c80c-443f-ae93-964efab07f23 req-906006d0-6b8d-475f-8708-973808f23087 service placement] found 2 providers with available 1024 MEMORY_MB {{(pid=106921) get_provider_ids_matching /opt/stack/placement/placement/objects/research_context.py:549}}
Sep 18 01:54:56.713100 n-d-789963-12 devstack@placement-api.service[106921]: DEBUG placement.objects.research_context [req-401b61da-c80c-443f-ae93-964efab07f23 req-906006d0-6b8d-475f-8708-973808f23087 service placement] found 2 providers after filtering by previous result {{(pid=106921) get_provider_ids_matching /opt/stack/placement/placement/objects/research_context.py:580}}
Sep 18 01:54:56.713538 n-d-789963-12 devstack@placement-api.service[106921]: DEBUG placement.objects.research_context [req-401b61da-c80c-443f-ae93-964efab07f23 req-906006d0-6b8d-475f-8708-973808f23087 service placement] found 2 providers with available 1 VCPU {{(pid=106921) get_provider_ids_matching /opt/stack/placement/placement/objects/research_context.py:549}}
Sep 18 01:54:56.713952 n-d-789963-12 devstack@placement-api.service[106921]: DEBUG placement.objects.research_context [req-401b61da-c80c-443f-ae93-964efab07f23 req-906006d0-6b8d-475f-8708-973808f23087 service placement] found 2 providers after filtering by previous result {{(pid=106921) get_provider_ids_matching /opt/stack/placement/placement/objects/research_context.py:580}}
Sep 18 01:54:56.743794 n-d-789963-12 devstack@placement-api.service[106921]: DEBUG placement.objects.allocation_candidate [req-401b61da-c80c-443f-ae93-964efab07f23 req-906006d0-6b8d-475f-8708-973808f23087 service placement] RequestGroup(use_same_provider=False, resources={DISK_GB:1, MEMORY_MB:1024, VCPU:1}, traits=[], aggregates=[]) (suffix '') returned 2 matches {{(pid=106921) _get_by_requests /opt/stack/placement/placement/objects/allocation_candidate.py:145}}
Sep 18 01:54:56.744461 n-d-789963-12 devstack@placement-api.service[106921]: DEBUG placement.objects.allocation_candidate [req-401b61da-c80c-443f-ae93-964efab07f23 req-906006d0-6b8d-475f-8708-973808f23087 service placement] Merging candidates yields 2 allocation requests and 2 provider summaries {{(pid=106921) _merge_candidates /opt/stack/placement/placement/objects/allocation_candidate.py:783}}
Sep 18 01:54:56.746284 n-d-789963-12 devstack@placement-api.service[106921]: INFO placement.requestlog [req-401b61da-c80c-443f-ae93-964efab07f23 req-906006d0-6b8d-475f-8708-973808f23087 service placement] 10.222.0.21 "GET /placement/allocation_candidates?resources=DISK_GB%3A1%2CMEMORY_MB%3A1024%2CVCPU%3A1&root_required=%21COMPUTE_STATUS_DISABLED" status: 200 len: 1315 microversion: 1.36
Sep 18 01:54:56.746989 n-d-789963-12 devstack@placement-api.service[106921]: [pid: 106921|app: 0|req: 119/237] 10.222.0.21 () {60 vars in 1485 bytes} [Sat Sep 18 01:54:56 2021] GET /placement/allocation_candidates?resources=DISK_GB%3A1%2CMEMORY_MB%3A1024%2CVCPU%3A1&root_required=%21COMPUTE_STATUS_DISABLED => generated 1315 bytes in 128 msecs (HTTP/1.1 200) 8 headers in 297 bytes (1 switches on core 0)
Sep 18 01:54:56.763485 n-d-789963-12 devstack@placement-api.service[106922]: DEBUG placement.requestlog [req-7eb46f06-f2d8-48bf-aacd-50eb9d55c99f req-a44489d5-758d-4f68-a019-0d4353d24074 None None] Starting request: 10.222.0.18 "DELETE /placement/allocations/1b76251f-413d-4e62-899b-e82f53ee6de7" {{(pid=106922) __call__ /opt/stack/placement/placement/requestlog.py:55}}
Sep 18 01:54:56.819538 n-d-789963-12 devstack@placement-api.service[106922]: DEBUG placement.handlers.allocation [req-7eb46f06-f2d8-48bf-aacd-50eb9d55c99f req-a44489d5-758d-4f68-a019-0d4353d24074 service placement] Successfully deleted allocations [, , ] {{(pid=106922) delete_allocations /opt/stack/placement/placement/handlers/allocation.py:627}}
Sep 18 01:54:56.820262 n-d-789963-12 devstack@placement-api.service[106922]: INFO placement.requestlog [req-7eb46f06-f2d8-48bf-aacd-50eb9d55c99f req-a44489d5-758d-4f68-a019-0d4353d24074 service placement] 10.222.0.18 "DELETE /placement/allocations/1b76251f-413d-4e62-899b-e82f53ee6de7" status: 204 len: 0 microversion: 1.0
Sep 18 01:54:56.820910 n-d-789963-12 devstack@placement-api.service[106922]: [pid: 106922|app: 0|req: 119/238] 10.222.0.18 () {60 vars in 1356 bytes} [Sat Sep 18 01:54:56 2021] DELETE /placement/allocations/1b76251f-413d-4e62-899b-e82f53ee6de7 => generated 0 bytes in 58 msecs (HTTP/1.1 204) 5 headers in 198 bytes (1 switches on core 0)
Sep 18 01:54:56.852942 n-d-789963-12 devstack@placement-api.service[106921]: DEBUG placement.requestlog [req-401b61da-c80c-443f-ae93-964efab07f23 req-cb178a7d-5714-4498-b703-48d8354ae865 None None] Starting request: 10.222.0.21 "GET /placement/allocations/28280c3f-1097-4496-9bef-6ed18648003e" {{(pid=106921) __call__ /opt/stack/placement/placement/requestlog.py:55}}
Sep 18 01:54:56.871494 n-d-789963-12 devstack@placement-api.service[106921]: INFO placement.requestlog [req-401b61da-c80c-443f-ae93-964efab07f23 req-cb178a7d-5714-4498-b703-48d8354ae865 service placement] 10.222.0.21 "GET /placement/allocations/28280c3f-1097-4496-9bef-6ed18648003e" status: 200 len: 19 microversion: 1.28
Sep 18 01:54:56.871818 n-d-789963-12 devstack@placement-api.service[106921]: [pid: 106921|app: 0|req: 120/239] 10.222.0.21 () {60 vars in 1381 bytes} [Sat Sep 18 01:54:56 2021] GET /placement/allocations/28280c3f-1097-4496-9bef-6ed18648003e => generated 19 bytes in 19 msecs (HTTP/1.1 200) 8 headers in 295 bytes (1 switches on core 0)
Sep 18 01:54:56.878962 n-d-789963-12 devstack@placement-api.service[106922]: DEBUG placement.requestlog [req-401b61da-c80c-443f-ae93-964efab07f23 req-1c051b04-2e29-4963-9489-ebe470033419 None None] Starting request: 10.222.0.21 "PUT /placement/allocations/28280c3f-1097-4496-9bef-6ed18648003e" {{(pid=106922) __call__ /opt/stack/placement/placement/requestlog.py:55}}
Sep 18 01:54:56.975088 n-d-789963-12 devstack@placement-api.service[106922]: DEBUG placement.handlers.allocation [req-401b61da-c80c-443f-ae93-964efab07f23 req-1c051b04-2e29-4963-9489-ebe470033419 service placement] Successfully wrote allocations [, , ] {{(pid=106922) _update_consumers_and_create_allocations /opt/stack/placement/placement/handlers/allocation.py:462}}
Sep 18 01:54:56.985974 n-d-789963-12 devstack@placement-api.service[106922]: INFO placement.requestlog [req-401b61da-c80c-443f-ae93-964efab07f23 req-1c051b04-2e29-4963-9489-ebe470033419 service placement] 10.222.0.21 "PUT /placement/allocations/28280c3f-1097-4496-9bef-6ed18648003e" status: 204 len: 0 microversion: 1.36
Sep 18 01:54:56.986825 n-d-789963-12 devstack@placement-api.service[106922]: [pid: 106922|app: 0|req: 120/240] 10.222.0.21 () {64 vars in 1434 bytes} [Sat Sep 18 01:54:56 2021] PUT /placement/allocations/28280c3f-1097-4496-9bef-6ed18648003e => generated 0 bytes in 108 msecs (HTTP/1.1 204) 5 headers in 199 bytes (2 switches on core 0)
Sep 18 01:54:57.538740 n-d-789963-12 devstack@placement-api.service[106921]: DEBUG placement.requestlog [req-401b61da-c80c-443f-ae93-964efab07f23 req-1d278a06-de1e-48ce-b71a-8ae678248ae7 None None] Starting request: 10.222.0.20 "GET /placement/allocations/28280c3f-1097-4496-9bef-6ed18648003e" {{(pid=106921) __call__ /opt/stack/placement/placement/requestlog.py:55}}
Sep 18 01:54:57.556155 n-d-789963-12 devstack@placement-api.service[106921]: INFO placement.requestlog [req-401b61da-c80c-443f-ae93-964efab07f23 req-1d278a06-de1e-48ce-b71a-8ae678248ae7 service placement] 10.222.0.20 "GET /placement/allocations/28280c3f-1097-4496-9bef-6ed18648003e" status: 200 len: 259 microversion: 1.28
Sep 18 01:54:57.557075 n-d-789963-12 devstack@placement-api.service[106921]: [pid: 106921|app: 0|req: 121/241] 10.222.0.20 () {60 vars in 1378 bytes} [Sat Sep 18 01:54:57 2021] GET /placement/allocations/28280c3f-1097-4496-9bef-6ed18648003e => generated 259 bytes in 18 msecs (HTTP/1.1 200) 8 headers in 296 bytes (1 switches on core 0)
Sep 18 01:54:59.995748 n-d-789963-12 devstack@placement-api.service[106922]: DEBUG placement.requestlog [req-079e9530-0f29-43a2-a635-485341643de7 req-54fdbff0-ff5c-487c-b968-e5b6cbb15e82 None None] Starting request: 10.222.0.18 "GET /placement/resource_providers/e4fb1a4c-0236-4aec-8d62-a138b0863614/allocations" {{(pid=106922) __call__ /opt/stack/placement/placement/requestlog.py:55}}
Sep 18 01:55:00.162241 n-d-789963-12 devstack@placement-api.service[106922]: INFO placement.requestlog [req-079e9530-0f29-43a2-a635-485341643de7 req-54fdbff0-ff5c-487c-b968-e5b6cbb15e82 service placement] 10.222.0.18 "GET /placement/resource_providers/e4fb1a4c-0236-4aec-8d62-a138b0863614/allocations" status: 200 len: 1164 microversion: 1.0
Sep 18 01:55:00.166908 n-d-789963-12 devstack@placement-api.service[106922]: [pid: 106922|app: 0|req: 121/242] 10.222.0.18 () {58 vars in 1391 bytes} [Sat Sep 18 01:54:59 2021] GET /placement/resource_providers/e4fb1a4c-0236-4aec-8d62-a138b0863614/allocations => generated 1164 bytes in 171 msecs (HTTP/1.1 200) 6 headers in 225 bytes (1 switches on core 0)
Sep 18 01:55:00.243099 n-d-789963-12 devstack@placement-api.service[106921]: DEBUG placement.requestlog [req-079e9530-0f29-43a2-a635-485341643de7 req-8c69c046-ec49-4ad9-9e74-7ab4f357b8e4 None None] Starting request: 10.222.0.18 "GET /placement/resource_providers?in_tree=e4fb1a4c-0236-4aec-8d62-a138b0863614" {{(pid=106921) __call__ /opt/stack/placement/placement/requestlog.py:55}}
Sep 18 01:55:00.268475 n-d-789963-12 devstack@placement-api.service[106921]: INFO placement.requestlog [req-079e9530-0f29-43a2-a635-485341643de7 req-8c69c046-ec49-4ad9-9e74-7ab4f357b8e4 service placement] 10.222.0.18 "GET /placement/resource_providers?in_tree=e4fb1a4c-0236-4aec-8d62-a138b0863614" status: 200 len: 864 microversion: 1.14
Sep 18 01:55:00.269046 n-d-789963-12 devstack@placement-api.service[106921]: [pid: 106921|app: 0|req: 122/243] 10.222.0.18 () {60 vars in 1377 bytes} [Sat Sep 18 01:55:00 2021] GET /placement/resource_providers?in_tree=e4fb1a4c-0236-4aec-8d62-a138b0863614 => generated 864 bytes in 26 msecs (HTTP/1.1 200) 6 headers in 225 bytes (1 switches on core 0)
Sep 18 01:55:00.281176 n-d-789963-12 devstack@placement-api.service[106922]: DEBUG placement.requestlog [req-079e9530-0f29-43a2-a635-485341643de7 req-05b80ea9-b994-475d-b00f-12257425ea54 None None] Starting request: 10.222.0.18 "GET /placement/resource_providers/e4fb1a4c-0236-4aec-8d62-a138b0863614/inventories" {{(pid=106922) __call__ /opt/stack/placement/placement/requestlog.py:55}}
