Sep 18 01:53:07.864321 n-d-789963-12 devstack@placement-api.service[106921]: DEBUG placement.objects.research_context [req-06ae6c67-c310-4505-abb9-7d15f67208d4 req-a4627b74-5503-48bd-b587-e1b038094201 service placement] found 2 providers with available 1 VCPU {{(pid=106921) get_provider_ids_matching /opt/stack/placement/placement/objects/research_context.py:549}}
Sep 18 01:53:07.864844 n-d-789963-12 devstack@placement-api.service[106921]: DEBUG placement.objects.research_context [req-06ae6c67-c310-4505-abb9-7d15f67208d4 req-a4627b74-5503-48bd-b587-e1b038094201 service placement] found 2 providers after filtering by previous result {{(pid=106921) get_provider_ids_matching /opt/stack/placement/placement/objects/research_context.py:580}}
Sep 18 01:53:07.887654 n-d-789963-12 devstack@placement-api.service[106921]: DEBUG placement.objects.allocation_candidate [req-06ae6c67-c310-4505-abb9-7d15f67208d4 req-a4627b74-5503-48bd-b587-e1b038094201 service placement] RequestGroup(use_same_provider=False, resources={DISK_GB:1, MEMORY_MB:1024, VCPU:1}, traits=[], aggregates=[]) (suffix '') returned 2 matches {{(pid=106921) _get_by_requests /opt/stack/placement/placement/objects/allocation_candidate.py:145}}
Sep 18 01:53:07.888749 n-d-789963-12 devstack@placement-api.service[106921]: DEBUG placement.objects.allocation_candidate [req-06ae6c67-c310-4505-abb9-7d15f67208d4 req-a4627b74-5503-48bd-b587-e1b038094201 service placement] Merging candidates yields 2 allocation requests and 2 provider summaries {{(pid=106921) _merge_candidates /opt/stack/placement/placement/objects/allocation_candidate.py:783}}
Sep 18 01:53:07.891251 n-d-789963-12 devstack@placement-api.service[106921]: INFO placement.requestlog [req-06ae6c67-c310-4505-abb9-7d15f67208d4 req-a4627b74-5503-48bd-b587-e1b038094201 service placement] 10.222.0.21 "GET /placement/allocation_candidates?limit=1000&resources=DISK_GB%3A1%2CMEMORY_MB%3A1024%2CVCPU%3A1&root_required=%21COMPUTE_STATUS_DISABLED" status: 200 len: 1309 microversion: 1.36
Sep 18 01:53:07.892472 n-d-789963-12 devstack@placement-api.service[106921]: [pid: 106921|app: 0|req: 49/96] 10.222.0.21 () {60 vars in 1507 bytes} [Sat Sep 18 01:53:07 2021] GET /placement/allocation_candidates?limit=1000&resources=DISK_GB%3A1%2CMEMORY_MB%3A1024%2CVCPU%3A1&root_required=%21COMPUTE_STATUS_DISABLED => generated 1309 bytes in 92 msecs (HTTP/1.1 200) 8 headers in 297 bytes (1 switches on core 0)
Sep 18 01:53:07.980121 n-d-789963-12 devstack@placement-api.service[106922]: DEBUG placement.requestlog [req-06ae6c67-c310-4505-abb9-7d15f67208d4 req-b5581b90-9946-4d25-9154-07407d4a55d4 None None] Starting request: 10.222.0.21 "GET /placement/allocations/d1abeee5-188e-40e6-83ed-148aee5c3c50" {{(pid=106922) __call__ /opt/stack/placement/placement/requestlog.py:55}}
Sep 18 01:53:07.999395 n-d-789963-12 devstack@placement-api.service[106922]: INFO placement.requestlog [req-06ae6c67-c310-4505-abb9-7d15f67208d4 req-b5581b90-9946-4d25-9154-07407d4a55d4 service placement] 10.222.0.21 "GET /placement/allocations/d1abeee5-188e-40e6-83ed-148aee5c3c50" status: 200 len: 19 microversion: 1.28
Sep 18 01:53:07.999626 n-d-789963-12 devstack@placement-api.service[106922]: [pid: 106922|app: 0|req: 48/97] 10.222.0.21 () {60 vars in 1381 bytes} [Sat Sep 18 01:53:07 2021] GET /placement/allocations/d1abeee5-188e-40e6-83ed-148aee5c3c50 => generated 19 bytes in 20 msecs (HTTP/1.1 200) 8 headers in 295 bytes (1 switches on core 0)
Sep 18 01:53:08.006469 n-d-789963-12 devstack@placement-api.service[106921]: DEBUG placement.requestlog [req-06ae6c67-c310-4505-abb9-7d15f67208d4 req-fbf4a49c-3084-412d-83a4-67eb0d973a04 None None] Starting request: 10.222.0.21 "PUT /placement/allocations/d1abeee5-188e-40e6-83ed-148aee5c3c50" {{(pid=106921) __call__ /opt/stack/placement/placement/requestlog.py:55}}
Sep 18 01:53:08.107359 n-d-789963-12 devstack@placement-api.service[106921]: DEBUG placement.handlers.allocation [req-06ae6c67-c310-4505-abb9-7d15f67208d4 req-fbf4a49c-3084-412d-83a4-67eb0d973a04 service placement] Successfully wrote allocations [, , ] {{(pid=106921) _update_consumers_and_create_allocations /opt/stack/placement/placement/handlers/allocation.py:462}}
Sep 18 01:53:08.114007 n-d-789963-12 devstack@placement-api.service[106921]: INFO placement.requestlog [req-06ae6c67-c310-4505-abb9-7d15f67208d4 req-fbf4a49c-3084-412d-83a4-67eb0d973a04 service placement] 10.222.0.21 "PUT /placement/allocations/d1abeee5-188e-40e6-83ed-148aee5c3c50" status: 204 len: 0 microversion: 1.36
Sep 18 01:53:08.124948 n-d-789963-12 devstack@placement-api.service[106921]: [pid: 106921|app: 0|req: 50/98] 10.222.0.21 () {64 vars in 1434 bytes} [Sat Sep 18 01:53:08 2021] PUT /placement/allocations/d1abeee5-188e-40e6-83ed-148aee5c3c50 => generated 0 bytes in 108 msecs (HTTP/1.1 204) 5 headers in 199 bytes (2 switches on core 0)
Sep 18 01:53:08.252887 n-d-789963-12 devstack@placement-api.service[106922]: DEBUG placement.requestlog [req-79311d26-d263-491a-a864-a1682ca21dc5 req-e7525c7c-f1c1-474c-973a-c0ae1427e959 None None] Starting request: 10.222.0.21 "GET /placement/resource_providers?name=n-h1-789963-12" {{(pid=106922) __call__ /opt/stack/placement/placement/requestlog.py:55}}
Sep 18 01:53:08.266595 n-d-789963-12 devstack@placement-api.service[106922]: INFO placement.requestlog [req-79311d26-d263-491a-a864-a1682ca21dc5 req-e7525c7c-f1c1-474c-973a-c0ae1427e959 service placement] 10.222.0.21 "GET /placement/resource_providers?name=n-h1-789963-12" status: 200 len: 442 microversion: 1.0
Sep 18 01:53:08.267403 n-d-789963-12 devstack@placement-api.service[106922]: [pid: 106922|app: 0|req: 49/99] 10.222.0.21 () {58 vars in 1277 bytes} [Sat Sep 18 01:53:08 2021] GET /placement/resource_providers?name=n-h1-789963-12 => generated 442 bytes in 15 msecs (HTTP/1.1 200) 6 headers in 224 bytes (2 switches on core 0)
Sep 18 01:53:08.274568 n-d-789963-12 devstack@placement-api.service[106921]: DEBUG placement.requestlog [req-79311d26-d263-491a-a864-a1682ca21dc5 req-61684a5f-5ee4-4a62-aae4-dcd84e0601c3 None None] Starting request: 10.222.0.21 "GET /placement/resource_providers/e4fb1a4c-0236-4aec-8d62-a138b0863614/aggregates" {{(pid=106921) __call__ /opt/stack/placement/placement/requestlog.py:55}}
Sep 18 01:53:08.293078 n-d-789963-12 devstack@placement-api.service[106921]: INFO placement.requestlog [req-79311d26-d263-491a-a864-a1682ca21dc5 req-61684a5f-5ee4-4a62-aae4-dcd84e0601c3 service placement] 10.222.0.21 "GET /placement/resource_providers/e4fb1a4c-0236-4aec-8d62-a138b0863614/aggregates" status: 200 len: 54 microversion: 1.19
Sep 18 01:53:08.295459 n-d-789963-12 devstack@placement-api.service[106921]: [pid: 106921|app: 0|req: 51/100] 10.222.0.21 () {60 vars in 1426 bytes} [Sat Sep 18 01:53:08 2021] GET /placement/resource_providers/e4fb1a4c-0236-4aec-8d62-a138b0863614/aggregates => generated 54 bytes in 21 msecs (HTTP/1.1 200) 8 headers in 295 bytes (1 switches on core 0)
Sep 18 01:53:08.304755 n-d-789963-12 devstack@placement-api.service[106922]: DEBUG placement.requestlog [req-79311d26-d263-491a-a864-a1682ca21dc5 req-e1c57215-cf5c-42a8-83a0-54d7608f925e None None] Starting request: 10.222.0.21 "PUT /placement/resource_providers/e4fb1a4c-0236-4aec-8d62-a138b0863614/aggregates" {{(pid=106922) __call__ /opt/stack/placement/placement/requestlog.py:55}}
Sep 18 01:53:08.327900 n-d-789963-12 devstack@placement-api.service[106922]: DEBUG placement.objects.resource_provider [req-79311d26-d263-491a-a864-a1682ca21dc5 req-e1c57215-cf5c-42a8-83a0-54d7608f925e service placement] _ensure_aggregate() did not find aggregate 9487f788-143c-451d-b400-fcb45f5cee28. Attempting to create it. {{(pid=106922) _ensure_aggregate /opt/stack/placement/placement/objects/resource_provider.py:320}}
Sep 18 01:53:08.330822 n-d-789963-12 devstack@placement-api.service[106922]: DEBUG placement.objects.resource_provider [req-79311d26-d263-491a-a864-a1682ca21dc5 req-e1c57215-cf5c-42a8-83a0-54d7608f925e service placement] _ensure_aggregate() created new aggregate 9487f788-143c-451d-b400-fcb45f5cee28 (id=7). {{(pid=106922) _ensure_aggregate /opt/stack/placement/placement/objects/resource_provider.py:326}}
Sep 18 01:53:08.333309 n-d-789963-12 devstack@placement-api.service[106922]: DEBUG placement.objects.resource_provider [req-79311d26-d263-491a-a864-a1682ca21dc5 req-e1c57215-cf5c-42a8-83a0-54d7608f925e service placement] Setting aggregates for provider e4fb1a4c-0236-4aec-8d62-a138b0863614. Successfully associated aggregate 9487f788-143c-451d-b400-fcb45f5cee28. {{(pid=106922) _set_aggregates /opt/stack/placement/placement/objects/resource_provider.py:388}}
Sep 18 01:53:08.342232 n-d-789963-12 devstack@placement-api.service[106922]: INFO placement.requestlog [req-79311d26-d263-491a-a864-a1682ca21dc5 req-e1c57215-cf5c-42a8-83a0-54d7608f925e service placement] 10.222.0.21 "PUT /placement/resource_providers/e4fb1a4c-0236-4aec-8d62-a138b0863614/aggregates" status: 200 len: 92 microversion: 1.19
Sep 18 01:53:08.377588 n-d-789963-12 devstack@placement-api.service[106922]: [pid: 106922|app: 0|req: 50/101] 10.222.0.21 () {64 vars in 1478 bytes} [Sat Sep 18 01:53:08 2021] PUT /placement/resource_providers/e4fb1a4c-0236-4aec-8d62-a138b0863614/aggregates => generated 92 bytes in 66 msecs (HTTP/1.1 200) 8 headers in 295 bytes (1 switches on core 0)
Sep 18 01:53:08.451188 n-d-789963-12 devstack@placement-api.service[106921]: DEBUG placement.requestlog [req-7106e632-1845-4643-9081-1e0bef10b408 req-90050818-de06-4f71-9c11-fe44d0e7f543 None None] Starting request: 10.222.0.21 "GET /placement/resource_providers?name=n-h1-789963-12" {{(pid=106921) __call__ /opt/stack/placement/placement/requestlog.py:55}}
Sep 18 01:53:08.496020 n-d-789963-12 devstack@placement-api.service[106921]: INFO placement.requestlog [req-7106e632-1845-4643-9081-1e0bef10b408 req-90050818-de06-4f71-9c11-fe44d0e7f543 service placement] 10.222.0.21 "GET /placement/resource_providers?name=n-h1-789963-12" status: 200 len: 442 microversion: 1.0
Sep 18 01:53:08.496835 n-d-789963-12 devstack@placement-api.service[106921]: [pid: 106921|app: 0|req: 52/102] 10.222.0.21 () {58 vars in 1277 bytes} [Sat Sep 18 01:53:08 2021] GET /placement/resource_providers?name=n-h1-789963-12 => generated 442 bytes in 46 msecs (HTTP/1.1 200) 6 headers in 224 bytes (1 switches on core 0)
Sep 18 01:53:08.507311 n-d-789963-12 devstack@placement-api.service[106922]: DEBUG placement.requestlog [req-7106e632-1845-4643-9081-1e0bef10b408 req-ab42698b-50be-451c-a5d4-0975b4c4af03 None None] Starting request: 10.222.0.21 "GET /placement/resource_providers/e4fb1a4c-0236-4aec-8d62-a138b0863614/aggregates" {{(pid=106922) __call__ /opt/stack/placement/placement/requestlog.py:55}}
Sep 18 01:53:08.523285 n-d-789963-12 devstack@placement-api.service[106922]: INFO placement.requestlog [req-7106e632-1845-4643-9081-1e0bef10b408 req-ab42698b-50be-451c-a5d4-0975b4c4af03 service placement] 10.222.0.21 "GET /placement/resource_providers/e4fb1a4c-0236-4aec-8d62-a138b0863614/aggregates" status: 200 len: 92 microversion: 1.19
Sep 18 01:53:08.523825 n-d-789963-12 devstack@placement-api.service[106922]: [pid: 106922|app: 0|req: 51/103] 10.222.0.21 () {60 vars in 1426 bytes} [Sat Sep 18 01:53:08 2021] GET /placement/resource_providers/e4fb1a4c-0236-4aec-8d62-a138b0863614/aggregates => generated 92 bytes in 17 msecs (HTTP/1.1 200) 8 headers in 295 bytes (1 switches on core 0)
Sep 18 01:53:08.534181 n-d-789963-12 devstack@placement-api.service[106921]: DEBUG placement.requestlog [req-7106e632-1845-4643-9081-1e0bef10b408 req-ca3060cd-d706-42ec-97d3-0f4996d345a8 None None] Starting request: 10.222.0.21 "PUT /placement/resource_providers/e4fb1a4c-0236-4aec-8d62-a138b0863614/aggregates" {{(pid=106921) __call__ /opt/stack/placement/placement/requestlog.py:55}}
Sep 18 01:53:08.549469 n-d-789963-12 devstack@placement-api.service[106921]: DEBUG placement.objects.resource_provider [req-7106e632-1845-4643-9081-1e0bef10b408 req-ca3060cd-d706-42ec-97d3-0f4996d345a8 service placement] Setting aggregates for provider e4fb1a4c-0236-4aec-8d62-a138b0863614. Successfully disassociated aggregate 9487f788-143c-451d-b400-fcb45f5cee28. {{(pid=106921) _set_aggregates /opt/stack/placement/placement/objects/resource_provider.py:403}}
Sep 18 01:53:08.555071 n-d-789963-12 devstack@placement-api.service[106921]: INFO placement.requestlog [req-7106e632-1845-4643-9081-1e0bef10b408 req-ca3060cd-d706-42ec-97d3-0f4996d345a8 service placement] 10.222.0.21 "PUT /placement/resource_providers/e4fb1a4c-0236-4aec-8d62-a138b0863614/aggregates" status: 200 len: 54 microversion: 1.19
Sep 18 01:53:08.565265 n-d-789963-12 devstack@placement-api.service[106921]: [pid: 106921|app: 0|req: 53/104] 10.222.0.21 () {64 vars in 1478 bytes} [Sat Sep 18 01:53:08 2021] PUT /placement/resource_providers/e4fb1a4c-0236-4aec-8d62-a138b0863614/aggregates => generated 54 bytes in 26 msecs (HTTP/1.1 200) 8 headers in 295 bytes (1 switches on core 0)
Sep 18 01:53:08.600128 n-d-789963-12 devstack@placement-api.service[106922]: DEBUG placement.requestlog [req-06ae6c67-c310-4505-abb9-7d15f67208d4 req-5522a431-cd4f-438b-9def-52f3f6a14cea None None] Starting request: 10.222.0.18 "GET /placement/allocations/d1abeee5-188e-40e6-83ed-148aee5c3c50" {{(pid=106922) __call__ /opt/stack/placement/placement/requestlog.py:55}}
Sep 18 01:53:08.625593 n-d-789963-12 devstack@placement-api.service[106922]: INFO placement.requestlog [req-06ae6c67-c310-4505-abb9-7d15f67208d4 req-5522a431-cd4f-438b-9def-52f3f6a14cea service placement] 10.222.0.18 "GET /placement/allocations/d1abeee5-188e-40e6-83ed-148aee5c3c50" status: 200 len: 259 microversion: 1.28
Sep 18 01:53:08.626419 n-d-789963-12 devstack@placement-api.service[106922]: [pid: 106922|app: 0|req: 52/105] 10.222.0.18 () {60 vars in 1378 bytes} [Sat Sep 18 01:53:08 2021] GET /placement/allocations/d1abeee5-188e-40e6-83ed-148aee5c3c50 => generated 259 bytes in 26 msecs (HTTP/1.1 200) 8 headers in 296 bytes (1 switches on core 0)
Sep 18 01:53:20.252502 n-d-789963-12 devstack@placement-api.service[106921]: DEBUG placement.requestlog [req-31cc0179-49b7-4945-a428-5fddfe283529 req-7e78b028-1ec5-4302-8e81-2a3ebd831197 None None] Starting request: 10.222.0.20 "GET /placement/resource_providers/7e84baf5-2875-48af-925f-893ed9fbfbce/allocations" {{(pid=106921) __call__ /opt/stack/placement/placement/requestlog.py:55}}
Sep 18 01:53:20.289680 n-d-789963-12 devstack@placement-api.service[106921]: INFO placement.requestlog [req-31cc0179-49b7-4945-a428-5fddfe283529 req-7e78b028-1ec5-4302-8e81-2a3ebd831197 service placement] 10.222.0.20 "GET /placement/resource_providers/7e84baf5-2875-48af-925f-893ed9fbfbce/allocations" status: 200 len: 254 microversion: 1.0
Sep 18 01:53:20.290964 n-d-789963-12 devstack@placement-api.service[106921]: [pid: 106921|app: 0|req: 54/106] 10.222.0.20 () {58 vars in 1391 bytes} [Sat Sep 18 01:53:20 2021] GET /placement/resource_providers/7e84baf5-2875-48af-925f-893ed9fbfbce/allocations => generated 254 bytes in 38 msecs (HTTP/1.1 200) 6 headers in 224 bytes (1 switches on core 0)
Sep 18 01:53:20.586515 n-d-789963-12 devstack@placement-api.service[106922]: DEBUG placement.requestlog [req-31cc0179-49b7-4945-a428-5fddfe283529 req-c4c4530a-7de8-4220-9012-8a255f11e573 None None] Starting request: 10.222.0.20 "GET /placement/allocations/ecc55e44-d60b-447b-923e-df76e26bc433" {{(pid=106922) __call__ /opt/stack/placement/placement/requestlog.py:55}}
Sep 18 01:53:20.616713 n-d-789963-12 devstack@placement-api.service[106922]: INFO placement.requestlog [req-31cc0179-49b7-4945-a428-5fddfe283529 req-c4c4530a-7de8-4220-9012-8a255f11e573 service placement] 10.222.0.20 "GET /placement/allocations/ecc55e44-d60b-447b-923e-df76e26bc433" status: 200 len: 258 microversion: 1.28
Sep 18 01:53:20.618124 n-d-789963-12 devstack@placement-api.service[106922]: [pid: 106922|app: 0|req: 53/107] 10.222.0.20 () {60 vars in 1378 bytes} [Sat Sep 18 01:53:20 2021] GET /placement/allocations/ecc55e44-d60b-447b-923e-df76e26bc433 => generated 258 bytes in 32 msecs (HTTP/1.1 200) 8 headers in 296 bytes (1 switches on core 0)
Sep 18 01:53:20.627540 n-d-789963-12 devstack@placement-api.service[106921]: DEBUG placement.requestlog [req-31cc0179-49b7-4945-a428-5fddfe283529 req-338de839-7c6a-44d3-986d-d9ecc1ffa4d9 None None] Starting request: 10.222.0.20 "PUT /placement/allocations/ecc55e44-d60b-447b-923e-df76e26bc433" {{(pid=106921) __call__ /opt/stack/placement/placement/requestlog.py:55}}
Sep 18 01:53:20.674394 n-d-789963-12 devstack@placement-api.service[106921]: DEBUG placement.handlers.allocation [req-31cc0179-49b7-4945-a428-5fddfe283529 req-338de839-7c6a-44d3-986d-d9ecc1ffa4d9 service placement] Successfully wrote allocations [, , ] {{(pid=106921) _update_consumers_and_create_allocations /opt/stack/placement/placement/handlers/allocation.py:462}}
Sep 18 01:53:20.703082 n-d-789963-12 devstack@placement-api.service[106921]: INFO placement.requestlog [req-31cc0179-49b7-4945-a428-5fddfe283529 req-338de839-7c6a-44d3-986d-d9ecc1ffa4d9 service placement] 10.222.0.20 "PUT /placement/allocations/ecc55e44-d60b-447b-923e-df76e26bc433" status: 204 len: 0 microversion: 1.28
Sep 18 01:53:20.703842 n-d-789963-12 devstack@placement-api.service[106921]: [pid: 106921|app: 0|req: 55/108] 10.222.0.20 () {64 vars in 1431 bytes} [Sat Sep 18 01:53:20 2021] PUT /placement/allocations/ecc55e44-d60b-447b-923e-df76e26bc433 => generated 0 bytes in 76 msecs (HTTP/1.1 204) 5 headers in 199 bytes (1 switches on core 0)
Sep 18 01:53:22.329066 n-d-789963-12 devstack@placement-api.service[106922]: DEBUG placement.requestlog [req-8e316275-90e2-40ee-a069-5253af5ef49d req-df186260-bc63-4e4c-8544-4555c2eca41f None None] Starting request: 10.222.0.21 "GET /placement/allocation_candidates?limit=1000&resources=DISK_GB%3A1%2CMEMORY_MB%3A1024%2CVCPU%3A1&root_required=%21COMPUTE_STATUS_DISABLED" {{(pid=106922) __call__ /opt/stack/placement/placement/requestlog.py:55}}
Sep 18 01:53:22.389942 n-d-789963-12 devstack@placement-api.service[106922]: DEBUG placement.objects.research_context [req-8e316275-90e2-40ee-a069-5253af5ef49d req-df186260-bc63-4e4c-8544-4555c2eca41f service placement] getting providers with 1 DISK_GB {{(pid=106922) __init__ /opt/stack/placement/placement/objects/research_context.py:126}}
Sep 18 01:53:22.406087 n-d-789963-12 devstack@placement-api.service[106922]: DEBUG placement.objects.research_context [req-8e316275-90e2-40ee-a069-5253af5ef49d req-df186260-bc63-4e4c-8544-4555c2eca41f service placement] getting providers with 1024 MEMORY_MB {{(pid=106922) __init__ /opt/stack/placement/placement/objects/research_context.py:126}}
Sep 18 01:53:22.420769 n-d-789963-12 devstack@placement-api.service[106922]: DEBUG placement.objects.research_context [req-8e316275-90e2-40ee-a069-5253af5ef49d req-df186260-bc63-4e4c-8544-4555c2eca41f service placement] getting providers with 1 VCPU {{(pid=106922) __init__ /opt/stack/placement/placement/objects/research_context.py:126}}
Sep 18 01:53:22.433939 n-d-789963-12 devstack@placement-api.service[106922]: DEBUG placement.objects.research_context [req-8e316275-90e2-40ee-a069-5253af5ef49d req-df186260-bc63-4e4c-8544-4555c2eca41f service placement] found 2 providers with available 1 DISK_GB {{(pid=106922) get_provider_ids_matching /opt/stack/placement/placement/objects/research_context.py:549}}
Sep 18 01:53:22.435496 n-d-789963-12 devstack@placement-api.service[106922]: DEBUG placement.objects.research_context [req-8e316275-90e2-40ee-a069-5253af5ef49d req-df186260-bc63-4e4c-8544-4555c2eca41f service placement] found 2 providers with available 1024 MEMORY_MB {{(pid=106922) get_provider_ids_matching /opt/stack/placement/placement/objects/research_context.py:549}}
Sep 18 01:53:22.435989 n-d-789963-12 devstack@placement-api.service[106922]: DEBUG placement.objects.research_context [req-8e316275-90e2-40ee-a069-5253af5ef49d req-df186260-bc63-4e4c-8544-4555c2eca41f service placement] found 2 providers after filtering by previous result {{(pid=106922) get_provider_ids_matching /opt/stack/placement/placement/objects/research_context.py:580}}
Sep 18 01:53:22.436406 n-d-789963-12 devstack@placement-api.service[106922]: DEBUG placement.objects.research_context [req-8e316275-90e2-40ee-a069-5253af5ef49d req-df186260-bc63-4e4c-8544-4555c2eca41f service placement] found 2 providers with available 1 VCPU {{(pid=106922) get_provider_ids_matching /opt/stack/placement/placement/objects/research_context.py:549}}
Sep 18 01:53:22.440134 n-d-789963-12 devstack@placement-api.service[106922]: DEBUG placement.objects.research_context [req-8e316275-90e2-40ee-a069-5253af5ef49d req-df186260-bc63-4e4c-8544-4555c2eca41f service placement] found 2 providers after filtering by previous result {{(pid=106922) get_provider_ids_matching /opt/stack/placement/placement/objects/research_context.py:580}}
Sep 18 01:53:22.467429 n-d-789963-12 devstack@placement-api.service[106922]: DEBUG placement.objects.allocation_candidate [req-8e316275-90e2-40ee-a069-5253af5ef49d req-df186260-bc63-4e4c-8544-4555c2eca41f service placement] RequestGroup(use_same_provider=False, resources={DISK_GB:1, MEMORY_MB:1024, VCPU:1}, traits=[], aggregates=[]) (suffix '') returned 2 matches {{(pid=106922) _get_by_requests /opt/stack/placement/placement/objects/allocation_candidate.py:145}}
Sep 18 01:53:22.467807 n-d-789963-12 devstack@placement-api.service[106922]: DEBUG placement.objects.allocation_candidate [req-8e316275-90e2-40ee-a069-5253af5ef49d req-df186260-bc63-4e4c-8544-4555c2eca41f service placement] Merging candidates yields 2 allocation requests and 2 provider summaries {{(pid=106922) _merge_candidates /opt/stack/placement/placement/objects/allocation_candidate.py:783}}
Sep 18 01:53:22.480918 n-d-789963-12 devstack@placement-api.service[106922]: INFO placement.requestlog [req-8e316275-90e2-40ee-a069-5253af5ef49d req-df186260-bc63-4e4c-8544-4555c2eca41f service placement] 10.222.0.21 "GET /placement/allocation_candidates?limit=1000&resources=DISK_GB%3A1%2CMEMORY_MB%3A1024%2CVCPU%3A1&root_required=%21COMPUTE_STATUS_DISABLED" status: 200 len: 1309 microversion: 1.36
Sep 18 01:53:22.481120 n-d-789963-12 devstack@placement-api.service[106922]: [pid: 106922|app: 0|req: 54/109] 10.222.0.21 () {60 vars in 1507 bytes} [Sat Sep 18 01:53:22 2021] GET /placement/allocation_candidates?limit=1000&resources=DISK_GB%3A1%2CMEMORY_MB%3A1024%2CVCPU%3A1&root_required=%21COMPUTE_STATUS_DISABLED => generated 1309 bytes in 152 msecs (HTTP/1.1 200) 8 headers in 297 bytes (1 switches on core 0)
Sep 18 01:53:22.570113 n-d-789963-12 devstack@placement-api.service[106921]: DEBUG placement.requestlog [req-8e316275-90e2-40ee-a069-5253af5ef49d req-e63f2249-dee4-44f0-90f5-d95659b27334 None None] Starting request: 10.222.0.21 "GET /placement/allocations/3abd5aff-6bc0-4dc9-a5b1-2dadb077e226" {{(pid=106921) __call__ /opt/stack/placement/placement/requestlog.py:55}}
Sep 18 01:53:22.594395 n-d-789963-12 devstack@placement-api.service[106921]: INFO placement.requestlog [req-8e316275-90e2-40ee-a069-5253af5ef49d req-e63f2249-dee4-44f0-90f5-d95659b27334 service placement] 10.222.0.21 "GET /placement/allocations/3abd5aff-6bc0-4dc9-a5b1-2dadb077e226" status: 200 len: 19 microversion: 1.28
Sep 18 01:53:22.595170 n-d-789963-12 devstack@placement-api.service[106921]: [pid: 106921|app: 0|req: 56/110] 10.222.0.21 () {60 vars in 1381 bytes} [Sat Sep 18 01:53:22 2021] GET /placement/allocations/3abd5aff-6bc0-4dc9-a5b1-2dadb077e226 => generated 19 bytes in 25 msecs (HTTP/1.1 200) 8 headers in 295 bytes (1 switches on core 0)
Sep 18 01:53:22.601549 n-d-789963-12 devstack@placement-api.service[106922]: DEBUG placement.requestlog [req-8e316275-90e2-40ee-a069-5253af5ef49d req-13473085-b132-440a-9d30-f3c77c7c0c3a None None] Starting request: 10.222.0.21 "PUT /placement/allocations/3abd5aff-6bc0-4dc9-a5b1-2dadb077e226" {{(pid=106922) __call__ /opt/stack/placement/placement/requestlog.py:55}}
Sep 18 01:53:22.777638 n-d-789963-12 devstack@placement-api.service[106922]: DEBUG placement.handlers.allocation [req-8e316275-90e2-40ee-a069-5253af5ef49d req-13473085-b132-440a-9d30-f3c77c7c0c3a service placement] Successfully wrote allocations [, , ] {{(pid=106922) _update_consumers_and_create_allocations /opt/stack/placement/placement/handlers/allocation.py:462}}
Sep 18 01:53:22.787746 n-d-789963-12 devstack@placement-api.service[106922]: INFO placement.requestlog [req-8e316275-90e2-40ee-a069-5253af5ef49d req-13473085-b132-440a-9d30-f3c77c7c0c3a service placement] 10.222.0.21 "PUT /placement/allocations/3abd5aff-6bc0-4dc9-a5b1-2dadb077e226" status: 204 len: 0 microversion: 1.36
Sep 18 01:53:22.788373 n-d-789963-12 devstack@placement-api.service[106922]: [pid: 106922|app: 0|req: 55/111] 10.222.0.21 () {64 vars in 1434 bytes} [Sat Sep 18 01:53:22 2021] PUT /placement/allocations/3abd5aff-6bc0-4dc9-a5b1-2dadb077e226 => generated 0 bytes in 187 msecs (HTTP/1.1 204) 5 headers in 199 bytes (2 switches on core 0)
Sep 18 01:53:23.305011 n-d-789963-12 devstack@placement-api.service[106921]: DEBUG placement.requestlog [req-8e316275-90e2-40ee-a069-5253af5ef49d req-441c06b7-5c51-4b94-a572-b5d31d0d0e3d None None] Starting request: 10.222.0.20 "GET /placement/allocations/3abd5aff-6bc0-4dc9-a5b1-2dadb077e226" {{(pid=106921) __call__ /opt/stack/placement/placement/requestlog.py:55}}
Sep 18 01:53:23.331245 n-d-789963-12 devstack@placement-api.service[106921]: INFO placement.requestlog [req-8e316275-90e2-40ee-a069-5253af5ef49d req-441c06b7-5c51-4b94-a572-b5d31d0d0e3d service placement] 10.222.0.20 "GET /placement/allocations/3abd5aff-6bc0-4dc9-a5b1-2dadb077e226" status: 200 len: 258 microversion: 1.28
Sep 18 01:53:23.331943 n-d-789963-12 devstack@placement-api.service[106921]: [pid: 106921|app: 0|req: 57/112] 10.222.0.20 () {60 vars in 1378 bytes} [Sat Sep 18 01:53:23 2021] GET /placement/allocations/3abd5aff-6bc0-4dc9-a5b1-2dadb077e226 => generated 258 bytes in 27 msecs (HTTP/1.1 200) 8 headers in 296 bytes (1 switches on core 0)
Sep 18 01:53:23.413618 n-d-789963-12 devstack@placement-api.service[106922]: DEBUG placement.requestlog [req-79cf7b73-0bc1-4edb-91e5-c63936ae6ccc req-81835401-502f-4a79-bd9e-1c4486c7e6d8 None None] Starting request: 10.222.0.21 "GET /placement/allocation_candidates?limit=1000&resources=DISK_GB%3A1%2CMEMORY_MB%3A1024%2CVCPU%3A1&root_required=%21COMPUTE_STATUS_DISABLED" {{(pid=106922) __call__ /opt/stack/placement/placement/requestlog.py:55}}
Sep 18 01:53:23.486578 n-d-789963-12 devstack@placement-api.service[106922]: DEBUG placement.objects.research_context [req-79cf7b73-0bc1-4edb-91e5-c63936ae6ccc req-81835401-502f-4a79-bd9e-1c4486c7e6d8 service placement] getting providers with 1 DISK_GB {{(pid=106922) __init__ /opt/stack/placement/placement/objects/research_context.py:126}}
Sep 18 01:53:23.498827 n-d-789963-12 devstack@placement-api.service[106922]: DEBUG placement.objects.research_context [req-79cf7b73-0bc1-4edb-91e5-c63936ae6ccc req-81835401-502f-4a79-bd9e-1c4486c7e6d8 service placement] getting providers with 1024 MEMORY_MB {{(pid=106922) __init__ /opt/stack/placement/placement/objects/research_context.py:126}}
Sep 18 01:53:23.506155 n-d-789963-12 devstack@placement-api.service[106922]: DEBUG placement.objects.research_context [req-79cf7b73-0bc1-4edb-91e5-c63936ae6ccc req-81835401-502f-4a79-bd9e-1c4486c7e6d8 service placement] getting providers with 1 VCPU {{(pid=106922) __init__ /opt/stack/placement/placement/objects/research_context.py:126}}
Sep 18 01:53:23.514392 n-d-789963-12 devstack@placement-api.service[106922]: DEBUG placement.objects.research_context [req-79cf7b73-0bc1-4edb-91e5-c63936ae6ccc req-81835401-502f-4a79-bd9e-1c4486c7e6d8 service placement] found 2 providers with available 1 DISK_GB {{(pid=106922) get_provider_ids_matching /opt/stack/placement/placement/objects/research_context.py:549}}
Sep 18 01:53:23.515077 n-d-789963-12 devstack@placement-api.service[106922]: DEBUG placement.objects.research_context [req-79cf7b73-0bc1-4edb-91e5-c63936ae6ccc req-81835401-502f-4a79-bd9e-1c4486c7e6d8 service placement] found 2 providers with available 1024 MEMORY_MB {{(pid=106922) get_provider_ids_matching /opt/stack/placement/placement/objects/research_context.py:549}}
Sep 18 01:53:23.515533 n-d-789963-12 devstack@placement-api.service[106922]: DEBUG placement.objects.research_context [req-79cf7b73-0bc1-4edb-91e5-c63936ae6ccc req-81835401-502f-4a79-bd9e-1c4486c7e6d8 service placement] found 2 providers after filtering by previous result {{(pid=106922) get_provider_ids_matching /opt/stack/placement/placement/objects/research_context.py:580}}
Sep 18 01:53:23.515993 n-d-789963-12 devstack@placement-api.service[106922]: DEBUG placement.objects.research_context [req-79cf7b73-0bc1-4edb-91e5-c63936ae6ccc req-81835401-502f-4a79-bd9e-1c4486c7e6d8 service placement] found 2 providers with available 1 VCPU {{(pid=106922) get_provider_ids_matching /opt/stack/placement/placement/objects/research_context.py:549}}
Sep 18 01:53:23.516432 n-d-789963-12 devstack@placement-api.service[106922]: DEBUG placement.objects.research_context [req-79cf7b73-0bc1-4edb-91e5-c63936ae6ccc req-81835401-502f-4a79-bd9e-1c4486c7e6d8 service placement] found 2 providers after filtering by previous result {{(pid=106922) get_provider_ids_matching /opt/stack/placement/placement/objects/research_context.py:580}}
Sep 18 01:53:23.542046 n-d-789963-12 devstack@placement-api.service[106922]: DEBUG placement.objects.allocation_candidate [req-79cf7b73-0bc1-4edb-91e5-c63936ae6ccc req-81835401-502f-4a79-bd9e-1c4486c7e6d8 service placement] RequestGroup(use_same_provider=False, resources={DISK_GB:1, MEMORY_MB:1024, VCPU:1}, traits=[], aggregates=[]) (suffix '') returned 2 matches {{(pid=106922) _get_by_requests /opt/stack/placement/placement/objects/allocation_candidate.py:145}}
Sep 18 01:53:23.546543 n-d-789963-12 devstack@placement-api.service[106922]: DEBUG placement.objects.allocation_candidate [req-79cf7b73-0bc1-4edb-91e5-c63936ae6ccc req-81835401-502f-4a79-bd9e-1c4486c7e6d8 service placement] Merging candidates yields 2 allocation requests and 2 provider summaries {{(pid=106922) _merge_candidates /opt/stack/placement/placement/objects/allocation_candidate.py:783}}
Sep 18 01:53:23.548476 n-d-789963-12 devstack@placement-api.service[106922]: INFO placement.requestlog [req-79cf7b73-0bc1-4edb-91e5-c63936ae6ccc req-81835401-502f-4a79-bd9e-1c4486c7e6d8 service placement] 10.222.0.21 "GET /placement/allocation_candidates?limit=1000&resources=DISK_GB%3A1%2CMEMORY_MB%3A1024%2CVCPU%3A1&root_required=%21COMPUTE_STATUS_DISABLED" status: 200 len: 1309 microversion: 1.36
Sep 18 01:53:23.548914 n-d-789963-12 devstack@placement-api.service[106922]: [pid: 106922|app: 0|req: 56/113] 10.222.0.21 () {60 vars in 1507 bytes} [Sat Sep 18 01:53:23 2021] GET /placement/allocation_candidates?limit=1000&resources=DISK_GB%3A1%2CMEMORY_MB%3A1024%2CVCPU%3A1&root_required=%21COMPUTE_STATUS_DISABLED => generated 1309 bytes in 136 msecs (HTTP/1.1 200) 8 headers in 297 bytes (1 switches on core 0)
Sep 18 01:53:23.650188 n-d-789963-12 devstack@placement-api.service[106921]: DEBUG placement.requestlog [req-79cf7b73-0bc1-4edb-91e5-c63936ae6ccc req-49b496cb-2f7f-4815-9e3a-02093dff5f53 None None] Starting request: 10.222.0.21 "GET /placement/allocations/29735823-2ea6-472f-84e9-781644db1fb4" {{(pid=106921) __call__ /opt/stack/placement/placement/requestlog.py:55}}
Sep 18 01:53:23.667664 n-d-789963-12 devstack@placement-api.service[106921]: INFO placement.requestlog [req-79cf7b73-0bc1-4edb-91e5-c63936ae6ccc req-49b496cb-2f7f-4815-9e3a-02093dff5f53 service placement] 10.222.0.21 "GET /placement/allocations/29735823-2ea6-472f-84e9-781644db1fb4" status: 200 len: 19 microversion: 1.28
Sep 18 01:53:23.668122 n-d-789963-12 devstack@placement-api.service[106921]: [pid: 106921|app: 0|req: 58/114] 10.222.0.21 () {60 vars in 1381 bytes} [Sat Sep 18 01:53:23 2021] GET /placement/allocations/29735823-2ea6-472f-84e9-781644db1fb4 => generated 19 bytes in 18 msecs (HTTP/1.1 200) 8 headers in 295 bytes (1 switches on core 0)
Sep 18 01:53:23.676094 n-d-789963-12 devstack@placement-api.service[106922]: DEBUG placement.requestlog [req-79cf7b73-0bc1-4edb-91e5-c63936ae6ccc req-dc402dcb-4bfd-4fea-b904-f6c723f007a2 None None] Starting request: 10.222.0.21 "PUT /placement/allocations/29735823-2ea6-472f-84e9-781644db1fb4" {{(pid=106922) __call__ /opt/stack/placement/placement/requestlog.py:55}}
Sep 18 01:53:23.796694 n-d-789963-12 devstack@placement-api.service[106922]: DEBUG placement.handlers.allocation [req-79cf7b73-0bc1-4edb-91e5-c63936ae6ccc req-dc402dcb-4bfd-4fea-b904-f6c723f007a2 service placement] Successfully wrote allocations [, , ] {{(pid=106922) _update_consumers_and_create_allocations /opt/stack/placement/placement/handlers/allocation.py:462}}
Sep 18 01:53:23.806567 n-d-789963-12 devstack@placement-api.service[106922]: INFO placement.requestlog [req-79cf7b73-0bc1-4edb-91e5-c63936ae6ccc req-dc402dcb-4bfd-4fea-b904-f6c723f007a2 service placement] 10.222.0.21 "PUT /placement/allocations/29735823-2ea6-472f-84e9-781644db1fb4" status: 204 len: 0 microversion: 1.36
Sep 18 01:53:23.815358 n-d-789963-12 devstack@placement-api.service[106922]: [pid: 106922|app: 0|req: 57/115] 10.222.0.21 () {64 vars in 1434 bytes} [Sat Sep 18 01:53:23 2021] PUT /placement/allocations/29735823-2ea6-472f-84e9-781644db1fb4 => generated 0 bytes in 133 msecs (HTTP/1.1 204) 5 headers in 199 bytes (1 switches on core 0)
Sep 18 01:53:24.320017 n-d-789963-12 devstack@placement-api.service[106921]: DEBUG placement.requestlog [req-79cf7b73-0bc1-4edb-91e5-c63936ae6ccc req-6fead354-3ad5-4c9a-bdbd-efe11fab85d7 None None] Starting request: 10.222.0.20 "GET /placement/allocations/29735823-2ea6-472f-84e9-781644db1fb4" {{(pid=106921) __call__ /opt/stack/placement/placement/requestlog.py:55}}
Sep 18 01:53:24.350420 n-d-789963-12 devstack@placement-api.service[106921]: INFO placement.requestlog [req-79cf7b73-0bc1-4edb-91e5-c63936ae6ccc req-6fead354-3ad5-4c9a-bdbd-efe11fab85d7 service placement] 10.222.0.20 "GET /placement/allocations/29735823-2ea6-472f-84e9-781644db1fb4" status: 200 len: 258 microversion: 1.28
Sep 18 01:53:24.351319 n-d-789963-12 devstack@placement-api.service[106921]: [pid: 106921|app: 0|req: 59/116] 10.222.0.20 () {60 vars in 1378 bytes} [Sat Sep 18 01:53:24 2021] GET /placement/allocations/29735823-2ea6-472f-84e9-781644db1fb4 => generated 258 bytes in 32 msecs (HTTP/1.1 200) 8 headers in 296 bytes (1 switches on core 0)
Sep 18 01:53:25.102518 n-d-789963-12 devstack@placement-api.service[106922]: DEBUG placement.requestlog [req-bffce8e1-b762-4180-bdf9-1fd774333b09 req-b0ed4cd7-eebf-4c8c-b604-0a1124860c14 None None] Starting request: 10.222.0.21 "GET /placement/allocation_candidates?limit=1000&resources=DISK_GB%3A1%2CMEMORY_MB%3A1024%2CVCPU%3A1&root_required=%21COMPUTE_STATUS_DISABLED" {{(pid=106922) __call__ /opt/stack/placement/placement/requestlog.py:55}}
Sep 18 01:53:25.167706 n-d-789963-12 devstack@placement-api.service[106922]: DEBUG placement.objects.research_context [req-bffce8e1-b762-4180-bdf9-1fd774333b09 req-b0ed4cd7-eebf-4c8c-b604-0a1124860c14 service placement] getting providers with 1 DISK_GB {{(pid=106922) __init__ /opt/stack/placement/placement/objects/research_context.py:126}}
Sep 18 01:53:25.181553 n-d-789963-12 devstack@placement-api.service[106922]: DEBUG placement.objects.research_context [req-bffce8e1-b762-4180-bdf9-1fd774333b09 req-b0ed4cd7-eebf-4c8c-b604-0a1124860c14 service placement] getting providers with 1024 MEMORY_MB {{(pid=106922) __init__ /opt/stack/placement/placement/objects/research_context.py:126}}
Sep 18 01:53:25.205867 n-d-789963-12 devstack@placement-api.service[106922]: DEBUG placement.objects.research_context [req-bffce8e1-b762-4180-bdf9-1fd774333b09 req-b0ed4cd7-eebf-4c8c-b604-0a1124860c14 service placement] getting providers with 1 VCPU {{(pid=106922) __init__ /opt/stack/placement/placement/objects/research_context.py:126}}
Sep 18 01:53:25.221515 n-d-789963-12 devstack@placement-api.service[106922]: DEBUG placement.objects.research_context [req-bffce8e1-b762-4180-bdf9-1fd774333b09 req-b0ed4cd7-eebf-4c8c-b604-0a1124860c14 service placement] found 2 providers with available 1 DISK_GB {{(pid=106922) get_provider_ids_matching /opt/stack/placement/placement/objects/research_context.py:549}}
Sep 18 01:53:25.222083 n-d-789963-12 devstack@placement-api.service[106922]: DEBUG placement.objects.research_context [req-bffce8e1-b762-4180-bdf9-1fd774333b09 req-b0ed4cd7-eebf-4c8c-b604-0a1124860c14 service placement] found 2 providers with available 1024 MEMORY_MB {{(pid=106922) get_provider_ids_matching /opt/stack/placement/placement/objects/research_context.py:549}}
Sep 18 01:53:25.222520 n-d-789963-12 devstack@placement-api.service[106922]: DEBUG placement.objects.research_context [req-bffce8e1-b762-4180-bdf9-1fd774333b09 req-b0ed4cd7-eebf-4c8c-b604-0a1124860c14 service placement] found 2 providers after filtering by previous result {{(pid=106922) get_provider_ids_matching /opt/stack/placement/placement/objects/research_context.py:580}}
Sep 18 01:53:25.223089 n-d-789963-12 devstack@placement-api.service[106922]: DEBUG placement.objects.research_context [req-bffce8e1-b762-4180-bdf9-1fd774333b09 req-b0ed4cd7-eebf-4c8c-b604-0a1124860c14 service placement] found 2 providers with available 1 VCPU {{(pid=106922) get_provider_ids_matching /opt/stack/placement/placement/objects/research_context.py:549}}
Sep 18 01:53:25.223512 n-d-789963-12 devstack@placement-api.service[106922]: DEBUG placement.objects.research_context [req-bffce8e1-b762-4180-bdf9-1fd774333b09 req-b0ed4cd7-eebf-4c8c-b604-0a1124860c14 service placement] found 2 providers after filtering by previous result {{(pid=106922) get_provider_ids_matching /opt/stack/placement/placement/objects/research_context.py:580}}
Sep 18 01:53:25.240824 n-d-789963-12 devstack@placement-api.service[106922]: DEBUG placement.objects.allocation_candidate [req-bffce8e1-b762-4180-bdf9-1fd774333b09 req-b0ed4cd7-eebf-4c8c-b604-0a1124860c14 service placement] RequestGroup(use_same_provider=False, resources={DISK_GB:1, MEMORY_MB:1024, VCPU:1}, traits=[], aggregates=[]) (suffix '') returned 2 matches {{(pid=106922) _get_by_requests /opt/stack/placement/placement/objects/allocation_candidate.py:145}}
Sep 18 01:53:25.241401 n-d-789963-12 devstack@placement-api.service[106922]: DEBUG placement.objects.allocation_candidate [req-bffce8e1-b762-4180-bdf9-1fd774333b09 req-b0ed4cd7-eebf-4c8c-b604-0a1124860c14 service placement] Merging candidates yields 2 allocation requests and 2 provider summaries {{(pid=106922) _merge_candidates /opt/stack/placement/placement/objects/allocation_candidate.py:783}}
Sep 18 01:53:25.245846 n-d-789963-12 devstack@placement-api.service[106922]: INFO placement.requestlog [req-bffce8e1-b762-4180-bdf9-1fd774333b09 req-b0ed4cd7-eebf-4c8c-b604-0a1124860c14 service placement] 10.222.0.21 "GET /placement/allocation_candidates?limit=1000&resources=DISK_GB%3A1%2CMEMORY_MB%3A1024%2CVCPU%3A1&root_required=%21COMPUTE_STATUS_DISABLED" status: 200 len: 1309 microversion: 1.36
Sep 18 01:53:25.246663 n-d-789963-12 devstack@placement-api.service[106922]: [pid: 106922|app: 0|req: 58/117] 10.222.0.21 () {60 vars in 1507 bytes} [Sat Sep 18 01:53:25 2021] GET /placement/allocation_candidates?limit=1000&resources=DISK_GB%3A1%2CMEMORY_MB%3A1024%2CVCPU%3A1&root_required=%21COMPUTE_STATUS_DISABLED => generated 1309 bytes in 144 msecs (HTTP/1.1 200) 8 headers in 297 bytes (1 switches on core 0)
Sep 18 01:53:25.377472 n-d-789963-12 devstack@placement-api.service[106921]: DEBUG placement.requestlog [req-bffce8e1-b762-4180-bdf9-1fd774333b09 req-4274d951-b885-4818-b07b-7507e7bf4b77 None None] Starting request: 10.222.0.21 "GET /placement/allocations/83b7e479-8c27-4fe3-ae8f-afaf98786473" {{(pid=106921) __call__ /opt/stack/placement/placement/requestlog.py:55}}
Sep 18 01:53:25.403359 n-d-789963-12 devstack@placement-api.service[106921]: INFO placement.requestlog [req-bffce8e1-b762-4180-bdf9-1fd774333b09 req-4274d951-b885-4818-b07b-7507e7bf4b77 service placement] 10.222.0.21 "GET /placement/allocations/83b7e479-8c27-4fe3-ae8f-afaf98786473" status: 200 len: 19 microversion: 1.28
Sep 18 01:53:25.405026 n-d-789963-12 devstack@placement-api.service[106921]: [pid: 106921|app: 0|req: 60/118] 10.222.0.21 () {60 vars in 1381 bytes} [Sat Sep 18 01:53:25 2021] GET /placement/allocations/83b7e479-8c27-4fe3-ae8f-afaf98786473 => generated 19 bytes in 29 msecs (HTTP/1.1 200) 8 headers in 295 bytes (1 switches on core 0)
Sep 18 01:53:25.411743 n-d-789963-12 devstack@placement-api.service[106922]: DEBUG placement.requestlog [req-bffce8e1-b762-4180-bdf9-1fd774333b09 req-102f523b-80a0-4aed-a7dc-b0f78c6e88c0 None None] Starting request: 10.222.0.21 "PUT /placement/allocations/83b7e479-8c27-4fe3-ae8f-afaf98786473" {{(pid=106922) __call__ /opt/stack/placement/placement/requestlog.py:55}}
Sep 18 01:53:25.585953 n-d-789963-12 devstack@placement-api.service[106922]: DEBUG placement.handlers.allocation [req-bffce8e1-b762-4180-bdf9-1fd774333b09 req-102f523b-80a0-4aed-a7dc-b0f78c6e88c0 service placement] Successfully wrote allocations [, , ] {{(pid=106922) _update_consumers_and_create_allocations /opt/stack/placement/placement/handlers/allocation.py:462}}
Sep 18 01:53:25.595282 n-d-789963-12 devstack@placement-api.service[106922]: INFO placement.requestlog [req-bffce8e1-b762-4180-bdf9-1fd774333b09 req-102f523b-80a0-4aed-a7dc-b0f78c6e88c0 service placement] 10.222.0.21 "PUT /placement/allocations/83b7e479-8c27-4fe3-ae8f-afaf98786473" status: 204 len: 0 microversion: 1.36
Sep 18 01:53:25.596359 n-d-789963-12 devstack@placement-api.service[106922]: [pid: 106922|app: 0|req: 59/119] 10.222.0.21 () {64 vars in 1434 bytes} [Sat Sep 18 01:53:25 2021] PUT /placement/allocations/83b7e479-8c27-4fe3-ae8f-afaf98786473 => generated 0 bytes in 184 msecs (HTTP/1.1 204) 5 headers in 199 bytes (1 switches on core 0)
Sep 18 01:53:26.068842 n-d-789963-12 devstack@placement-api.service[106921]: DEBUG placement.requestlog [req-bffce8e1-b762-4180-bdf9-1fd774333b09 req-2fa8c34c-6f86-4705-ab25-53058d380947 None None] Starting request: 10.222.0.18 "GET /placement/allocations/83b7e479-8c27-4fe3-ae8f-afaf98786473" {{(pid=106921) __call__ /opt/stack/placement/placement/requestlog.py:55}}
Sep 18 01:53:26.096439 n-d-789963-12 devstack@placement-api.service[106921]: INFO placement.requestlog [req-bffce8e1-b762-4180-bdf9-1fd774333b09 req-2fa8c34c-6f86-4705-ab25-53058d380947 service placement] 10.222.0.18 "GET /placement/allocations/83b7e479-8c27-4fe3-ae8f-afaf98786473" status: 200 len: 259 microversion: 1.28
Sep 18 01:53:26.096833 n-d-789963-12 devstack@placement-api.service[106921]: [pid: 106921|app: 0|req: 61/120] 10.222.0.18 () {60 vars in 1378 bytes} [Sat Sep 18 01:53:26 2021] GET /placement/allocations/83b7e479-8c27-4fe3-ae8f-afaf98786473 => generated 259 bytes in 28 msecs (HTTP/1.1 200) 8 headers in 296 bytes (1 switches on core 0)
Sep 18 01:53:28.887661 n-d-789963-12 devstack@placement-api.service[106922]: DEBUG placement.requestlog [None req-2146932a-20ce-45f1-ac7e-620375a5be94 None None] Starting request: 10.222.0.21 "GET /placement/" {{(pid=106922) __call__ /opt/stack/placement/placement/requestlog.py:55}}
Sep 18 01:53:28.888879 n-d-789963-12 devstack@placement-api.service[106922]: INFO placement.requestlog [None req-2146932a-20ce-45f1-ac7e-620375a5be94 None None] 10.222.0.21 "GET /placement/" status: 200 len: 136 microversion: 1.0
Sep 18 01:53:28.889384 n-d-789963-12 devstack@placement-api.service[106922]: [pid: 106922|app: 0|req: 60/121] 10.222.0.21 () {54 vars in 916 bytes} [Sat Sep 18 01:53:28 2021] GET /placement => generated 136 bytes in 4 msecs (HTTP/1.1 200) 6 headers in 224 bytes (1 switches on core 0)
Sep 18 01:53:28.899975 n-d-789963-12 devstack@placement-api.service[106921]: DEBUG placement.requestlog [req-030ebbea-9920-4dfb-b236-e98f642a4351 req-e1db3519-18cc-4121-8479-2d71774c83fe None None] Starting request: 10.222.0.21 "GET /placement/allocations/cfee7fe0-f63e-41fb-ba40-1734e71dfc58" {{(pid=106921) __call__ /opt/stack/placement/placement/requestlog.py:55}}
Sep 18 01:53:28.987442 n-d-789963-12 devstack@placement-api.service[106921]: INFO placement.requestlog [req-030ebbea-9920-4dfb-b236-e98f642a4351 req-e1db3519-18cc-4121-8479-2d71774c83fe service placement] 10.222.0.21 "GET /placement/allocations/cfee7fe0-f63e-41fb-ba40-1734e71dfc58" status: 200 len: 258 microversion: 1.28
Sep 18 01:53:28.988012 n-d-789963-12 devstack@placement-api.service[106921]: [pid: 106921|app: 0|req: 62/122] 10.222.0.21 () {60 vars in 1381 bytes} [Sat Sep 18 01:53:28 2021] GET /placement/allocations/cfee7fe0-f63e-41fb-ba40-1734e71dfc58 => generated 258 bytes in 88 msecs (HTTP/1.1 200) 8 headers in 296 bytes (2 switches on core 0)
Sep 18 01:53:28.995085 n-d-789963-12 devstack@placement-api.service[106922]: DEBUG placement.requestlog [req-030ebbea-9920-4dfb-b236-e98f642a4351 req-0e011525-6fb6-4301-b667-4260e13734ab None None] Starting request: 10.222.0.21 "GET /placement/allocations/cfee7fe0-f63e-41fb-ba40-1734e71dfc58" {{(pid=106922) __call__ /opt/stack/placement/placement/requestlog.py:55}}
Sep 18 01:53:29.015016 n-d-789963-12 devstack@placement-api.service[106922]: INFO placement.requestlog [req-030ebbea-9920-4dfb-b236-e98f642a4351 req-0e011525-6fb6-4301-b667-4260e13734ab service placement] 10.222.0.21 "GET /placement/allocations/cfee7fe0-f63e-41fb-ba40-1734e71dfc58" status: 200 len: 258 microversion: 1.28
Sep 18 01:53:29.015521 n-d-789963-12 devstack@placement-api.service[106922]: [pid: 106922|app: 0|req: 61/123] 10.222.0.21 () {60 vars in 1381 bytes} [Sat Sep 18 01:53:28 2021] GET /placement/allocations/cfee7fe0-f63e-41fb-ba40-1734e71dfc58 => generated 258 bytes in 21 msecs (HTTP/1.1 200) 8 headers in 296 bytes (1 switches on core 0)
Sep 18 01:53:29.021891 n-d-789963-12 devstack@placement-api.service[106921]: DEBUG placement.requestlog [req-030ebbea-9920-4dfb-b236-e98f642a4351 req-89f8aaa6-54d9-4e5a-9ec1-e5f6e1166317 None None] Starting request: 10.222.0.21 "GET /placement/allocations/9fed2fd4-a7e5-4a29-aeb7-77dd8070b32e" {{(pid=106921) __call__ /opt/stack/placement/placement/requestlog.py:55}}
Sep 18 01:53:29.036289 n-d-789963-12 devstack@placement-api.service[106921]: INFO placement.requestlog [req-030ebbea-9920-4dfb-b236-e98f642a4351 req-89f8aaa6-54d9-4e5a-9ec1-e5f6e1166317 service placement] 10.222.0.21 "GET /placement/allocations/9fed2fd4-a7e5-4a29-aeb7-77dd8070b32e" status: 200 len: 19 microversion: 1.28
Sep 18 01:53:29.036775 n-d-789963-12 devstack@placement-api.service[106921]: [pid: 106921|app: 0|req: 63/124] 10.222.0.21 () {60 vars in 1381 bytes} [Sat Sep 18 01:53:29 2021] GET /placement/allocations/9fed2fd4-a7e5-4a29-aeb7-77dd8070b32e => generated 19 bytes in 15 msecs (HTTP/1.1 200) 8 headers in 295 bytes (1 switches on core 0)
Sep 18 01:53:29.043399 n-d-789963-12 devstack@placement-api.service[106922]: DEBUG placement.requestlog [req-030ebbea-9920-4dfb-b236-e98f642a4351 req-d2a70cb0-464d-40fb-bdea-aac5541041c6 None None] Starting request: 10.222.0.21 "POST /placement/allocations" {{(pid=106922) __call__ /opt/stack/placement/placement/requestlog.py:55}}
Sep 18 01:53:29.154921 n-d-789963-12 devstack@placement-api.service[106922]: DEBUG placement.handlers.allocation [req-030ebbea-9920-4dfb-b236-e98f642a4351 req-d2a70cb0-464d-40fb-bdea-aac5541041c6 service placement] Successfully wrote allocations [, , , , , ] {{(pid=106922) _update_consumers_and_create_allocations /opt/stack/placement/placement/handlers/allocation.py:572}}
Sep 18 01:53:29.162351 n-d-789963-12 devstack@placement-api.service[106922]: INFO placement.requestlog [req-030ebbea-9920-4dfb-b236-e98f642a4351 req-d2a70cb0-464d-40fb-bdea-aac5541041c6 service placement] 10.222.0.21 "POST /placement/allocations" status: 204 len: 0 microversion: 1.28
Sep 18 01:53:29.163599 n-d-789963-12 devstack@placement-api.service[106922]: [pid: 106922|app: 0|req: 62/125] 10.222.0.21 () {64 vars in 1324 bytes} [Sat Sep 18 01:53:29 2021] POST /placement/allocations => generated 0 bytes in 120 msecs (HTTP/1.1 204) 5 headers in 199 bytes (2 switches on core 0)
Sep 18 01:53:29.222458 n-d-789963-12 devstack@placement-api.service[106921]: DEBUG placement.requestlog [req-030ebbea-9920-4dfb-b236-e98f642a4351 req-4d58d951-0bd5-441e-b578-63892d2d8052 None None] Starting request: 10.222.0.21 "GET /placement/allocations/cfee7fe0-f63e-41fb-ba40-1734e71dfc58" {{(pid=106921) __call__ /opt/stack/placement/placement/requestlog.py:55}}
Sep 18 01:53:29.242639 n-d-789963-12 devstack@placement-api.service[106921]: INFO placement.requestlog [req-030ebbea-9920-4dfb-b236-e98f642a4351 req-4d58d951-0bd5-441e-b578-63892d2d8052 service placement] 10.222.0.21 "GET /placement/allocations/cfee7fe0-f63e-41fb-ba40-1734e71dfc58" status: 200 len: 19 microversion: 1.28
Sep 18 01:53:29.250406 n-d-789963-12 devstack@placement-api.service[106921]: [pid: 106921|app: 0|req: 64/126] 10.222.0.21 () {60 vars in 1381 bytes} [Sat Sep 18 01:53:29 2021] GET /placement/allocations/cfee7fe0-f63e-41fb-ba40-1734e71dfc58 => generated 19 bytes in 28 msecs (HTTP/1.1 200) 8 headers in 295 bytes (1 switches on core 0)
Sep 18 01:53:29.252284 n-d-789963-12 devstack@placement-api.service[106922]: DEBUG placement.requestlog [req-030ebbea-9920-4dfb-b236-e98f642a4351 req-c2d8b540-44dc-493f-b668-952e942817d0 None None] Starting request: 10.222.0.21 "PUT /placement/allocations/cfee7fe0-f63e-41fb-ba40-1734e71dfc58" {{(pid=106922) __call__ /opt/stack/placement/placement/requestlog.py:55}}
Sep 18 01:53:29.311844 n-d-789963-12 devstack@placement-api.service[106922]: DEBUG placement.handlers.allocation [req-030ebbea-9920-4dfb-b236-e98f642a4351 req-c2d8b540-44dc-493f-b668-952e942817d0 service placement] Successfully wrote allocations [, , ] {{(pid=106922) _update_consumers_and_create_allocations /opt/stack/placement/placement/handlers/allocation.py:462}}
