Sep 18 19:38:38.190250 n-d-789963-11 neutron-server[94941]: DEBUG neutron.plugins.ml2.db [req-ca2a808f-67fa-4d0d-8249-68176040899a req-b917ecba-190b-4c4b-bb5a-c63eebfdd48a service neutron] For port 047ce5bd-52a1-4cf0-851f-d9a80f79752f, host n-h1-789963-11, set binding levels [PortBindingLevel(driver='hyperv',host='n-h1-789963-11',level=0,port_id=047ce5bd-52a1-4cf0-851f-d9a80f79752f,segment=NetworkSegment(45a1255d-8cb8-471d-9bcf-3417ee970e14),segment_id=45a1255d-8cb8-471d-9bcf-3417ee970e14)] {{(pid=94941) set_binding_levels /opt/stack/neutron/neutron/plugins/ml2/db.py:59}}
Sep 18 19:38:38.201732 n-d-789963-11 neutron-server[94941]: DEBUG neutron_lib.callbacks.manager [req-ca2a808f-67fa-4d0d-8249-68176040899a req-b917ecba-190b-4c4b-bb5a-c63eebfdd48a service neutron] Notify callbacks ['neutron.plugins.ml2.plugin.SecurityGroupServerNotifierRpcMixin._notify_sg_on_port_change-8005801', 'neutron.plugins.ml2.ovo_rpc._ObjectChangeHandler.handle_event-225914', 'neutron.api.rpc.agentnotifiers.dhcp_rpc_agent_api.DhcpAgentNotifyAPI._native_event_send_dhcp_notification-1004345', 'neutron.db.l3_db.L3RpcNotifierMixin._notify_gateway_port_ip_changed-8781702080269', 'neutron.db.l3_dvrscheduler_db._notify_l3_agent_port_update-8781701546186', 'neutron.db.l3_hascheduler_db._notify_l3_agent_ha_port_update-8781701546204'] for port, after_update {{(pid=94941) _notify_loop /usr/local/lib/python3.8/dist-packages/neutron_lib/callbacks/manager.py:192}}
Sep 18 19:38:38.272516 n-d-789963-11 neutron-server[94941]: DEBUG neutron.pecan_wsgi.hooks.policy_enforcement [req-ca2a808f-67fa-4d0d-8249-68176040899a req-b917ecba-190b-4c4b-bb5a-c63eebfdd48a service neutron] Attributes excluded by policy engine: ['standard_attr_id'] {{(pid=94941) _exclude_attributes_by_policy /opt/stack/neutron/neutron/pecan_wsgi/hooks/policy_enforcement.py:255}}
Sep 18 19:38:38.273213 n-d-789963-11 neutron-server[94941]: DEBUG neutron_lib.callbacks.manager [req-ca2a808f-67fa-4d0d-8249-68176040899a req-b917ecba-190b-4c4b-bb5a-c63eebfdd48a service neutron] Notify callbacks ['neutron.notifiers.nova.Notifier._send_nova_notification-84270'] for port, before_response {{(pid=94941) _notify_loop /usr/local/lib/python3.8/dist-packages/neutron_lib/callbacks/manager.py:192}}
Sep 18 19:38:38.274553 n-d-789963-11 neutron-server[94941]: INFO neutron.wsgi [req-ca2a808f-67fa-4d0d-8249-68176040899a req-b917ecba-190b-4c4b-bb5a-c63eebfdd48a service neutron] 10.222.0.32 "PUT /v2.0/ports/047ce5bd-52a1-4cf0-851f-d9a80f79752f HTTP/1.1" status: 200 len: 1093 time: 1.6060629
Sep 18 19:38:38.276603 n-d-789963-11 neutron-server[94941]: DEBUG neutron.notifiers.nova [-] Sending events: [{'name': 'network-changed', 'server_uuid': 'c2fd2a2a-db24-42e3-a4bc-46e932b9d125', 'tag': '047ce5bd-52a1-4cf0-851f-d9a80f79752f'}] {{(pid=94941) send_events /opt/stack/neutron/neutron/notifiers/nova.py:262}}
Sep 18 19:38:38.279396 n-d-789963-11 neutron-server[94940]: DEBUG neutron.plugins.ml2.plugin [req-67a8196a-fada-4234-8ea3-0fbaeec4af8c req-e8eb2185-425c-4c6d-ae8e-659b9365a082 tempest-DeleteServersAdminTestJSON-1697023816 tempest-DeleteServersAdminTestJSON-1697023816-project] Deleting port 809466f7-b799-4dcc-86ee-8fc3eb6c7351 {{(pid=94940) _pre_delete_port /opt/stack/neutron/neutron/plugins/ml2/plugin.py:1931}}
Sep 18 19:38:38.279752 n-d-789963-11 neutron-server[94940]: DEBUG neutron_lib.callbacks.manager [req-67a8196a-fada-4234-8ea3-0fbaeec4af8c req-e8eb2185-425c-4c6d-ae8e-659b9365a082 tempest-DeleteServersAdminTestJSON-1697023816 tempest-DeleteServersAdminTestJSON-1697023816-project] Notify callbacks ['neutron.db.l3_db.L3_NAT_dbonly_mixin._prevent_l3_port_delete_callback-8781702075953'] for port, before_delete {{(pid=94940) _notify_loop /usr/local/lib/python3.8/dist-packages/neutron_lib/callbacks/manager.py:192}}
Sep 18 19:38:38.284323 n-d-789963-11 neutron-server[94941]: DEBUG novaclient.v2.client [-] REQ: curl -g -i --cacert "/opt/stack/data/ca-bundle.pem" -X POST http://10.222.0.20/compute/v2.1/os-server-external-events -H "Accept: application/json" -H "Content-Type: application/json" -H "User-Agent: python-novaclient" -H "X-Auth-Token: {SHA256}4a9ee204cb4df33ee454a7c70bf5e9278f62bce6c6e884f9461abb10651a0234" -H "X-OpenStack-Nova-API-Version: 2.1" -H "X-OpenStack-Request-ID: req-e4ba78f9-cf42-4540-90fc-3b8d937d5595" -d '{"events": [{"name": "network-changed", "server_uuid": "c2fd2a2a-db24-42e3-a4bc-46e932b9d125", "tag": "047ce5bd-52a1-4cf0-851f-d9a80f79752f"}]}' {{(pid=94941) _http_log_request /usr/local/lib/python3.8/dist-packages/keystoneauth1/session.py:519}}
Sep 18 19:38:38.374651 n-d-789963-11 neutron-server[94941]: DEBUG neutron.api.rpc.handlers.resources_rpc [None req-b917ecba-190b-4c4b-bb5a-c63eebfdd48a service neutron] Pushing event updated for resources: {'Port': ['ID=047ce5bd-52a1-4cf0-851f-d9a80f79752f,revision_number=3']} {{(pid=94941) push /opt/stack/neutron/neutron/api/rpc/handlers/resources_rpc.py:237}}
Sep 18 19:38:38.384294 n-d-789963-11 neutron-server[94940]: DEBUG neutron.plugins.ml2.db [req-67a8196a-fada-4234-8ea3-0fbaeec4af8c req-e8eb2185-425c-4c6d-ae8e-659b9365a082 tempest-DeleteServersAdminTestJSON-1697023816 tempest-DeleteServersAdminTestJSON-1697023816-project] For port 809466f7-b799-4dcc-86ee-8fc3eb6c7351, host n-h2-789963-11, got binding levels [PortBindingLevel(driver='hyperv',host='n-h2-789963-11',level=0,port_id=809466f7-b799-4dcc-86ee-8fc3eb6c7351,segment=NetworkSegment(36f45a2e-3b88-42cc-af58-8a8b5c663674),segment_id=36f45a2e-3b88-42cc-af58-8a8b5c663674)] {{(pid=94940) get_binding_level_objs /opt/stack/neutron/neutron/plugins/ml2/db.py:74}}
Sep 18 19:38:38.384535 n-d-789963-11 neutron-server[94940]: DEBUG neutron_lib.callbacks.manager [req-67a8196a-fada-4234-8ea3-0fbaeec4af8c req-e8eb2185-425c-4c6d-ae8e-659b9365a082 tempest-DeleteServersAdminTestJSON-1697023816 tempest-DeleteServersAdminTestJSON-1697023816-project] Notify callbacks ['neutron.services.l3_router.l3_router_plugin.L3_NAT_dbonly_mixin._precommit_delete_port_callback-583236'] for port, precommit_delete {{(pid=94940) _notify_loop /usr/local/lib/python3.8/dist-packages/neutron_lib/callbacks/manager.py:192}}
Sep 18 19:38:38.398826 n-d-789963-11 neutron-server[94940]: DEBUG neutron.plugins.ml2.plugin [req-67a8196a-fada-4234-8ea3-0fbaeec4af8c req-e8eb2185-425c-4c6d-ae8e-659b9365a082 tempest-DeleteServersAdminTestJSON-1697023816 tempest-DeleteServersAdminTestJSON-1697023816-project] Calling delete_port for 809466f7-b799-4dcc-86ee-8fc3eb6c7351 owned by compute:nova {{(pid=94940) delete_port /opt/stack/neutron/neutron/plugins/ml2/plugin.py:2009}}
Sep 18 19:38:38.511319 n-d-789963-11 neutron-server[94941]: DEBUG neutron.pecan_wsgi.hooks.policy_enforcement [req-ca2a808f-67fa-4d0d-8249-68176040899a req-de0f8b93-9b86-4195-9401-be9f9752947e service neutron] Attributes excluded by policy engine: ['standard_attr_id'] {{(pid=94941) _exclude_attributes_by_policy /opt/stack/neutron/neutron/pecan_wsgi/hooks/policy_enforcement.py:255}}
Sep 18 19:38:38.512813 n-d-789963-11 neutron-server[94941]: INFO neutron.wsgi [req-ca2a808f-67fa-4d0d-8249-68176040899a req-de0f8b93-9b86-4195-9401-be9f9752947e service neutron] 10.222.0.32 "GET /v2.0/ports?tenant_id=5442dfe435d345d489294f8e3e53d74b&device_id=c2fd2a2a-db24-42e3-a4bc-46e932b9d125 HTTP/1.1" status: 200 len: 1096 time: 0.1846747
Sep 18 19:38:38.557247 n-d-789963-11 neutron-server[94940]: DEBUG neutron_lib.callbacks.manager [req-67a8196a-fada-4234-8ea3-0fbaeec4af8c req-e8eb2185-425c-4c6d-ae8e-659b9365a082 tempest-DeleteServersAdminTestJSON-1697023816 tempest-DeleteServersAdminTestJSON-1697023816-project] Notify callbacks ['neutron.plugins.ml2.plugin.SecurityGroupServerNotifierRpcMixin._notify_sg_on_port_change-8005801', 'neutron.plugins.ml2.ovo_rpc._ObjectChangeHandler.handle_event-225914', 'neutron.api.rpc.agentnotifiers.dhcp_rpc_agent_api.DhcpAgentNotifyAPI._native_event_send_dhcp_notification-1004345', 'neutron.db.l3_db.L3RpcNotifierMixin._notify_routers_callback-8781702081783', 'neutron.db.l3_dvrscheduler_db._notify_port_delete-8781701546177'] for port, after_delete {{(pid=94940) _notify_loop /usr/local/lib/python3.8/dist-packages/neutron_lib/callbacks/manager.py:192}}
Sep 18 19:38:38.570076 n-d-789963-11 neutron-server[94942]: DEBUG neutron.plugins.ml2.db [None req-910713dd-1507-4737-a60e-9a47d08a05a3 None None] get_ports_and_sgs() called for port_ids ['809466f7-b799-4dcc-86ee-8fc3eb6c7351'] {{(pid=94942) get_ports_and_sgs /opt/stack/neutron/neutron/plugins/ml2/db.py:156}}
Sep 18 19:38:38.589192 n-d-789963-11 neutron-server[94941]: DEBUG neutron.pecan_wsgi.hooks.policy_enforcement [req-fa818e7f-cb8f-4241-af00-7dc85b619c5a req-d98d10d2-2e67-4613-8506-62a7c0e81adf tempest-DeleteServersAdminTestJSON-1697023816 tempest-DeleteServersAdminTestJSON-1697023816-project] Attributes excluded by policy engine: ['standard_attr_id', 'binding:profile', 'binding:host_id', 'binding:vif_type', 'binding:vif_details'] {{(pid=94941) _exclude_attributes_by_policy /opt/stack/neutron/neutron/pecan_wsgi/hooks/policy_enforcement.py:255}}
Sep 18 19:38:38.589408 n-d-789963-11 neutron-server[94940]: DEBUG neutron.api.rpc.handlers.resources_rpc [None req-e8eb2185-425c-4c6d-ae8e-659b9365a082 tempest-DeleteServersAdminTestJSON-1697023816 tempest-DeleteServersAdminTestJSON-1697023816-project] Pushing event deleted for resources: {'Port': ['ID=809466f7-b799-4dcc-86ee-8fc3eb6c7351,revision_number=None']} {{(pid=94940) push /opt/stack/neutron/neutron/api/rpc/handlers/resources_rpc.py:237}}
Sep 18 19:38:38.590715 n-d-789963-11 neutron-server[94941]: INFO neutron.wsgi [req-fa818e7f-cb8f-4241-af00-7dc85b619c5a req-d98d10d2-2e67-4613-8506-62a7c0e81adf tempest-DeleteServersAdminTestJSON-1697023816 tempest-DeleteServersAdminTestJSON-1697023816-project] 10.222.0.20 "GET /v2.0/ports?device_id=4787c60c-d112-4aab-a22d-1a9bf01650b3 HTTP/1.1" status: 200 len: 950 time: 0.2438824
Sep 18 19:38:38.594879 n-d-789963-11 neutron-server[94941]: INFO neutron.wsgi [req-ca2a808f-67fa-4d0d-8249-68176040899a req-252902cf-b273-4302-b1dd-c1e1fd88a4d2 service neutron] 10.222.0.32 "GET /v2.0/floatingips?fixed_ip_address=172.20.0.13&port_id=047ce5bd-52a1-4cf0-851f-d9a80f79752f HTTP/1.1" status: 200 len: 217 time: 0.0633061
Sep 18 19:38:38.599015 n-d-789963-11 neutron-server[94940]: DEBUG neutron.api.rpc.callbacks.version_manager [None req-e8eb2185-425c-4c6d-ae8e-659b9365a082 tempest-DeleteServersAdminTestJSON-1697023816 tempest-DeleteServersAdminTestJSON-1697023816-project] Version for resource type AddressGroup changed None to 1.2 on consumer Open vSwitch agent@n-d-789963-11 {{(pid=94940) _set_version /opt/stack/neutron/neutron/api/rpc/callbacks/version_manager.py:113}}
Sep 18 19:38:38.599015 n-d-789963-11 neutron-server[94940]: DEBUG neutron.api.rpc.callbacks.version_manager [None req-e8eb2185-425c-4c6d-ae8e-659b9365a082 tempest-DeleteServersAdminTestJSON-1697023816 tempest-DeleteServersAdminTestJSON-1697023816-project] Version for resource type ConntrackHelper changed None to 1.0 on consumer Open vSwitch agent@n-d-789963-11 {{(pid=94940) _set_version /opt/stack/neutron/neutron/api/rpc/callbacks/version_manager.py:113}}
Sep 18 19:38:38.599190 n-d-789963-11 neutron-server[94940]: DEBUG neutron.api.rpc.callbacks.version_manager [None req-e8eb2185-425c-4c6d-ae8e-659b9365a082 tempest-DeleteServersAdminTestJSON-1697023816 tempest-DeleteServersAdminTestJSON-1697023816-project] Version for resource type Log changed None to 1.0 on consumer Open vSwitch agent@n-d-789963-11 {{(pid=94940) _set_version /opt/stack/neutron/neutron/api/rpc/callbacks/version_manager.py:113}}
Sep 18 19:38:38.599441 n-d-789963-11 neutron-server[94940]: DEBUG neutron.api.rpc.callbacks.version_manager [None req-e8eb2185-425c-4c6d-ae8e-659b9365a082 tempest-DeleteServersAdminTestJSON-1697023816 tempest-DeleteServersAdminTestJSON-1697023816-project] Version for resource type Network changed None to 1.1 on consumer Open vSwitch agent@n-d-789963-11 {{(pid=94940) _set_version /opt/stack/neutron/neutron/api/rpc/callbacks/version_manager.py:113}}
Sep 18 19:38:38.599780 n-d-789963-11 neutron-server[94940]: DEBUG neutron.api.rpc.callbacks.version_manager [None req-e8eb2185-425c-4c6d-ae8e-659b9365a082 tempest-DeleteServersAdminTestJSON-1697023816 tempest-DeleteServersAdminTestJSON-1697023816-project] Version for resource type Port changed None to 1.7 on consumer Open vSwitch agent@n-d-789963-11 {{(pid=94940) _set_version /opt/stack/neutron/neutron/api/rpc/callbacks/version_manager.py:113}}
Sep 18 19:38:38.600644 n-d-789963-11 neutron-server[94940]: DEBUG neutron.api.rpc.callbacks.version_manager [None req-e8eb2185-425c-4c6d-ae8e-659b9365a082 tempest-DeleteServersAdminTestJSON-1697023816 tempest-DeleteServersAdminTestJSON-1697023816-project] Version for resource type PortForwarding changed None to 1.2 on consumer Open vSwitch agent@n-d-789963-11 {{(pid=94940) _set_version /opt/stack/neutron/neutron/api/rpc/callbacks/version_manager.py:113}}
Sep 18 19:38:38.601384 n-d-789963-11 neutron-server[94940]: DEBUG neutron.api.rpc.callbacks.version_manager [None req-e8eb2185-425c-4c6d-ae8e-659b9365a082 tempest-DeleteServersAdminTestJSON-1697023816 tempest-DeleteServersAdminTestJSON-1697023816-project] Version for resource type QosPolicy changed None to 1.9 on consumer Open vSwitch agent@n-d-789963-11 {{(pid=94940) _set_version /opt/stack/neutron/neutron/api/rpc/callbacks/version_manager.py:113}}
Sep 18 19:38:38.601384 n-d-789963-11 neutron-server[94940]: DEBUG neutron.api.rpc.callbacks.version_manager [None req-e8eb2185-425c-4c6d-ae8e-659b9365a082 tempest-DeleteServersAdminTestJSON-1697023816 tempest-DeleteServersAdminTestJSON-1697023816-project] Version for resource type SecurityGroup changed None to 1.4 on consumer Open vSwitch agent@n-d-789963-11 {{(pid=94940) _set_version /opt/stack/neutron/neutron/api/rpc/callbacks/version_manager.py:113}}
Sep 18 19:38:38.602000 n-d-789963-11 neutron-server[94941]: INFO neutron.wsgi [req-8b8a4391-1f0b-4115-a35a-7b6583c3cedd req-fe5ce926-adc6-47d1-99d9-c35e4822dfd2 tempest-SecurityGroupsTestAdminJSON-563700900 tempest-SecurityGroupsTestAdminJSON-563700900-project] 10.222.0.20 "GET /v2.0/security-groups?tenant_id=559a269f5bd3415aa574a277ac0be7b2 HTTP/1.1" status: 200 len: 6103 time: 0.3103464
Sep 18 19:38:38.607348 n-d-789963-11 neutron-server[94940]: DEBUG neutron.api.rpc.callbacks.version_manager [None req-e8eb2185-425c-4c6d-ae8e-659b9365a082 tempest-DeleteServersAdminTestJSON-1697023816 tempest-DeleteServersAdminTestJSON-1697023816-project] Version for resource type SecurityGroupRule changed None to 1.2 on consumer Open vSwitch agent@n-d-789963-11 {{(pid=94940) _set_version /opt/stack/neutron/neutron/api/rpc/callbacks/version_manager.py:113}}
Sep 18 19:38:38.607794 n-d-789963-11 neutron-server[94940]: DEBUG neutron.api.rpc.callbacks.version_manager [None req-e8eb2185-425c-4c6d-ae8e-659b9365a082 tempest-DeleteServersAdminTestJSON-1697023816 tempest-DeleteServersAdminTestJSON-1697023816-project] Version for resource type SubPort changed None to 1.0 on consumer Open vSwitch agent@n-d-789963-11 {{(pid=94940) _set_version /opt/stack/neutron/neutron/api/rpc/callbacks/version_manager.py:113}}
Sep 18 19:38:38.608142 n-d-789963-11 neutron-server[94940]: DEBUG neutron.api.rpc.callbacks.version_manager [None req-e8eb2185-425c-4c6d-ae8e-659b9365a082 tempest-DeleteServersAdminTestJSON-1697023816 tempest-DeleteServersAdminTestJSON-1697023816-project] Version for resource type Subnet changed None to 1.1 on consumer Open vSwitch agent@n-d-789963-11 {{(pid=94940) _set_version /opt/stack/neutron/neutron/api/rpc/callbacks/version_manager.py:113}}
Sep 18 19:38:38.608486 n-d-789963-11 neutron-server[94940]: DEBUG neutron.api.rpc.callbacks.version_manager [None req-e8eb2185-425c-4c6d-ae8e-659b9365a082 tempest-DeleteServersAdminTestJSON-1697023816 tempest-DeleteServersAdminTestJSON-1697023816-project] Version for resource type Trunk changed None to 1.1 on consumer Open vSwitch agent@n-d-789963-11 {{(pid=94940) _set_version /opt/stack/neutron/neutron/api/rpc/callbacks/version_manager.py:113}}
Sep 18 19:38:38.673709 n-d-789963-11 neutron-server[94940]: DEBUG neutron.db.l3_dvrscheduler_db [req-67a8196a-fada-4234-8ea3-0fbaeec4af8c req-e8eb2185-425c-4c6d-ae8e-659b9365a082 tempest-DeleteServersAdminTestJSON-1697023816 tempest-DeleteServersAdminTestJSON-1697023816-project] No DVR routers for this DVR port 809466f7-b799-4dcc-86ee-8fc3eb6c7351 on host n-h2-789963-11 {{(pid=94940) get_dvr_routers_to_remove /opt/stack/neutron/neutron/db/l3_dvrscheduler_db.py:214}}
Sep 18 19:38:38.677487 n-d-789963-11 neutron-server[94940]: DEBUG neutron_lib.callbacks.manager [req-67a8196a-fada-4234-8ea3-0fbaeec4af8c req-e8eb2185-425c-4c6d-ae8e-659b9365a082 tempest-DeleteServersAdminTestJSON-1697023816 tempest-DeleteServersAdminTestJSON-1697023816-project] Notify callbacks ['neutron.notifiers.nova.Notifier._send_nova_notification-84270'] for port, before_response {{(pid=94940) _notify_loop /usr/local/lib/python3.8/dist-packages/neutron_lib/callbacks/manager.py:192}}
Sep 18 19:38:38.679998 n-d-789963-11 neutron-server[94940]: INFO neutron.wsgi [req-67a8196a-fada-4234-8ea3-0fbaeec4af8c req-e8eb2185-425c-4c6d-ae8e-659b9365a082 tempest-DeleteServersAdminTestJSON-1697023816 tempest-DeleteServersAdminTestJSON-1697023816-project] 10.222.0.24 "DELETE /v2.0/ports/809466f7-b799-4dcc-86ee-8fc3eb6c7351 HTTP/1.1" status: 204 len: 173 time: 0.5712013
Sep 18 19:38:38.680727 n-d-789963-11 neutron-server[94940]: DEBUG neutron.notifiers.nova [-] Sending events: [{'server_uuid': '4787c60c-d112-4aab-a22d-1a9bf01650b3', 'name': 'network-vif-deleted', 'tag': '809466f7-b799-4dcc-86ee-8fc3eb6c7351'}] {{(pid=94940) send_events /opt/stack/neutron/neutron/notifiers/nova.py:262}}
Sep 18 19:38:38.682720 n-d-789963-11 neutron-server[94940]: DEBUG novaclient.v2.client [-] REQ: curl -g -i --cacert "/opt/stack/data/ca-bundle.pem" -X POST http://10.222.0.20/compute/v2.1/os-server-external-events -H "Accept: application/json" -H "Content-Type: application/json" -H "User-Agent: python-novaclient" -H "X-Auth-Token: {SHA256}cd6b984539faa2e6456e43eb834bb04860b284d052d017fa7721c7a054235599" -H "X-OpenStack-Nova-API-Version: 2.1" -H "X-OpenStack-Request-ID: req-a1c693d7-2358-477a-8e3e-9430b4b0da5f" -d '{"events": [{"server_uuid": "4787c60c-d112-4aab-a22d-1a9bf01650b3", "name": "network-vif-deleted", "tag": "809466f7-b799-4dcc-86ee-8fc3eb6c7351"}]}' {{(pid=94940) _http_log_request /usr/local/lib/python3.8/dist-packages/keystoneauth1/session.py:519}}
Sep 18 19:38:38.764496 n-d-789963-11 neutron-server[94941]: INFO neutron.wsgi [req-fa818e7f-cb8f-4241-af00-7dc85b619c5a req-61eb966e-887f-4cae-9f9f-55a9504ac79b tempest-DeleteServersAdminTestJSON-1697023816 tempest-DeleteServersAdminTestJSON-1697023816-project] 10.222.0.20 "GET /v2.0/security-groups?id=86748967-3e1f-4092-b853-eab3309612ae&fields=id&fields=name HTTP/1.1" status: 200 len: 286 time: 0.1348412
Sep 18 19:38:38.765760 n-d-789963-11 neutron-server[94941]: DEBUG neutron.pecan_wsgi.hooks.policy_enforcement [req-ca2a808f-67fa-4d0d-8249-68176040899a req-2def6ad0-0d1c-40db-ae0c-0431dc47ec62 service neutron] Attributes excluded by policy engine: ['standard_attr_id', 'shared'] {{(pid=94941) _exclude_attributes_by_policy /opt/stack/neutron/neutron/pecan_wsgi/hooks/policy_enforcement.py:255}}
Sep 18 19:38:38.767115 n-d-789963-11 neutron-server[94941]: INFO neutron.wsgi [req-ca2a808f-67fa-4d0d-8249-68176040899a req-2def6ad0-0d1c-40db-ae0c-0431dc47ec62 service neutron] 10.222.0.32 "GET /v2.0/subnets?id=6aa2d05e-f43f-46a0-8de9-0aced384041b HTTP/1.1" status: 200 len: 861 time: 0.1403141
Sep 18 19:38:38.775647 n-d-789963-11 neutron-server[94941]: INFO neutron.wsgi [req-8b8a4391-1f0b-4115-a35a-7b6583c3cedd req-765dac3f-cf13-4df4-8910-fa8d141f02d9 tempest-SecurityGroupsTestAdminJSON-563700900 tempest-SecurityGroupsTestAdminJSON-563700900-project] 10.222.0.20 "GET /v2.0/security-groups/287a33f7-3d1c-4457-82ce-af36367aab29 HTTP/1.1" status: 200 len: 2981 time: 0.1390541
Sep 18 19:38:38.993036 n-d-789963-11 neutron-server[94941]: DEBUG novaclient.v2.client [-] RESP: [200] Connection: close Content-Length: 179 Content-Type: application/json Date: Sat, 18 Sep 2021 19:38:38 GMT OpenStack-API-Version: compute 2.1 Server: Apache/2.4.41 (Ubuntu) Vary: OpenStack-API-Version,X-OpenStack-Nova-API-Version X-OpenStack-Nova-API-Version: 2.1 x-compute-request-id: req-a50ccfeb-2195-414a-94d6-c27fd049168d x-openstack-request-id: req-a50ccfeb-2195-414a-94d6-c27fd049168d {{(pid=94941) _http_log_response /usr/local/lib/python3.8/dist-packages/keystoneauth1/session.py:550}}
Sep 18 19:38:38.993309 n-d-789963-11 neutron-server[94941]: DEBUG novaclient.v2.client [-] RESP BODY: {"events": [{"name": "network-changed", "server_uuid": "c2fd2a2a-db24-42e3-a4bc-46e932b9d125", "tag": "047ce5bd-52a1-4cf0-851f-d9a80f79752f", "status": "completed", "code": 200}]} {{(pid=94941) _http_log_response /usr/local/lib/python3.8/dist-packages/keystoneauth1/session.py:582}}
Sep 18 19:38:38.993558 n-d-789963-11 neutron-server[94941]: DEBUG novaclient.v2.client [-] POST call to compute for http://10.222.0.20/compute/v2.1/os-server-external-events used request id req-a50ccfeb-2195-414a-94d6-c27fd049168d {{(pid=94941) request /usr/local/lib/python3.8/dist-packages/keystoneauth1/session.py:954}}
Sep 18 19:38:38.993949 n-d-789963-11 neutron-server[94941]: INFO neutron.notifiers.nova [-] Nova event response: {'name': 'network-changed', 'server_uuid': 'c2fd2a2a-db24-42e3-a4bc-46e932b9d125', 'tag': '047ce5bd-52a1-4cf0-851f-d9a80f79752f', 'status': 'completed', 'code': 200}
Sep 18 19:38:39.044448 n-d-789963-11 neutron-server[94941]: INFO neutron.wsgi [req-ca2a808f-67fa-4d0d-8249-68176040899a req-3578c4ea-3384-4808-b661-0a904ac7a624 service neutron] 10.222.0.32 "GET /v2.0/ports?network_id=7f5aaec0-494f-4353-90db-782c8fc303bb&device_owner=network%3Adhcp HTTP/1.1" status: 200 len: 210 time: 0.2678478
Sep 18 19:38:39.127472 n-d-789963-11 neutron-server[94940]: DEBUG neutron.wsgi [-] (94940) accepted ('10.222.0.20', 37856) {{(pid=94940) server /usr/local/lib/python3.8/dist-packages/eventlet/wsgi.py:982}}
Sep 18 19:38:39.199140 n-d-789963-11 neutron-server[94941]: INFO neutron.wsgi [req-8b8a4391-1f0b-4115-a35a-7b6583c3cedd req-c63f6ec6-6103-4115-9a59-87b53ee620d6 tempest-SecurityGroupsTestAdminJSON-563700900 tempest-SecurityGroupsTestAdminJSON-563700900-project] 10.222.0.20 "GET /v2.0/security-groups/287a33f7-3d1c-4457-82ce-af36367aab29 HTTP/1.1" status: 200 len: 2981 time: 0.2043645
Sep 18 19:38:39.210449 n-d-789963-11 neutron-server[94941]: DEBUG neutron.pecan_wsgi.hooks.policy_enforcement [req-a1432c83-da75-44b0-b272-41c5baca90f8 req-626984d2-b1d5-4a73-a596-9b07f778172b tempest-ImagesNegativeTestJSON-1741319413 tempest-ImagesNegativeTestJSON-1741319413-project] Attributes excluded by policy engine: ['standard_attr_id', 'binding:profile', 'binding:host_id', 'binding:vif_type', 'binding:vif_details'] {{(pid=94941) _exclude_attributes_by_policy /opt/stack/neutron/neutron/pecan_wsgi/hooks/policy_enforcement.py:255}}
Sep 18 19:38:39.219358 n-d-789963-11 neutron-server[94941]: INFO neutron.wsgi [req-a1432c83-da75-44b0-b272-41c5baca90f8 req-626984d2-b1d5-4a73-a596-9b07f778172b tempest-ImagesNegativeTestJSON-1741319413 tempest-ImagesNegativeTestJSON-1741319413-project] 10.222.0.20 "GET /v2.0/ports?device_id=c1bf22ae-428e-4333-91e2-ce17468a0532 HTTP/1.1" status: 200 len: 947 time: 0.2232714
Sep 18 19:38:39.239962 n-d-789963-11 neutron-server[94941]: DEBUG neutron.notifiers.nova [req-09c43036-924b-479c-bb74-4c8be3b0b290 req-646a7e5d-c8f5-4851-8b2e-0dc27e617ba2 service neutron] Ignoring state change previous_port_status: DOWN current_port_status: DOWN port_id 03867463-944d-4089-9304-f7c7c22ad308 {{(pid=94941) record_port_status_changed /opt/stack/neutron/neutron/notifiers/nova.py:224}}
Sep 18 19:38:39.246562 n-d-789963-11 neutron-server[94940]: DEBUG neutron_lib.callbacks.manager [None req-718a88c6-88db-44a6-aa7b-e03616b2a773 admin admin] Notify callbacks [] for security_group, before_create {{(pid=94940) _notify_loop /usr/local/lib/python3.8/dist-packages/neutron_lib/callbacks/manager.py:192}}
Sep 18 19:38:39.262761 n-d-789963-11 neutron-server[94941]: DEBUG neutron_lib.callbacks.manager [req-09c43036-924b-479c-bb74-4c8be3b0b290 req-646a7e5d-c8f5-4851-8b2e-0dc27e617ba2 service neutron] Notify callbacks [] for port, precommit_update {{(pid=94941) _notify_loop /usr/local/lib/python3.8/dist-packages/neutron_lib/callbacks/manager.py:192}}
Sep 18 19:38:39.278766 n-d-789963-11 neutron-server[94940]: DEBUG novaclient.v2.client [-] RESP: [200] Connection: close Content-Length: 183 Content-Type: application/json Date: Sat, 18 Sep 2021 19:38:38 GMT OpenStack-API-Version: compute 2.1 Server: Apache/2.4.41 (Ubuntu) Vary: OpenStack-API-Version,X-OpenStack-Nova-API-Version X-OpenStack-Nova-API-Version: 2.1 x-compute-request-id: req-31c88e38-9529-425f-84c9-b1fe3b15a9ca x-openstack-request-id: req-31c88e38-9529-425f-84c9-b1fe3b15a9ca {{(pid=94940) _http_log_response /usr/local/lib/python3.8/dist-packages/keystoneauth1/session.py:550}}
Sep 18 19:38:39.279208 n-d-789963-11 neutron-server[94940]: DEBUG novaclient.v2.client [-] RESP BODY: {"events": [{"server_uuid": "4787c60c-d112-4aab-a22d-1a9bf01650b3", "name": "network-vif-deleted", "tag": "809466f7-b799-4dcc-86ee-8fc3eb6c7351", "status": "completed", "code": 200}]} {{(pid=94940) _http_log_response /usr/local/lib/python3.8/dist-packages/keystoneauth1/session.py:582}}
Sep 18 19:38:39.279585 n-d-789963-11 neutron-server[94940]: DEBUG novaclient.v2.client [-] POST call to compute for http://10.222.0.20/compute/v2.1/os-server-external-events used request id req-31c88e38-9529-425f-84c9-b1fe3b15a9ca {{(pid=94940) request /usr/local/lib/python3.8/dist-packages/keystoneauth1/session.py:954}}
Sep 18 19:38:39.280249 n-d-789963-11 neutron-server[94940]: INFO neutron.notifiers.nova [-] Nova event response: {'server_uuid': '4787c60c-d112-4aab-a22d-1a9bf01650b3', 'name': 'network-vif-deleted', 'tag': '809466f7-b799-4dcc-86ee-8fc3eb6c7351', 'status': 'completed', 'code': 200}
Sep 18 19:38:39.297668 n-d-789963-11 neutron-server[94941]: INFO neutron.wsgi [req-ca2a808f-67fa-4d0d-8249-68176040899a req-3d80e0f0-c29e-4fbd-8569-a610ac2002ad service neutron] 10.222.0.32 "GET /v2.0/networks/7f5aaec0-494f-4353-90db-782c8fc303bb?fields=segments HTTP/1.1" status: 200 len: 212 time: 0.2364037
Sep 18 19:38:39.298767 n-d-789963-11 neutron-server[94941]: DEBUG neutron.db.provisioning_blocks [req-09c43036-924b-479c-bb74-4c8be3b0b290 req-646a7e5d-c8f5-4851-8b2e-0dc27e617ba2 service neutron] Transition to ACTIVE for port object 03867463-944d-4089-9304-f7c7c22ad308 will not be triggered until provisioned by entity L2. {{(pid=94941) add_provisioning_component /opt/stack/neutron/neutron/db/provisioning_blocks.py:73}}
Sep 18 19:38:39.305592 n-d-789963-11 neutron-server[94941]: DEBUG neutron_lib.callbacks.manager [req-09c43036-924b-479c-bb74-4c8be3b0b290 req-646a7e5d-c8f5-4851-8b2e-0dc27e617ba2 service neutron] Notify callbacks ['neutron.plugins.ml2.plugin.SecurityGroupServerNotifierRpcMixin._notify_sg_on_port_change-8005801', 'neutron.plugins.ml2.ovo_rpc._ObjectChangeHandler.handle_event-225914', 'neutron.api.rpc.agentnotifiers.dhcp_rpc_agent_api.DhcpAgentNotifyAPI._native_event_send_dhcp_notification-1004345', 'neutron.db.l3_db.L3RpcNotifierMixin._notify_gateway_port_ip_changed-8781702080269', 'neutron.db.l3_dvrscheduler_db._notify_l3_agent_port_update-8781701546186', 'neutron.db.l3_hascheduler_db._notify_l3_agent_ha_port_update-8781701546204'] for port, after_update {{(pid=94941) _notify_loop /usr/local/lib/python3.8/dist-packages/neutron_lib/callbacks/manager.py:192}}
Sep 18 19:38:39.332019 n-d-789963-11 neutron-server[94941]: INFO neutron.wsgi [req-a1432c83-da75-44b0-b272-41c5baca90f8 req-1ecb230f-2615-43af-a66c-1c47a6071025 tempest-ImagesNegativeTestJSON-1741319413 tempest-ImagesNegativeTestJSON-1741319413-project] 10.222.0.20 "GET /v2.0/security-groups?id=e265ac5a-7cd9-4998-9177-62f2bda2411b&fields=id&fields=name HTTP/1.1" status: 200 len: 286 time: 0.1114109
Sep 18 19:38:39.358541 n-d-789963-11 neutron-server[94940]: DEBUG neutron_lib.callbacks.manager [None req-718a88c6-88db-44a6-aa7b-e03616b2a773 admin admin] Notify callbacks [] for security_group, precommit_create {{(pid=94940) _notify_loop /usr/local/lib/python3.8/dist-packages/neutron_lib/callbacks/manager.py:192}}
Sep 18 19:38:39.363786 n-d-789963-11 neutron-server[94940]: DEBUG neutron_lib.callbacks.manager [None req-718a88c6-88db-44a6-aa7b-e03616b2a773 admin admin] Notify callbacks ['neutron.plugins.ml2.ovo_rpc._ObjectChangeHandler.handle_event-796633'] for security_group, after_create {{(pid=94940) _notify_loop /usr/local/lib/python3.8/dist-packages/neutron_lib/callbacks/manager.py:192}}
Sep 18 19:38:39.416351 n-d-789963-11 neutron-server[94940]: DEBUG neutron.api.rpc.handlers.resources_rpc [None req-718a88c6-88db-44a6-aa7b-e03616b2a773 admin admin] Pushing event updated for resources: {'SecurityGroup': ['ID=7d91d449-a6bd-4e33-a577-64c6d428792e,revision_number=1']} {{(pid=94940) push /opt/stack/neutron/neutron/api/rpc/handlers/resources_rpc.py:237}}
Sep 18 19:38:39.422881 n-d-789963-11 neutron-server[94940]: INFO neutron.wsgi [None req-718a88c6-88db-44a6-aa7b-e03616b2a773 admin admin] 10.222.0.20 "GET /v2.0/security-groups?tenant_id=86e9364513554ec9863d7ca036940fbf&name=default HTTP/1.1" status: 200 len: 2979 time: 0.2936242
Sep 18 19:38:39.425351 n-d-789963-11 neutron-server[94940]: DEBUG neutron.wsgi [-] (94940) accepted ('10.222.0.20', 37868) {{(pid=94940) server /usr/local/lib/python3.8/dist-packages/eventlet/wsgi.py:982}}
Sep 18 19:38:39.482045 n-d-789963-11 neutron-server[94941]: DEBUG neutron.api.rpc.handlers.resources_rpc [None req-646a7e5d-c8f5-4851-8b2e-0dc27e617ba2 service neutron] Pushing event updated for resources: {'Port': ['ID=03867463-944d-4089-9304-f7c7c22ad308,revision_number=2']} {{(pid=94941) push /opt/stack/neutron/neutron/api/rpc/handlers/resources_rpc.py:237}}
Sep 18 19:38:39.482464 n-d-789963-11 neutron-server[94940]: DEBUG neutron_lib.callbacks.manager [None req-eda2f281-4f75-4c1f-b5a1-8f8e87c11215 admin admin] Notify callbacks [] for security_group, before_delete {{(pid=94940) _notify_loop /usr/local/lib/python3.8/dist-packages/neutron_lib/callbacks/manager.py:192}}
Sep 18 19:38:39.505358 n-d-789963-11 neutron-server[94940]: DEBUG neutron_lib.callbacks.manager [None req-eda2f281-4f75-4c1f-b5a1-8f8e87c11215 admin admin] Notify callbacks [] for security_group, precommit_delete {{(pid=94940) _notify_loop /usr/local/lib/python3.8/dist-packages/neutron_lib/callbacks/manager.py:192}}
Sep 18 19:38:39.550397 n-d-789963-11 neutron-server[94941]: DEBUG neutron.pecan_wsgi.hooks.policy_enforcement [req-6a09d319-3d76-40cf-b8ae-a93a570eddc6 req-45cd6bcc-89a0-42b5-baf3-27399e5ffa21 tempest-LiveMigrationNegativeTest-1685842917 tempest-LiveMigrationNegativeTest-1685842917-project] Attributes excluded by policy engine: ['standard_attr_id', 'binding:profile', 'binding:host_id', 'binding:vif_type', 'binding:vif_details'] {{(pid=94941) _exclude_attributes_by_policy /opt/stack/neutron/neutron/pecan_wsgi/hooks/policy_enforcement.py:255}}
Sep 18 19:38:39.551925 n-d-789963-11 neutron-server[94941]: INFO neutron.wsgi [req-6a09d319-3d76-40cf-b8ae-a93a570eddc6 req-45cd6bcc-89a0-42b5-baf3-27399e5ffa21 tempest-LiveMigrationNegativeTest-1685842917 tempest-LiveMigrationNegativeTest-1685842917-project] 10.222.0.20 "GET /v2.0/ports?device_id=c8c04a58-3463-4d9c-b8c2-b4c2d35f705a HTTP/1.1" status: 200 len: 947 time: 0.2180471
Sep 18 19:38:39.559350 n-d-789963-11 neutron-server[94940]: DEBUG neutron_lib.callbacks.manager [None req-eda2f281-4f75-4c1f-b5a1-8f8e87c11215 admin admin] Notify callbacks ['neutron.plugins.ml2.ovo_rpc._ObjectChangeHandler.handle_event-796633'] for security_group, after_delete {{(pid=94940) _notify_loop /usr/local/lib/python3.8/dist-packages/neutron_lib/callbacks/manager.py:192}}
Sep 18 19:38:39.562309 n-d-789963-11 neutron-server[94940]: DEBUG neutron_lib.callbacks.manager [None req-eda2f281-4f75-4c1f-b5a1-8f8e87c11215 admin admin] Notify callbacks [] for security_group, before_response {{(pid=94940) _notify_loop /usr/local/lib/python3.8/dist-packages/neutron_lib/callbacks/manager.py:192}}
Sep 18 19:38:39.567171 n-d-789963-11 neutron-server[94940]: INFO neutron.wsgi [None req-eda2f281-4f75-4c1f-b5a1-8f8e87c11215 admin admin] 10.222.0.20 "DELETE /v2.0/security-groups/7d91d449-a6bd-4e33-a577-64c6d428792e HTTP/1.1" status: 204 len: 168 time: 0.1402605
Sep 18 19:38:39.575755 n-d-789963-11 neutron-server[94940]: DEBUG neutron.api.rpc.handlers.resources_rpc [None req-eda2f281-4f75-4c1f-b5a1-8f8e87c11215 admin admin] Pushing event deleted for resources: {'SecurityGroup': ['ID=7d91d449-a6bd-4e33-a577-64c6d428792e,revision_number=None']} {{(pid=94940) push /opt/stack/neutron/neutron/api/rpc/handlers/resources_rpc.py:237}}
Sep 18 19:38:39.602758 n-d-789963-11 neutron-server[94941]: DEBUG neutron.plugins.ml2.managers [req-09c43036-924b-479c-bb74-4c8be3b0b290 req-646a7e5d-c8f5-4851-8b2e-0dc27e617ba2 service neutron] Attempting to bind port 03867463-944d-4089-9304-f7c7c22ad308 on host n-h2-789963-11 for vnic_type normal with profile {{(pid=94941) bind_port /opt/stack/neutron/neutron/plugins/ml2/managers.py:790}}
Sep 18 19:38:39.603220 n-d-789963-11 neutron-server[94941]: DEBUG neutron.plugins.ml2.managers [req-09c43036-924b-479c-bb74-4c8be3b0b290 req-646a7e5d-c8f5-4851-8b2e-0dc27e617ba2 service neutron] Attempting to bind port 03867463-944d-4089-9304-f7c7c22ad308 by drivers openvswitch,hyperv on host n-h2-789963-11 at level 0 using segments [{'id': '36f45a2e-3b88-42cc-af58-8a8b5c663674', 'network_type': 'vlan', 'physical_network': 'physnet1', 'segmentation_id': 138, 'network_id': '0722703f-da92-4f94-b320-a731f4f10978'}] {{(pid=94941) _bind_port_level /opt/stack/neutron/neutron/plugins/ml2/managers.py:815}}
Sep 18 19:38:39.603322 n-d-789963-11 neutron-server[94941]: DEBUG neutron.plugins.ml2.drivers.mech_agent [req-09c43036-924b-479c-bb74-4c8be3b0b290 req-646a7e5d-c8f5-4851-8b2e-0dc27e617ba2 service neutron] Attempting to bind port 03867463-944d-4089-9304-f7c7c22ad308 on network 0722703f-da92-4f94-b320-a731f4f10978 {{(pid=94941) bind_port /opt/stack/neutron/neutron/plugins/ml2/drivers/mech_agent.py:91}}
Sep 18 19:38:39.608074 n-d-789963-11 neutron-server[94941]: INFO neutron.wsgi [req-ca2a808f-67fa-4d0d-8249-68176040899a req-cfdea4fb-0d38-4050-9adc-8a3e5fe61e6f service neutron] 10.222.0.32 "GET /v2.0/networks/7f5aaec0-494f-4353-90db-782c8fc303bb?fields=provider%3Aphysical_network&fields=provider%3Anetwork_type HTTP/1.1" status: 200 len: 281 time: 0.3003783
Sep 18 19:38:39.625857 n-d-789963-11 neutron-server[94941]: DEBUG neutron.pecan_wsgi.hooks.policy_enforcement [req-0c61f8c8-dfd3-4569-88d9-52f23c7f5a25 req-ead327c7-fb84-4496-bd55-b03ccc2317a1 tempest-LiveAutoBlockMigrationV225Test-256082480 tempest-LiveAutoBlockMigrationV225Test-256082480-project] Attributes excluded by policy engine: ['standard_attr_id', 'binding:profile', 'binding:host_id', 'binding:vif_type', 'binding:vif_details'] {{(pid=94941) _exclude_attributes_by_policy /opt/stack/neutron/neutron/pecan_wsgi/hooks/policy_enforcement.py:255}}
Sep 18 19:38:39.628035 n-d-789963-11 neutron-server[94941]: INFO neutron.wsgi [req-0c61f8c8-dfd3-4569-88d9-52f23c7f5a25 req-ead327c7-fb84-4496-bd55-b03ccc2317a1 tempest-LiveAutoBlockMigrationV225Test-256082480 tempest-LiveAutoBlockMigrationV225Test-256082480-project] 10.222.0.20 "GET /v2.0/ports?device_id=c2fd2a2a-db24-42e3-a4bc-46e932b9d125 HTTP/1.1" status: 200 len: 944 time: 0.1722686
Sep 18 19:38:39.630536 n-d-789963-11 neutron-server[94941]: DEBUG neutron.plugins.ml2.drivers.mech_agent [req-09c43036-924b-479c-bb74-4c8be3b0b290 req-646a7e5d-c8f5-4851-8b2e-0dc27e617ba2 service neutron] Port 03867463-944d-4089-9304-f7c7c22ad308 on network 0722703f-da92-4f94-b320-a731f4f10978 not bound, no agent of type Open vSwitch agent registered on host n-h2-789963-11 {{(pid=94941) bind_port /opt/stack/neutron/neutron/plugins/ml2/drivers/mech_agent.py:103}}
Sep 18 19:38:39.630951 n-d-789963-11 neutron-server[94941]: DEBUG neutron.plugins.ml2.drivers.mech_agent [req-09c43036-924b-479c-bb74-4c8be3b0b290 req-646a7e5d-c8f5-4851-8b2e-0dc27e617ba2 service neutron] Attempting to bind port 03867463-944d-4089-9304-f7c7c22ad308 on network 0722703f-da92-4f94-b320-a731f4f10978 {{(pid=94941) bind_port /opt/stack/neutron/neutron/plugins/ml2/drivers/mech_agent.py:91}}
Sep 18 19:38:39.651082 n-d-789963-11 neutron-server[94941]: DEBUG neutron.plugins.ml2.drivers.mech_agent [req-09c43036-924b-479c-bb74-4c8be3b0b290 req-646a7e5d-c8f5-4851-8b2e-0dc27e617ba2 service neutron] Checking agent: {'id': 'b982f4da-b238-46b3-85c2-9c1d75d946d8', 'agent_type': 'HyperV agent', 'binary': 'neutron-hyperv-agent', 'topic': 'N/A', 'host': 'n-h2-789963-11', 'admin_state_up': True, 'created_at': datetime.datetime(2021, 9, 18, 19, 35, 23), 'started_at': datetime.datetime(2021, 9, 18, 19, 35, 23), 'heartbeat_timestamp': datetime.datetime(2021, 9, 18, 19, 38, 23), 'description': None, 'resources_synced': None, 'availability_zone': None, 'alive': True, 'configurations': {'vswitch_mappings': {'physnet1$': 'br-data'}}, 'resource_versions': {}} {{(pid=94941) bind_port /opt/stack/neutron/neutron/plugins/ml2/drivers/mech_agent.py:110}}
Sep 18 19:38:39.651266 n-d-789963-11 neutron-server[94941]: DEBUG neutron.plugins.ml2.drivers.mech_agent [req-09c43036-924b-479c-bb74-4c8be3b0b290 req-646a7e5d-c8f5-4851-8b2e-0dc27e617ba2 service neutron] Checking segment: {'id': '36f45a2e-3b88-42cc-af58-8a8b5c663674', 'network_type': 'vlan', 'physical_network': 'physnet1', 'segmentation_id': 138, 'network_id': '0722703f-da92-4f94-b320-a731f4f10978'} for mappings: {'physnet1$': 'br-data'} with network types: ['local', 'flat', 'vlan'] {{(pid=94941) check_segment_for_agent /opt/stack/neutron/neutron/plugins/ml2/drivers/mech_agent.py:358}}
Sep 18 19:38:39.651756 n-d-789963-11 neutron-server[94941]: DEBUG neutron.plugins.ml2.drivers.mech_agent [req-09c43036-924b-479c-bb74-4c8be3b0b290 req-646a7e5d-c8f5-4851-8b2e-0dc27e617ba2 service neutron] Bound using segment: {'id': '36f45a2e-3b88-42cc-af58-8a8b5c663674', 'network_type': 'vlan', 'physical_network': 'physnet1', 'segmentation_id': 138, 'network_id': '0722703f-da92-4f94-b320-a731f4f10978'} {{(pid=94941) bind_port /opt/stack/neutron/neutron/plugins/ml2/drivers/mech_agent.py:120}}
Sep 18 19:38:39.652147 n-d-789963-11 neutron-server[94941]: DEBUG neutron.plugins.ml2.managers [req-09c43036-924b-479c-bb74-4c8be3b0b290 req-646a7e5d-c8f5-4851-8b2e-0dc27e617ba2 service neutron] Bound port: 03867463-944d-4089-9304-f7c7c22ad308, host: n-h2-789963-11, vif_type: hyperv, vif_details: {"connectivity": "legacy", "port_filter": false}, binding_levels: [{'bound_driver': 'hyperv', 'bound_segment': {'id': '36f45a2e-3b88-42cc-af58-8a8b5c663674', 'network_type': 'vlan', 'physical_network': 'physnet1', 'segmentation_id': 138, 'network_id': '0722703f-da92-4f94-b320-a731f4f10978'}}] {{(pid=94941) _bind_port_level /opt/stack/neutron/neutron/plugins/ml2/managers.py:928}}
Sep 18 19:38:39.652499 n-d-789963-11 neutron-server[94941]: DEBUG neutron_lib.callbacks.manager [req-09c43036-924b-479c-bb74-4c8be3b0b290 req-646a7e5d-c8f5-4851-8b2e-0dc27e617ba2 service neutron] Notify callbacks ['neutron.plugins.ml2.plugin.SecurityGroupDbMixin._ensure_default_security_group_handler-8005864'] for port, before_update {{(pid=94941) _notify_loop /usr/local/lib/python3.8/dist-packages/neutron_lib/callbacks/manager.py:192}}
Sep 18 19:38:39.690695 n-d-789963-11 neutron-server[94941]: INFO neutron.wsgi [req-6a09d319-3d76-40cf-b8ae-a93a570eddc6 req-f188565b-c888-4944-bb97-ca069e526bc3 tempest-LiveMigrationNegativeTest-1685842917 tempest-LiveMigrationNegativeTest-1685842917-project] 10.222.0.20 "GET /v2.0/security-groups?id=a2fae9d4-a6bc-4b2a-8aa0-d1d6994b5f96&fields=id&fields=name HTTP/1.1" status: 200 len: 286 time: 0.1178331
Sep 18 19:38:39.751385 n-d-789963-11 neutron-server[94942]: DEBUG neutron.plugins.ml2.rpc [None req-42576c0f-881b-4cf3-8eb4-060bef478509 None None] Device cb953837-59fb-41ed-9582-5a5807fda824 details requested by agent hyperv_n-h1-789963-11 with host n-h1-789963-11 {{(pid=94942) get_device_details /opt/stack/neutron/neutron/plugins/ml2/rpc.py:102}}
Sep 18 19:38:39.755432 n-d-789963-11 neutron-server[94941]: INFO neutron.wsgi [req-0c61f8c8-dfd3-4569-88d9-52f23c7f5a25 req-ed37677c-b7dc-4d47-acce-7ba2b5031b25 tempest-LiveAutoBlockMigrationV225Test-256082480 tempest-LiveAutoBlockMigrationV225Test-256082480-project] 10.222.0.20 "GET /v2.0/security-groups?id=b1fb1023-72f9-4f50-8112-f7a414d8c592&fields=id&fields=name HTTP/1.1" status: 200 len: 286 time: 0.1162474
Sep 18 19:38:39.813074 n-d-789963-11 neutron-server[94941]: DEBUG neutron.pecan_wsgi.hooks.policy_enforcement [req-e4ba78f9-cf42-4540-90fc-3b8d937d5595 req-643c8c45-0347-4bfe-9d85-76841a73012a service neutron] Attributes excluded by policy engine: ['standard_attr_id'] {{(pid=94941) _exclude_attributes_by_policy /opt/stack/neutron/neutron/pecan_wsgi/hooks/policy_enforcement.py:255}}
Sep 18 19:38:39.814825 n-d-789963-11 neutron-server[94941]: INFO neutron.wsgi [req-e4ba78f9-cf42-4540-90fc-3b8d937d5595 req-643c8c45-0347-4bfe-9d85-76841a73012a service neutron] 10.222.0.32 "GET /v2.0/ports?tenant_id=5442dfe435d345d489294f8e3e53d74b&device_id=c2fd2a2a-db24-42e3-a4bc-46e932b9d125 HTTP/1.1" status: 200 len: 1096 time: 0.1470225
Sep 18 19:38:39.856473 n-d-789963-11 neutron-server[94941]: DEBUG neutron.plugins.ml2.db [req-09c43036-924b-479c-bb74-4c8be3b0b290 req-646a7e5d-c8f5-4851-8b2e-0dc27e617ba2 service neutron] For port 03867463-944d-4089-9304-f7c7c22ad308, host n-h2-789963-11, cleared binding levels {{(pid=94941) clear_binding_levels /opt/stack/neutron/neutron/plugins/ml2/db.py:87}}
Sep 18 19:38:39.865474 n-d-789963-11 neutron-server[94942]: DEBUG neutron.plugins.ml2.db [None req-42576c0f-881b-4cf3-8eb4-060bef478509 None None] For port cb953837-59fb-41ed-9582-5a5807fda824, host n-h1-789963-11, got binding levels [PortBindingLevel(driver='hyperv',host='n-h1-789963-11',level=0,port_id=cb953837-59fb-41ed-9582-5a5807fda824,segment=NetworkSegment(36f45a2e-3b88-42cc-af58-8a8b5c663674),segment_id=36f45a2e-3b88-42cc-af58-8a8b5c663674)] {{(pid=94942) get_binding_level_objs /opt/stack/neutron/neutron/plugins/ml2/db.py:74}}
Sep 18 19:38:39.870786 n-d-789963-11 neutron-server[94941]: INFO neutron.wsgi [req-97e3152b-906c-41c8-882a-7f4f91e23e95 req-fdcab6c7-cad9-475b-86bb-b5d901783d6c tempest-SecurityGroupsTestAdminJSON-1767159460 tempest-SecurityGroupsTestAdminJSON-1767159460-project-admin] 10.222.0.20 "GET /v2.0/security-groups/beca794a-51a0-4dc1-a587-b7e7a0b82986 HTTP/1.1" status: 200 len: 1776 time: 0.1270881
Sep 18 19:38:39.885579 n-d-789963-11 neutron-server[94942]: DEBUG neutron.plugins.ml2.rpc [None req-42576c0f-881b-4cf3-8eb4-060bef478509 None None] Returning: {'device': 'cb953837-59fb-41ed-9582-5a5807fda824', 'network_id': '0722703f-da92-4f94-b320-a731f4f10978', 'port_id': 'cb953837-59fb-41ed-9582-5a5807fda824', 'mac_address': 'fa:16:3e:ab:92:22', 'admin_state_up': True, 'network_type': 'vlan', 'segmentation_id': 138, 'physical_network': 'physnet1', 'mtu': 1500, 'fixed_ips': [{'subnet_id': '9fa04442-04b8-4722-b192-86e313718c4e', 'ip_address': '192.168.233.52'}], 'device_owner': 'compute:nova', 'allowed_address_pairs': [], 'port_security_enabled': True, 'qos_policy_id': None, 'network_qos_policy_id': None, 'profile': {}, 'propagate_uplink_status': False} {{(pid=94942) _get_device_details /opt/stack/neutron/neutron/plugins/ml2/rpc.py:184}}
Sep 18 19:38:39.904791 n-d-789963-11 neutron-server[94940]: DEBUG neutron.wsgi [-] (94940) accepted ('10.222.0.20', 37878) {{(pid=94940) server /usr/local/lib/python3.8/dist-packages/eventlet/wsgi.py:982}}
Sep 18 19:38:39.909660 n-d-789963-11 neutron-server[94941]: DEBUG neutron.plugins.ml2.db [req-09c43036-924b-479c-bb74-4c8be3b0b290 req-646a7e5d-c8f5-4851-8b2e-0dc27e617ba2 service neutron] For port 03867463-944d-4089-9304-f7c7c22ad308, host n-h2-789963-11, set binding levels [PortBindingLevel(driver='hyperv',host='n-h2-789963-11',level=0,port_id=03867463-944d-4089-9304-f7c7c22ad308,segment=NetworkSegment(36f45a2e-3b88-42cc-af58-8a8b5c663674),segment_id=36f45a2e-3b88-42cc-af58-8a8b5c663674)] {{(pid=94941) set_binding_levels /opt/stack/neutron/neutron/plugins/ml2/db.py:59}}
Sep 18 19:38:39.922947 n-d-789963-11 neutron-server[94940]: DEBUG neutron_lib.callbacks.manager [None req-7ad187c2-dcd2-42e3-a120-9ad09a009784 admin admin] Notify callbacks [] for security_group, before_create {{(pid=94940) _notify_loop /usr/local/lib/python3.8/dist-packages/neutron_lib/callbacks/manager.py:192}}
Sep 18 19:38:39.936376 n-d-789963-11 neutron-server[94942]: DEBUG neutron_lib.callbacks.manager [None req-42576c0f-881b-4cf3-8eb4-060bef478509 None None] Notify callbacks ['neutron.plugins.ml2.plugin.SecurityGroupDbMixin._ensure_default_security_group_handler-8005864'] for port, before_update {{(pid=94942) _notify_loop /usr/local/lib/python3.8/dist-packages/neutron_lib/callbacks/manager.py:192}}
Sep 18 19:38:39.952473 n-d-789963-11 neutron-server[94942]: DEBUG neutron.notifiers.nova [None req-42576c0f-881b-4cf3-8eb4-060bef478509 None None] Ignoring state change previous_port_status: DOWN current_port_status: BUILD port_id cb953837-59fb-41ed-9582-5a5807fda824 {{(pid=94942) record_port_status_changed /opt/stack/neutron/neutron/notifiers/nova.py:224}}
Sep 18 19:38:39.956042 n-d-789963-11 neutron-server[94941]: DEBUG neutron_lib.callbacks.manager [req-09c43036-924b-479c-bb74-4c8be3b0b290 req-646a7e5d-c8f5-4851-8b2e-0dc27e617ba2 service neutron] Notify callbacks ['neutron.plugins.ml2.plugin.SecurityGroupServerNotifierRpcMixin._notify_sg_on_port_change-8005801', 'neutron.plugins.ml2.ovo_rpc._ObjectChangeHandler.handle_event-225914', 'neutron.api.rpc.agentnotifiers.dhcp_rpc_agent_api.DhcpAgentNotifyAPI._native_event_send_dhcp_notification-1004345', 'neutron.db.l3_db.L3RpcNotifierMixin._notify_gateway_port_ip_changed-8781702080269', 'neutron.db.l3_dvrscheduler_db._notify_l3_agent_port_update-8781701546186', 'neutron.db.l3_hascheduler_db._notify_l3_agent_ha_port_update-8781701546204'] for port, after_update {{(pid=94941) _notify_loop /usr/local/lib/python3.8/dist-packages/neutron_lib/callbacks/manager.py:192}}
Sep 18 19:38:39.976874 n-d-789963-11 neutron-server[94942]: DEBUG neutron.plugins.ml2.db [None req-42576c0f-881b-4cf3-8eb4-060bef478509 None None] For port cb953837-59fb-41ed-9582-5a5807fda824, host n-h1-789963-11, got binding levels [PortBindingLevel(driver='hyperv',host='n-h1-789963-11',level=0,port_id=cb953837-59fb-41ed-9582-5a5807fda824,segment=NetworkSegment(36f45a2e-3b88-42cc-af58-8a8b5c663674),segment_id=36f45a2e-3b88-42cc-af58-8a8b5c663674)] {{(pid=94942) get_binding_level_objs /opt/stack/neutron/neutron/plugins/ml2/db.py:74}}
Sep 18 19:38:39.983262 n-d-789963-11 neutron-server[94942]: DEBUG neutron_lib.callbacks.manager [None req-42576c0f-881b-4cf3-8eb4-060bef478509 None None] Notify callbacks ['neutron.plugins.ml2.plugin.SecurityGroupServerNotifierRpcMixin._notify_sg_on_port_change-8005801', 'neutron.plugins.ml2.ovo_rpc._ObjectChangeHandler.handle_event-225914', 'neutron.api.rpc.agentnotifiers.dhcp_rpc_agent_api.DhcpAgentNotifyAPI._native_event_send_dhcp_notification-1004345', 'neutron.db.l3_db.L3RpcNotifierMixin._notify_gateway_port_ip_changed-8781702080269', 'neutron.db.l3_dvrscheduler_db._notify_l3_agent_port_update-8781701546186', 'neutron.db.l3_hascheduler_db._notify_l3_agent_ha_port_update-8781701546204'] for port, after_update {{(pid=94942) _notify_loop /usr/local/lib/python3.8/dist-packages/neutron_lib/callbacks/manager.py:192}}
Sep 18 19:38:40.010015 n-d-789963-11 neutron-server[94941]: DEBUG neutron.pecan_wsgi.hooks.policy_enforcement [req-09c43036-924b-479c-bb74-4c8be3b0b290 req-646a7e5d-c8f5-4851-8b2e-0dc27e617ba2 service neutron] Attributes excluded by policy engine: ['standard_attr_id'] {{(pid=94941) _exclude_attributes_by_policy /opt/stack/neutron/neutron/pecan_wsgi/hooks/policy_enforcement.py:255}}
Sep 18 19:38:40.010623 n-d-789963-11 neutron-server[94941]: DEBUG neutron_lib.callbacks.manager [req-09c43036-924b-479c-bb74-4c8be3b0b290 req-646a7e5d-c8f5-4851-8b2e-0dc27e617ba2 service neutron] Notify callbacks ['neutron.notifiers.nova.Notifier._send_nova_notification-84270'] for port, before_response {{(pid=94941) _notify_loop /usr/local/lib/python3.8/dist-packages/neutron_lib/callbacks/manager.py:192}}
Sep 18 19:38:40.012292 n-d-789963-11 neutron-server[94941]: INFO neutron.wsgi [req-09c43036-924b-479c-bb74-4c8be3b0b290 req-646a7e5d-c8f5-4851-8b2e-0dc27e617ba2 service neutron] 10.222.0.24 "PUT /v2.0/ports/03867463-944d-4089-9304-f7c7c22ad308 HTTP/1.1" status: 200 len: 1096 time: 1.9756436
Sep 18 19:38:40.049303 n-d-789963-11 neutron-server[94941]: DEBUG neutron_lib.callbacks.manager [req-97e3152b-906c-41c8-882a-7f4f91e23e95 req-d43e3eb6-e6a5-4f89-9bf2-ccbc4eef96de tempest-SecurityGroupsTestAdminJSON-1767159460 tempest-SecurityGroupsTestAdminJSON-1767159460-project-admin] Notify callbacks [] for security_group, before_delete {{(pid=94941) _notify_loop /usr/local/lib/python3.8/dist-packages/neutron_lib/callbacks/manager.py:192}}
Sep 18 19:38:40.079931 n-d-789963-11 neutron-server[94942]: DEBUG neutron.api.rpc.handlers.resources_rpc [None req-42576c0f-881b-4cf3-8eb4-060bef478509 None None] Pushing event updated for resources: {'Port': ['ID=cb953837-59fb-41ed-9582-5a5807fda824,revision_number=4']} {{(pid=94942) push /opt/stack/neutron/neutron/api/rpc/handlers/resources_rpc.py:237}}
Sep 18 19:38:40.086324 n-d-789963-11 neutron-server[94940]: DEBUG neutron_lib.callbacks.manager [None req-7ad187c2-dcd2-42e3-a120-9ad09a009784 admin admin] Notify callbacks [] for security_group, precommit_create {{(pid=94940) _notify_loop /usr/local/lib/python3.8/dist-packages/neutron_lib/callbacks/manager.py:192}}
