Sep 17 22:42:52.506549 n-d-789963-10 cinder-volume[102871]: DEBUG cinder.manager [None req-3189112a-fde9-4cd0-9495-bdd770cd286a None None] Notifying Schedulers of capabilities ... {{(pid=102871) _publish_service_capabilities /opt/stack/cinder/cinder/manager.py:202}}
Sep 17 22:42:53.231409 n-d-789963-10 sudo[133907]: pam_unix(sudo:session): session closed for user root
Sep 17 22:42:53.233418 n-d-789963-10 cinder-volume[102871]: DEBUG oslo_concurrency.processutils [req-f2269a5f-b818-4c91-aa8b-53294cc9d40e req-c9d269ad-21be-46f9-9d8c-86d3a2758943 tempest-AttachVolumeTestJSON-531237602 None] CMD "sudo cinder-rootwrap /etc/cinder/rootwrap.conf cinder-rtstool get-targets" returned: 0 in 1.335s {{(pid=102871) execute /usr/local/lib/python3.8/dist-packages/oslo_concurrency/processutils.py:422}}
Sep 17 22:42:53.234120 n-d-789963-10 cinder-volume[102871]: DEBUG oslo_concurrency.lockutils [req-f2269a5f-b818-4c91-aa8b-53294cc9d40e req-c9d269ad-21be-46f9-9d8c-86d3a2758943 tempest-AttachVolumeTestJSON-531237602 None] Lock "lioadm" released by "cinder.volume.targets.lio.LioAdm._execute" :: held 1.337s {{(pid=102871) inner /usr/local/lib/python3.8/dist-packages/oslo_concurrency/lockutils.py:367}}
Sep 17 22:42:53.234718 n-d-789963-10 cinder-volume[102871]: INFO cinder.volume.targets.lio [req-f2269a5f-b818-4c91-aa8b-53294cc9d40e req-c9d269ad-21be-46f9-9d8c-86d3a2758943 tempest-AttachVolumeTestJSON-531237602 None] Removing iscsi_target: b3795a7c-2d3b-4e48-a3a7-f97b3c061865
Sep 17 22:42:53.235788 n-d-789963-10 cinder-volume[102871]: DEBUG oslo_concurrency.lockutils [req-f2269a5f-b818-4c91-aa8b-53294cc9d40e req-c9d269ad-21be-46f9-9d8c-86d3a2758943 tempest-AttachVolumeTestJSON-531237602 None] Lock "lioadm" acquired by "cinder.volume.targets.lio.LioAdm._execute" :: waited 0.001s {{(pid=102871) inner /usr/local/lib/python3.8/dist-packages/oslo_concurrency/lockutils.py:355}}
Sep 17 22:42:53.236589 n-d-789963-10 cinder-volume[102871]: DEBUG oslo_concurrency.processutils [req-f2269a5f-b818-4c91-aa8b-53294cc9d40e req-c9d269ad-21be-46f9-9d8c-86d3a2758943 tempest-AttachVolumeTestJSON-531237602 None] Running cmd (subprocess): sudo cinder-rootwrap /etc/cinder/rootwrap.conf cinder-rtstool delete iqn.2010-10.org.openstack:volume-b3795a7c-2d3b-4e48-a3a7-f97b3c061865 {{(pid=102871) execute /usr/local/lib/python3.8/dist-packages/oslo_concurrency/processutils.py:384}}
Sep 17 22:42:53.257348 n-d-789963-10 sudo[133938]: ubuntu : TTY=unknown ; PWD=/ ; USER=root ; COMMAND=/usr/local/bin/cinder-rootwrap /etc/cinder/rootwrap.conf cinder-rtstool delete iqn.2010-10.org.openstack:volume-b3795a7c-2d3b-4e48-a3a7-f97b3c061865
Sep 17 22:42:53.260764 n-d-789963-10 sudo[133938]: pam_unix(sudo:session): session opened for user root by (uid=0)
Sep 17 22:42:54.327615 n-d-789963-10 sudo[133938]: pam_unix(sudo:session): session closed for user root
Sep 17 22:42:54.330126 n-d-789963-10 cinder-volume[102871]: DEBUG oslo_concurrency.processutils [req-f2269a5f-b818-4c91-aa8b-53294cc9d40e req-c9d269ad-21be-46f9-9d8c-86d3a2758943 tempest-AttachVolumeTestJSON-531237602 None] CMD "sudo cinder-rootwrap /etc/cinder/rootwrap.conf cinder-rtstool delete iqn.2010-10.org.openstack:volume-b3795a7c-2d3b-4e48-a3a7-f97b3c061865" returned: 0 in 1.093s {{(pid=102871) execute /usr/local/lib/python3.8/dist-packages/oslo_concurrency/processutils.py:422}}
Sep 17 22:42:54.331115 n-d-789963-10 cinder-volume[102871]: DEBUG oslo_concurrency.lockutils [req-f2269a5f-b818-4c91-aa8b-53294cc9d40e req-c9d269ad-21be-46f9-9d8c-86d3a2758943 tempest-AttachVolumeTestJSON-531237602 None] Lock "lioadm" released by "cinder.volume.targets.lio.LioAdm._execute" :: held 1.095s {{(pid=102871) inner /usr/local/lib/python3.8/dist-packages/oslo_concurrency/lockutils.py:367}}
Sep 17 22:42:54.332008 n-d-789963-10 cinder-volume[102871]: DEBUG oslo_concurrency.lockutils [req-f2269a5f-b818-4c91-aa8b-53294cc9d40e req-c9d269ad-21be-46f9-9d8c-86d3a2758943 tempest-AttachVolumeTestJSON-531237602 None] Lock "lioadm" acquired by "cinder.volume.targets.lio.LioAdm._execute" :: waited 0.000s {{(pid=102871) inner /usr/local/lib/python3.8/dist-packages/oslo_concurrency/lockutils.py:355}}
Sep 17 22:42:54.332880 n-d-789963-10 cinder-volume[102871]: DEBUG oslo_concurrency.processutils [req-f2269a5f-b818-4c91-aa8b-53294cc9d40e req-c9d269ad-21be-46f9-9d8c-86d3a2758943 tempest-AttachVolumeTestJSON-531237602 None] Running cmd (subprocess): sudo cinder-rootwrap /etc/cinder/rootwrap.conf cinder-rtstool save {{(pid=102871) execute /usr/local/lib/python3.8/dist-packages/oslo_concurrency/processutils.py:384}}
Sep 17 22:42:54.359770 n-d-789963-10 sudo[133967]: ubuntu : TTY=unknown ; PWD=/ ; USER=root ; COMMAND=/usr/local/bin/cinder-rootwrap /etc/cinder/rootwrap.conf cinder-rtstool save
Sep 17 22:42:54.360865 n-d-789963-10 sudo[133967]: pam_unix(sudo:session): session opened for user root by (uid=0)
Sep 17 22:42:55.533941 n-d-789963-10 sudo[133967]: pam_unix(sudo:session): session closed for user root
Sep 17 22:42:55.536570 n-d-789963-10 cinder-volume[102871]: DEBUG oslo_concurrency.processutils [req-f2269a5f-b818-4c91-aa8b-53294cc9d40e req-c9d269ad-21be-46f9-9d8c-86d3a2758943 tempest-AttachVolumeTestJSON-531237602 None] CMD "sudo cinder-rootwrap /etc/cinder/rootwrap.conf cinder-rtstool save" returned: 0 in 1.203s {{(pid=102871) execute /usr/local/lib/python3.8/dist-packages/oslo_concurrency/processutils.py:422}}
Sep 17 22:42:55.537416 n-d-789963-10 cinder-volume[102871]: DEBUG oslo_concurrency.lockutils [req-f2269a5f-b818-4c91-aa8b-53294cc9d40e req-c9d269ad-21be-46f9-9d8c-86d3a2758943 tempest-AttachVolumeTestJSON-531237602 None] Lock "lioadm" released by "cinder.volume.targets.lio.LioAdm._execute" :: held 1.205s {{(pid=102871) inner /usr/local/lib/python3.8/dist-packages/oslo_concurrency/lockutils.py:367}}
Sep 17 22:42:57.672599 n-d-789963-10 cinder-volume[102871]: DEBUG oslo_concurrency.lockutils [req-69ddd101-fb7e-47e4-9135-119ee7b4c412 req-7c86144d-3b88-4808-ba49-4bfff7b2bdd2 tempest-AttachVolumeTestJSON-531237602 None] Lock "lioadm" acquired by "cinder.volume.targets.lio.LioAdm._execute" :: waited 0.000s {{(pid=102871) inner /usr/local/lib/python3.8/dist-packages/oslo_concurrency/lockutils.py:355}}
Sep 17 22:42:57.674315 n-d-789963-10 cinder-volume[102871]: DEBUG oslo_concurrency.processutils [req-69ddd101-fb7e-47e4-9135-119ee7b4c412 req-7c86144d-3b88-4808-ba49-4bfff7b2bdd2 tempest-AttachVolumeTestJSON-531237602 None] Running cmd (subprocess): sudo cinder-rootwrap /etc/cinder/rootwrap.conf cinder-rtstool delete-initiator iqn.2010-10.org.openstack:volume-1a45da3b-7364-409f-a545-4053f437a049 iqn.1991-05.com.microsoft:n-h1-789963-10.cbci-789963-10.local {{(pid=102871) execute /usr/local/lib/python3.8/dist-packages/oslo_concurrency/processutils.py:384}}
Sep 17 22:42:57.711155 n-d-789963-10 sudo[134021]: ubuntu : TTY=unknown ; PWD=/ ; USER=root ; COMMAND=/usr/local/bin/cinder-rootwrap /etc/cinder/rootwrap.conf cinder-rtstool delete-initiator iqn.2010-10.org.openstack:volume-1a45da3b-7364-409f-a545-4053f437a049 iqn.1991-05.com.microsoft:n-h1-789963-10.cbci-789963-10.local
Sep 17 22:42:57.711984 n-d-789963-10 sudo[134021]: pam_unix(sudo:session): session opened for user root by (uid=0)
Sep 17 22:42:58.684742 n-d-789963-10 sudo[134021]: pam_unix(sudo:session): session closed for user root
Sep 17 22:42:58.687097 n-d-789963-10 cinder-volume[102871]: DEBUG oslo_concurrency.processutils [req-69ddd101-fb7e-47e4-9135-119ee7b4c412 req-7c86144d-3b88-4808-ba49-4bfff7b2bdd2 tempest-AttachVolumeTestJSON-531237602 None] CMD "sudo cinder-rootwrap /etc/cinder/rootwrap.conf cinder-rtstool delete-initiator iqn.2010-10.org.openstack:volume-1a45da3b-7364-409f-a545-4053f437a049 iqn.1991-05.com.microsoft:n-h1-789963-10.cbci-789963-10.local" returned: 0 in 1.012s {{(pid=102871) execute /usr/local/lib/python3.8/dist-packages/oslo_concurrency/processutils.py:422}}
Sep 17 22:42:58.688518 n-d-789963-10 cinder-volume[102871]: DEBUG oslo_concurrency.lockutils [req-69ddd101-fb7e-47e4-9135-119ee7b4c412 req-7c86144d-3b88-4808-ba49-4bfff7b2bdd2 tempest-AttachVolumeTestJSON-531237602 None] Lock "lioadm" released by "cinder.volume.targets.lio.LioAdm._execute" :: held 1.016s {{(pid=102871) inner /usr/local/lib/python3.8/dist-packages/oslo_concurrency/lockutils.py:367}}
Sep 17 22:42:58.689729 n-d-789963-10 cinder-volume[102871]: DEBUG oslo_concurrency.lockutils [req-69ddd101-fb7e-47e4-9135-119ee7b4c412 req-7c86144d-3b88-4808-ba49-4bfff7b2bdd2 tempest-AttachVolumeTestJSON-531237602 None] Lock "lioadm" acquired by "cinder.volume.targets.lio.LioAdm._execute" :: waited 0.000s {{(pid=102871) inner /usr/local/lib/python3.8/dist-packages/oslo_concurrency/lockutils.py:355}}
Sep 17 22:42:58.690719 n-d-789963-10 cinder-volume[102871]: DEBUG oslo_concurrency.processutils [req-69ddd101-fb7e-47e4-9135-119ee7b4c412 req-7c86144d-3b88-4808-ba49-4bfff7b2bdd2 tempest-AttachVolumeTestJSON-531237602 None] Running cmd (subprocess): sudo cinder-rootwrap /etc/cinder/rootwrap.conf cinder-rtstool save {{(pid=102871) execute /usr/local/lib/python3.8/dist-packages/oslo_concurrency/processutils.py:384}}
Sep 17 22:42:58.721302 n-d-789963-10 sudo[134032]: ubuntu : TTY=unknown ; PWD=/ ; USER=root ; COMMAND=/usr/local/bin/cinder-rootwrap /etc/cinder/rootwrap.conf cinder-rtstool save
Sep 17 22:42:58.723923 n-d-789963-10 sudo[134032]: pam_unix(sudo:session): session opened for user root by (uid=0)
Sep 17 22:43:00.013285 n-d-789963-10 sudo[134032]: pam_unix(sudo:session): session closed for user root
Sep 17 22:43:00.015699 n-d-789963-10 cinder-volume[102871]: DEBUG oslo_concurrency.processutils [req-69ddd101-fb7e-47e4-9135-119ee7b4c412 req-7c86144d-3b88-4808-ba49-4bfff7b2bdd2 tempest-AttachVolumeTestJSON-531237602 None] CMD "sudo cinder-rootwrap /etc/cinder/rootwrap.conf cinder-rtstool save" returned: 0 in 1.324s {{(pid=102871) execute /usr/local/lib/python3.8/dist-packages/oslo_concurrency/processutils.py:422}}
Sep 17 22:43:00.017394 n-d-789963-10 cinder-volume[102871]: DEBUG oslo_concurrency.lockutils [req-69ddd101-fb7e-47e4-9135-119ee7b4c412 req-7c86144d-3b88-4808-ba49-4bfff7b2bdd2 tempest-AttachVolumeTestJSON-531237602 None] Lock "lioadm" released by "cinder.volume.targets.lio.LioAdm._execute" :: held 1.327s {{(pid=102871) inner /usr/local/lib/python3.8/dist-packages/oslo_concurrency/lockutils.py:367}}
Sep 17 22:43:00.018452 n-d-789963-10 cinder-volume[102871]: INFO cinder.volume.manager [req-69ddd101-fb7e-47e4-9135-119ee7b4c412 req-7c86144d-3b88-4808-ba49-4bfff7b2bdd2 tempest-AttachVolumeTestJSON-531237602 None] Terminate volume connection completed successfully.
Sep 17 22:43:00.019226 n-d-789963-10 cinder-volume[102871]: DEBUG cinder.volume.manager [req-69ddd101-fb7e-47e4-9135-119ee7b4c412 req-7c86144d-3b88-4808-ba49-4bfff7b2bdd2 tempest-AttachVolumeTestJSON-531237602 None] Deleting attachment 2f04d331-98e2-486b-b0f1-7995b17b0166. {{(pid=102871) attachment_delete /opt/stack/cinder/cinder/volume/manager.py:4944}}
Sep 17 22:43:00.020987 n-d-789963-10 cinder-volume[102871]: DEBUG oslo_concurrency.lockutils [req-69ddd101-fb7e-47e4-9135-119ee7b4c412 req-7c86144d-3b88-4808-ba49-4bfff7b2bdd2 tempest-AttachVolumeTestJSON-531237602 None] Lock "lioadm" acquired by "cinder.volume.targets.lio.LioAdm._execute" :: waited 0.000s {{(pid=102871) inner /usr/local/lib/python3.8/dist-packages/oslo_concurrency/lockutils.py:355}}
Sep 17 22:43:00.022005 n-d-789963-10 cinder-volume[102871]: DEBUG oslo_concurrency.processutils [req-69ddd101-fb7e-47e4-9135-119ee7b4c412 req-7c86144d-3b88-4808-ba49-4bfff7b2bdd2 tempest-AttachVolumeTestJSON-531237602 None] Running cmd (subprocess): sudo cinder-rootwrap /etc/cinder/rootwrap.conf cinder-rtstool get-targets {{(pid=102871) execute /usr/local/lib/python3.8/dist-packages/oslo_concurrency/processutils.py:384}}
Sep 17 22:43:00.062506 n-d-789963-10 sudo[134064]: ubuntu : TTY=unknown ; PWD=/ ; USER=root ; COMMAND=/usr/local/bin/cinder-rootwrap /etc/cinder/rootwrap.conf cinder-rtstool get-targets
Sep 17 22:43:00.063332 n-d-789963-10 sudo[134064]: pam_unix(sudo:session): session opened for user root by (uid=0)
Sep 17 22:43:00.993307 n-d-789963-10 sudo[134064]: pam_unix(sudo:session): session closed for user root
Sep 17 22:43:00.996106 n-d-789963-10 cinder-volume[102871]: DEBUG oslo_concurrency.processutils [req-69ddd101-fb7e-47e4-9135-119ee7b4c412 req-7c86144d-3b88-4808-ba49-4bfff7b2bdd2 tempest-AttachVolumeTestJSON-531237602 None] CMD "sudo cinder-rootwrap /etc/cinder/rootwrap.conf cinder-rtstool get-targets" returned: 0 in 0.973s {{(pid=102871) execute /usr/local/lib/python3.8/dist-packages/oslo_concurrency/processutils.py:422}}
Sep 17 22:43:00.996799 n-d-789963-10 cinder-volume[102871]: DEBUG oslo_concurrency.lockutils [req-69ddd101-fb7e-47e4-9135-119ee7b4c412 req-7c86144d-3b88-4808-ba49-4bfff7b2bdd2 tempest-AttachVolumeTestJSON-531237602 None] Lock "lioadm" released by "cinder.volume.targets.lio.LioAdm._execute" :: held 0.976s {{(pid=102871) inner /usr/local/lib/python3.8/dist-packages/oslo_concurrency/lockutils.py:367}}
Sep 17 22:43:00.997274 n-d-789963-10 cinder-volume[102871]: INFO cinder.volume.targets.lio [req-69ddd101-fb7e-47e4-9135-119ee7b4c412 req-7c86144d-3b88-4808-ba49-4bfff7b2bdd2 tempest-AttachVolumeTestJSON-531237602 None] Removing iscsi_target: 1a45da3b-7364-409f-a545-4053f437a049
Sep 17 22:43:00.998006 n-d-789963-10 cinder-volume[102871]: DEBUG oslo_concurrency.lockutils [req-69ddd101-fb7e-47e4-9135-119ee7b4c412 req-7c86144d-3b88-4808-ba49-4bfff7b2bdd2 tempest-AttachVolumeTestJSON-531237602 None] Lock "lioadm" acquired by "cinder.volume.targets.lio.LioAdm._execute" :: waited 0.000s {{(pid=102871) inner /usr/local/lib/python3.8/dist-packages/oslo_concurrency/lockutils.py:355}}
Sep 17 22:43:00.998769 n-d-789963-10 cinder-volume[102871]: DEBUG oslo_concurrency.processutils [req-69ddd101-fb7e-47e4-9135-119ee7b4c412 req-7c86144d-3b88-4808-ba49-4bfff7b2bdd2 tempest-AttachVolumeTestJSON-531237602 None] Running cmd (subprocess): sudo cinder-rootwrap /etc/cinder/rootwrap.conf cinder-rtstool delete iqn.2010-10.org.openstack:volume-1a45da3b-7364-409f-a545-4053f437a049 {{(pid=102871) execute /usr/local/lib/python3.8/dist-packages/oslo_concurrency/processutils.py:384}}
Sep 17 22:43:01.024318 n-d-789963-10 sudo[134093]: ubuntu : TTY=unknown ; PWD=/ ; USER=root ; COMMAND=/usr/local/bin/cinder-rootwrap /etc/cinder/rootwrap.conf cinder-rtstool delete iqn.2010-10.org.openstack:volume-1a45da3b-7364-409f-a545-4053f437a049
Sep 17 22:43:01.025809 n-d-789963-10 sudo[134093]: pam_unix(sudo:session): session opened for user root by (uid=0)
Sep 17 22:43:02.101393 n-d-789963-10 sudo[134093]: pam_unix(sudo:session): session closed for user root
Sep 17 22:43:02.104342 n-d-789963-10 cinder-volume[102871]: DEBUG oslo_concurrency.processutils [req-69ddd101-fb7e-47e4-9135-119ee7b4c412 req-7c86144d-3b88-4808-ba49-4bfff7b2bdd2 tempest-AttachVolumeTestJSON-531237602 None] CMD "sudo cinder-rootwrap /etc/cinder/rootwrap.conf cinder-rtstool delete iqn.2010-10.org.openstack:volume-1a45da3b-7364-409f-a545-4053f437a049" returned: 0 in 1.105s {{(pid=102871) execute /usr/local/lib/python3.8/dist-packages/oslo_concurrency/processutils.py:422}}
Sep 17 22:43:02.105227 n-d-789963-10 cinder-volume[102871]: DEBUG oslo_concurrency.lockutils [req-69ddd101-fb7e-47e4-9135-119ee7b4c412 req-7c86144d-3b88-4808-ba49-4bfff7b2bdd2 tempest-AttachVolumeTestJSON-531237602 None] Lock "lioadm" released by "cinder.volume.targets.lio.LioAdm._execute" :: held 1.107s {{(pid=102871) inner /usr/local/lib/python3.8/dist-packages/oslo_concurrency/lockutils.py:367}}
Sep 17 22:43:02.106138 n-d-789963-10 cinder-volume[102871]: DEBUG oslo_concurrency.lockutils [req-69ddd101-fb7e-47e4-9135-119ee7b4c412 req-7c86144d-3b88-4808-ba49-4bfff7b2bdd2 tempest-AttachVolumeTestJSON-531237602 None] Lock "lioadm" acquired by "cinder.volume.targets.lio.LioAdm._execute" :: waited 0.000s {{(pid=102871) inner /usr/local/lib/python3.8/dist-packages/oslo_concurrency/lockutils.py:355}}
Sep 17 22:43:02.106949 n-d-789963-10 cinder-volume[102871]: DEBUG oslo_concurrency.processutils [req-69ddd101-fb7e-47e4-9135-119ee7b4c412 req-7c86144d-3b88-4808-ba49-4bfff7b2bdd2 tempest-AttachVolumeTestJSON-531237602 None] Running cmd (subprocess): sudo cinder-rootwrap /etc/cinder/rootwrap.conf cinder-rtstool save {{(pid=102871) execute /usr/local/lib/python3.8/dist-packages/oslo_concurrency/processutils.py:384}}
Sep 17 22:43:02.131463 n-d-789963-10 sudo[134119]: ubuntu : TTY=unknown ; PWD=/ ; USER=root ; COMMAND=/usr/local/bin/cinder-rootwrap /etc/cinder/rootwrap.conf cinder-rtstool save
Sep 17 22:43:02.133854 n-d-789963-10 sudo[134119]: pam_unix(sudo:session): session opened for user root by (uid=0)
Sep 17 22:43:03.055183 n-d-789963-10 sudo[134119]: pam_unix(sudo:session): session closed for user root
Sep 17 22:43:03.058409 n-d-789963-10 cinder-volume[102871]: DEBUG oslo_concurrency.processutils [req-69ddd101-fb7e-47e4-9135-119ee7b4c412 req-7c86144d-3b88-4808-ba49-4bfff7b2bdd2 tempest-AttachVolumeTestJSON-531237602 None] CMD "sudo cinder-rootwrap /etc/cinder/rootwrap.conf cinder-rtstool save" returned: 0 in 0.950s {{(pid=102871) execute /usr/local/lib/python3.8/dist-packages/oslo_concurrency/processutils.py:422}}
Sep 17 22:43:03.059302 n-d-789963-10 cinder-volume[102871]: DEBUG oslo_concurrency.lockutils [req-69ddd101-fb7e-47e4-9135-119ee7b4c412 req-7c86144d-3b88-4808-ba49-4bfff7b2bdd2 tempest-AttachVolumeTestJSON-531237602 None] Lock "lioadm" released by "cinder.volume.targets.lio.LioAdm._execute" :: held 0.953s {{(pid=102871) inner /usr/local/lib/python3.8/dist-packages/oslo_concurrency/lockutils.py:367}}
Sep 17 22:43:14.500098 n-d-789963-10 cinder-volume[102871]: DEBUG cinder.coordination [None req-a6faad3b-3c89-4500-863d-5bb886004acf tempest-AttachVolumeTestJSON-531237602 None] Lock "b'cinder-1a45da3b-7364-409f-a545-4053f437a049-delete_volume'" acquired by "delete_volume" :: waited 0.013s {{(pid=102871) _synchronized /opt/stack/cinder/cinder/coordination.py:181}}
Sep 17 22:43:14.549136 n-d-789963-10 cinder-volume[102871]: DEBUG oslo_concurrency.lockutils [None req-a6faad3b-3c89-4500-863d-5bb886004acf tempest-AttachVolumeTestJSON-531237602 None] Lock "lioadm" acquired by "cinder.volume.targets.lio.LioAdm._execute" :: waited 0.000s {{(pid=102871) inner /usr/local/lib/python3.8/dist-packages/oslo_concurrency/lockutils.py:355}}
Sep 17 22:43:14.549520 n-d-789963-10 cinder-volume[102871]: DEBUG oslo_concurrency.processutils [None req-a6faad3b-3c89-4500-863d-5bb886004acf tempest-AttachVolumeTestJSON-531237602 None] Running cmd (subprocess): sudo cinder-rootwrap /etc/cinder/rootwrap.conf cinder-rtstool get-targets {{(pid=102871) execute /usr/local/lib/python3.8/dist-packages/oslo_concurrency/processutils.py:384}}
Sep 17 22:43:14.571761 n-d-789963-10 sudo[134440]: ubuntu : TTY=unknown ; PWD=/ ; USER=root ; COMMAND=/usr/local/bin/cinder-rootwrap /etc/cinder/rootwrap.conf cinder-rtstool get-targets
Sep 17 22:43:14.572615 n-d-789963-10 sudo[134440]: pam_unix(sudo:session): session opened for user root by (uid=0)
Sep 17 22:43:15.347974 n-d-789963-10 sudo[134440]: pam_unix(sudo:session): session closed for user root
Sep 17 22:43:15.350209 n-d-789963-10 cinder-volume[102871]: DEBUG oslo_concurrency.processutils [None req-a6faad3b-3c89-4500-863d-5bb886004acf tempest-AttachVolumeTestJSON-531237602 None] CMD "sudo cinder-rootwrap /etc/cinder/rootwrap.conf cinder-rtstool get-targets" returned: 0 in 0.800s {{(pid=102871) execute /usr/local/lib/python3.8/dist-packages/oslo_concurrency/processutils.py:422}}
Sep 17 22:43:15.351025 n-d-789963-10 cinder-volume[102871]: DEBUG oslo_concurrency.lockutils [None req-a6faad3b-3c89-4500-863d-5bb886004acf tempest-AttachVolumeTestJSON-531237602 None] Lock "lioadm" released by "cinder.volume.targets.lio.LioAdm._execute" :: held 0.802s {{(pid=102871) inner /usr/local/lib/python3.8/dist-packages/oslo_concurrency/lockutils.py:367}}
Sep 17 22:43:15.351532 n-d-789963-10 cinder-volume[102871]: INFO cinder.volume.targets.iscsi [None req-a6faad3b-3c89-4500-863d-5bb886004acf tempest-AttachVolumeTestJSON-531237602 None] Skipping remove_export. No iscsi_target is presently exported for volume: 1a45da3b-7364-409f-a545-4053f437a049
Sep 17 22:43:15.352851 n-d-789963-10 cinder-volume[102871]: DEBUG oslo_concurrency.processutils [None req-a6faad3b-3c89-4500-863d-5bb886004acf tempest-AttachVolumeTestJSON-531237602 None] Running cmd (subprocess): sudo cinder-rootwrap /etc/cinder/rootwrap.conf env LC_ALL=C lvs --noheadings --unit=g -o vg_name,name,size --nosuffix --readonly stack-volumes-lvmdriver-1/volume-1a45da3b-7364-409f-a545-4053f437a049 {{(pid=102871) execute /usr/local/lib/python3.8/dist-packages/oslo_concurrency/processutils.py:384}}
Sep 17 22:43:15.387575 n-d-789963-10 sudo[134445]: ubuntu : TTY=unknown ; PWD=/ ; USER=root ; COMMAND=/usr/local/bin/cinder-rootwrap /etc/cinder/rootwrap.conf env LC_ALL=C lvs --noheadings --unit=g -o vg_name,name,size --nosuffix --readonly stack-volumes-lvmdriver-1/volume-1a45da3b-7364-409f-a545-4053f437a049
Sep 17 22:43:15.398752 n-d-789963-10 sudo[134445]: pam_unix(sudo:session): session opened for user root by (uid=0)
Sep 17 22:43:16.025191 n-d-789963-10 sudo[134445]: pam_unix(sudo:session): session closed for user root
Sep 17 22:43:16.028170 n-d-789963-10 cinder-volume[102871]: DEBUG oslo_concurrency.processutils [None req-a6faad3b-3c89-4500-863d-5bb886004acf tempest-AttachVolumeTestJSON-531237602 None] CMD "sudo cinder-rootwrap /etc/cinder/rootwrap.conf env LC_ALL=C lvs --noheadings --unit=g -o vg_name,name,size --nosuffix --readonly stack-volumes-lvmdriver-1/volume-1a45da3b-7364-409f-a545-4053f437a049" returned: 0 in 0.675s {{(pid=102871) execute /usr/local/lib/python3.8/dist-packages/oslo_concurrency/processutils.py:422}}
Sep 17 22:43:16.038996 n-d-789963-10 cinder-volume[102871]: DEBUG oslo_concurrency.processutils [None req-a6faad3b-3c89-4500-863d-5bb886004acf tempest-AttachVolumeTestJSON-531237602 None] Running cmd (subprocess): sudo cinder-rootwrap /etc/cinder/rootwrap.conf env LC_ALL=C lvdisplay --noheading -C -o Attr --readonly stack-volumes-lvmdriver-1/volume-1a45da3b-7364-409f-a545-4053f437a049 {{(pid=102871) execute /usr/local/lib/python3.8/dist-packages/oslo_concurrency/processutils.py:384}}
Sep 17 22:43:16.092304 n-d-789963-10 sudo[134467]: ubuntu : TTY=unknown ; PWD=/ ; USER=root ; COMMAND=/usr/local/bin/cinder-rootwrap /etc/cinder/rootwrap.conf env LC_ALL=C lvdisplay --noheading -C -o Attr --readonly stack-volumes-lvmdriver-1/volume-1a45da3b-7364-409f-a545-4053f437a049
Sep 17 22:43:16.094081 n-d-789963-10 sudo[134467]: pam_unix(sudo:session): session opened for user root by (uid=0)
Sep 17 22:43:17.254818 n-d-789963-10 sudo[134467]: pam_unix(sudo:session): session closed for user root
Sep 17 22:43:17.257069 n-d-789963-10 cinder-volume[102871]: DEBUG oslo_concurrency.processutils [None req-a6faad3b-3c89-4500-863d-5bb886004acf tempest-AttachVolumeTestJSON-531237602 None] CMD "sudo cinder-rootwrap /etc/cinder/rootwrap.conf env LC_ALL=C lvdisplay --noheading -C -o Attr --readonly stack-volumes-lvmdriver-1/volume-1a45da3b-7364-409f-a545-4053f437a049" returned: 0 in 1.227s {{(pid=102871) execute /usr/local/lib/python3.8/dist-packages/oslo_concurrency/processutils.py:422}}
Sep 17 22:43:17.259256 n-d-789963-10 cinder-volume[102871]: DEBUG oslo_concurrency.processutils [None req-a6faad3b-3c89-4500-863d-5bb886004acf tempest-AttachVolumeTestJSON-531237602 None] Running cmd (subprocess): sudo cinder-rootwrap /etc/cinder/rootwrap.conf lvremove --config activation { retry_deactivation = 1} -f stack-volumes-lvmdriver-1/volume-1a45da3b-7364-409f-a545-4053f437a049 {{(pid=102871) execute /usr/local/lib/python3.8/dist-packages/oslo_concurrency/processutils.py:384}}
Sep 17 22:43:17.294240 n-d-789963-10 sudo[134524]: ubuntu : TTY=unknown ; PWD=/ ; USER=root ; COMMAND=/usr/local/bin/cinder-rootwrap /etc/cinder/rootwrap.conf lvremove --config activation { retry_deactivation = 1} -f stack-volumes-lvmdriver-1/volume-1a45da3b-7364-409f-a545-4053f437a049
Sep 17 22:43:17.295212 n-d-789963-10 sudo[134524]: pam_unix(sudo:session): session opened for user root by (uid=0)
Sep 17 22:43:18.208802 n-d-789963-10 sudo[134524]: pam_unix(sudo:session): session closed for user root
Sep 17 22:43:18.211242 n-d-789963-10 cinder-volume[102871]: DEBUG oslo_concurrency.processutils [None req-a6faad3b-3c89-4500-863d-5bb886004acf tempest-AttachVolumeTestJSON-531237602 None] CMD "sudo cinder-rootwrap /etc/cinder/rootwrap.conf lvremove --config activation { retry_deactivation = 1} -f stack-volumes-lvmdriver-1/volume-1a45da3b-7364-409f-a545-4053f437a049" returned: 0 in 0.951s {{(pid=102871) execute /usr/local/lib/python3.8/dist-packages/oslo_concurrency/processutils.py:422}}
Sep 17 22:43:18.212704 n-d-789963-10 cinder-volume[102871]: INFO cinder.volume.drivers.lvm [None req-a6faad3b-3c89-4500-863d-5bb886004acf tempest-AttachVolumeTestJSON-531237602 None] Successfully deleted volume: 1a45da3b-7364-409f-a545-4053f437a049
Sep 17 22:43:18.295083 n-d-789963-10 cinder-volume[102871]: DEBUG cinder.quota [None req-a6faad3b-3c89-4500-863d-5bb886004acf tempest-AttachVolumeTestJSON-531237602 None] Created reservations ['dc6a0b8d-0cfb-498e-8dcb-d1ea60b0b5c8', '89b23508-3c37-49bb-b1f1-82c2dfed6d47', 'a7a9ee43-d893-4f90-8d4e-bc55a35876b0', 'ec10218b-3282-414c-aecd-cfedd4cf1ca6'] {{(pid=102871) reserve /opt/stack/cinder/cinder/quota.py:755}}
Sep 17 22:43:18.385402 n-d-789963-10 cinder-volume[102871]: DEBUG cinder.volume.drivers.lvm [None req-a6faad3b-3c89-4500-863d-5bb886004acf tempest-AttachVolumeTestJSON-531237602 None] Updating volume stats {{(pid=102871) _update_volume_stats /opt/stack/cinder/cinder/volume/drivers/lvm.py:213}}
Sep 17 22:43:18.386223 n-d-789963-10 cinder-volume[102871]: DEBUG oslo_concurrency.processutils [None req-a6faad3b-3c89-4500-863d-5bb886004acf tempest-AttachVolumeTestJSON-531237602 None] Running cmd (subprocess): sudo cinder-rootwrap /etc/cinder/rootwrap.conf env LC_ALL=C vgs --noheadings --unit=g -o name,size,free,lv_count,uuid --separator : --nosuffix stack-volumes-lvmdriver-1 {{(pid=102871) execute /usr/local/lib/python3.8/dist-packages/oslo_concurrency/processutils.py:384}}
Sep 17 22:43:18.426611 n-d-789963-10 sudo[134561]: ubuntu : TTY=unknown ; PWD=/ ; USER=root ; COMMAND=/usr/local/bin/cinder-rootwrap /etc/cinder/rootwrap.conf env LC_ALL=C vgs --noheadings --unit=g -o name,size,free,lv_count,uuid --separator : --nosuffix stack-volumes-lvmdriver-1
Sep 17 22:43:18.427445 n-d-789963-10 sudo[134561]: pam_unix(sudo:session): session opened for user root by (uid=0)
Sep 17 22:43:18.945852 n-d-789963-10 sudo[134561]: pam_unix(sudo:session): session closed for user root
Sep 17 22:43:18.948759 n-d-789963-10 cinder-volume[102871]: DEBUG oslo_concurrency.processutils [None req-a6faad3b-3c89-4500-863d-5bb886004acf tempest-AttachVolumeTestJSON-531237602 None] CMD "sudo cinder-rootwrap /etc/cinder/rootwrap.conf env LC_ALL=C vgs --noheadings --unit=g -o name,size,free,lv_count,uuid --separator : --nosuffix stack-volumes-lvmdriver-1" returned: 0 in 0.561s {{(pid=102871) execute /usr/local/lib/python3.8/dist-packages/oslo_concurrency/processutils.py:422}}
Sep 17 22:43:18.951232 n-d-789963-10 cinder-volume[102871]: DEBUG oslo_concurrency.processutils [None req-a6faad3b-3c89-4500-863d-5bb886004acf tempest-AttachVolumeTestJSON-531237602 None] Running cmd (subprocess): sudo cinder-rootwrap /etc/cinder/rootwrap.conf env LC_ALL=C lvs --noheadings --unit=g -o vg_name,name,size --nosuffix --readonly stack-volumes-lvmdriver-1 {{(pid=102871) execute /usr/local/lib/python3.8/dist-packages/oslo_concurrency/processutils.py:384}}
Sep 17 22:43:18.996470 n-d-789963-10 sudo[134567]: ubuntu : TTY=unknown ; PWD=/ ; USER=root ; COMMAND=/usr/local/bin/cinder-rootwrap /etc/cinder/rootwrap.conf env LC_ALL=C lvs --noheadings --unit=g -o vg_name,name,size --nosuffix --readonly stack-volumes-lvmdriver-1
Sep 17 22:43:18.999642 n-d-789963-10 sudo[134567]: pam_unix(sudo:session): session opened for user root by (uid=0)
Sep 17 22:43:19.111447 n-d-789963-10 cinder-volume[102871]: DEBUG cinder.coordination [None req-b2ddba26-706e-4302-b62a-249eae10e89a tempest-AttachVolumeTestJSON-531237602 None] Lock "b'cinder-b3795a7c-2d3b-4e48-a3a7-f97b3c061865-delete_volume'" acquired by "delete_volume" :: waited 0.028s {{(pid=102871) _synchronized /opt/stack/cinder/cinder/coordination.py:181}}
Sep 17 22:43:19.197578 n-d-789963-10 cinder-volume[102871]: DEBUG oslo_concurrency.lockutils [None req-b2ddba26-706e-4302-b62a-249eae10e89a tempest-AttachVolumeTestJSON-531237602 None] Lock "lioadm" acquired by "cinder.volume.targets.lio.LioAdm._execute" :: waited 0.001s {{(pid=102871) inner /usr/local/lib/python3.8/dist-packages/oslo_concurrency/lockutils.py:355}}
Sep 17 22:43:19.198498 n-d-789963-10 cinder-volume[102871]: DEBUG oslo_concurrency.processutils [None req-b2ddba26-706e-4302-b62a-249eae10e89a tempest-AttachVolumeTestJSON-531237602 None] Running cmd (subprocess): sudo cinder-rootwrap /etc/cinder/rootwrap.conf cinder-rtstool get-targets {{(pid=102871) execute /usr/local/lib/python3.8/dist-packages/oslo_concurrency/processutils.py:384}}
Sep 17 22:43:19.236598 n-d-789963-10 sudo[134569]: ubuntu : TTY=unknown ; PWD=/ ; USER=root ; COMMAND=/usr/local/bin/cinder-rootwrap /etc/cinder/rootwrap.conf cinder-rtstool get-targets
Sep 17 22:43:19.237987 n-d-789963-10 sudo[134569]: pam_unix(sudo:session): session opened for user root by (uid=0)
Sep 17 22:43:19.738557 n-d-789963-10 sudo[134567]: pam_unix(sudo:session): session closed for user root
Sep 17 22:43:19.741883 n-d-789963-10 cinder-volume[102871]: DEBUG oslo_concurrency.processutils [None req-a6faad3b-3c89-4500-863d-5bb886004acf tempest-AttachVolumeTestJSON-531237602 None] CMD "sudo cinder-rootwrap /etc/cinder/rootwrap.conf env LC_ALL=C lvs --noheadings --unit=g -o vg_name,name,size --nosuffix --readonly stack-volumes-lvmdriver-1" returned: 0 in 0.790s {{(pid=102871) execute /usr/local/lib/python3.8/dist-packages/oslo_concurrency/processutils.py:422}}
Sep 17 22:43:19.745666 n-d-789963-10 cinder-volume[102871]: DEBUG cinder.manager [None req-a6faad3b-3c89-4500-863d-5bb886004acf tempest-AttachVolumeTestJSON-531237602 None] Notifying Schedulers of capabilities ... {{(pid=102871) _publish_service_capabilities /opt/stack/cinder/cinder/manager.py:202}}
Sep 17 22:43:19.752853 n-d-789963-10 cinder-volume[102871]: INFO cinder.volume.manager [None req-a6faad3b-3c89-4500-863d-5bb886004acf tempest-AttachVolumeTestJSON-531237602 None] Deleted volume successfully.
Sep 17 22:43:19.781494 n-d-789963-10 cinder-volume[102871]: DEBUG cinder.coordination [None req-a6faad3b-3c89-4500-863d-5bb886004acf tempest-AttachVolumeTestJSON-531237602 None] Lock "b'cinder-1a45da3b-7364-409f-a545-4053f437a049-delete_volume'" released by "delete_volume" :: held 5.282s {{(pid=102871) _synchronized /opt/stack/cinder/cinder/coordination.py:193}}
Sep 17 22:43:20.053565 n-d-789963-10 sudo[134569]: pam_unix(sudo:session): session closed for user root
Sep 17 22:43:20.055509 n-d-789963-10 cinder-volume[102871]: DEBUG oslo_concurrency.processutils [None req-b2ddba26-706e-4302-b62a-249eae10e89a tempest-AttachVolumeTestJSON-531237602 None] CMD "sudo cinder-rootwrap /etc/cinder/rootwrap.conf cinder-rtstool get-targets" returned: 0 in 0.857s {{(pid=102871) execute /usr/local/lib/python3.8/dist-packages/oslo_concurrency/processutils.py:422}}
Sep 17 22:43:20.058987 n-d-789963-10 cinder-volume[102871]: DEBUG oslo_concurrency.lockutils [None req-b2ddba26-706e-4302-b62a-249eae10e89a tempest-AttachVolumeTestJSON-531237602 None] Lock "lioadm" released by "cinder.volume.targets.lio.LioAdm._execute" :: held 0.862s {{(pid=102871) inner /usr/local/lib/python3.8/dist-packages/oslo_concurrency/lockutils.py:367}}
Sep 17 22:43:20.059498 n-d-789963-10 cinder-volume[102871]: INFO cinder.volume.targets.iscsi [None req-b2ddba26-706e-4302-b62a-249eae10e89a tempest-AttachVolumeTestJSON-531237602 None] Skipping remove_export. No iscsi_target is presently exported for volume: b3795a7c-2d3b-4e48-a3a7-f97b3c061865
Sep 17 22:43:20.060613 n-d-789963-10 cinder-volume[102871]: DEBUG oslo_concurrency.processutils [None req-b2ddba26-706e-4302-b62a-249eae10e89a tempest-AttachVolumeTestJSON-531237602 None] Running cmd (subprocess): sudo cinder-rootwrap /etc/cinder/rootwrap.conf env LC_ALL=C lvs --noheadings --unit=g -o vg_name,name,size --nosuffix --readonly stack-volumes-lvmdriver-1/volume-b3795a7c-2d3b-4e48-a3a7-f97b3c061865 {{(pid=102871) execute /usr/local/lib/python3.8/dist-packages/oslo_concurrency/processutils.py:384}}
Sep 17 22:43:20.083944 n-d-789963-10 sudo[134603]: ubuntu : TTY=unknown ; PWD=/ ; USER=root ; COMMAND=/usr/local/bin/cinder-rootwrap /etc/cinder/rootwrap.conf env LC_ALL=C lvs --noheadings --unit=g -o vg_name,name,size --nosuffix --readonly stack-volumes-lvmdriver-1/volume-b3795a7c-2d3b-4e48-a3a7-f97b3c061865
Sep 17 22:43:20.085866 n-d-789963-10 sudo[134603]: pam_unix(sudo:session): session opened for user root by (uid=0)
Sep 17 22:43:20.615678 n-d-789963-10 sudo[134603]: pam_unix(sudo:session): session closed for user root
Sep 17 22:43:20.619049 n-d-789963-10 cinder-volume[102871]: DEBUG oslo_concurrency.processutils [None req-b2ddba26-706e-4302-b62a-249eae10e89a tempest-AttachVolumeTestJSON-531237602 None] CMD "sudo cinder-rootwrap /etc/cinder/rootwrap.conf env LC_ALL=C lvs --noheadings --unit=g -o vg_name,name,size --nosuffix --readonly stack-volumes-lvmdriver-1/volume-b3795a7c-2d3b-4e48-a3a7-f97b3c061865" returned: 0 in 0.558s {{(pid=102871) execute /usr/local/lib/python3.8/dist-packages/oslo_concurrency/processutils.py:422}}
Sep 17 22:43:20.624458 n-d-789963-10 cinder-volume[102871]: DEBUG oslo_concurrency.processutils [None req-b2ddba26-706e-4302-b62a-249eae10e89a tempest-AttachVolumeTestJSON-531237602 None] Running cmd (subprocess): sudo cinder-rootwrap /etc/cinder/rootwrap.conf env LC_ALL=C lvdisplay --noheading -C -o Attr --readonly stack-volumes-lvmdriver-1/volume-b3795a7c-2d3b-4e48-a3a7-f97b3c061865 {{(pid=102871) execute /usr/local/lib/python3.8/dist-packages/oslo_concurrency/processutils.py:384}}
Sep 17 22:43:20.646878 n-d-789963-10 sudo[134612]: ubuntu : TTY=unknown ; PWD=/ ; USER=root ; COMMAND=/usr/local/bin/cinder-rootwrap /etc/cinder/rootwrap.conf env LC_ALL=C lvdisplay --noheading -C -o Attr --readonly stack-volumes-lvmdriver-1/volume-b3795a7c-2d3b-4e48-a3a7-f97b3c061865
Sep 17 22:43:20.648472 n-d-789963-10 sudo[134612]: pam_unix(sudo:session): session opened for user root by (uid=0)
Sep 17 22:43:21.207824 n-d-789963-10 sudo[134612]: pam_unix(sudo:session): session closed for user root
Sep 17 22:43:21.210649 n-d-789963-10 cinder-volume[102871]: DEBUG oslo_concurrency.processutils [None req-b2ddba26-706e-4302-b62a-249eae10e89a tempest-AttachVolumeTestJSON-531237602 None] CMD "sudo cinder-rootwrap /etc/cinder/rootwrap.conf env LC_ALL=C lvdisplay --noheading -C -o Attr --readonly stack-volumes-lvmdriver-1/volume-b3795a7c-2d3b-4e48-a3a7-f97b3c061865" returned: 0 in 0.586s {{(pid=102871) execute /usr/local/lib/python3.8/dist-packages/oslo_concurrency/processutils.py:422}}
Sep 17 22:43:21.213661 n-d-789963-10 cinder-volume[102871]: DEBUG oslo_concurrency.processutils [None req-b2ddba26-706e-4302-b62a-249eae10e89a tempest-AttachVolumeTestJSON-531237602 None] Running cmd (subprocess): sudo cinder-rootwrap /etc/cinder/rootwrap.conf lvremove --config activation { retry_deactivation = 1} -f stack-volumes-lvmdriver-1/volume-b3795a7c-2d3b-4e48-a3a7-f97b3c061865 {{(pid=102871) execute /usr/local/lib/python3.8/dist-packages/oslo_concurrency/processutils.py:384}}
Sep 17 22:43:21.250213 n-d-789963-10 sudo[134615]: ubuntu : TTY=unknown ; PWD=/ ; USER=root ; COMMAND=/usr/local/bin/cinder-rootwrap /etc/cinder/rootwrap.conf lvremove --config activation { retry_deactivation = 1} -f stack-volumes-lvmdriver-1/volume-b3795a7c-2d3b-4e48-a3a7-f97b3c061865
Sep 17 22:43:21.251075 n-d-789963-10 sudo[134615]: pam_unix(sudo:session): session opened for user root by (uid=0)
Sep 17 22:43:21.841510 n-d-789963-10 sudo[134615]: pam_unix(sudo:session): session closed for user root
Sep 17 22:43:21.845188 n-d-789963-10 cinder-volume[102871]: DEBUG oslo_concurrency.processutils [None req-b2ddba26-706e-4302-b62a-249eae10e89a tempest-AttachVolumeTestJSON-531237602 None] CMD "sudo cinder-rootwrap /etc/cinder/rootwrap.conf lvremove --config activation { retry_deactivation = 1} -f stack-volumes-lvmdriver-1/volume-b3795a7c-2d3b-4e48-a3a7-f97b3c061865" returned: 0 in 0.632s {{(pid=102871) execute /usr/local/lib/python3.8/dist-packages/oslo_concurrency/processutils.py:422}}
Sep 17 22:43:21.847214 n-d-789963-10 cinder-volume[102871]: INFO cinder.volume.drivers.lvm [None req-b2ddba26-706e-4302-b62a-249eae10e89a tempest-AttachVolumeTestJSON-531237602 None] Successfully deleted volume: b3795a7c-2d3b-4e48-a3a7-f97b3c061865
Sep 17 22:43:21.904260 n-d-789963-10 cinder-volume[102871]: DEBUG cinder.quota [None req-b2ddba26-706e-4302-b62a-249eae10e89a tempest-AttachVolumeTestJSON-531237602 None] Created reservations ['070500dc-2706-455e-aa5a-e21bfd541216', '4ee09db3-8f2e-465d-b096-a029d8751849', '3177c118-6b57-45fe-b802-8ebafb40f489', '6044f760-f428-40de-8dfe-7096568f718f'] {{(pid=102871) reserve /opt/stack/cinder/cinder/quota.py:755}}
Sep 17 22:43:21.956740 n-d-789963-10 cinder-volume[102871]: DEBUG cinder.volume.drivers.lvm [None req-b2ddba26-706e-4302-b62a-249eae10e89a tempest-AttachVolumeTestJSON-531237602 None] Updating volume stats {{(pid=102871) _update_volume_stats /opt/stack/cinder/cinder/volume/drivers/lvm.py:213}}
Sep 17 22:43:21.957896 n-d-789963-10 cinder-volume[102871]: DEBUG oslo_concurrency.processutils [None req-b2ddba26-706e-4302-b62a-249eae10e89a tempest-AttachVolumeTestJSON-531237602 None] Running cmd (subprocess): sudo cinder-rootwrap /etc/cinder/rootwrap.conf env LC_ALL=C vgs --noheadings --unit=g -o name,size,free,lv_count,uuid --separator : --nosuffix stack-volumes-lvmdriver-1 {{(pid=102871) execute /usr/local/lib/python3.8/dist-packages/oslo_concurrency/processutils.py:384}}
Sep 17 22:43:21.986489 n-d-789963-10 sudo[134637]: ubuntu : TTY=unknown ; PWD=/ ; USER=root ; COMMAND=/usr/local/bin/cinder-rootwrap /etc/cinder/rootwrap.conf env LC_ALL=C vgs --noheadings --unit=g -o name,size,free,lv_count,uuid --separator : --nosuffix stack-volumes-lvmdriver-1
Sep 17 22:43:21.987876 n-d-789963-10 sudo[134637]: pam_unix(sudo:session): session opened for user root by (uid=0)
Sep 17 22:43:22.626095 n-d-789963-10 sudo[134637]: pam_unix(sudo:session): session closed for user root
Sep 17 22:43:22.628580 n-d-789963-10 cinder-volume[102871]: DEBUG oslo_concurrency.processutils [None req-b2ddba26-706e-4302-b62a-249eae10e89a tempest-AttachVolumeTestJSON-531237602 None] CMD "sudo cinder-rootwrap /etc/cinder/rootwrap.conf env LC_ALL=C vgs --noheadings --unit=g -o name,size,free,lv_count,uuid --separator : --nosuffix stack-volumes-lvmdriver-1" returned: 0 in 0.670s {{(pid=102871) execute /usr/local/lib/python3.8/dist-packages/oslo_concurrency/processutils.py:422}}
Sep 17 22:43:22.631665 n-d-789963-10 cinder-volume[102871]: DEBUG oslo_concurrency.processutils [None req-b2ddba26-706e-4302-b62a-249eae10e89a tempest-AttachVolumeTestJSON-531237602 None] Running cmd (subprocess): sudo cinder-rootwrap /etc/cinder/rootwrap.conf env LC_ALL=C lvs --noheadings --unit=g -o vg_name,name,size --nosuffix --readonly stack-volumes-lvmdriver-1 {{(pid=102871) execute /usr/local/lib/python3.8/dist-packages/oslo_concurrency/processutils.py:384}}
Sep 17 22:43:22.658278 n-d-789963-10 sudo[134657]: ubuntu : TTY=unknown ; PWD=/ ; USER=root ; COMMAND=/usr/local/bin/cinder-rootwrap /etc/cinder/rootwrap.conf env LC_ALL=C lvs --noheadings --unit=g -o vg_name,name,size --nosuffix --readonly stack-volumes-lvmdriver-1
Sep 17 22:43:22.660297 n-d-789963-10 sudo[134657]: pam_unix(sudo:session): session opened for user root by (uid=0)
Sep 17 22:43:22.752215 n-d-789963-10 cinder-volume[102871]: DEBUG cinder.coordination [None req-1ce4b575-77b7-495f-ba89-31cbf4f4822d tempest-AttachVolumeTestJSON-531237602 None] Lock "b'cinder-404f6b3e-7274-4506-ad4d-75ac345c12ad-delete_volume'" acquired by "delete_volume" :: waited 0.025s {{(pid=102871) _synchronized /opt/stack/cinder/cinder/coordination.py:181}}
Sep 17 22:43:22.847288 n-d-789963-10 cinder-volume[102871]: DEBUG oslo_concurrency.lockutils [None req-1ce4b575-77b7-495f-ba89-31cbf4f4822d tempest-AttachVolumeTestJSON-531237602 None] Lock "lioadm" acquired by "cinder.volume.targets.lio.LioAdm._execute" :: waited 0.001s {{(pid=102871) inner /usr/local/lib/python3.8/dist-packages/oslo_concurrency/lockutils.py:355}}
Sep 17 22:43:22.850138 n-d-789963-10 cinder-volume[102871]: DEBUG oslo_concurrency.processutils [None req-1ce4b575-77b7-495f-ba89-31cbf4f4822d tempest-AttachVolumeTestJSON-531237602 None] Running cmd (subprocess): sudo cinder-rootwrap /etc/cinder/rootwrap.conf cinder-rtstool get-targets {{(pid=102871) execute /usr/local/lib/python3.8/dist-packages/oslo_concurrency/processutils.py:384}}
Sep 17 22:43:22.886047 n-d-789963-10 sudo[134659]: ubuntu : TTY=unknown ; PWD=/ ; USER=root ; COMMAND=/usr/local/bin/cinder-rootwrap /etc/cinder/rootwrap.conf cinder-rtstool get-targets
Sep 17 22:43:22.887500 n-d-789963-10 sudo[134659]: pam_unix(sudo:session): session opened for user root by (uid=0)
Sep 17 22:43:23.330947 n-d-789963-10 sudo[134657]: pam_unix(sudo:session): session closed for user root
Sep 17 22:43:23.335114 n-d-789963-10 cinder-volume[102871]: DEBUG oslo_concurrency.processutils [None req-b2ddba26-706e-4302-b62a-249eae10e89a tempest-AttachVolumeTestJSON-531237602 None] CMD "sudo cinder-rootwrap /etc/cinder/rootwrap.conf env LC_ALL=C lvs --noheadings --unit=g -o vg_name,name,size --nosuffix --readonly stack-volumes-lvmdriver-1" returned: 0 in 0.702s {{(pid=102871) execute /usr/local/lib/python3.8/dist-packages/oslo_concurrency/processutils.py:422}}
Sep 17 22:43:23.337211 n-d-789963-10 cinder-volume[102871]: DEBUG cinder.manager [None req-b2ddba26-706e-4302-b62a-249eae10e89a tempest-AttachVolumeTestJSON-531237602 None] Notifying Schedulers of capabilities ... {{(pid=102871) _publish_service_capabilities /opt/stack/cinder/cinder/manager.py:202}}
Sep 17 22:43:23.345610 n-d-789963-10 cinder-volume[102871]: INFO cinder.volume.manager [None req-b2ddba26-706e-4302-b62a-249eae10e89a tempest-AttachVolumeTestJSON-531237602 None] Deleted volume successfully.
Sep 17 22:43:23.385109 n-d-789963-10 cinder-volume[102871]: DEBUG cinder.coordination [None req-b2ddba26-706e-4302-b62a-249eae10e89a tempest-AttachVolumeTestJSON-531237602 None] Lock "b'cinder-b3795a7c-2d3b-4e48-a3a7-f97b3c061865-delete_volume'" released by "delete_volume" :: held 4.273s {{(pid=102871) _synchronized /opt/stack/cinder/cinder/coordination.py:193}}
Sep 17 22:43:24.066632 n-d-789963-10 sudo[134659]: pam_unix(sudo:session): session closed for user root
Sep 17 22:43:24.068378 n-d-789963-10 cinder-volume[102871]: DEBUG oslo_concurrency.processutils [None req-1ce4b575-77b7-495f-ba89-31cbf4f4822d tempest-AttachVolumeTestJSON-531237602 None] CMD "sudo cinder-rootwrap /etc/cinder/rootwrap.conf cinder-rtstool get-targets" returned: 0 in 1.220s {{(pid=102871) execute /usr/local/lib/python3.8/dist-packages/oslo_concurrency/processutils.py:422}}
Sep 17 22:43:24.069708 n-d-789963-10 cinder-volume[102871]: DEBUG oslo_concurrency.lockutils [None req-1ce4b575-77b7-495f-ba89-31cbf4f4822d tempest-AttachVolumeTestJSON-531237602 None] Lock "lioadm" released by "cinder.volume.targets.lio.LioAdm._execute" :: held 1.223s {{(pid=102871) inner /usr/local/lib/python3.8/dist-packages/oslo_concurrency/lockutils.py:367}}
Sep 17 22:43:24.070744 n-d-789963-10 cinder-volume[102871]: INFO cinder.volume.targets.iscsi [None req-1ce4b575-77b7-495f-ba89-31cbf4f4822d tempest-AttachVolumeTestJSON-531237602 None] Skipping remove_export. No iscsi_target is presently exported for volume: 404f6b3e-7274-4506-ad4d-75ac345c12ad
Sep 17 22:43:24.072398 n-d-789963-10 cinder-volume[102871]: DEBUG oslo_concurrency.processutils [None req-1ce4b575-77b7-495f-ba89-31cbf4f4822d tempest-AttachVolumeTestJSON-531237602 None] Running cmd (subprocess): sudo cinder-rootwrap /etc/cinder/rootwrap.conf env LC_ALL=C lvs --noheadings --unit=g -o vg_name,name,size --nosuffix --readonly stack-volumes-lvmdriver-1/volume-404f6b3e-7274-4506-ad4d-75ac345c12ad {{(pid=102871) execute /usr/local/lib/python3.8/dist-packages/oslo_concurrency/processutils.py:384}}
Sep 17 22:43:24.118167 n-d-789963-10 sudo[134711]: ubuntu : TTY=unknown ; PWD=/ ; USER=root ; COMMAND=/usr/local/bin/cinder-rootwrap /etc/cinder/rootwrap.conf env LC_ALL=C lvs --noheadings --unit=g -o vg_name,name,size --nosuffix --readonly stack-volumes-lvmdriver-1/volume-404f6b3e-7274-4506-ad4d-75ac345c12ad
Sep 17 22:43:24.120578 n-d-789963-10 sudo[134711]: pam_unix(sudo:session): session opened for user root by (uid=0)
Sep 17 22:43:24.742488 n-d-789963-10 sudo[134711]: pam_unix(sudo:session): session closed for user root
Sep 17 22:43:24.744812 n-d-789963-10 cinder-volume[102871]: DEBUG oslo_concurrency.processutils [None req-1ce4b575-77b7-495f-ba89-31cbf4f4822d tempest-AttachVolumeTestJSON-531237602 None] CMD "sudo cinder-rootwrap /etc/cinder/rootwrap.conf env LC_ALL=C lvs --noheadings --unit=g -o vg_name,name,size --nosuffix --readonly stack-volumes-lvmdriver-1/volume-404f6b3e-7274-4506-ad4d-75ac345c12ad" returned: 0 in 0.672s {{(pid=102871) execute /usr/local/lib/python3.8/dist-packages/oslo_concurrency/processutils.py:422}}
Sep 17 22:43:24.747458 n-d-789963-10 cinder-volume[102871]: DEBUG oslo_concurrency.processutils [None req-1ce4b575-77b7-495f-ba89-31cbf4f4822d tempest-AttachVolumeTestJSON-531237602 None] Running cmd (subprocess): sudo cinder-rootwrap /etc/cinder/rootwrap.conf env LC_ALL=C lvdisplay --noheading -C -o Attr --readonly stack-volumes-lvmdriver-1/volume-404f6b3e-7274-4506-ad4d-75ac345c12ad {{(pid=102871) execute /usr/local/lib/python3.8/dist-packages/oslo_concurrency/processutils.py:384}}
Sep 17 22:43:24.787851 n-d-789963-10 sudo[134733]: ubuntu : TTY=unknown ; PWD=/ ; USER=root ; COMMAND=/usr/local/bin/cinder-rootwrap /etc/cinder/rootwrap.conf env LC_ALL=C lvdisplay --noheading -C -o Attr --readonly stack-volumes-lvmdriver-1/volume-404f6b3e-7274-4506-ad4d-75ac345c12ad
Sep 17 22:43:24.793408 n-d-789963-10 sudo[134733]: pam_unix(sudo:session): session opened for user root by (uid=0)
Sep 17 22:43:25.642811 n-d-789963-10 sudo[134733]: pam_unix(sudo:session): session closed for user root
Sep 17 22:43:25.646408 n-d-789963-10 cinder-volume[102871]: DEBUG oslo_concurrency.processutils [None req-1ce4b575-77b7-495f-ba89-31cbf4f4822d tempest-AttachVolumeTestJSON-531237602 None] CMD "sudo cinder-rootwrap /etc/cinder/rootwrap.conf env LC_ALL=C lvdisplay --noheading -C -o Attr --readonly stack-volumes-lvmdriver-1/volume-404f6b3e-7274-4506-ad4d-75ac345c12ad" returned: 0 in 0.898s {{(pid=102871) execute /usr/local/lib/python3.8/dist-packages/oslo_concurrency/processutils.py:422}}
Sep 17 22:43:25.649346 n-d-789963-10 cinder-volume[102871]: DEBUG oslo_concurrency.processutils [None req-1ce4b575-77b7-495f-ba89-31cbf4f4822d tempest-AttachVolumeTestJSON-531237602 None] Running cmd (subprocess): sudo cinder-rootwrap /etc/cinder/rootwrap.conf lvremove --config activation { retry_deactivation = 1} -f stack-volumes-lvmdriver-1/volume-404f6b3e-7274-4506-ad4d-75ac345c12ad {{(pid=102871) execute /usr/local/lib/python3.8/dist-packages/oslo_concurrency/processutils.py:384}}
Sep 17 22:43:25.683568 n-d-789963-10 sudo[134774]: ubuntu : TTY=unknown ; PWD=/ ; USER=root ; COMMAND=/usr/local/bin/cinder-rootwrap /etc/cinder/rootwrap.conf lvremove --config activation { retry_deactivation = 1} -f stack-volumes-lvmdriver-1/volume-404f6b3e-7274-4506-ad4d-75ac345c12ad
Sep 17 22:43:25.686076 n-d-789963-10 sudo[134774]: pam_unix(sudo:session): session opened for user root by (uid=0)
Sep 17 22:43:26.304868 n-d-789963-10 sudo[134774]: pam_unix(sudo:session): session closed for user root
Sep 17 22:43:26.307629 n-d-789963-10 cinder-volume[102871]: DEBUG oslo_concurrency.processutils [None req-1ce4b575-77b7-495f-ba89-31cbf4f4822d tempest-AttachVolumeTestJSON-531237602 None] CMD "sudo cinder-rootwrap /etc/cinder/rootwrap.conf lvremove --config activation { retry_deactivation = 1} -f stack-volumes-lvmdriver-1/volume-404f6b3e-7274-4506-ad4d-75ac345c12ad" returned: 0 in 0.657s {{(pid=102871) execute /usr/local/lib/python3.8/dist-packages/oslo_concurrency/processutils.py:422}}
Sep 17 22:43:26.309396 n-d-789963-10 cinder-volume[102871]: INFO cinder.volume.drivers.lvm [None req-1ce4b575-77b7-495f-ba89-31cbf4f4822d tempest-AttachVolumeTestJSON-531237602 None] Successfully deleted volume: 404f6b3e-7274-4506-ad4d-75ac345c12ad
Sep 17 22:43:26.351579 n-d-789963-10 cinder-volume[102871]: DEBUG cinder.quota [None req-1ce4b575-77b7-495f-ba89-31cbf4f4822d tempest-AttachVolumeTestJSON-531237602 None] Created reservations ['fbe102e4-e5da-4ead-994b-a5485a1d1446', 'da80ed54-c0c7-4f8f-a857-6862d505c63a', '51aebb8d-8fd0-4646-b9ca-f335a463b528', '3411fa72-2835-451b-b001-632e98167df6'] {{(pid=102871) reserve /opt/stack/cinder/cinder/quota.py:755}}
Sep 17 22:43:26.428697 n-d-789963-10 cinder-volume[102871]: DEBUG cinder.volume.drivers.lvm [None req-1ce4b575-77b7-495f-ba89-31cbf4f4822d tempest-AttachVolumeTestJSON-531237602 None] Updating volume stats {{(pid=102871) _update_volume_stats /opt/stack/cinder/cinder/volume/drivers/lvm.py:213}}
Sep 17 22:43:26.429672 n-d-789963-10 cinder-volume[102871]: DEBUG oslo_concurrency.processutils [None req-1ce4b575-77b7-495f-ba89-31cbf4f4822d tempest-AttachVolumeTestJSON-531237602 None] Running cmd (subprocess): sudo cinder-rootwrap /etc/cinder/rootwrap.conf env LC_ALL=C vgs --noheadings --unit=g -o name,size,free,lv_count,uuid --separator : --nosuffix stack-volumes-lvmdriver-1 {{(pid=102871) execute /usr/local/lib/python3.8/dist-packages/oslo_concurrency/processutils.py:384}}
