May 14 17:53:15.440928 n-d-787206-3 devstack@placement-api.service[80042]: [pid: 80042|app: 0|req: 27/58] 10.222.0.24 () {58 vars in 1274 bytes} [Fri May 14 17:53:15 2021] GET /placement/resource_providers?name=n-h1-787206-3 => generated 440 bytes in 16 msecs (HTTP/1.1 200) 6 headers in 224 bytes (1 switches on core 0)
May 14 17:53:15.445386 n-d-787206-3 devstack@placement-api.service[80041]: DEBUG placement.requestlog [req-6bc50977-a380-457b-a81f-563859696a8f req-66fb28d1-d76e-4ebe-984f-f1cac589fd26 None None] Starting request: 10.222.0.24 "GET /placement/resource_providers/89c615c5-3a6f-43aa-adf2-c1556605ce6c/aggregates" {{(pid=80041) __call__ /opt/stack/placement/placement/requestlog.py:55}}
May 14 17:53:15.461678 n-d-787206-3 devstack@placement-api.service[80041]: INFO placement.requestlog [req-6bc50977-a380-457b-a81f-563859696a8f req-66fb28d1-d76e-4ebe-984f-f1cac589fd26 service placement] 10.222.0.24 "GET /placement/resource_providers/89c615c5-3a6f-43aa-adf2-c1556605ce6c/aggregates" status: 200 len: 91 microversion: 1.19
May 14 17:53:15.469539 n-d-787206-3 devstack@placement-api.service[80041]: [pid: 80041|app: 0|req: 32/59] 10.222.0.24 () {60 vars in 1425 bytes} [Fri May 14 17:53:15 2021] GET /placement/resource_providers/89c615c5-3a6f-43aa-adf2-c1556605ce6c/aggregates => generated 91 bytes in 24 msecs (HTTP/1.1 200) 8 headers in 295 bytes (1 switches on core 0)
May 14 17:53:15.470168 n-d-787206-3 devstack@placement-api.service[80042]: DEBUG placement.requestlog [req-6bc50977-a380-457b-a81f-563859696a8f req-62c63ed0-ed70-41c7-b3bf-9d7db9a575d9 None None] Starting request: 10.222.0.24 "PUT /placement/resource_providers/89c615c5-3a6f-43aa-adf2-c1556605ce6c/aggregates" {{(pid=80042) __call__ /opt/stack/placement/placement/requestlog.py:55}}
May 14 17:53:15.485795 n-d-787206-3 devstack@placement-api.service[80042]: DEBUG placement.objects.resource_provider [req-6bc50977-a380-457b-a81f-563859696a8f req-62c63ed0-ed70-41c7-b3bf-9d7db9a575d9 service placement] Setting aggregates for provider 89c615c5-3a6f-43aa-adf2-c1556605ce6c. Successfully disassociated aggregate 5abe1369-9195-4a41-ae34-be30fa1c5f6c. {{(pid=80042) _set_aggregates /opt/stack/placement/placement/objects/resource_provider.py:402}}
May 14 17:53:15.494861 n-d-787206-3 devstack@placement-api.service[80042]: INFO placement.requestlog [req-6bc50977-a380-457b-a81f-563859696a8f req-62c63ed0-ed70-41c7-b3bf-9d7db9a575d9 service placement] 10.222.0.24 "PUT /placement/resource_providers/89c615c5-3a6f-43aa-adf2-c1556605ce6c/aggregates" status: 200 len: 53 microversion: 1.19
May 14 17:53:15.495845 n-d-787206-3 devstack@placement-api.service[80042]: [pid: 80042|app: 0|req: 28/60] 10.222.0.24 () {64 vars in 1477 bytes} [Fri May 14 17:53:15 2021] PUT /placement/resource_providers/89c615c5-3a6f-43aa-adf2-c1556605ce6c/aggregates => generated 53 bytes in 26 msecs (HTTP/1.1 200) 8 headers in 295 bytes (2 switches on core 0)
May 14 17:53:15.969081 n-d-787206-3 devstack@placement-api.service[80041]: DEBUG placement.requestlog [req-0b55c8d9-5eae-432f-ba6a-f7fba0c29c37 req-e355d2f0-c2b5-4a7c-9b9a-b02f6ed4e247 None None] Starting request: 10.222.0.24 "GET /placement/resource_providers?name=n-h1-787206-3" {{(pid=80041) __call__ /opt/stack/placement/placement/requestlog.py:55}}
May 14 17:53:15.981769 n-d-787206-3 devstack@placement-api.service[80041]: INFO placement.requestlog [req-0b55c8d9-5eae-432f-ba6a-f7fba0c29c37 req-e355d2f0-c2b5-4a7c-9b9a-b02f6ed4e247 service placement] 10.222.0.24 "GET /placement/resource_providers?name=n-h1-787206-3" status: 200 len: 440 microversion: 1.0
May 14 17:53:15.982525 n-d-787206-3 devstack@placement-api.service[80041]: [pid: 80041|app: 0|req: 33/61] 10.222.0.24 () {58 vars in 1274 bytes} [Fri May 14 17:53:15 2021] GET /placement/resource_providers?name=n-h1-787206-3 => generated 440 bytes in 14 msecs (HTTP/1.1 200) 6 headers in 224 bytes (1 switches on core 0)
May 14 17:53:15.990673 n-d-787206-3 devstack@placement-api.service[80042]: DEBUG placement.requestlog [req-0b55c8d9-5eae-432f-ba6a-f7fba0c29c37 req-abc209f9-0e45-43de-99d5-f7f62111befd None None] Starting request: 10.222.0.24 "GET /placement/resource_providers/89c615c5-3a6f-43aa-adf2-c1556605ce6c/aggregates" {{(pid=80042) __call__ /opt/stack/placement/placement/requestlog.py:55}}
May 14 17:53:16.008462 n-d-787206-3 devstack@placement-api.service[80042]: INFO placement.requestlog [req-0b55c8d9-5eae-432f-ba6a-f7fba0c29c37 req-abc209f9-0e45-43de-99d5-f7f62111befd service placement] 10.222.0.24 "GET /placement/resource_providers/89c615c5-3a6f-43aa-adf2-c1556605ce6c/aggregates" status: 200 len: 53 microversion: 1.19
May 14 17:53:16.015154 n-d-787206-3 devstack@placement-api.service[80042]: [pid: 80042|app: 0|req: 29/62] 10.222.0.24 () {60 vars in 1425 bytes} [Fri May 14 17:53:15 2021] GET /placement/resource_providers/89c615c5-3a6f-43aa-adf2-c1556605ce6c/aggregates => generated 53 bytes in 25 msecs (HTTP/1.1 200) 8 headers in 295 bytes (1 switches on core 0)
May 14 17:53:16.016786 n-d-787206-3 devstack@placement-api.service[80041]: DEBUG placement.requestlog [req-0b55c8d9-5eae-432f-ba6a-f7fba0c29c37 req-ab5213c6-a96e-4eca-95f6-3078396c9ef7 None None] Starting request: 10.222.0.24 "PUT /placement/resource_providers/89c615c5-3a6f-43aa-adf2-c1556605ce6c/aggregates" {{(pid=80041) __call__ /opt/stack/placement/placement/requestlog.py:55}}
May 14 17:53:16.034685 n-d-787206-3 devstack@placement-api.service[80041]: DEBUG placement.objects.resource_provider [req-0b55c8d9-5eae-432f-ba6a-f7fba0c29c37 req-ab5213c6-a96e-4eca-95f6-3078396c9ef7 service placement] _ensure_aggregate() did not find aggregate 41aed1ea-8f7c-4022-b28f-e8aa56233a99. Attempting to create it. {{(pid=80041) _ensure_aggregate /opt/stack/placement/placement/objects/resource_provider.py:319}}
May 14 17:53:16.036948 n-d-787206-3 devstack@placement-api.service[80041]: DEBUG placement.objects.resource_provider [req-0b55c8d9-5eae-432f-ba6a-f7fba0c29c37 req-ab5213c6-a96e-4eca-95f6-3078396c9ef7 service placement] _ensure_aggregate() created new aggregate 41aed1ea-8f7c-4022-b28f-e8aa56233a99 (id=3). {{(pid=80041) _ensure_aggregate /opt/stack/placement/placement/objects/resource_provider.py:325}}
May 14 17:53:16.038223 n-d-787206-3 devstack@placement-api.service[80041]: DEBUG placement.objects.resource_provider [req-0b55c8d9-5eae-432f-ba6a-f7fba0c29c37 req-ab5213c6-a96e-4eca-95f6-3078396c9ef7 service placement] Setting aggregates for provider 89c615c5-3a6f-43aa-adf2-c1556605ce6c. Successfully associated aggregate 41aed1ea-8f7c-4022-b28f-e8aa56233a99. {{(pid=80041) _set_aggregates /opt/stack/placement/placement/objects/resource_provider.py:387}}
May 14 17:53:16.045584 n-d-787206-3 devstack@placement-api.service[80041]: INFO placement.requestlog [req-0b55c8d9-5eae-432f-ba6a-f7fba0c29c37 req-ab5213c6-a96e-4eca-95f6-3078396c9ef7 service placement] 10.222.0.24 "PUT /placement/resource_providers/89c615c5-3a6f-43aa-adf2-c1556605ce6c/aggregates" status: 200 len: 92 microversion: 1.19
May 14 17:53:16.046404 n-d-787206-3 devstack@placement-api.service[80041]: [pid: 80041|app: 0|req: 34/63] 10.222.0.24 () {64 vars in 1477 bytes} [Fri May 14 17:53:16 2021] PUT /placement/resource_providers/89c615c5-3a6f-43aa-adf2-c1556605ce6c/aggregates => generated 92 bytes in 30 msecs (HTTP/1.1 200) 8 headers in 295 bytes (1 switches on core 0)
May 14 17:53:16.140660 n-d-787206-3 devstack@placement-api.service[80042]: DEBUG placement.requestlog [req-f9fac79c-2d73-4b29-9564-b36fdd779d29 req-dd091ebb-a5e4-45fd-8dd7-730662304026 None None] Starting request: 10.222.0.24 "GET /placement/resource_providers?name=n-h1-787206-3" {{(pid=80042) __call__ /opt/stack/placement/placement/requestlog.py:55}}
May 14 17:53:16.151962 n-d-787206-3 devstack@placement-api.service[80042]: INFO placement.requestlog [req-f9fac79c-2d73-4b29-9564-b36fdd779d29 req-dd091ebb-a5e4-45fd-8dd7-730662304026 service placement] 10.222.0.24 "GET /placement/resource_providers?name=n-h1-787206-3" status: 200 len: 441 microversion: 1.0
May 14 17:53:16.152171 n-d-787206-3 devstack@placement-api.service[80042]: [pid: 80042|app: 0|req: 30/64] 10.222.0.24 () {58 vars in 1274 bytes} [Fri May 14 17:53:16 2021] GET /placement/resource_providers?name=n-h1-787206-3 => generated 441 bytes in 12 msecs (HTTP/1.1 200) 6 headers in 224 bytes (1 switches on core 0)
May 14 17:53:16.158085 n-d-787206-3 devstack@placement-api.service[80041]: DEBUG placement.requestlog [req-f9fac79c-2d73-4b29-9564-b36fdd779d29 req-67128d0b-319d-41ab-b997-ed2220fa1695 None None] Starting request: 10.222.0.24 "GET /placement/resource_providers/89c615c5-3a6f-43aa-adf2-c1556605ce6c/aggregates" {{(pid=80041) __call__ /opt/stack/placement/placement/requestlog.py:55}}
May 14 17:53:16.171165 n-d-787206-3 devstack@placement-api.service[80041]: INFO placement.requestlog [req-f9fac79c-2d73-4b29-9564-b36fdd779d29 req-67128d0b-319d-41ab-b997-ed2220fa1695 service placement] 10.222.0.24 "GET /placement/resource_providers/89c615c5-3a6f-43aa-adf2-c1556605ce6c/aggregates" status: 200 len: 92 microversion: 1.19
May 14 17:53:16.171404 n-d-787206-3 devstack@placement-api.service[80041]: [pid: 80041|app: 0|req: 35/65] 10.222.0.24 () {60 vars in 1425 bytes} [Fri May 14 17:53:16 2021] GET /placement/resource_providers/89c615c5-3a6f-43aa-adf2-c1556605ce6c/aggregates => generated 92 bytes in 13 msecs (HTTP/1.1 200) 8 headers in 295 bytes (1 switches on core 0)
May 14 17:53:16.177228 n-d-787206-3 devstack@placement-api.service[80042]: DEBUG placement.requestlog [req-f9fac79c-2d73-4b29-9564-b36fdd779d29 req-0162688c-f9db-421b-b84f-9ac59dbe3a93 None None] Starting request: 10.222.0.24 "PUT /placement/resource_providers/89c615c5-3a6f-43aa-adf2-c1556605ce6c/aggregates" {{(pid=80042) __call__ /opt/stack/placement/placement/requestlog.py:55}}
May 14 17:53:16.191190 n-d-787206-3 devstack@placement-api.service[80042]: DEBUG placement.objects.resource_provider [req-f9fac79c-2d73-4b29-9564-b36fdd779d29 req-0162688c-f9db-421b-b84f-9ac59dbe3a93 service placement] Setting aggregates for provider 89c615c5-3a6f-43aa-adf2-c1556605ce6c. Successfully disassociated aggregate 41aed1ea-8f7c-4022-b28f-e8aa56233a99. {{(pid=80042) _set_aggregates /opt/stack/placement/placement/objects/resource_provider.py:402}}
May 14 17:53:16.197009 n-d-787206-3 devstack@placement-api.service[80042]: INFO placement.requestlog [req-f9fac79c-2d73-4b29-9564-b36fdd779d29 req-0162688c-f9db-421b-b84f-9ac59dbe3a93 service placement] 10.222.0.24 "PUT /placement/resource_providers/89c615c5-3a6f-43aa-adf2-c1556605ce6c/aggregates" status: 200 len: 54 microversion: 1.19
May 14 17:53:16.197234 n-d-787206-3 devstack@placement-api.service[80042]: [pid: 80042|app: 0|req: 31/66] 10.222.0.24 () {64 vars in 1477 bytes} [Fri May 14 17:53:16 2021] PUT /placement/resource_providers/89c615c5-3a6f-43aa-adf2-c1556605ce6c/aggregates => generated 54 bytes in 20 msecs (HTTP/1.1 200) 8 headers in 295 bytes (2 switches on core 0)
May 14 17:53:16.353331 n-d-787206-3 devstack@placement-api.service[80041]: DEBUG placement.requestlog [req-53249d49-2c58-4bf3-ae01-5b03a4e0959f req-1d76548b-7291-4445-8a8d-afc8ca05320d None None] Starting request: 10.222.0.24 "GET /placement/resource_providers?name=n-h1-787206-3" {{(pid=80041) __call__ /opt/stack/placement/placement/requestlog.py:55}}
May 14 17:53:16.365091 n-d-787206-3 devstack@placement-api.service[80041]: INFO placement.requestlog [req-53249d49-2c58-4bf3-ae01-5b03a4e0959f req-1d76548b-7291-4445-8a8d-afc8ca05320d service placement] 10.222.0.24 "GET /placement/resource_providers?name=n-h1-787206-3" status: 200 len: 441 microversion: 1.0
May 14 17:53:16.365628 n-d-787206-3 devstack@placement-api.service[80041]: [pid: 80041|app: 0|req: 36/67] 10.222.0.24 () {58 vars in 1274 bytes} [Fri May 14 17:53:16 2021] GET /placement/resource_providers?name=n-h1-787206-3 => generated 441 bytes in 12 msecs (HTTP/1.1 200) 6 headers in 224 bytes (1 switches on core 0)
May 14 17:53:16.371409 n-d-787206-3 devstack@placement-api.service[80042]: DEBUG placement.requestlog [req-53249d49-2c58-4bf3-ae01-5b03a4e0959f req-7952b9bd-d5b9-472a-98f5-039181d1339a None None] Starting request: 10.222.0.24 "GET /placement/resource_providers/89c615c5-3a6f-43aa-adf2-c1556605ce6c/aggregates" {{(pid=80042) __call__ /opt/stack/placement/placement/requestlog.py:55}}
May 14 17:53:16.383729 n-d-787206-3 devstack@placement-api.service[80042]: INFO placement.requestlog [req-53249d49-2c58-4bf3-ae01-5b03a4e0959f req-7952b9bd-d5b9-472a-98f5-039181d1339a service placement] 10.222.0.24 "GET /placement/resource_providers/89c615c5-3a6f-43aa-adf2-c1556605ce6c/aggregates" status: 200 len: 54 microversion: 1.19
May 14 17:53:16.383931 n-d-787206-3 devstack@placement-api.service[80042]: [pid: 80042|app: 0|req: 32/68] 10.222.0.24 () {60 vars in 1425 bytes} [Fri May 14 17:53:16 2021] GET /placement/resource_providers/89c615c5-3a6f-43aa-adf2-c1556605ce6c/aggregates => generated 54 bytes in 13 msecs (HTTP/1.1 200) 8 headers in 295 bytes (2 switches on core 0)
May 14 17:53:16.390009 n-d-787206-3 devstack@placement-api.service[80041]: DEBUG placement.requestlog [req-53249d49-2c58-4bf3-ae01-5b03a4e0959f req-7664c20c-8b3e-453c-829f-724ddb2a1c5c None None] Starting request: 10.222.0.24 "PUT /placement/resource_providers/89c615c5-3a6f-43aa-adf2-c1556605ce6c/aggregates" {{(pid=80041) __call__ /opt/stack/placement/placement/requestlog.py:55}}
May 14 17:53:16.392063 n-d-787206-3 devstack@placement-api.service[80042]: DEBUG placement.requestlog [req-0c6d1204-328d-4657-bb8e-7bed1cf54d71 req-76c0f620-3b05-4ad7-aff0-18b9e4a84546 None None] Starting request: 10.222.0.22 "GET /placement/allocations/77c6daa1-60f3-4d1c-bf79-54404df7d017" {{(pid=80042) __call__ /opt/stack/placement/placement/requestlog.py:55}}
May 14 17:53:16.404623 n-d-787206-3 devstack@placement-api.service[80041]: DEBUG placement.objects.resource_provider [req-53249d49-2c58-4bf3-ae01-5b03a4e0959f req-7664c20c-8b3e-453c-829f-724ddb2a1c5c service placement] _ensure_aggregate() did not find aggregate bfe9177f-b1c2-4521-9fc3-5e9fd5368b37. Attempting to create it. {{(pid=80041) _ensure_aggregate /opt/stack/placement/placement/objects/resource_provider.py:319}}
May 14 17:53:16.405783 n-d-787206-3 devstack@placement-api.service[80041]: DEBUG placement.objects.resource_provider [req-53249d49-2c58-4bf3-ae01-5b03a4e0959f req-7664c20c-8b3e-453c-829f-724ddb2a1c5c service placement] _ensure_aggregate() created new aggregate bfe9177f-b1c2-4521-9fc3-5e9fd5368b37 (id=4). {{(pid=80041) _ensure_aggregate /opt/stack/placement/placement/objects/resource_provider.py:325}}
May 14 17:53:16.406838 n-d-787206-3 devstack@placement-api.service[80041]: DEBUG placement.objects.resource_provider [req-53249d49-2c58-4bf3-ae01-5b03a4e0959f req-7664c20c-8b3e-453c-829f-724ddb2a1c5c service placement] Setting aggregates for provider 89c615c5-3a6f-43aa-adf2-c1556605ce6c. Successfully associated aggregate bfe9177f-b1c2-4521-9fc3-5e9fd5368b37. {{(pid=80041) _set_aggregates /opt/stack/placement/placement/objects/resource_provider.py:387}}
May 14 17:53:16.408097 n-d-787206-3 devstack@placement-api.service[80042]: INFO placement.requestlog [req-0c6d1204-328d-4657-bb8e-7bed1cf54d71 req-76c0f620-3b05-4ad7-aff0-18b9e4a84546 service placement] 10.222.0.22 "GET /placement/allocations/77c6daa1-60f3-4d1c-bf79-54404df7d017" status: 200 len: 259 microversion: 1.28
May 14 17:53:16.408327 n-d-787206-3 devstack@placement-api.service[80042]: [pid: 80042|app: 0|req: 33/69] 10.222.0.22 () {60 vars in 1378 bytes} [Fri May 14 17:53:16 2021] GET /placement/allocations/77c6daa1-60f3-4d1c-bf79-54404df7d017 => generated 259 bytes in 16 msecs (HTTP/1.1 200) 8 headers in 296 bytes (1 switches on core 0)
May 14 17:53:16.413547 n-d-787206-3 devstack@placement-api.service[80041]: INFO placement.requestlog [req-53249d49-2c58-4bf3-ae01-5b03a4e0959f req-7664c20c-8b3e-453c-829f-724ddb2a1c5c service placement] 10.222.0.24 "PUT /placement/resource_providers/89c615c5-3a6f-43aa-adf2-c1556605ce6c/aggregates" status: 200 len: 92 microversion: 1.19
May 14 17:53:16.413787 n-d-787206-3 devstack@placement-api.service[80041]: [pid: 80041|app: 0|req: 37/70] 10.222.0.24 () {64 vars in 1477 bytes} [Fri May 14 17:53:16 2021] PUT /placement/resource_providers/89c615c5-3a6f-43aa-adf2-c1556605ce6c/aggregates => generated 92 bytes in 24 msecs (HTTP/1.1 200) 8 headers in 295 bytes (2 switches on core 0)
May 14 17:53:16.423343 n-d-787206-3 devstack@placement-api.service[80042]: DEBUG placement.requestlog [req-0c6d1204-328d-4657-bb8e-7bed1cf54d71 req-5f803fab-0493-4887-964b-dacc62d1559c None None] Starting request: 10.222.0.22 "PUT /placement/allocations/77c6daa1-60f3-4d1c-bf79-54404df7d017" {{(pid=80042) __call__ /opt/stack/placement/placement/requestlog.py:55}}
May 14 17:53:16.473537 n-d-787206-3 devstack@placement-api.service[80041]: DEBUG placement.requestlog [req-3c57c9bd-dd67-4da3-a59a-1812f61f48ed req-9ee7d663-e939-4607-b6a9-2d5dbddab775 None None] Starting request: 10.222.0.24 "GET /placement/resource_providers?name=n-h1-787206-3" {{(pid=80041) __call__ /opt/stack/placement/placement/requestlog.py:55}}
May 14 17:53:16.480200 n-d-787206-3 devstack@placement-api.service[80042]: DEBUG placement.handlers.allocation [req-0c6d1204-328d-4657-bb8e-7bed1cf54d71 req-5f803fab-0493-4887-964b-dacc62d1559c service placement] Successfully wrote allocations [, , ] {{(pid=80042) _create_allocations /opt/stack/placement/placement/handlers/allocation.py:435}}
May 14 17:53:16.480874 n-d-787206-3 devstack@placement-api.service[80042]: INFO placement.requestlog [req-0c6d1204-328d-4657-bb8e-7bed1cf54d71 req-5f803fab-0493-4887-964b-dacc62d1559c service placement] 10.222.0.22 "PUT /placement/allocations/77c6daa1-60f3-4d1c-bf79-54404df7d017" status: 204 len: 0 microversion: 1.28
May 14 17:53:16.481386 n-d-787206-3 devstack@placement-api.service[80042]: [pid: 80042|app: 0|req: 34/71] 10.222.0.22 () {64 vars in 1431 bytes} [Fri May 14 17:53:16 2021] PUT /placement/allocations/77c6daa1-60f3-4d1c-bf79-54404df7d017 => generated 0 bytes in 61 msecs (HTTP/1.1 204) 5 headers in 199 bytes (2 switches on core 0)
May 14 17:53:16.489210 n-d-787206-3 devstack@placement-api.service[80041]: INFO placement.requestlog [req-3c57c9bd-dd67-4da3-a59a-1812f61f48ed req-9ee7d663-e939-4607-b6a9-2d5dbddab775 service placement] 10.222.0.24 "GET /placement/resource_providers?name=n-h1-787206-3" status: 200 len: 441 microversion: 1.0
May 14 17:53:16.490008 n-d-787206-3 devstack@placement-api.service[80041]: [pid: 80041|app: 0|req: 38/72] 10.222.0.24 () {58 vars in 1274 bytes} [Fri May 14 17:53:16 2021] GET /placement/resource_providers?name=n-h1-787206-3 => generated 441 bytes in 17 msecs (HTTP/1.1 200) 6 headers in 224 bytes (2 switches on core 0)
May 14 17:53:16.497509 n-d-787206-3 devstack@placement-api.service[80042]: DEBUG placement.requestlog [req-3c57c9bd-dd67-4da3-a59a-1812f61f48ed req-4ae8f664-bfe5-4807-8c63-f8aef2254f33 None None] Starting request: 10.222.0.24 "GET /placement/resource_providers/89c615c5-3a6f-43aa-adf2-c1556605ce6c/aggregates" {{(pid=80042) __call__ /opt/stack/placement/placement/requestlog.py:55}}
May 14 17:53:16.512653 n-d-787206-3 devstack@placement-api.service[80042]: INFO placement.requestlog [req-3c57c9bd-dd67-4da3-a59a-1812f61f48ed req-4ae8f664-bfe5-4807-8c63-f8aef2254f33 service placement] 10.222.0.24 "GET /placement/resource_providers/89c615c5-3a6f-43aa-adf2-c1556605ce6c/aggregates" status: 200 len: 92 microversion: 1.19
May 14 17:53:16.513193 n-d-787206-3 devstack@placement-api.service[80042]: [pid: 80042|app: 0|req: 35/73] 10.222.0.24 () {60 vars in 1425 bytes} [Fri May 14 17:53:16 2021] GET /placement/resource_providers/89c615c5-3a6f-43aa-adf2-c1556605ce6c/aggregates => generated 92 bytes in 16 msecs (HTTP/1.1 200) 8 headers in 295 bytes (1 switches on core 0)
May 14 17:53:16.520507 n-d-787206-3 devstack@placement-api.service[80041]: DEBUG placement.requestlog [req-3c57c9bd-dd67-4da3-a59a-1812f61f48ed req-8a03dcb2-99f2-4f6c-964d-886ea0761582 None None] Starting request: 10.222.0.24 "PUT /placement/resource_providers/89c615c5-3a6f-43aa-adf2-c1556605ce6c/aggregates" {{(pid=80041) __call__ /opt/stack/placement/placement/requestlog.py:55}}
May 14 17:53:16.536243 n-d-787206-3 devstack@placement-api.service[80041]: DEBUG placement.objects.resource_provider [req-3c57c9bd-dd67-4da3-a59a-1812f61f48ed req-8a03dcb2-99f2-4f6c-964d-886ea0761582 service placement] Setting aggregates for provider 89c615c5-3a6f-43aa-adf2-c1556605ce6c. Successfully disassociated aggregate bfe9177f-b1c2-4521-9fc3-5e9fd5368b37. {{(pid=80041) _set_aggregates /opt/stack/placement/placement/objects/resource_provider.py:402}}
May 14 17:53:16.542095 n-d-787206-3 devstack@placement-api.service[80041]: INFO placement.requestlog [req-3c57c9bd-dd67-4da3-a59a-1812f61f48ed req-8a03dcb2-99f2-4f6c-964d-886ea0761582 service placement] 10.222.0.24 "PUT /placement/resource_providers/89c615c5-3a6f-43aa-adf2-c1556605ce6c/aggregates" status: 200 len: 54 microversion: 1.19
May 14 17:53:16.542471 n-d-787206-3 devstack@placement-api.service[80041]: [pid: 80041|app: 0|req: 39/74] 10.222.0.24 () {64 vars in 1477 bytes} [Fri May 14 17:53:16 2021] PUT /placement/resource_providers/89c615c5-3a6f-43aa-adf2-c1556605ce6c/aggregates => generated 54 bytes in 23 msecs (HTTP/1.1 200) 8 headers in 295 bytes (2 switches on core 0)
May 14 17:53:16.710060 n-d-787206-3 devstack@placement-api.service[80042]: DEBUG placement.requestlog [req-ea07aa41-3fef-4090-9621-ceebd344fb24 req-1f976e8a-381a-4fe9-8b8f-2adff94fcd37 None None] Starting request: 10.222.0.24 "GET /placement/resource_providers?name=n-h1-787206-3" {{(pid=80042) __call__ /opt/stack/placement/placement/requestlog.py:55}}
May 14 17:53:16.721355 n-d-787206-3 devstack@placement-api.service[80042]: INFO placement.requestlog [req-ea07aa41-3fef-4090-9621-ceebd344fb24 req-1f976e8a-381a-4fe9-8b8f-2adff94fcd37 service placement] 10.222.0.24 "GET /placement/resource_providers?name=n-h1-787206-3" status: 200 len: 441 microversion: 1.0
May 14 17:53:16.721635 n-d-787206-3 devstack@placement-api.service[80042]: [pid: 80042|app: 0|req: 36/75] 10.222.0.24 () {58 vars in 1274 bytes} [Fri May 14 17:53:16 2021] GET /placement/resource_providers?name=n-h1-787206-3 => generated 441 bytes in 12 msecs (HTTP/1.1 200) 6 headers in 224 bytes (1 switches on core 0)
May 14 17:53:16.731322 n-d-787206-3 devstack@placement-api.service[80041]: DEBUG placement.requestlog [req-ea07aa41-3fef-4090-9621-ceebd344fb24 req-e1d5e1bf-5235-48ef-8002-f9d5973c36fe None None] Starting request: 10.222.0.24 "GET /placement/resource_providers/89c615c5-3a6f-43aa-adf2-c1556605ce6c/aggregates" {{(pid=80041) __call__ /opt/stack/placement/placement/requestlog.py:55}}
May 14 17:53:16.744470 n-d-787206-3 devstack@placement-api.service[80041]: INFO placement.requestlog [req-ea07aa41-3fef-4090-9621-ceebd344fb24 req-e1d5e1bf-5235-48ef-8002-f9d5973c36fe service placement] 10.222.0.24 "GET /placement/resource_providers/89c615c5-3a6f-43aa-adf2-c1556605ce6c/aggregates" status: 200 len: 54 microversion: 1.19
May 14 17:53:16.744844 n-d-787206-3 devstack@placement-api.service[80041]: [pid: 80041|app: 0|req: 40/76] 10.222.0.24 () {60 vars in 1425 bytes} [Fri May 14 17:53:16 2021] GET /placement/resource_providers/89c615c5-3a6f-43aa-adf2-c1556605ce6c/aggregates => generated 54 bytes in 14 msecs (HTTP/1.1 200) 8 headers in 295 bytes (1 switches on core 0)
May 14 17:53:16.751350 n-d-787206-3 devstack@placement-api.service[80042]: DEBUG placement.requestlog [req-ea07aa41-3fef-4090-9621-ceebd344fb24 req-a80f2a03-d64c-4068-ad18-e16c05fddd86 None None] Starting request: 10.222.0.24 "PUT /placement/resource_providers/89c615c5-3a6f-43aa-adf2-c1556605ce6c/aggregates" {{(pid=80042) __call__ /opt/stack/placement/placement/requestlog.py:55}}
May 14 17:53:16.766524 n-d-787206-3 devstack@placement-api.service[80042]: DEBUG placement.objects.resource_provider [req-ea07aa41-3fef-4090-9621-ceebd344fb24 req-a80f2a03-d64c-4068-ad18-e16c05fddd86 service placement] _ensure_aggregate() did not find aggregate c1d4f011-ac0b-451e-a362-85d0b14704ca. Attempting to create it. {{(pid=80042) _ensure_aggregate /opt/stack/placement/placement/objects/resource_provider.py:319}}
May 14 17:53:16.767787 n-d-787206-3 devstack@placement-api.service[80042]: DEBUG placement.objects.resource_provider [req-ea07aa41-3fef-4090-9621-ceebd344fb24 req-a80f2a03-d64c-4068-ad18-e16c05fddd86 service placement] _ensure_aggregate() created new aggregate c1d4f011-ac0b-451e-a362-85d0b14704ca (id=5). {{(pid=80042) _ensure_aggregate /opt/stack/placement/placement/objects/resource_provider.py:325}}
May 14 17:53:16.768945 n-d-787206-3 devstack@placement-api.service[80042]: DEBUG placement.objects.resource_provider [req-ea07aa41-3fef-4090-9621-ceebd344fb24 req-a80f2a03-d64c-4068-ad18-e16c05fddd86 service placement] Setting aggregates for provider 89c615c5-3a6f-43aa-adf2-c1556605ce6c. Successfully associated aggregate c1d4f011-ac0b-451e-a362-85d0b14704ca. {{(pid=80042) _set_aggregates /opt/stack/placement/placement/objects/resource_provider.py:387}}
May 14 17:53:16.774969 n-d-787206-3 devstack@placement-api.service[80042]: INFO placement.requestlog [req-ea07aa41-3fef-4090-9621-ceebd344fb24 req-a80f2a03-d64c-4068-ad18-e16c05fddd86 service placement] 10.222.0.24 "PUT /placement/resource_providers/89c615c5-3a6f-43aa-adf2-c1556605ce6c/aggregates" status: 200 len: 92 microversion: 1.19
May 14 17:53:16.775234 n-d-787206-3 devstack@placement-api.service[80042]: [pid: 80042|app: 0|req: 37/77] 10.222.0.24 () {64 vars in 1477 bytes} [Fri May 14 17:53:16 2021] PUT /placement/resource_providers/89c615c5-3a6f-43aa-adf2-c1556605ce6c/aggregates => generated 92 bytes in 24 msecs (HTTP/1.1 200) 8 headers in 295 bytes (1 switches on core 0)
May 14 17:53:17.004949 n-d-787206-3 devstack@placement-api.service[80041]: DEBUG placement.requestlog [req-ab7297f6-ec47-4053-8818-91a7462eb50e req-6f09d1e2-7763-40c0-8e52-d98a58ffe1f5 None None] Starting request: 10.222.0.24 "GET /placement/resource_providers?name=n-h1-787206-3" {{(pid=80041) __call__ /opt/stack/placement/placement/requestlog.py:55}}
May 14 17:53:17.015115 n-d-787206-3 devstack@placement-api.service[80041]: INFO placement.requestlog [req-ab7297f6-ec47-4053-8818-91a7462eb50e req-6f09d1e2-7763-40c0-8e52-d98a58ffe1f5 service placement] 10.222.0.24 "GET /placement/resource_providers?name=n-h1-787206-3" status: 200 len: 441 microversion: 1.0
May 14 17:53:17.015663 n-d-787206-3 devstack@placement-api.service[80041]: [pid: 80041|app: 0|req: 41/78] 10.222.0.24 () {58 vars in 1274 bytes} [Fri May 14 17:53:17 2021] GET /placement/resource_providers?name=n-h1-787206-3 => generated 441 bytes in 11 msecs (HTTP/1.1 200) 6 headers in 224 bytes (1 switches on core 0)
May 14 17:53:17.022293 n-d-787206-3 devstack@placement-api.service[80042]: DEBUG placement.requestlog [req-ab7297f6-ec47-4053-8818-91a7462eb50e req-315bd867-c0b9-420c-97fb-d7eb2de88451 None None] Starting request: 10.222.0.24 "GET /placement/resource_providers/89c615c5-3a6f-43aa-adf2-c1556605ce6c/aggregates" {{(pid=80042) __call__ /opt/stack/placement/placement/requestlog.py:55}}
May 14 17:53:17.035486 n-d-787206-3 devstack@placement-api.service[80042]: INFO placement.requestlog [req-ab7297f6-ec47-4053-8818-91a7462eb50e req-315bd867-c0b9-420c-97fb-d7eb2de88451 service placement] 10.222.0.24 "GET /placement/resource_providers/89c615c5-3a6f-43aa-adf2-c1556605ce6c/aggregates" status: 200 len: 92 microversion: 1.19
May 14 17:53:17.035717 n-d-787206-3 devstack@placement-api.service[80042]: [pid: 80042|app: 0|req: 38/79] 10.222.0.24 () {60 vars in 1425 bytes} [Fri May 14 17:53:17 2021] GET /placement/resource_providers/89c615c5-3a6f-43aa-adf2-c1556605ce6c/aggregates => generated 92 bytes in 13 msecs (HTTP/1.1 200) 8 headers in 295 bytes (1 switches on core 0)
May 14 17:53:17.041470 n-d-787206-3 devstack@placement-api.service[80041]: DEBUG placement.requestlog [req-ab7297f6-ec47-4053-8818-91a7462eb50e req-2e433c3e-e437-4eae-80e7-91144ea5da44 None None] Starting request: 10.222.0.24 "PUT /placement/resource_providers/89c615c5-3a6f-43aa-adf2-c1556605ce6c/aggregates" {{(pid=80041) __call__ /opt/stack/placement/placement/requestlog.py:55}}
May 14 17:53:17.056414 n-d-787206-3 devstack@placement-api.service[80041]: DEBUG placement.objects.resource_provider [req-ab7297f6-ec47-4053-8818-91a7462eb50e req-2e433c3e-e437-4eae-80e7-91144ea5da44 service placement] Setting aggregates for provider 89c615c5-3a6f-43aa-adf2-c1556605ce6c. Successfully disassociated aggregate c1d4f011-ac0b-451e-a362-85d0b14704ca. {{(pid=80041) _set_aggregates /opt/stack/placement/placement/objects/resource_provider.py:402}}
May 14 17:53:17.061352 n-d-787206-3 devstack@placement-api.service[80041]: INFO placement.requestlog [req-ab7297f6-ec47-4053-8818-91a7462eb50e req-2e433c3e-e437-4eae-80e7-91144ea5da44 service placement] 10.222.0.24 "PUT /placement/resource_providers/89c615c5-3a6f-43aa-adf2-c1556605ce6c/aggregates" status: 200 len: 54 microversion: 1.19
May 14 17:53:17.061816 n-d-787206-3 devstack@placement-api.service[80041]: [pid: 80041|app: 0|req: 42/80] 10.222.0.24 () {64 vars in 1477 bytes} [Fri May 14 17:53:17 2021] PUT /placement/resource_providers/89c615c5-3a6f-43aa-adf2-c1556605ce6c/aggregates => generated 54 bytes in 20 msecs (HTTP/1.1 200) 8 headers in 295 bytes (1 switches on core 0)
May 14 17:53:17.569876 n-d-787206-3 devstack@placement-api.service[80042]: DEBUG placement.requestlog [req-8c7a7999-5cc0-4cd0-a70a-1353d9d2a93b req-c1fef019-0ad8-4fa4-9098-a16fccd880fb None None] Starting request: 10.222.0.24 "GET /placement/resource_providers?name=n-h1-787206-3" {{(pid=80042) __call__ /opt/stack/placement/placement/requestlog.py:55}}
May 14 17:53:17.580622 n-d-787206-3 devstack@placement-api.service[80042]: INFO placement.requestlog [req-8c7a7999-5cc0-4cd0-a70a-1353d9d2a93b req-c1fef019-0ad8-4fa4-9098-a16fccd880fb service placement] 10.222.0.24 "GET /placement/resource_providers?name=n-h1-787206-3" status: 200 len: 441 microversion: 1.0
May 14 17:53:17.580824 n-d-787206-3 devstack@placement-api.service[80042]: [pid: 80042|app: 0|req: 39/81] 10.222.0.24 () {58 vars in 1274 bytes} [Fri May 14 17:53:17 2021] GET /placement/resource_providers?name=n-h1-787206-3 => generated 441 bytes in 11 msecs (HTTP/1.1 200) 6 headers in 224 bytes (1 switches on core 0)
May 14 17:53:17.587664 n-d-787206-3 devstack@placement-api.service[80041]: DEBUG placement.requestlog [req-8c7a7999-5cc0-4cd0-a70a-1353d9d2a93b req-362e4244-86d5-40ce-ace7-6dd12868e0f7 None None] Starting request: 10.222.0.24 "GET /placement/resource_providers/89c615c5-3a6f-43aa-adf2-c1556605ce6c/aggregates" {{(pid=80041) __call__ /opt/stack/placement/placement/requestlog.py:55}}
May 14 17:53:17.600346 n-d-787206-3 devstack@placement-api.service[80041]: INFO placement.requestlog [req-8c7a7999-5cc0-4cd0-a70a-1353d9d2a93b req-362e4244-86d5-40ce-ace7-6dd12868e0f7 service placement] 10.222.0.24 "GET /placement/resource_providers/89c615c5-3a6f-43aa-adf2-c1556605ce6c/aggregates" status: 200 len: 54 microversion: 1.19
May 14 17:53:17.600548 n-d-787206-3 devstack@placement-api.service[80041]: [pid: 80041|app: 0|req: 43/82] 10.222.0.24 () {60 vars in 1425 bytes} [Fri May 14 17:53:17 2021] GET /placement/resource_providers/89c615c5-3a6f-43aa-adf2-c1556605ce6c/aggregates => generated 54 bytes in 13 msecs (HTTP/1.1 200) 8 headers in 295 bytes (1 switches on core 0)
May 14 17:53:17.607340 n-d-787206-3 devstack@placement-api.service[80042]: DEBUG placement.requestlog [req-8c7a7999-5cc0-4cd0-a70a-1353d9d2a93b req-4c7c24fa-650d-4072-8938-c68947884f29 None None] Starting request: 10.222.0.24 "PUT /placement/resource_providers/89c615c5-3a6f-43aa-adf2-c1556605ce6c/aggregates" {{(pid=80042) __call__ /opt/stack/placement/placement/requestlog.py:55}}
May 14 17:53:17.624546 n-d-787206-3 devstack@placement-api.service[80042]: DEBUG placement.objects.resource_provider [req-8c7a7999-5cc0-4cd0-a70a-1353d9d2a93b req-4c7c24fa-650d-4072-8938-c68947884f29 service placement] _ensure_aggregate() did not find aggregate c651005d-40f3-4c8e-b7ec-88ec8e3b85e3. Attempting to create it. {{(pid=80042) _ensure_aggregate /opt/stack/placement/placement/objects/resource_provider.py:319}}
May 14 17:53:17.625729 n-d-787206-3 devstack@placement-api.service[80042]: DEBUG placement.objects.resource_provider [req-8c7a7999-5cc0-4cd0-a70a-1353d9d2a93b req-4c7c24fa-650d-4072-8938-c68947884f29 service placement] _ensure_aggregate() created new aggregate c651005d-40f3-4c8e-b7ec-88ec8e3b85e3 (id=6). {{(pid=80042) _ensure_aggregate /opt/stack/placement/placement/objects/resource_provider.py:325}}
May 14 17:53:17.626845 n-d-787206-3 devstack@placement-api.service[80042]: DEBUG placement.objects.resource_provider [req-8c7a7999-5cc0-4cd0-a70a-1353d9d2a93b req-4c7c24fa-650d-4072-8938-c68947884f29 service placement] Setting aggregates for provider 89c615c5-3a6f-43aa-adf2-c1556605ce6c. Successfully associated aggregate c651005d-40f3-4c8e-b7ec-88ec8e3b85e3. {{(pid=80042) _set_aggregates /opt/stack/placement/placement/objects/resource_provider.py:387}}
May 14 17:53:17.632093 n-d-787206-3 devstack@placement-api.service[80042]: INFO placement.requestlog [req-8c7a7999-5cc0-4cd0-a70a-1353d9d2a93b req-4c7c24fa-650d-4072-8938-c68947884f29 service placement] 10.222.0.24 "PUT /placement/resource_providers/89c615c5-3a6f-43aa-adf2-c1556605ce6c/aggregates" status: 200 len: 92 microversion: 1.19
May 14 17:53:17.632503 n-d-787206-3 devstack@placement-api.service[80042]: [pid: 80042|app: 0|req: 40/83] 10.222.0.24 () {64 vars in 1477 bytes} [Fri May 14 17:53:17 2021] PUT /placement/resource_providers/89c615c5-3a6f-43aa-adf2-c1556605ce6c/aggregates => generated 92 bytes in 25 msecs (HTTP/1.1 200) 8 headers in 295 bytes (2 switches on core 0)
May 14 17:53:17.854984 n-d-787206-3 devstack@placement-api.service[80041]: DEBUG placement.requestlog [req-9fb2906d-bfd9-4f4b-a850-28f2d235a286 req-dc76bdfa-acbd-4a9c-a06b-b1f299dfa102 None None] Starting request: 10.222.0.24 "GET /placement/allocation_candidates?limit=1000&resources=DISK_GB%3A1%2CMEMORY_MB%3A1024%2CVCPU%3A1&root_required=%21COMPUTE_STATUS_DISABLED" {{(pid=80041) __call__ /opt/stack/placement/placement/requestlog.py:55}}
May 14 17:53:17.875447 n-d-787206-3 devstack@placement-api.service[80042]: DEBUG placement.requestlog [req-ad0b0f66-6e68-4fd0-8e9a-16356fa40365 req-7d000384-4a82-4c13-a60d-5262425d8d4b None None] Starting request: 10.222.0.24 "GET /placement/resource_providers?name=n-h1-787206-3" {{(pid=80042) __call__ /opt/stack/placement/placement/requestlog.py:55}}
May 14 17:53:17.885286 n-d-787206-3 devstack@placement-api.service[80041]: DEBUG placement.objects.research_context [req-9fb2906d-bfd9-4f4b-a850-28f2d235a286 req-dc76bdfa-acbd-4a9c-a06b-b1f299dfa102 service placement] getting providers with 1 DISK_GB {{(pid=80041) __init__ /opt/stack/placement/placement/objects/research_context.py:126}}
May 14 17:53:17.886812 n-d-787206-3 devstack@placement-api.service[80042]: INFO placement.requestlog [req-ad0b0f66-6e68-4fd0-8e9a-16356fa40365 req-7d000384-4a82-4c13-a60d-5262425d8d4b service placement] 10.222.0.24 "GET /placement/resource_providers?name=n-h1-787206-3" status: 200 len: 441 microversion: 1.0
May 14 17:53:17.891048 n-d-787206-3 devstack@placement-api.service[80041]: DEBUG placement.objects.research_context [req-9fb2906d-bfd9-4f4b-a850-28f2d235a286 req-dc76bdfa-acbd-4a9c-a06b-b1f299dfa102 service placement] getting providers with 1024 MEMORY_MB {{(pid=80041) __init__ /opt/stack/placement/placement/objects/research_context.py:126}}
May 14 17:53:17.891451 n-d-787206-3 devstack@placement-api.service[80042]: [pid: 80042|app: 0|req: 41/84] 10.222.0.24 () {58 vars in 1274 bytes} [Fri May 14 17:53:17 2021] GET /placement/resource_providers?name=n-h1-787206-3 => generated 441 bytes in 16 msecs (HTTP/1.1 200) 6 headers in 224 bytes (2 switches on core 0)
May 14 17:53:17.893575 n-d-787206-3 devstack@placement-api.service[80042]: DEBUG placement.requestlog [req-ad0b0f66-6e68-4fd0-8e9a-16356fa40365 req-8da6df6e-96de-4909-a4a7-0196c2873e53 None None] Starting request: 10.222.0.24 "GET /placement/resource_providers/89c615c5-3a6f-43aa-adf2-c1556605ce6c/aggregates" {{(pid=80042) __call__ /opt/stack/placement/placement/requestlog.py:55}}
May 14 17:53:17.897883 n-d-787206-3 devstack@placement-api.service[80041]: DEBUG placement.objects.research_context [req-9fb2906d-bfd9-4f4b-a850-28f2d235a286 req-dc76bdfa-acbd-4a9c-a06b-b1f299dfa102 service placement] getting providers with 1 VCPU {{(pid=80041) __init__ /opt/stack/placement/placement/objects/research_context.py:126}}
May 14 17:53:17.903830 n-d-787206-3 devstack@placement-api.service[80041]: DEBUG placement.objects.research_context [req-9fb2906d-bfd9-4f4b-a850-28f2d235a286 req-dc76bdfa-acbd-4a9c-a06b-b1f299dfa102 service placement] found 2 providers with available 1 DISK_GB {{(pid=80041) get_provider_ids_matching /opt/stack/placement/placement/objects/research_context.py:549}}
May 14 17:53:17.904284 n-d-787206-3 devstack@placement-api.service[80041]: DEBUG placement.objects.research_context [req-9fb2906d-bfd9-4f4b-a850-28f2d235a286 req-dc76bdfa-acbd-4a9c-a06b-b1f299dfa102 service placement] found 2 providers with available 1024 MEMORY_MB {{(pid=80041) get_provider_ids_matching /opt/stack/placement/placement/objects/research_context.py:549}}
May 14 17:53:17.904556 n-d-787206-3 devstack@placement-api.service[80041]: DEBUG placement.objects.research_context [req-9fb2906d-bfd9-4f4b-a850-28f2d235a286 req-dc76bdfa-acbd-4a9c-a06b-b1f299dfa102 service placement] found 2 providers after filtering by previous result {{(pid=80041) get_provider_ids_matching /opt/stack/placement/placement/objects/research_context.py:580}}
May 14 17:53:17.904990 n-d-787206-3 devstack@placement-api.service[80041]: DEBUG placement.objects.research_context [req-9fb2906d-bfd9-4f4b-a850-28f2d235a286 req-dc76bdfa-acbd-4a9c-a06b-b1f299dfa102 service placement] found 2 providers with available 1 VCPU {{(pid=80041) get_provider_ids_matching /opt/stack/placement/placement/objects/research_context.py:549}}
May 14 17:53:17.905259 n-d-787206-3 devstack@placement-api.service[80041]: DEBUG placement.objects.research_context [req-9fb2906d-bfd9-4f4b-a850-28f2d235a286 req-dc76bdfa-acbd-4a9c-a06b-b1f299dfa102 service placement] found 2 providers after filtering by previous result {{(pid=80041) get_provider_ids_matching /opt/stack/placement/placement/objects/research_context.py:580}}
May 14 17:53:17.907142 n-d-787206-3 devstack@placement-api.service[80042]: INFO placement.requestlog [req-ad0b0f66-6e68-4fd0-8e9a-16356fa40365 req-8da6df6e-96de-4909-a4a7-0196c2873e53 service placement] 10.222.0.24 "GET /placement/resource_providers/89c615c5-3a6f-43aa-adf2-c1556605ce6c/aggregates" status: 200 len: 92 microversion: 1.19
May 14 17:53:17.914019 n-d-787206-3 devstack@placement-api.service[80042]: [pid: 80042|app: 0|req: 42/85] 10.222.0.24 () {60 vars in 1425 bytes} [Fri May 14 17:53:17 2021] GET /placement/resource_providers/89c615c5-3a6f-43aa-adf2-c1556605ce6c/aggregates => generated 92 bytes in 21 msecs (HTTP/1.1 200) 8 headers in 295 bytes (2 switches on core 0)
May 14 17:53:17.914903 n-d-787206-3 devstack@placement-api.service[80042]: DEBUG placement.requestlog [req-ad0b0f66-6e68-4fd0-8e9a-16356fa40365 req-a4409d33-d299-4990-8b70-a500fbe089f2 None None] Starting request: 10.222.0.24 "PUT /placement/resource_providers/89c615c5-3a6f-43aa-adf2-c1556605ce6c/aggregates" {{(pid=80042) __call__ /opt/stack/placement/placement/requestlog.py:55}}
May 14 17:53:17.917738 n-d-787206-3 devstack@placement-api.service[80041]: DEBUG placement.objects.allocation_candidate [req-9fb2906d-bfd9-4f4b-a850-28f2d235a286 req-dc76bdfa-acbd-4a9c-a06b-b1f299dfa102 service placement] RequestGroup(use_same_provider=False, resources={DISK_GB:1, MEMORY_MB:1024, VCPU:1}, traits=[], aggregates=[]) (suffix '') returned 2 matches {{(pid=80041) _get_by_requests /opt/stack/placement/placement/objects/allocation_candidate.py:145}}
May 14 17:53:17.918111 n-d-787206-3 devstack@placement-api.service[80041]: DEBUG placement.objects.allocation_candidate [req-9fb2906d-bfd9-4f4b-a850-28f2d235a286 req-dc76bdfa-acbd-4a9c-a06b-b1f299dfa102 service placement] Merging candidates yields 2 allocation requests and 2 provider summaries {{(pid=80041) _merge_candidates /opt/stack/placement/placement/objects/allocation_candidate.py:783}}
May 14 17:53:17.919463 n-d-787206-3 devstack@placement-api.service[80041]: INFO placement.requestlog [req-9fb2906d-bfd9-4f4b-a850-28f2d235a286 req-dc76bdfa-acbd-4a9c-a06b-b1f299dfa102 service placement] 10.222.0.24 "GET /placement/allocation_candidates?limit=1000&resources=DISK_GB%3A1%2CMEMORY_MB%3A1024%2CVCPU%3A1&root_required=%21COMPUTE_STATUS_DISABLED" status: 200 len: 1309 microversion: 1.35
May 14 17:53:17.919937 n-d-787206-3 devstack@placement-api.service[80041]: [pid: 80041|app: 0|req: 44/86] 10.222.0.24 () {60 vars in 1506 bytes} [Fri May 14 17:53:17 2021] GET /placement/allocation_candidates?limit=1000&resources=DISK_GB%3A1%2CMEMORY_MB%3A1024%2CVCPU%3A1&root_required=%21COMPUTE_STATUS_DISABLED => generated 1309 bytes in 65 msecs (HTTP/1.1 200) 8 headers in 297 bytes (1 switches on core 0)
May 14 17:53:17.929454 n-d-787206-3 devstack@placement-api.service[80042]: DEBUG placement.objects.resource_provider [req-ad0b0f66-6e68-4fd0-8e9a-16356fa40365 req-a4409d33-d299-4990-8b70-a500fbe089f2 service placement] Setting aggregates for provider 89c615c5-3a6f-43aa-adf2-c1556605ce6c. Successfully disassociated aggregate c651005d-40f3-4c8e-b7ec-88ec8e3b85e3. {{(pid=80042) _set_aggregates /opt/stack/placement/placement/objects/resource_provider.py:402}}
May 14 17:53:17.935853 n-d-787206-3 devstack@placement-api.service[80042]: INFO placement.requestlog [req-ad0b0f66-6e68-4fd0-8e9a-16356fa40365 req-a4409d33-d299-4990-8b70-a500fbe089f2 service placement] 10.222.0.24 "PUT /placement/resource_providers/89c615c5-3a6f-43aa-adf2-c1556605ce6c/aggregates" status: 200 len: 54 microversion: 1.19
May 14 17:53:17.936456 n-d-787206-3 devstack@placement-api.service[80042]: [pid: 80042|app: 0|req: 43/87] 10.222.0.24 () {64 vars in 1477 bytes} [Fri May 14 17:53:17 2021] PUT /placement/resource_providers/89c615c5-3a6f-43aa-adf2-c1556605ce6c/aggregates => generated 54 bytes in 21 msecs (HTTP/1.1 200) 8 headers in 295 bytes (2 switches on core 0)
May 14 17:53:17.982466 n-d-787206-3 devstack@placement-api.service[80041]: DEBUG placement.requestlog [req-9fb2906d-bfd9-4f4b-a850-28f2d235a286 req-31c854c4-fabb-407b-b439-4c49d49ff742 None None] Starting request: 10.222.0.24 "GET /placement/allocations/362a1a4a-b444-439e-97a2-48928428a601" {{(pid=80041) __call__ /opt/stack/placement/placement/requestlog.py:55}}
May 14 17:53:18.001718 n-d-787206-3 devstack@placement-api.service[80041]: INFO placement.requestlog [req-9fb2906d-bfd9-4f4b-a850-28f2d235a286 req-31c854c4-fabb-407b-b439-4c49d49ff742 service placement] 10.222.0.24 "GET /placement/allocations/362a1a4a-b444-439e-97a2-48928428a601" status: 200 len: 19 microversion: 1.28
May 14 17:53:18.001980 n-d-787206-3 devstack@placement-api.service[80041]: [pid: 80041|app: 0|req: 45/88] 10.222.0.24 () {60 vars in 1380 bytes} [Fri May 14 17:53:17 2021] GET /placement/allocations/362a1a4a-b444-439e-97a2-48928428a601 => generated 19 bytes in 20 msecs (HTTP/1.1 200) 8 headers in 295 bytes (1 switches on core 0)
May 14 17:53:18.008365 n-d-787206-3 devstack@placement-api.service[80042]: DEBUG placement.requestlog [req-9fb2906d-bfd9-4f4b-a850-28f2d235a286 req-25e97db3-a23d-499f-8724-cb7b612c2749 None None] Starting request: 10.222.0.24 "PUT /placement/allocations/362a1a4a-b444-439e-97a2-48928428a601" {{(pid=80042) __call__ /opt/stack/placement/placement/requestlog.py:55}}
May 14 17:53:18.074031 n-d-787206-3 devstack@placement-api.service[80042]: DEBUG placement.handlers.allocation [req-9fb2906d-bfd9-4f4b-a850-28f2d235a286 req-25e97db3-a23d-499f-8724-cb7b612c2749 service placement] Successfully wrote allocations [, , ] {{(pid=80042) _create_allocations /opt/stack/placement/placement/handlers/allocation.py:435}}
May 14 17:53:18.074682 n-d-787206-3 devstack@placement-api.service[80042]: INFO placement.requestlog [req-9fb2906d-bfd9-4f4b-a850-28f2d235a286 req-25e97db3-a23d-499f-8724-cb7b612c2749 service placement] 10.222.0.24 "PUT /placement/allocations/362a1a4a-b444-439e-97a2-48928428a601" status: 204 len: 0 microversion: 1.35
May 14 17:53:18.074950 n-d-787206-3 devstack@placement-api.service[80042]: [pid: 80042|app: 0|req: 44/89] 10.222.0.24 () {64 vars in 1433 bytes} [Fri May 14 17:53:18 2021] PUT /placement/allocations/362a1a4a-b444-439e-97a2-48928428a601 => generated 0 bytes in 67 msecs (HTTP/1.1 204) 5 headers in 199 bytes (1 switches on core 0)
May 14 17:53:18.509034 n-d-787206-3 devstack@placement-api.service[80041]: DEBUG placement.requestlog [req-1af5a6d5-c612-4731-b6ad-bca6d4eede01 req-699b8afd-2a86-45d7-bc35-9122cefcebbd None None] Starting request: 10.222.0.15 "GET /placement/allocations/801f47d6-c45c-4499-b0c2-5b1778769152" {{(pid=80041) __call__ /opt/stack/placement/placement/requestlog.py:55}}
May 14 17:53:18.534725 n-d-787206-3 devstack@placement-api.service[80041]: INFO placement.requestlog [req-1af5a6d5-c612-4731-b6ad-bca6d4eede01 req-699b8afd-2a86-45d7-bc35-9122cefcebbd service placement] 10.222.0.15 "GET /placement/allocations/801f47d6-c45c-4499-b0c2-5b1778769152" status: 200 len: 258 microversion: 1.28
May 14 17:53:18.535631 n-d-787206-3 devstack@placement-api.service[80041]: [pid: 80041|app: 0|req: 46/90] 10.222.0.15 () {60 vars in 1378 bytes} [Fri May 14 17:53:18 2021] GET /placement/allocations/801f47d6-c45c-4499-b0c2-5b1778769152 => generated 258 bytes in 27 msecs (HTTP/1.1 200) 8 headers in 296 bytes (1 switches on core 0)
May 14 17:53:18.845276 n-d-787206-3 devstack@placement-api.service[80042]: DEBUG placement.requestlog [req-9fb2906d-bfd9-4f4b-a850-28f2d235a286 req-8917897e-cde7-49ce-899e-c208a6f744db None None] Starting request: 10.222.0.22 "GET /placement/allocations/362a1a4a-b444-439e-97a2-48928428a601" {{(pid=80042) __call__ /opt/stack/placement/placement/requestlog.py:55}}
May 14 17:53:18.879808 n-d-787206-3 devstack@placement-api.service[80042]: INFO placement.requestlog [req-9fb2906d-bfd9-4f4b-a850-28f2d235a286 req-8917897e-cde7-49ce-899e-c208a6f744db service placement] 10.222.0.22 "GET /placement/allocations/362a1a4a-b444-439e-97a2-48928428a601" status: 200 len: 259 microversion: 1.28
May 14 17:53:18.880367 n-d-787206-3 devstack@placement-api.service[80042]: [pid: 80042|app: 0|req: 45/91] 10.222.0.22 () {60 vars in 1378 bytes} [Fri May 14 17:53:18 2021] GET /placement/allocations/362a1a4a-b444-439e-97a2-48928428a601 => generated 259 bytes in 35 msecs (HTTP/1.1 200) 8 headers in 296 bytes (1 switches on core 0)
May 14 17:53:21.833336 n-d-787206-3 devstack@placement-api.service[80041]: DEBUG placement.requestlog [req-a9b58e79-de48-49c1-912f-75d3fdc7f498 req-3cae0008-873a-4c07-aca4-bc13bd650834 None None] Starting request: 10.222.0.24 "GET /placement/resource_providers?name=n-h1-787206-3" {{(pid=80041) __call__ /opt/stack/placement/placement/requestlog.py:55}}
May 14 17:53:21.844773 n-d-787206-3 devstack@placement-api.service[80041]: INFO placement.requestlog [req-a9b58e79-de48-49c1-912f-75d3fdc7f498 req-3cae0008-873a-4c07-aca4-bc13bd650834 service placement] 10.222.0.24 "GET /placement/resource_providers?name=n-h1-787206-3" status: 200 len: 441 microversion: 1.0
May 14 17:53:21.845569 n-d-787206-3 devstack@placement-api.service[80041]: [pid: 80041|app: 0|req: 47/92] 10.222.0.24 () {58 vars in 1274 bytes} [Fri May 14 17:53:21 2021] GET /placement/resource_providers?name=n-h1-787206-3 => generated 441 bytes in 12 msecs (HTTP/1.1 200) 6 headers in 224 bytes (2 switches on core 0)
May 14 17:53:21.853291 n-d-787206-3 devstack@placement-api.service[80042]: DEBUG placement.requestlog [req-a9b58e79-de48-49c1-912f-75d3fdc7f498 req-205a3578-e53c-4571-8554-dded3998bf46 None None] Starting request: 10.222.0.24 "GET /placement/resource_providers/89c615c5-3a6f-43aa-adf2-c1556605ce6c/aggregates" {{(pid=80042) __call__ /opt/stack/placement/placement/requestlog.py:55}}
May 14 17:53:21.866754 n-d-787206-3 devstack@placement-api.service[80042]: INFO placement.requestlog [req-a9b58e79-de48-49c1-912f-75d3fdc7f498 req-205a3578-e53c-4571-8554-dded3998bf46 service placement] 10.222.0.24 "GET /placement/resource_providers/89c615c5-3a6f-43aa-adf2-c1556605ce6c/aggregates" status: 200 len: 54 microversion: 1.19
May 14 17:53:21.867224 n-d-787206-3 devstack@placement-api.service[80042]: [pid: 80042|app: 0|req: 46/93] 10.222.0.24 () {60 vars in 1425 bytes} [Fri May 14 17:53:21 2021] GET /placement/resource_providers/89c615c5-3a6f-43aa-adf2-c1556605ce6c/aggregates => generated 54 bytes in 14 msecs (HTTP/1.1 200) 8 headers in 295 bytes (1 switches on core 0)
May 14 17:53:21.876410 n-d-787206-3 devstack@placement-api.service[80041]: DEBUG placement.requestlog [req-a9b58e79-de48-49c1-912f-75d3fdc7f498 req-a80f5ad2-37f5-444f-8de0-eaf383c78573 None None] Starting request: 10.222.0.24 "PUT /placement/resource_providers/89c615c5-3a6f-43aa-adf2-c1556605ce6c/aggregates" {{(pid=80041) __call__ /opt/stack/placement/placement/requestlog.py:55}}
May 14 17:53:21.893814 n-d-787206-3 devstack@placement-api.service[80041]: DEBUG placement.objects.resource_provider [req-a9b58e79-de48-49c1-912f-75d3fdc7f498 req-a80f5ad2-37f5-444f-8de0-eaf383c78573 service placement] _ensure_aggregate() did not find aggregate ffe8a6bb-bd81-42f2-9ce3-e1ceb6c36d5b. Attempting to create it. {{(pid=80041) _ensure_aggregate /opt/stack/placement/placement/objects/resource_provider.py:319}}
May 14 17:53:21.895958 n-d-787206-3 devstack@placement-api.service[80041]: DEBUG placement.objects.resource_provider [req-a9b58e79-de48-49c1-912f-75d3fdc7f498 req-a80f5ad2-37f5-444f-8de0-eaf383c78573 service placement] _ensure_aggregate() created new aggregate ffe8a6bb-bd81-42f2-9ce3-e1ceb6c36d5b (id=7). {{(pid=80041) _ensure_aggregate /opt/stack/placement/placement/objects/resource_provider.py:325}}
