May 14 17:53:00.071545 n-d-787206-3 devstack@n-api.service[94430]: INFO nova.api.openstack.requestlog [None req-9f5cba6b-c35b-49f5-90d0-55131667234f tempest-QuotasAdminTestV236-1299690293 tempest-QuotasAdminTestV236-1299690293-project-admin] 10.222.0.24 "GET /compute/v2.1/os-quota-sets/080d4f64ae5748859c98cd6a2ed91f4a?user_id=3e2391590add4a8b9b143ed88dcfc021" status: 200 len: 282 microversion: 2.36 time: 0.094415
May 14 17:53:00.072760 n-d-787206-3 devstack@n-api.service[94430]: [pid: 94430|app: 0|req: 44/90] 10.222.0.24 () {60 vars in 1364 bytes} [Fri May 14 17:52:59 2021] GET /compute/v2.1/os-quota-sets/080d4f64ae5748859c98cd6a2ed91f4a?user_id=3e2391590add4a8b9b143ed88dcfc021 => generated 282 bytes in 96 msecs (HTTP/1.1 200) 9 headers in 359 bytes (1 switches on core 0)
May 14 17:53:00.226356 n-d-787206-3 devstack@n-api.service[94430]: DEBUG nova.api.openstack.wsgi [None req-b3b272c3-7f9b-4fa6-bc9c-2d27f4b2e0cb tempest-AggregatesAdminTestJSON-1131308125 tempest-AggregatesAdminTestJSON-1131308125-project] Calling method '>' {{(pid=94430) _process_stack /opt/stack/nova/nova/api/openstack/wsgi.py:513}}
May 14 17:53:00.227081 n-d-787206-3 devstack@n-api.service[94430]: DEBUG nova.compute.api [None req-b3b272c3-7f9b-4fa6-bc9c-2d27f4b2e0cb tempest-AggregatesAdminTestJSON-1131308125 tempest-AggregatesAdminTestJSON-1131308125-project] [instance: ee4a7811-1a0d-4e13-8002-93ff314e1b80] Fetching instance by UUID {{(pid=94430) get /opt/stack/nova/nova/compute/api.py:2790}}
May 14 17:53:00.240058 n-d-787206-3 devstack@n-api.service[94430]: DEBUG oslo_concurrency.lockutils [None req-b3b272c3-7f9b-4fa6-bc9c-2d27f4b2e0cb tempest-AggregatesAdminTestJSON-1131308125 tempest-AggregatesAdminTestJSON-1131308125-project] Lock "9bc9cc9e-c1d6-4b83-a154-46da5067da3a" acquired by "nova.context.set_target_cell..get_or_set_cached_cell_and_set_connections" :: waited 0.000s {{(pid=94430) inner /usr/local/lib/python3.8/dist-packages/oslo_concurrency/lockutils.py:355}}
May 14 17:53:00.240697 n-d-787206-3 devstack@n-api.service[94430]: DEBUG oslo_concurrency.lockutils [None req-b3b272c3-7f9b-4fa6-bc9c-2d27f4b2e0cb tempest-AggregatesAdminTestJSON-1131308125 tempest-AggregatesAdminTestJSON-1131308125-project] Lock "9bc9cc9e-c1d6-4b83-a154-46da5067da3a" released by "nova.context.set_target_cell..get_or_set_cached_cell_and_set_connections" :: held 0.001s {{(pid=94430) inner /usr/local/lib/python3.8/dist-packages/oslo_concurrency/lockutils.py:367}}
May 14 17:53:00.241684 n-d-787206-3 devstack@n-api.service[94430]: DEBUG oslo_concurrency.lockutils [None req-b3b272c3-7f9b-4fa6-bc9c-2d27f4b2e0cb tempest-AggregatesAdminTestJSON-1131308125 tempest-AggregatesAdminTestJSON-1131308125-project] Lock "9bc9cc9e-c1d6-4b83-a154-46da5067da3a" acquired by "nova.context.set_target_cell..get_or_set_cached_cell_and_set_connections" :: waited 0.000s {{(pid=94430) inner /usr/local/lib/python3.8/dist-packages/oslo_concurrency/lockutils.py:355}}
May 14 17:53:00.242286 n-d-787206-3 devstack@n-api.service[94430]: DEBUG oslo_concurrency.lockutils [None req-b3b272c3-7f9b-4fa6-bc9c-2d27f4b2e0cb tempest-AggregatesAdminTestJSON-1131308125 tempest-AggregatesAdminTestJSON-1131308125-project] Lock "9bc9cc9e-c1d6-4b83-a154-46da5067da3a" released by "nova.context.set_target_cell..get_or_set_cached_cell_and_set_connections" :: held 0.001s {{(pid=94430) inner /usr/local/lib/python3.8/dist-packages/oslo_concurrency/lockutils.py:367}}
May 14 17:53:00.615308 n-d-787206-3 devstack@n-api.service[94431]: DEBUG nova.policy [None req-a7259781-28ac-49a3-b6bb-d01fdc45c919 tempest-DeleteServersAdminTestJSON-170326172 tempest-DeleteServersAdminTestJSON-170326172-project] Policy check for os_compute_api:os-extended-server-attributes failed with credentials {'is_admin': False, 'user_id': '517d334669e242fe9de8ae0cd4b3e524', 'user_domain_id': 'default', 'system_scope': None, 'domain_id': None, 'project_id': 'ae14acffa71142b693bcb673c1a2d8de', 'project_domain_id': 'default', 'roles': ['member', 'reader'], 'is_admin_project': True, 'service_user_id': None, 'service_user_domain_id': None, 'service_project_id': None, 'service_project_domain_id': None, 'service_roles': []} {{(pid=94431) authorize /opt/stack/nova/nova/policy.py:199}}
May 14 17:53:00.626014 n-d-787206-3 devstack@n-api.service[94431]: INFO nova.api.openstack.requestlog [None req-a7259781-28ac-49a3-b6bb-d01fdc45c919 tempest-DeleteServersAdminTestJSON-170326172 tempest-DeleteServersAdminTestJSON-170326172-project] 10.222.0.24 "GET /compute/v2.1/servers/77c6daa1-60f3-4d1c-bf79-54404df7d017" status: 200 len: 1340 microversion: 2.1 time: 0.729198
May 14 17:53:00.635539 n-d-787206-3 devstack@n-api.service[94431]: [pid: 94431|app: 0|req: 47/91] 10.222.0.24 () {58 vars in 1236 bytes} [Fri May 14 17:52:59 2021] GET /compute/v2.1/servers/77c6daa1-60f3-4d1c-bf79-54404df7d017 => generated 1340 bytes in 739 msecs (HTTP/1.1 200) 9 headers in 358 bytes (1 switches on core 0)
May 14 17:53:01.142802 n-d-787206-3 devstack@n-api.service[94430]: DEBUG nova.policy [None req-b3b272c3-7f9b-4fa6-bc9c-2d27f4b2e0cb tempest-AggregatesAdminTestJSON-1131308125 tempest-AggregatesAdminTestJSON-1131308125-project] Policy check for os_compute_api:os-extended-server-attributes failed with credentials {'is_admin': False, 'user_id': '17857bf818614248bb161308c29646b1', 'user_domain_id': 'default', 'system_scope': None, 'domain_id': None, 'project_id': 'fd407dc649de4a18b7cb2b4788d41a65', 'project_domain_id': 'default', 'roles': ['member', 'reader'], 'is_admin_project': True, 'service_user_id': None, 'service_user_domain_id': None, 'service_project_id': None, 'service_project_domain_id': None, 'service_roles': []} {{(pid=94430) authorize /opt/stack/nova/nova/policy.py:199}}
May 14 17:53:01.159599 n-d-787206-3 devstack@n-api.service[94430]: INFO nova.api.openstack.requestlog [None req-b3b272c3-7f9b-4fa6-bc9c-2d27f4b2e0cb tempest-AggregatesAdminTestJSON-1131308125 tempest-AggregatesAdminTestJSON-1131308125-project] 10.222.0.24 "GET /compute/v2.1/servers/ee4a7811-1a0d-4e13-8002-93ff314e1b80" status: 200 len: 1337 microversion: 2.1 time: 0.935902
May 14 17:53:01.162834 n-d-787206-3 devstack@n-api.service[94430]: [pid: 94430|app: 0|req: 45/92] 10.222.0.24 () {58 vars in 1236 bytes} [Fri May 14 17:53:00 2021] GET /compute/v2.1/servers/ee4a7811-1a0d-4e13-8002-93ff314e1b80 => generated 1337 bytes in 942 msecs (HTTP/1.1 200) 9 headers in 358 bytes (1 switches on core 0)
May 14 17:53:01.644632 n-d-787206-3 devstack@n-api.service[94431]: DEBUG nova.api.openstack.wsgi [None req-ff2c3eec-8254-499f-8592-3fccf2655778 tempest-DeleteServersAdminTestJSON-170326172 tempest-DeleteServersAdminTestJSON-170326172-project] Calling method '>' {{(pid=94431) _process_stack /opt/stack/nova/nova/api/openstack/wsgi.py:513}}
May 14 17:53:01.646245 n-d-787206-3 devstack@n-api.service[94431]: DEBUG nova.compute.api [None req-ff2c3eec-8254-499f-8592-3fccf2655778 tempest-DeleteServersAdminTestJSON-170326172 tempest-DeleteServersAdminTestJSON-170326172-project] [instance: 77c6daa1-60f3-4d1c-bf79-54404df7d017] Fetching instance by UUID {{(pid=94431) get /opt/stack/nova/nova/compute/api.py:2790}}
May 14 17:53:01.660933 n-d-787206-3 devstack@n-api.service[94431]: DEBUG oslo_concurrency.lockutils [None req-ff2c3eec-8254-499f-8592-3fccf2655778 tempest-DeleteServersAdminTestJSON-170326172 tempest-DeleteServersAdminTestJSON-170326172-project] Lock "9bc9cc9e-c1d6-4b83-a154-46da5067da3a" acquired by "nova.context.set_target_cell..get_or_set_cached_cell_and_set_connections" :: waited 0.000s {{(pid=94431) inner /usr/local/lib/python3.8/dist-packages/oslo_concurrency/lockutils.py:355}}
May 14 17:53:01.663435 n-d-787206-3 devstack@n-api.service[94431]: DEBUG oslo_concurrency.lockutils [None req-ff2c3eec-8254-499f-8592-3fccf2655778 tempest-DeleteServersAdminTestJSON-170326172 tempest-DeleteServersAdminTestJSON-170326172-project] Lock "9bc9cc9e-c1d6-4b83-a154-46da5067da3a" released by "nova.context.set_target_cell..get_or_set_cached_cell_and_set_connections" :: held 0.001s {{(pid=94431) inner /usr/local/lib/python3.8/dist-packages/oslo_concurrency/lockutils.py:367}}
May 14 17:53:01.665309 n-d-787206-3 devstack@n-api.service[94431]: DEBUG oslo_concurrency.lockutils [None req-ff2c3eec-8254-499f-8592-3fccf2655778 tempest-DeleteServersAdminTestJSON-170326172 tempest-DeleteServersAdminTestJSON-170326172-project] Lock "9bc9cc9e-c1d6-4b83-a154-46da5067da3a" acquired by "nova.context.set_target_cell..get_or_set_cached_cell_and_set_connections" :: waited 0.000s {{(pid=94431) inner /usr/local/lib/python3.8/dist-packages/oslo_concurrency/lockutils.py:355}}
May 14 17:53:01.665977 n-d-787206-3 devstack@n-api.service[94431]: DEBUG oslo_concurrency.lockutils [None req-ff2c3eec-8254-499f-8592-3fccf2655778 tempest-DeleteServersAdminTestJSON-170326172 tempest-DeleteServersAdminTestJSON-170326172-project] Lock "9bc9cc9e-c1d6-4b83-a154-46da5067da3a" released by "nova.context.set_target_cell..get_or_set_cached_cell_and_set_connections" :: held 0.001s {{(pid=94431) inner /usr/local/lib/python3.8/dist-packages/oslo_concurrency/lockutils.py:367}}
May 14 17:53:02.179144 n-d-787206-3 devstack@n-api.service[94430]: DEBUG nova.api.openstack.wsgi [None req-3602825e-6299-4382-bb79-f02b8a2d343e tempest-AggregatesAdminTestJSON-1131308125 tempest-AggregatesAdminTestJSON-1131308125-project] Calling method '>' {{(pid=94430) _process_stack /opt/stack/nova/nova/api/openstack/wsgi.py:513}}
May 14 17:53:02.179794 n-d-787206-3 devstack@n-api.service[94430]: DEBUG nova.compute.api [None req-3602825e-6299-4382-bb79-f02b8a2d343e tempest-AggregatesAdminTestJSON-1131308125 tempest-AggregatesAdminTestJSON-1131308125-project] [instance: ee4a7811-1a0d-4e13-8002-93ff314e1b80] Fetching instance by UUID {{(pid=94430) get /opt/stack/nova/nova/compute/api.py:2790}}
May 14 17:53:02.187720 n-d-787206-3 devstack@n-api.service[94430]: DEBUG oslo_concurrency.lockutils [None req-3602825e-6299-4382-bb79-f02b8a2d343e tempest-AggregatesAdminTestJSON-1131308125 tempest-AggregatesAdminTestJSON-1131308125-project] Lock "9bc9cc9e-c1d6-4b83-a154-46da5067da3a" acquired by "nova.context.set_target_cell..get_or_set_cached_cell_and_set_connections" :: waited 0.000s {{(pid=94430) inner /usr/local/lib/python3.8/dist-packages/oslo_concurrency/lockutils.py:355}}
May 14 17:53:02.188351 n-d-787206-3 devstack@n-api.service[94430]: DEBUG oslo_concurrency.lockutils [None req-3602825e-6299-4382-bb79-f02b8a2d343e tempest-AggregatesAdminTestJSON-1131308125 tempest-AggregatesAdminTestJSON-1131308125-project] Lock "9bc9cc9e-c1d6-4b83-a154-46da5067da3a" released by "nova.context.set_target_cell..get_or_set_cached_cell_and_set_connections" :: held 0.001s {{(pid=94430) inner /usr/local/lib/python3.8/dist-packages/oslo_concurrency/lockutils.py:367}}
May 14 17:53:02.189308 n-d-787206-3 devstack@n-api.service[94430]: DEBUG oslo_concurrency.lockutils [None req-3602825e-6299-4382-bb79-f02b8a2d343e tempest-AggregatesAdminTestJSON-1131308125 tempest-AggregatesAdminTestJSON-1131308125-project] Lock "9bc9cc9e-c1d6-4b83-a154-46da5067da3a" acquired by "nova.context.set_target_cell..get_or_set_cached_cell_and_set_connections" :: waited 0.000s {{(pid=94430) inner /usr/local/lib/python3.8/dist-packages/oslo_concurrency/lockutils.py:355}}
May 14 17:53:02.189748 n-d-787206-3 devstack@n-api.service[94430]: DEBUG oslo_concurrency.lockutils [None req-3602825e-6299-4382-bb79-f02b8a2d343e tempest-AggregatesAdminTestJSON-1131308125 tempest-AggregatesAdminTestJSON-1131308125-project] Lock "9bc9cc9e-c1d6-4b83-a154-46da5067da3a" released by "nova.context.set_target_cell..get_or_set_cached_cell_and_set_connections" :: held 0.000s {{(pid=94430) inner /usr/local/lib/python3.8/dist-packages/oslo_concurrency/lockutils.py:367}}
May 14 17:53:02.523326 n-d-787206-3 devstack@n-api.service[94431]: DEBUG nova.policy [None req-ff2c3eec-8254-499f-8592-3fccf2655778 tempest-DeleteServersAdminTestJSON-170326172 tempest-DeleteServersAdminTestJSON-170326172-project] Policy check for os_compute_api:os-extended-server-attributes failed with credentials {'is_admin': False, 'user_id': '517d334669e242fe9de8ae0cd4b3e524', 'user_domain_id': 'default', 'system_scope': None, 'domain_id': None, 'project_id': 'ae14acffa71142b693bcb673c1a2d8de', 'project_domain_id': 'default', 'roles': ['member', 'reader'], 'is_admin_project': True, 'service_user_id': None, 'service_user_domain_id': None, 'service_project_id': None, 'service_project_domain_id': None, 'service_roles': []} {{(pid=94431) authorize /opt/stack/nova/nova/policy.py:199}}
May 14 17:53:02.538126 n-d-787206-3 devstack@n-api.service[94431]: INFO nova.api.openstack.requestlog [None req-ff2c3eec-8254-499f-8592-3fccf2655778 tempest-DeleteServersAdminTestJSON-170326172 tempest-DeleteServersAdminTestJSON-170326172-project] 10.222.0.24 "GET /compute/v2.1/servers/77c6daa1-60f3-4d1c-bf79-54404df7d017" status: 200 len: 1340 microversion: 2.1 time: 0.894433
May 14 17:53:02.538754 n-d-787206-3 devstack@n-api.service[94431]: [pid: 94431|app: 0|req: 48/93] 10.222.0.24 () {58 vars in 1236 bytes} [Fri May 14 17:53:01 2021] GET /compute/v2.1/servers/77c6daa1-60f3-4d1c-bf79-54404df7d017 => generated 1340 bytes in 898 msecs (HTTP/1.1 200) 9 headers in 358 bytes (1 switches on core 0)
May 14 17:53:02.686587 n-d-787206-3 devstack@n-api.service[94431]: DEBUG nova.api.openstack.wsgi [req-fe51f418-6461-4184-83ed-b2093855f00e req-515d4a3f-bef0-4094-9107-da2d40bfd56e service nova] Action: 'create', calling method: >, body: {"events": [{"name": "network-changed", "server_uuid": "ee4a7811-1a0d-4e13-8002-93ff314e1b80", "tag": "5c35b9a5-13d1-443f-b474-f9fa47a050f1"}]} {{(pid=94431) _process_stack /opt/stack/nova/nova/api/openstack/wsgi.py:511}}
May 14 17:53:02.688008 n-d-787206-3 devstack@n-api.service[94431]: /usr/local/lib/python3.8/dist-packages/oslo_policy/policy.py:1064: UserWarning: Policy os_compute_api:os-server-external-events:create failed scope check. The token used to make the request was project scoped but the policy requires ['system'] scope. This behavior may change in the future where using the intended scope is required
May 14 17:53:02.688008 n-d-787206-3 devstack@n-api.service[94431]: warnings.warn(msg)
May 14 17:53:02.698001 n-d-787206-3 devstack@n-api.service[94431]: DEBUG oslo_concurrency.lockutils [req-fe51f418-6461-4184-83ed-b2093855f00e req-515d4a3f-bef0-4094-9107-da2d40bfd56e service nova] Lock "9bc9cc9e-c1d6-4b83-a154-46da5067da3a" acquired by "nova.context.set_target_cell..get_or_set_cached_cell_and_set_connections" :: waited 0.000s {{(pid=94431) inner /usr/local/lib/python3.8/dist-packages/oslo_concurrency/lockutils.py:355}}
May 14 17:53:02.698719 n-d-787206-3 devstack@n-api.service[94431]: DEBUG oslo_concurrency.lockutils [req-fe51f418-6461-4184-83ed-b2093855f00e req-515d4a3f-bef0-4094-9107-da2d40bfd56e service nova] Lock "9bc9cc9e-c1d6-4b83-a154-46da5067da3a" released by "nova.context.set_target_cell..get_or_set_cached_cell_and_set_connections" :: held 0.001s {{(pid=94431) inner /usr/local/lib/python3.8/dist-packages/oslo_concurrency/lockutils.py:367}}
May 14 17:53:02.720407 n-d-787206-3 devstack@n-api.service[94431]: INFO nova.api.openstack.compute.server_external_events [req-fe51f418-6461-4184-83ed-b2093855f00e req-515d4a3f-bef0-4094-9107-da2d40bfd56e service nova] Creating event network-changed:5c35b9a5-13d1-443f-b474-f9fa47a050f1 for instance ee4a7811-1a0d-4e13-8002-93ff314e1b80 on n-h1-787206-3
May 14 17:53:02.727948 n-d-787206-3 devstack@n-api.service[94431]: INFO nova.api.openstack.requestlog [req-fe51f418-6461-4184-83ed-b2093855f00e req-515d4a3f-bef0-4094-9107-da2d40bfd56e service nova] 10.222.0.24 "POST /compute/v2.1/os-server-external-events" status: 200 len: 179 microversion: 2.1 time: 0.187465
May 14 17:53:02.729024 n-d-787206-3 devstack@n-api.service[94431]: [pid: 94431|app: 0|req: 49/94] 10.222.0.24 () {64 vars in 1318 bytes} [Fri May 14 17:53:02 2021] POST /compute/v2.1/os-server-external-events => generated 179 bytes in 190 msecs (HTTP/1.1 200) 9 headers in 357 bytes (1 switches on core 0)
May 14 17:53:02.834938 n-d-787206-3 devstack@n-api.service[94430]: DEBUG nova.policy [None req-3602825e-6299-4382-bb79-f02b8a2d343e tempest-AggregatesAdminTestJSON-1131308125 tempest-AggregatesAdminTestJSON-1131308125-project] Policy check for os_compute_api:os-extended-server-attributes failed with credentials {'is_admin': False, 'user_id': '17857bf818614248bb161308c29646b1', 'user_domain_id': 'default', 'system_scope': None, 'domain_id': None, 'project_id': 'fd407dc649de4a18b7cb2b4788d41a65', 'project_domain_id': 'default', 'roles': ['member', 'reader'], 'is_admin_project': True, 'service_user_id': None, 'service_user_domain_id': None, 'service_project_id': None, 'service_project_domain_id': None, 'service_roles': []} {{(pid=94430) authorize /opt/stack/nova/nova/policy.py:199}}
May 14 17:53:02.843690 n-d-787206-3 devstack@n-api.service[94430]: INFO nova.api.openstack.requestlog [None req-3602825e-6299-4382-bb79-f02b8a2d343e tempest-AggregatesAdminTestJSON-1131308125 tempest-AggregatesAdminTestJSON-1131308125-project] 10.222.0.24 "GET /compute/v2.1/servers/ee4a7811-1a0d-4e13-8002-93ff314e1b80" status: 200 len: 1337 microversion: 2.1 time: 0.668728
May 14 17:53:02.844897 n-d-787206-3 devstack@n-api.service[94430]: [pid: 94430|app: 0|req: 46/95] 10.222.0.24 () {58 vars in 1236 bytes} [Fri May 14 17:53:02 2021] GET /compute/v2.1/servers/ee4a7811-1a0d-4e13-8002-93ff314e1b80 => generated 1337 bytes in 671 msecs (HTTP/1.1 200) 9 headers in 358 bytes (2 switches on core 0)
May 14 17:53:02.927717 n-d-787206-3 devstack@n-api.service[94431]: DEBUG nova.api.openstack.wsgi [None req-ca8368e7-cfd7-4c23-8e72-0080f469d502 tempest-KeyPairsV210TestJSON-463686887 tempest-KeyPairsV210TestJSON-463686887-project-admin] Action: 'create', calling method: .version_select at 0x7f546ea8e1f0>, body: {"keypair": {"name": "tempest-keypair-243804460", "type": "ssh", "user_id": "3b9c07b631024a908f69c9121fd23b8a"}} {{(pid=94431) _process_stack /opt/stack/nova/nova/api/openstack/wsgi.py:511}}
May 14 17:53:02.965029 n-d-787206-3 devstack@n-api.service[94431]: DEBUG nova.quota [None req-ca8368e7-cfd7-4c23-8e72-0080f469d502 tempest-KeyPairsV210TestJSON-463686887 tempest-KeyPairsV210TestJSON-463686887-project-admin] Getting quotas for project f9fdc0e57a0f4adfa44efeeebee050ee. Resources: {'key_pairs'} {{(pid=94431) _get_quotas /opt/stack/nova/nova/quota.py:387}}
May 14 17:53:02.971351 n-d-787206-3 devstack@n-api.service[94431]: DEBUG nova.quota [None req-ca8368e7-cfd7-4c23-8e72-0080f469d502 tempest-KeyPairsV210TestJSON-463686887 tempest-KeyPairsV210TestJSON-463686887-project-admin] Getting quotas for user 65bc4ffa35a14798be6335334ceb0b17 and project f9fdc0e57a0f4adfa44efeeebee050ee. Resources: {'key_pairs'} {{(pid=94431) _get_quotas /opt/stack/nova/nova/quota.py:377}}
May 14 17:53:03.196584 n-d-787206-3 devstack@n-api.service[94431]: DEBUG nova.quota [None req-ca8368e7-cfd7-4c23-8e72-0080f469d502 tempest-KeyPairsV210TestJSON-463686887 tempest-KeyPairsV210TestJSON-463686887-project-admin] Getting quotas for project f9fdc0e57a0f4adfa44efeeebee050ee. Resources: {'key_pairs'} {{(pid=94431) _get_quotas /opt/stack/nova/nova/quota.py:387}}
May 14 17:53:03.200535 n-d-787206-3 devstack@n-api.service[94431]: DEBUG nova.quota [None req-ca8368e7-cfd7-4c23-8e72-0080f469d502 tempest-KeyPairsV210TestJSON-463686887 tempest-KeyPairsV210TestJSON-463686887-project-admin] Getting quotas for user 65bc4ffa35a14798be6335334ceb0b17 and project f9fdc0e57a0f4adfa44efeeebee050ee. Resources: {'key_pairs'} {{(pid=94431) _get_quotas /opt/stack/nova/nova/quota.py:377}}
May 14 17:53:03.214881 n-d-787206-3 devstack@n-api.service[94431]: INFO nova.api.openstack.requestlog [None req-ca8368e7-cfd7-4c23-8e72-0080f469d502 tempest-KeyPairsV210TestJSON-463686887 tempest-KeyPairsV210TestJSON-463686887-project-admin] 10.222.0.24 "POST /compute/v2.1/os-keypairs" status: 201 len: 2315 microversion: 2.10 time: 0.484432
May 14 17:53:03.215525 n-d-787206-3 devstack@n-api.service[94431]: [pid: 94431|app: 0|req: 50/96] 10.222.0.24 () {62 vars in 1200 bytes} [Fri May 14 17:53:02 2021] POST /compute/v2.1/os-keypairs => generated 2315 bytes in 486 msecs (HTTP/1.1 201) 9 headers in 365 bytes (1 switches on core 0)
May 14 17:53:03.228419 n-d-787206-3 devstack@n-api.service[94430]: DEBUG nova.api.openstack.wsgi [None req-de2a4801-22f0-40db-8f94-c9f3c345d8a0 tempest-KeyPairsV210TestJSON-463686887 tempest-KeyPairsV210TestJSON-463686887-project-admin] Action: 'create', calling method: .version_select at 0x7f546ea58310>, body: {"keypair": {"name": "tempest-keypair-913712878", "type": "ssh", "user_id": "3b9c07b631024a908f69c9121fd23b8a"}} {{(pid=94430) _process_stack /opt/stack/nova/nova/api/openstack/wsgi.py:511}}
May 14 17:53:03.258257 n-d-787206-3 devstack@n-api.service[94430]: DEBUG nova.quota [None req-de2a4801-22f0-40db-8f94-c9f3c345d8a0 tempest-KeyPairsV210TestJSON-463686887 tempest-KeyPairsV210TestJSON-463686887-project-admin] Getting quotas for project f9fdc0e57a0f4adfa44efeeebee050ee. Resources: {'key_pairs'} {{(pid=94430) _get_quotas /opt/stack/nova/nova/quota.py:387}}
May 14 17:53:03.262475 n-d-787206-3 devstack@n-api.service[94430]: DEBUG nova.quota [None req-de2a4801-22f0-40db-8f94-c9f3c345d8a0 tempest-KeyPairsV210TestJSON-463686887 tempest-KeyPairsV210TestJSON-463686887-project-admin] Getting quotas for user 65bc4ffa35a14798be6335334ceb0b17 and project f9fdc0e57a0f4adfa44efeeebee050ee. Resources: {'key_pairs'} {{(pid=94430) _get_quotas /opt/stack/nova/nova/quota.py:377}}
May 14 17:53:03.507136 n-d-787206-3 devstack@n-api.service[94430]: DEBUG nova.quota [None req-de2a4801-22f0-40db-8f94-c9f3c345d8a0 tempest-KeyPairsV210TestJSON-463686887 tempest-KeyPairsV210TestJSON-463686887-project-admin] Getting quotas for project f9fdc0e57a0f4adfa44efeeebee050ee. Resources: {'key_pairs'} {{(pid=94430) _get_quotas /opt/stack/nova/nova/quota.py:387}}
May 14 17:53:03.511784 n-d-787206-3 devstack@n-api.service[94430]: DEBUG nova.quota [None req-de2a4801-22f0-40db-8f94-c9f3c345d8a0 tempest-KeyPairsV210TestJSON-463686887 tempest-KeyPairsV210TestJSON-463686887-project-admin] Getting quotas for user 65bc4ffa35a14798be6335334ceb0b17 and project f9fdc0e57a0f4adfa44efeeebee050ee. Resources: {'key_pairs'} {{(pid=94430) _get_quotas /opt/stack/nova/nova/quota.py:377}}
May 14 17:53:03.526067 n-d-787206-3 devstack@n-api.service[94430]: INFO nova.api.openstack.requestlog [None req-de2a4801-22f0-40db-8f94-c9f3c345d8a0 tempest-KeyPairsV210TestJSON-463686887 tempest-KeyPairsV210TestJSON-463686887-project-admin] 10.222.0.24 "POST /compute/v2.1/os-keypairs" status: 201 len: 2319 microversion: 2.10 time: 0.303959
May 14 17:53:03.527530 n-d-787206-3 devstack@n-api.service[94430]: [pid: 94430|app: 0|req: 47/97] 10.222.0.24 () {62 vars in 1200 bytes} [Fri May 14 17:53:03 2021] POST /compute/v2.1/os-keypairs => generated 2319 bytes in 306 msecs (HTTP/1.1 201) 9 headers in 365 bytes (1 switches on core 0)
May 14 17:53:03.536734 n-d-787206-3 devstack@n-api.service[94431]: DEBUG nova.api.openstack.wsgi [None req-786d9495-46cf-4067-a0eb-b0189409473f tempest-KeyPairsV210TestJSON-463686887 tempest-KeyPairsV210TestJSON-463686887-project-admin] Calling method '.version_select at 0x7f546eac8ca0>' {{(pid=94431) _process_stack /opt/stack/nova/nova/api/openstack/wsgi.py:513}}
May 14 17:53:03.545311 n-d-787206-3 devstack@n-api.service[94431]: INFO nova.api.openstack.requestlog [None req-786d9495-46cf-4067-a0eb-b0189409473f tempest-KeyPairsV210TestJSON-463686887 tempest-KeyPairsV210TestJSON-463686887-project-admin] 10.222.0.24 "GET /compute/v2.1/os-keypairs/tempest-keypair-243804460?user_id=3b9c07b631024a908f69c9121fd23b8a" status: 200 len: 705 microversion: 2.10 time: 0.012384
May 14 17:53:03.552063 n-d-787206-3 devstack@n-api.service[94431]: [pid: 94431|app: 0|req: 51/98] 10.222.0.24 () {60 vars in 1337 bytes} [Fri May 14 17:53:03 2021] GET /compute/v2.1/os-keypairs/tempest-keypair-243804460?user_id=3b9c07b631024a908f69c9121fd23b8a => generated 705 bytes in 14 msecs (HTTP/1.1 200) 9 headers in 359 bytes (1 switches on core 0)
May 14 17:53:03.555802 n-d-787206-3 devstack@n-api.service[94430]: DEBUG nova.api.openstack.wsgi [None req-85b028a5-bc05-44e0-8585-c00140490bf0 tempest-DeleteServersAdminTestJSON-170326172 tempest-DeleteServersAdminTestJSON-170326172-project] Calling method '>' {{(pid=94430) _process_stack /opt/stack/nova/nova/api/openstack/wsgi.py:513}}
May 14 17:53:03.556438 n-d-787206-3 devstack@n-api.service[94430]: DEBUG nova.compute.api [None req-85b028a5-bc05-44e0-8585-c00140490bf0 tempest-DeleteServersAdminTestJSON-170326172 tempest-DeleteServersAdminTestJSON-170326172-project] [instance: 77c6daa1-60f3-4d1c-bf79-54404df7d017] Fetching instance by UUID {{(pid=94430) get /opt/stack/nova/nova/compute/api.py:2790}}
May 14 17:53:03.556773 n-d-787206-3 devstack@n-api.service[94431]: DEBUG nova.api.openstack.wsgi [None req-a5b28fbd-d4de-4c02-8c65-f6174ff9555d tempest-KeyPairsV210TestJSON-463686887 tempest-KeyPairsV210TestJSON-463686887-project-admin] Action: 'create', calling method: .version_select at 0x7f546eac89d0>, body: {"keypair": {"name": "tempest-KeyPairsV210TestJSON-keypair-1465497206", "type": "ssh"}} {{(pid=94431) _process_stack /opt/stack/nova/nova/api/openstack/wsgi.py:511}}
May 14 17:53:03.563813 n-d-787206-3 devstack@n-api.service[94430]: DEBUG oslo_concurrency.lockutils [None req-85b028a5-bc05-44e0-8585-c00140490bf0 tempest-DeleteServersAdminTestJSON-170326172 tempest-DeleteServersAdminTestJSON-170326172-project] Lock "9bc9cc9e-c1d6-4b83-a154-46da5067da3a" acquired by "nova.context.set_target_cell..get_or_set_cached_cell_and_set_connections" :: waited 0.000s {{(pid=94430) inner /usr/local/lib/python3.8/dist-packages/oslo_concurrency/lockutils.py:355}}
May 14 17:53:03.564270 n-d-787206-3 devstack@n-api.service[94430]: DEBUG oslo_concurrency.lockutils [None req-85b028a5-bc05-44e0-8585-c00140490bf0 tempest-DeleteServersAdminTestJSON-170326172 tempest-DeleteServersAdminTestJSON-170326172-project] Lock "9bc9cc9e-c1d6-4b83-a154-46da5067da3a" released by "nova.context.set_target_cell..get_or_set_cached_cell_and_set_connections" :: held 0.001s {{(pid=94430) inner /usr/local/lib/python3.8/dist-packages/oslo_concurrency/lockutils.py:367}}
May 14 17:53:03.565065 n-d-787206-3 devstack@n-api.service[94430]: DEBUG oslo_concurrency.lockutils [None req-85b028a5-bc05-44e0-8585-c00140490bf0 tempest-DeleteServersAdminTestJSON-170326172 tempest-DeleteServersAdminTestJSON-170326172-project] Lock "9bc9cc9e-c1d6-4b83-a154-46da5067da3a" acquired by "nova.context.set_target_cell..get_or_set_cached_cell_and_set_connections" :: waited 0.000s {{(pid=94430) inner /usr/local/lib/python3.8/dist-packages/oslo_concurrency/lockutils.py:355}}
May 14 17:53:03.565570 n-d-787206-3 devstack@n-api.service[94430]: DEBUG oslo_concurrency.lockutils [None req-85b028a5-bc05-44e0-8585-c00140490bf0 tempest-DeleteServersAdminTestJSON-170326172 tempest-DeleteServersAdminTestJSON-170326172-project] Lock "9bc9cc9e-c1d6-4b83-a154-46da5067da3a" released by "nova.context.set_target_cell..get_or_set_cached_cell_and_set_connections" :: held 0.000s {{(pid=94430) inner /usr/local/lib/python3.8/dist-packages/oslo_concurrency/lockutils.py:367}}
May 14 17:53:03.581793 n-d-787206-3 devstack@n-api.service[94431]: DEBUG nova.quota [None req-a5b28fbd-d4de-4c02-8c65-f6174ff9555d tempest-KeyPairsV210TestJSON-463686887 tempest-KeyPairsV210TestJSON-463686887-project-admin] Getting quotas for project f9fdc0e57a0f4adfa44efeeebee050ee. Resources: {'key_pairs'} {{(pid=94431) _get_quotas /opt/stack/nova/nova/quota.py:387}}
May 14 17:53:03.586908 n-d-787206-3 devstack@n-api.service[94431]: DEBUG nova.quota [None req-a5b28fbd-d4de-4c02-8c65-f6174ff9555d tempest-KeyPairsV210TestJSON-463686887 tempest-KeyPairsV210TestJSON-463686887-project-admin] Getting quotas for user 65bc4ffa35a14798be6335334ceb0b17 and project f9fdc0e57a0f4adfa44efeeebee050ee. Resources: {'key_pairs'} {{(pid=94431) _get_quotas /opt/stack/nova/nova/quota.py:377}}
May 14 17:53:03.874324 n-d-787206-3 devstack@n-api.service[94431]: DEBUG nova.quota [None req-a5b28fbd-d4de-4c02-8c65-f6174ff9555d tempest-KeyPairsV210TestJSON-463686887 tempest-KeyPairsV210TestJSON-463686887-project-admin] Getting quotas for project f9fdc0e57a0f4adfa44efeeebee050ee. Resources: {'key_pairs'} {{(pid=94431) _get_quotas /opt/stack/nova/nova/quota.py:387}}
May 14 17:53:03.879681 n-d-787206-3 devstack@n-api.service[94431]: DEBUG nova.quota [None req-a5b28fbd-d4de-4c02-8c65-f6174ff9555d tempest-KeyPairsV210TestJSON-463686887 tempest-KeyPairsV210TestJSON-463686887-project-admin] Getting quotas for user 65bc4ffa35a14798be6335334ceb0b17 and project f9fdc0e57a0f4adfa44efeeebee050ee. Resources: {'key_pairs'} {{(pid=94431) _get_quotas /opt/stack/nova/nova/quota.py:377}}
May 14 17:53:03.898130 n-d-787206-3 devstack@n-api.service[94431]: INFO nova.api.openstack.requestlog [None req-a5b28fbd-d4de-4c02-8c65-f6174ff9555d tempest-KeyPairsV210TestJSON-463686887 tempest-KeyPairsV210TestJSON-463686887-project-admin] 10.222.0.24 "POST /compute/v2.1/os-keypairs" status: 201 len: 2341 microversion: 2.10 time: 0.343843
May 14 17:53:03.903320 n-d-787206-3 devstack@n-api.service[94431]: [pid: 94431|app: 0|req: 52/99] 10.222.0.24 () {62 vars in 1199 bytes} [Fri May 14 17:53:03 2021] POST /compute/v2.1/os-keypairs => generated 2341 bytes in 347 msecs (HTTP/1.1 201) 9 headers in 365 bytes (1 switches on core 0)
May 14 17:53:03.904621 n-d-787206-3 devstack@n-api.service[94431]: DEBUG nova.api.openstack.wsgi [None req-bdfac5d2-4473-4946-b1e5-d52f6a52045c tempest-AggregatesAdminTestJSON-1131308125 tempest-AggregatesAdminTestJSON-1131308125-project] Calling method '>' {{(pid=94431) _process_stack /opt/stack/nova/nova/api/openstack/wsgi.py:513}}
May 14 17:53:03.905373 n-d-787206-3 devstack@n-api.service[94431]: DEBUG nova.compute.api [None req-bdfac5d2-4473-4946-b1e5-d52f6a52045c tempest-AggregatesAdminTestJSON-1131308125 tempest-AggregatesAdminTestJSON-1131308125-project] [instance: ee4a7811-1a0d-4e13-8002-93ff314e1b80] Fetching instance by UUID {{(pid=94431) get /opt/stack/nova/nova/compute/api.py:2790}}
May 14 17:53:03.908925 n-d-787206-3 devstack@n-api.service[94430]: DEBUG nova.policy [None req-85b028a5-bc05-44e0-8585-c00140490bf0 tempest-DeleteServersAdminTestJSON-170326172 tempest-DeleteServersAdminTestJSON-170326172-project] Policy check for os_compute_api:os-extended-server-attributes failed with credentials {'is_admin': False, 'user_id': '517d334669e242fe9de8ae0cd4b3e524', 'user_domain_id': 'default', 'system_scope': None, 'domain_id': None, 'project_id': 'ae14acffa71142b693bcb673c1a2d8de', 'project_domain_id': 'default', 'roles': ['member', 'reader'], 'is_admin_project': True, 'service_user_id': None, 'service_user_domain_id': None, 'service_project_id': None, 'service_project_domain_id': None, 'service_roles': []} {{(pid=94430) authorize /opt/stack/nova/nova/policy.py:199}}
May 14 17:53:03.913538 n-d-787206-3 devstack@n-api.service[94431]: DEBUG oslo_concurrency.lockutils [None req-bdfac5d2-4473-4946-b1e5-d52f6a52045c tempest-AggregatesAdminTestJSON-1131308125 tempest-AggregatesAdminTestJSON-1131308125-project] Lock "9bc9cc9e-c1d6-4b83-a154-46da5067da3a" acquired by "nova.context.set_target_cell..get_or_set_cached_cell_and_set_connections" :: waited 0.000s {{(pid=94431) inner /usr/local/lib/python3.8/dist-packages/oslo_concurrency/lockutils.py:355}}
May 14 17:53:03.914383 n-d-787206-3 devstack@n-api.service[94431]: DEBUG oslo_concurrency.lockutils [None req-bdfac5d2-4473-4946-b1e5-d52f6a52045c tempest-AggregatesAdminTestJSON-1131308125 tempest-AggregatesAdminTestJSON-1131308125-project] Lock "9bc9cc9e-c1d6-4b83-a154-46da5067da3a" released by "nova.context.set_target_cell..get_or_set_cached_cell_and_set_connections" :: held 0.001s {{(pid=94431) inner /usr/local/lib/python3.8/dist-packages/oslo_concurrency/lockutils.py:367}}
May 14 17:53:03.915728 n-d-787206-3 devstack@n-api.service[94431]: DEBUG oslo_concurrency.lockutils [None req-bdfac5d2-4473-4946-b1e5-d52f6a52045c tempest-AggregatesAdminTestJSON-1131308125 tempest-AggregatesAdminTestJSON-1131308125-project] Lock "9bc9cc9e-c1d6-4b83-a154-46da5067da3a" acquired by "nova.context.set_target_cell..get_or_set_cached_cell_and_set_connections" :: waited 0.000s {{(pid=94431) inner /usr/local/lib/python3.8/dist-packages/oslo_concurrency/lockutils.py:355}}
May 14 17:53:03.916467 n-d-787206-3 devstack@n-api.service[94431]: DEBUG oslo_concurrency.lockutils [None req-bdfac5d2-4473-4946-b1e5-d52f6a52045c tempest-AggregatesAdminTestJSON-1131308125 tempest-AggregatesAdminTestJSON-1131308125-project] Lock "9bc9cc9e-c1d6-4b83-a154-46da5067da3a" released by "nova.context.set_target_cell..get_or_set_cached_cell_and_set_connections" :: held 0.001s {{(pid=94431) inner /usr/local/lib/python3.8/dist-packages/oslo_concurrency/lockutils.py:367}}
May 14 17:53:03.918137 n-d-787206-3 devstack@n-api.service[94430]: INFO nova.api.openstack.requestlog [None req-85b028a5-bc05-44e0-8585-c00140490bf0 tempest-DeleteServersAdminTestJSON-170326172 tempest-DeleteServersAdminTestJSON-170326172-project] 10.222.0.24 "GET /compute/v2.1/servers/77c6daa1-60f3-4d1c-bf79-54404df7d017" status: 200 len: 1340 microversion: 2.1 time: 0.366702
May 14 17:53:03.928033 n-d-787206-3 devstack@n-api.service[94430]: [pid: 94430|app: 0|req: 48/100] 10.222.0.24 () {58 vars in 1236 bytes} [Fri May 14 17:53:03 2021] GET /compute/v2.1/servers/77c6daa1-60f3-4d1c-bf79-54404df7d017 => generated 1340 bytes in 368 msecs (HTTP/1.1 200) 9 headers in 358 bytes (1 switches on core 0)
May 14 17:53:03.932661 n-d-787206-3 devstack@n-api.service[94430]: DEBUG nova.api.openstack.wsgi [None req-62e0329c-376f-419f-9ab8-41fafb7daf8f tempest-KeyPairsV210TestJSON-463686887 tempest-KeyPairsV210TestJSON-463686887-project-admin] Calling method '.version_select at 0x7f546eaec040>' {{(pid=94430) _process_stack /opt/stack/nova/nova/api/openstack/wsgi.py:513}}
May 14 17:53:03.940432 n-d-787206-3 devstack@n-api.service[94430]: WARNING oslo_db.sqlalchemy.utils [None req-62e0329c-376f-419f-9ab8-41fafb7daf8f tempest-KeyPairsV210TestJSON-463686887 tempest-KeyPairsV210TestJSON-463686887-project-admin] Unique keys not in sort_keys. The sorting order may be unstable.
May 14 17:53:03.951551 n-d-787206-3 devstack@n-api.service[94430]: WARNING oslo_db.sqlalchemy.utils [None req-62e0329c-376f-419f-9ab8-41fafb7daf8f tempest-KeyPairsV210TestJSON-463686887 tempest-KeyPairsV210TestJSON-463686887-project-admin] Unique keys not in sort_keys. The sorting order may be unstable.
May 14 17:53:03.958498 n-d-787206-3 devstack@n-api.service[94430]: INFO nova.api.openstack.requestlog [None req-62e0329c-376f-419f-9ab8-41fafb7daf8f tempest-KeyPairsV210TestJSON-463686887 tempest-KeyPairsV210TestJSON-463686887-project-admin] 10.222.0.24 "GET /compute/v2.1/os-keypairs?user_id=3b9c07b631024a908f69c9121fd23b8a" status: 200 len: 1112 microversion: 2.10 time: 0.037960
May 14 17:53:03.959350 n-d-787206-3 devstack@n-api.service[94430]: [pid: 94430|app: 0|req: 49/101] 10.222.0.24 () {60 vars in 1259 bytes} [Fri May 14 17:53:03 2021] GET /compute/v2.1/os-keypairs?user_id=3b9c07b631024a908f69c9121fd23b8a => generated 1112 bytes in 40 msecs (HTTP/1.1 200) 9 headers in 360 bytes (1 switches on core 0)
May 14 17:53:03.970180 n-d-787206-3 devstack@n-api.service[94430]: DEBUG nova.api.openstack.wsgi [None req-10f44fd8-01a2-4425-8f38-c55de0a462c2 tempest-KeyPairsV210TestJSON-463686887 tempest-KeyPairsV210TestJSON-463686887-project-admin] Calling method '.version_select at 0x7f546e99c550>' {{(pid=94430) _process_stack /opt/stack/nova/nova/api/openstack/wsgi.py:513}}
May 14 17:53:03.999035 n-d-787206-3 devstack@n-api.service[94430]: INFO nova.api.openstack.requestlog [None req-10f44fd8-01a2-4425-8f38-c55de0a462c2 tempest-KeyPairsV210TestJSON-463686887 tempest-KeyPairsV210TestJSON-463686887-project-admin] 10.222.0.24 "DELETE /compute/v2.1/os-keypairs/tempest-KeyPairsV210TestJSON-keypair-1465497206" status: 204 len: 0 microversion: 2.10 time: 0.032593
May 14 17:53:04.001221 n-d-787206-3 devstack@n-api.service[94430]: [pid: 94430|app: 0|req: 50/102] 10.222.0.24 () {60 vars in 1325 bytes} [Fri May 14 17:53:03 2021] DELETE /compute/v2.1/os-keypairs/tempest-KeyPairsV210TestJSON-keypair-1465497206 => generated 0 bytes in 35 msecs (HTTP/1.1 204) 9 headers in 365 bytes (1 switches on core 0)
May 14 17:53:04.014222 n-d-787206-3 devstack@n-api.service[94430]: DEBUG nova.api.openstack.wsgi [None req-0226316c-fba3-400c-adba-9296e07ed807 tempest-KeyPairsV210TestJSON-463686887 tempest-KeyPairsV210TestJSON-463686887-project-admin] Calling method '.version_select at 0x7f546eaec0d0>' {{(pid=94430) _process_stack /opt/stack/nova/nova/api/openstack/wsgi.py:513}}
May 14 17:53:04.053408 n-d-787206-3 devstack@n-api.service[94430]: INFO nova.api.openstack.requestlog [None req-0226316c-fba3-400c-adba-9296e07ed807 tempest-KeyPairsV210TestJSON-463686887 tempest-KeyPairsV210TestJSON-463686887-project-admin] 10.222.0.24 "DELETE /compute/v2.1/os-keypairs/tempest-keypair-913712878?user_id=3b9c07b631024a908f69c9121fd23b8a" status: 204 len: 0 microversion: 2.10 time: 0.044283
May 14 17:53:04.054070 n-d-787206-3 devstack@n-api.service[94430]: [pid: 94430|app: 0|req: 51/103] 10.222.0.24 () {60 vars in 1340 bytes} [Fri May 14 17:53:04 2021] DELETE /compute/v2.1/os-keypairs/tempest-keypair-913712878?user_id=3b9c07b631024a908f69c9121fd23b8a => generated 0 bytes in 46 msecs (HTTP/1.1 204) 9 headers in 365 bytes (2 switches on core 0)
May 14 17:53:04.062768 n-d-787206-3 devstack@n-api.service[94430]: DEBUG nova.api.openstack.wsgi [None req-8b445254-1ef2-4719-aac4-f49f0ef147de tempest-KeyPairsV210TestJSON-463686887 tempest-KeyPairsV210TestJSON-463686887-project-admin] Calling method '.version_select at 0x7f546e99c5e0>' {{(pid=94430) _process_stack /opt/stack/nova/nova/api/openstack/wsgi.py:513}}
May 14 17:53:04.103879 n-d-787206-3 devstack@n-api.service[94430]: INFO nova.api.openstack.requestlog [None req-8b445254-1ef2-4719-aac4-f49f0ef147de tempest-KeyPairsV210TestJSON-463686887 tempest-KeyPairsV210TestJSON-463686887-project-admin] 10.222.0.24 "DELETE /compute/v2.1/os-keypairs/tempest-keypair-243804460?user_id=3b9c07b631024a908f69c9121fd23b8a" status: 204 len: 0 microversion: 2.10 time: 0.044593
May 14 17:53:04.105159 n-d-787206-3 devstack@n-api.service[94430]: [pid: 94430|app: 0|req: 52/104] 10.222.0.24 () {60 vars in 1340 bytes} [Fri May 14 17:53:04 2021] DELETE /compute/v2.1/os-keypairs/tempest-keypair-243804460?user_id=3b9c07b631024a908f69c9121fd23b8a => generated 0 bytes in 46 msecs (HTTP/1.1 204) 9 headers in 365 bytes (1 switches on core 0)
May 14 17:53:04.550399 n-d-787206-3 devstack@n-api.service[94431]: DEBUG nova.policy [None req-bdfac5d2-4473-4946-b1e5-d52f6a52045c tempest-AggregatesAdminTestJSON-1131308125 tempest-AggregatesAdminTestJSON-1131308125-project] Policy check for os_compute_api:os-extended-server-attributes failed with credentials {'is_admin': False, 'user_id': '17857bf818614248bb161308c29646b1', 'user_domain_id': 'default', 'system_scope': None, 'domain_id': None, 'project_id': 'fd407dc649de4a18b7cb2b4788d41a65', 'project_domain_id': 'default', 'roles': ['member', 'reader'], 'is_admin_project': True, 'service_user_id': None, 'service_user_domain_id': None, 'service_project_id': None, 'service_project_domain_id': None, 'service_roles': []} {{(pid=94431) authorize /opt/stack/nova/nova/policy.py:199}}
May 14 17:53:04.560178 n-d-787206-3 devstack@n-api.service[94431]: INFO nova.api.openstack.requestlog [None req-bdfac5d2-4473-4946-b1e5-d52f6a52045c tempest-AggregatesAdminTestJSON-1131308125 tempest-AggregatesAdminTestJSON-1131308125-project] 10.222.0.24 "GET /compute/v2.1/servers/ee4a7811-1a0d-4e13-8002-93ff314e1b80" status: 200 len: 1337 microversion: 2.1 time: 0.659227
May 14 17:53:04.564480 n-d-787206-3 devstack@n-api.service[94431]: [pid: 94431|app: 0|req: 53/105] 10.222.0.24 () {58 vars in 1236 bytes} [Fri May 14 17:53:03 2021] GET /compute/v2.1/servers/ee4a7811-1a0d-4e13-8002-93ff314e1b80 => generated 1337 bytes in 664 msecs (HTTP/1.1 200) 9 headers in 358 bytes (1 switches on core 0)
May 14 17:53:04.944637 n-d-787206-3 devstack@n-api.service[94430]: DEBUG nova.api.openstack.wsgi [None req-c37e0fa0-8762-4fef-8799-eab655a627bf tempest-DeleteServersAdminTestJSON-170326172 tempest-DeleteServersAdminTestJSON-170326172-project] Calling method '>' {{(pid=94430) _process_stack /opt/stack/nova/nova/api/openstack/wsgi.py:513}}
May 14 17:53:04.945281 n-d-787206-3 devstack@n-api.service[94430]: DEBUG nova.compute.api [None req-c37e0fa0-8762-4fef-8799-eab655a627bf tempest-DeleteServersAdminTestJSON-170326172 tempest-DeleteServersAdminTestJSON-170326172-project] [instance: 77c6daa1-60f3-4d1c-bf79-54404df7d017] Fetching instance by UUID {{(pid=94430) get /opt/stack/nova/nova/compute/api.py:2790}}
May 14 17:53:04.959441 n-d-787206-3 devstack@n-api.service[94430]: DEBUG oslo_concurrency.lockutils [None req-c37e0fa0-8762-4fef-8799-eab655a627bf tempest-DeleteServersAdminTestJSON-170326172 tempest-DeleteServersAdminTestJSON-170326172-project] Lock "9bc9cc9e-c1d6-4b83-a154-46da5067da3a" acquired by "nova.context.set_target_cell..get_or_set_cached_cell_and_set_connections" :: waited 0.000s {{(pid=94430) inner /usr/local/lib/python3.8/dist-packages/oslo_concurrency/lockutils.py:355}}
May 14 17:53:04.959916 n-d-787206-3 devstack@n-api.service[94430]: DEBUG oslo_concurrency.lockutils [None req-c37e0fa0-8762-4fef-8799-eab655a627bf tempest-DeleteServersAdminTestJSON-170326172 tempest-DeleteServersAdminTestJSON-170326172-project] Lock "9bc9cc9e-c1d6-4b83-a154-46da5067da3a" released by "nova.context.set_target_cell..get_or_set_cached_cell_and_set_connections" :: held 0.001s {{(pid=94430) inner /usr/local/lib/python3.8/dist-packages/oslo_concurrency/lockutils.py:367}}
May 14 17:53:04.960725 n-d-787206-3 devstack@n-api.service[94430]: DEBUG oslo_concurrency.lockutils [None req-c37e0fa0-8762-4fef-8799-eab655a627bf tempest-DeleteServersAdminTestJSON-170326172 tempest-DeleteServersAdminTestJSON-170326172-project] Lock "9bc9cc9e-c1d6-4b83-a154-46da5067da3a" acquired by "nova.context.set_target_cell..get_or_set_cached_cell_and_set_connections" :: waited 0.000s {{(pid=94430) inner /usr/local/lib/python3.8/dist-packages/oslo_concurrency/lockutils.py:355}}
May 14 17:53:04.961893 n-d-787206-3 devstack@n-api.service[94430]: DEBUG oslo_concurrency.lockutils [None req-c37e0fa0-8762-4fef-8799-eab655a627bf tempest-DeleteServersAdminTestJSON-170326172 tempest-DeleteServersAdminTestJSON-170326172-project] Lock "9bc9cc9e-c1d6-4b83-a154-46da5067da3a" released by "nova.context.set_target_cell..get_or_set_cached_cell_and_set_connections" :: held 0.000s {{(pid=94430) inner /usr/local/lib/python3.8/dist-packages/oslo_concurrency/lockutils.py:367}}
May 14 17:53:05.287293 n-d-787206-3 devstack@n-api.service[94430]: DEBUG nova.policy [None req-c37e0fa0-8762-4fef-8799-eab655a627bf tempest-DeleteServersAdminTestJSON-170326172 tempest-DeleteServersAdminTestJSON-170326172-project] Policy check for os_compute_api:os-extended-server-attributes failed with credentials {'is_admin': False, 'user_id': '517d334669e242fe9de8ae0cd4b3e524', 'user_domain_id': 'default', 'system_scope': None, 'domain_id': None, 'project_id': 'ae14acffa71142b693bcb673c1a2d8de', 'project_domain_id': 'default', 'roles': ['member', 'reader'], 'is_admin_project': True, 'service_user_id': None, 'service_user_domain_id': None, 'service_project_id': None, 'service_project_domain_id': None, 'service_roles': []} {{(pid=94430) authorize /opt/stack/nova/nova/policy.py:199}}
May 14 17:53:05.297756 n-d-787206-3 devstack@n-api.service[94430]: INFO nova.api.openstack.requestlog [None req-c37e0fa0-8762-4fef-8799-eab655a627bf tempest-DeleteServersAdminTestJSON-170326172 tempest-DeleteServersAdminTestJSON-170326172-project] 10.222.0.24 "GET /compute/v2.1/servers/77c6daa1-60f3-4d1c-bf79-54404df7d017" status: 200 len: 1340 microversion: 2.1 time: 0.357940
May 14 17:53:05.298701 n-d-787206-3 devstack@n-api.service[94430]: [pid: 94430|app: 0|req: 53/106] 10.222.0.24 () {58 vars in 1236 bytes} [Fri May 14 17:53:04 2021] GET /compute/v2.1/servers/77c6daa1-60f3-4d1c-bf79-54404df7d017 => generated 1340 bytes in 359 msecs (HTTP/1.1 200) 9 headers in 358 bytes (2 switches on core 0)
May 14 17:53:05.534723 n-d-787206-3 devstack@n-api.service[94431]: DEBUG nova.api.openstack.wsgi [None req-0401963b-cf06-4933-a275-d230de97217b tempest-LiveAutoBlockMigrationV225Test-1693110622 tempest-LiveAutoBlockMigrationV225Test-1693110622-project] Action: 'create', calling method: >, body: {"server": {"name": "tempest-LiveAutoBlockMigrationV225Test-server-100360048", "imageRef": "e9605688-48f3-4252-9838-e7a28abf7899", "flavorRef": "452", "networks": [{"uuid": "e80d55c2-42c2-48ae-8ecc-745b55b058ba"}]}} {{(pid=94431) _process_stack /opt/stack/nova/nova/api/openstack/wsgi.py:511}}
May 14 17:53:05.583724 n-d-787206-3 devstack@n-api.service[94430]: DEBUG nova.api.openstack.wsgi [None req-e7b41386-d971-48cb-ba26-20cd1507bb80 tempest-AggregatesAdminTestJSON-1131308125 tempest-AggregatesAdminTestJSON-1131308125-project] Calling method '>' {{(pid=94430) _process_stack /opt/stack/nova/nova/api/openstack/wsgi.py:513}}
May 14 17:53:05.585031 n-d-787206-3 devstack@n-api.service[94430]: DEBUG nova.compute.api [None req-e7b41386-d971-48cb-ba26-20cd1507bb80 tempest-AggregatesAdminTestJSON-1131308125 tempest-AggregatesAdminTestJSON-1131308125-project] [instance: ee4a7811-1a0d-4e13-8002-93ff314e1b80] Fetching instance by UUID {{(pid=94430) get /opt/stack/nova/nova/compute/api.py:2790}}
May 14 17:53:05.594741 n-d-787206-3 devstack@n-api.service[94430]: DEBUG oslo_concurrency.lockutils [None req-e7b41386-d971-48cb-ba26-20cd1507bb80 tempest-AggregatesAdminTestJSON-1131308125 tempest-AggregatesAdminTestJSON-1131308125-project] Lock "9bc9cc9e-c1d6-4b83-a154-46da5067da3a" acquired by "nova.context.set_target_cell..get_or_set_cached_cell_and_set_connections" :: waited 0.000s {{(pid=94430) inner /usr/local/lib/python3.8/dist-packages/oslo_concurrency/lockutils.py:355}}
May 14 17:53:05.595930 n-d-787206-3 devstack@n-api.service[94430]: DEBUG oslo_concurrency.lockutils [None req-e7b41386-d971-48cb-ba26-20cd1507bb80 tempest-AggregatesAdminTestJSON-1131308125 tempest-AggregatesAdminTestJSON-1131308125-project] Lock "9bc9cc9e-c1d6-4b83-a154-46da5067da3a" released by "nova.context.set_target_cell..get_or_set_cached_cell_and_set_connections" :: held 0.001s {{(pid=94430) inner /usr/local/lib/python3.8/dist-packages/oslo_concurrency/lockutils.py:367}}
May 14 17:53:05.597214 n-d-787206-3 devstack@n-api.service[94430]: DEBUG oslo_concurrency.lockutils [None req-e7b41386-d971-48cb-ba26-20cd1507bb80 tempest-AggregatesAdminTestJSON-1131308125 tempest-AggregatesAdminTestJSON-1131308125-project] Lock "9bc9cc9e-c1d6-4b83-a154-46da5067da3a" acquired by "nova.context.set_target_cell..get_or_set_cached_cell_and_set_connections" :: waited 0.000s {{(pid=94430) inner /usr/local/lib/python3.8/dist-packages/oslo_concurrency/lockutils.py:355}}
May 14 17:53:05.598636 n-d-787206-3 devstack@n-api.service[94430]: DEBUG oslo_concurrency.lockutils [None req-e7b41386-d971-48cb-ba26-20cd1507bb80 tempest-AggregatesAdminTestJSON-1131308125 tempest-AggregatesAdminTestJSON-1131308125-project] Lock "9bc9cc9e-c1d6-4b83-a154-46da5067da3a" released by "nova.context.set_target_cell..get_or_set_cached_cell_and_set_connections" :: held 0.001s {{(pid=94430) inner /usr/local/lib/python3.8/dist-packages/oslo_concurrency/lockutils.py:367}}
May 14 17:53:05.613130 n-d-787206-3 devstack@n-api.service[94431]: DEBUG nova.network.neutron [None req-0401963b-cf06-4933-a275-d230de97217b tempest-LiveAutoBlockMigrationV225Test-1693110622 tempest-LiveAutoBlockMigrationV225Test-1693110622-project] validate_networks() for [('e80d55c2-42c2-48ae-8ecc-745b55b058ba', None, None, None)] {{(pid=94431) validate_networks /opt/stack/nova/nova/network/neutron.py:2374}}
May 14 17:53:05.919117 n-d-787206-3 devstack@n-api.service[94430]: DEBUG nova.policy [None req-e7b41386-d971-48cb-ba26-20cd1507bb80 tempest-AggregatesAdminTestJSON-1131308125 tempest-AggregatesAdminTestJSON-1131308125-project] Policy check for os_compute_api:os-extended-server-attributes failed with credentials {'is_admin': False, 'user_id': '17857bf818614248bb161308c29646b1', 'user_domain_id': 'default', 'system_scope': None, 'domain_id': None, 'project_id': 'fd407dc649de4a18b7cb2b4788d41a65', 'project_domain_id': 'default', 'roles': ['member', 'reader'], 'is_admin_project': True, 'service_user_id': None, 'service_user_domain_id': None, 'service_project_id': None, 'service_project_domain_id': None, 'service_roles': []} {{(pid=94430) authorize /opt/stack/nova/nova/policy.py:199}}
May 14 17:53:05.928761 n-d-787206-3 devstack@n-api.service[94430]: INFO nova.api.openstack.requestlog [None req-e7b41386-d971-48cb-ba26-20cd1507bb80 tempest-AggregatesAdminTestJSON-1131308125 tempest-AggregatesAdminTestJSON-1131308125-project] 10.222.0.24 "GET /compute/v2.1/servers/ee4a7811-1a0d-4e13-8002-93ff314e1b80" status: 200 len: 1337 microversion: 2.1 time: 0.351956
May 14 17:53:05.929630 n-d-787206-3 devstack@n-api.service[94430]: [pid: 94430|app: 0|req: 54/107] 10.222.0.24 () {58 vars in 1236 bytes} [Fri May 14 17:53:05 2021] GET /compute/v2.1/servers/ee4a7811-1a0d-4e13-8002-93ff314e1b80 => generated 1337 bytes in 354 msecs (HTTP/1.1 200) 9 headers in 358 bytes (2 switches on core 0)
May 14 17:53:06.445591 n-d-787206-3 devstack@n-api.service[94431]: DEBUG nova.virt.hardware [None req-0401963b-cf06-4933-a275-d230de97217b tempest-LiveAutoBlockMigrationV225Test-1693110622 tempest-LiveAutoBlockMigrationV225Test-1693110622-project] Flavor limits 0:0:0 {{(pid=94431) get_cpu_topology_constraints /opt/stack/nova/nova/virt/hardware.py:344}}
