Aug 16 19:49:16.799683 n-d-787206-13 devstack@n-api.service[94044]: DEBUG nova.api.openstack.wsgi [None req-6942ef50-939f-48f6-aa6d-4f13e4712b4b admin admin] Calling method '>' {{(pid=94044) _process_stack /opt/stack/nova/nova/api/openstack/wsgi.py:513}}
Aug 16 19:49:16.822781 n-d-787206-13 devstack@n-api.service[94044]: INFO nova.api.openstack.requestlog [None req-6942ef50-939f-48f6-aa6d-4f13e4712b4b admin admin] 10.222.0.68 "GET /compute/v2.1/flavors/detail?is_public=True" status: 200 len: 2106 microversion: 2.61 time: 0.076669
Aug 16 19:49:16.823351 n-d-787206-13 devstack@n-api.service[94044]: [pid: 94044|app: 0|req: 10/20] 10.222.0.68 () {60 vars in 1292 bytes} [Mon Aug 16 19:49:16 2021] GET /compute/v2.1/flavors/detail?is_public=True => generated 2106 bytes in 78 msecs (HTTP/1.1 200) 9 headers in 360 bytes (1 switches on core 0)
Aug 16 19:49:19.046022 n-d-787206-13 devstack@n-api.service[94045]: DEBUG nova.api.openstack.wsgi [None req-e45e0dec-604c-4d4c-8e01-f765969c831a admin admin] Calling method '>' {{(pid=94045) _process_stack /opt/stack/nova/nova/api/openstack/wsgi.py:513}}
Aug 16 19:49:19.047634 n-d-787206-13 devstack@n-api.service[94045]: INFO nova.api.openstack.requestlog [None req-e45e0dec-604c-4d4c-8e01-f765969c831a admin admin] 10.222.0.68 "GET /compute/v2.1" status: 200 len: 388 microversion: 2.1 time: 0.001990
Aug 16 19:49:19.059814 n-d-787206-13 devstack@n-api.service[94045]: [pid: 94045|app: 0|req: 11/21] 10.222.0.68 () {54 vars in 931 bytes} [Mon Aug 16 19:49:19 2021] GET /compute/v2.1 => generated 388 bytes in 14 msecs (HTTP/1.1 200) 9 headers in 357 bytes (1 switches on core 0)
Aug 16 19:49:19.116395 n-d-787206-13 devstack@n-api.service[94044]: DEBUG nova.api.openstack.wsgi [None req-d6c81b8d-31af-4946-b11d-bbbe5609bd95 admin admin] Action: 'create', calling method: >, body: {"flavor": {"disk": 1, "swap": 0, "vcpus": 1, "OS-FLV-EXT-DATA:ephemeral": 0, "id": "1", "os-flavor-access:is_public": true, "ram": 512, "rxtx_factor": 1.0, "name": "m1.tiny"}} {{(pid=94044) _process_stack /opt/stack/nova/nova/api/openstack/wsgi.py:511}}
Aug 16 19:49:19.139723 n-d-787206-13 devstack@n-api.service[94044]: INFO nova.api.openstack.requestlog [None req-d6c81b8d-31af-4946-b11d-bbbe5609bd95 admin admin] 10.222.0.68 "POST /compute/v2.1/flavors" status: 200 len: 402 microversion: 2.61 time: 0.083564
Aug 16 19:49:19.154203 n-d-787206-13 devstack@n-api.service[94045]: DEBUG nova.api.openstack.wsgi [None req-da87b012-6057-434e-85e3-834e30282af7 admin admin] Action: 'create', calling method: >, body: {"extra_specs": {"hw_rng:allowed": "True"}} {{(pid=94045) _process_stack /opt/stack/nova/nova/api/openstack/wsgi.py:511}}
Aug 16 19:49:19.159903 n-d-787206-13 devstack@n-api.service[94044]: [pid: 94044|app: 0|req: 11/22] 10.222.0.68 () {64 vars in 1283 bytes} [Mon Aug 16 19:49:19 2021] POST /compute/v2.1/flavors => generated 402 bytes in 104 msecs (HTTP/1.1 200) 9 headers in 359 bytes (1 switches on core 0)
Aug 16 19:49:19.184948 n-d-787206-13 devstack@n-api.service[94045]: INFO nova.api.openstack.requestlog [None req-da87b012-6057-434e-85e3-834e30282af7 admin admin] 10.222.0.68 "POST /compute/v2.1/flavors/1/os-extra_specs" status: 200 len: 43 microversion: 2.61 time: 0.035017
Aug 16 19:49:19.185915 n-d-787206-13 devstack@n-api.service[94045]: [pid: 94045|app: 0|req: 12/23] 10.222.0.68 () {64 vars in 1333 bytes} [Mon Aug 16 19:49:19 2021] POST /compute/v2.1/flavors/1/os-extra_specs => generated 43 bytes in 37 msecs (HTTP/1.1 200) 9 headers in 358 bytes (1 switches on core 0)
Aug 16 19:49:21.379925 n-d-787206-13 devstack@n-api.service[94044]: DEBUG nova.api.openstack.wsgi [None req-d6c81b8d-31af-4946-b11d-bbbe5609bd95 admin admin] Calling method '>' {{(pid=94044) _process_stack /opt/stack/nova/nova/api/openstack/wsgi.py:513}}
Aug 16 19:49:21.381351 n-d-787206-13 devstack@n-api.service[94044]: INFO nova.api.openstack.requestlog [None req-d6c81b8d-31af-4946-b11d-bbbe5609bd95 admin admin] 10.222.0.68 "GET /compute/v2.1" status: 200 len: 388 microversion: 2.1 time: 0.002169
Aug 16 19:49:21.381993 n-d-787206-13 devstack@n-api.service[94044]: [pid: 94044|app: 0|req: 12/24] 10.222.0.68 () {54 vars in 931 bytes} [Mon Aug 16 19:49:21 2021] GET /compute/v2.1 => generated 388 bytes in 4 msecs (HTTP/1.1 200) 9 headers in 357 bytes (1 switches on core 0)
Aug 16 19:49:21.464376 n-d-787206-13 devstack@n-api.service[94045]: DEBUG nova.api.openstack.wsgi [None req-6c1987b0-2d11-4ce1-a6bf-eaea68475bd4 admin admin] Action: 'create', calling method: >, body: {"flavor": {"swap": 0, "OS-FLV-EXT-DATA:ephemeral": 0, "ram": 2048, "id": "2", "rxtx_factor": 1.0, "disk": 20, "vcpus": 1, "os-flavor-access:is_public": true, "name": "m1.small"}} {{(pid=94045) _process_stack /opt/stack/nova/nova/api/openstack/wsgi.py:511}}
Aug 16 19:49:21.484396 n-d-787206-13 devstack@n-api.service[94045]: INFO nova.api.openstack.requestlog [None req-6c1987b0-2d11-4ce1-a6bf-eaea68475bd4 admin admin] 10.222.0.68 "POST /compute/v2.1/flavors" status: 200 len: 405 microversion: 2.61 time: 0.094182
Aug 16 19:49:21.484995 n-d-787206-13 devstack@n-api.service[94045]: [pid: 94045|app: 0|req: 13/25] 10.222.0.68 () {64 vars in 1283 bytes} [Mon Aug 16 19:49:21 2021] POST /compute/v2.1/flavors => generated 405 bytes in 95 msecs (HTTP/1.1 200) 9 headers in 359 bytes (2 switches on core 0)
Aug 16 19:49:21.497619 n-d-787206-13 devstack@n-api.service[94044]: DEBUG nova.api.openstack.wsgi [None req-5139075d-028a-4c13-8b59-be7fdb9df17c admin admin] Action: 'create', calling method: >, body: {"extra_specs": {"hw_rng:allowed": "True"}} {{(pid=94044) _process_stack /opt/stack/nova/nova/api/openstack/wsgi.py:511}}
Aug 16 19:49:21.521846 n-d-787206-13 devstack@n-api.service[94044]: INFO nova.api.openstack.requestlog [None req-5139075d-028a-4c13-8b59-be7fdb9df17c admin admin] 10.222.0.68 "POST /compute/v2.1/flavors/2/os-extra_specs" status: 200 len: 43 microversion: 2.61 time: 0.027823
Aug 16 19:49:21.522444 n-d-787206-13 devstack@n-api.service[94044]: [pid: 94044|app: 0|req: 13/26] 10.222.0.68 () {64 vars in 1333 bytes} [Mon Aug 16 19:49:21 2021] POST /compute/v2.1/flavors/2/os-extra_specs => generated 43 bytes in 29 msecs (HTTP/1.1 200) 9 headers in 358 bytes (2 switches on core 0)
Aug 16 19:49:24.153962 n-d-787206-13 devstack@n-api.service[94045]: DEBUG nova.api.openstack.wsgi [None req-6c1987b0-2d11-4ce1-a6bf-eaea68475bd4 admin admin] Calling method '>' {{(pid=94045) _process_stack /opt/stack/nova/nova/api/openstack/wsgi.py:513}}
Aug 16 19:49:24.155594 n-d-787206-13 devstack@n-api.service[94045]: INFO nova.api.openstack.requestlog [None req-6c1987b0-2d11-4ce1-a6bf-eaea68475bd4 admin admin] 10.222.0.68 "GET /compute/v2.1" status: 200 len: 388 microversion: 2.1 time: 0.002217
Aug 16 19:49:24.156208 n-d-787206-13 devstack@n-api.service[94045]: [pid: 94045|app: 0|req: 14/27] 10.222.0.68 () {54 vars in 931 bytes} [Mon Aug 16 19:49:24 2021] GET /compute/v2.1 => generated 388 bytes in 4 msecs (HTTP/1.1 200) 9 headers in 357 bytes (2 switches on core 0)
Aug 16 19:49:24.215334 n-d-787206-13 devstack@n-api.service[94044]: DEBUG nova.api.openstack.wsgi [None req-e209976f-2f69-4d6b-9dc6-5c840077bc76 admin admin] Action: 'create', calling method: >, body: {"flavor": {"os-flavor-access:is_public": true, "name": "m1.medium", "rxtx_factor": 1.0, "ram": 4096, "id": "3", "disk": 40, "swap": 0, "vcpus": 2, "OS-FLV-EXT-DATA:ephemeral": 0}} {{(pid=94044) _process_stack /opt/stack/nova/nova/api/openstack/wsgi.py:511}}
Aug 16 19:49:24.238951 n-d-787206-13 devstack@n-api.service[94044]: INFO nova.api.openstack.requestlog [None req-e209976f-2f69-4d6b-9dc6-5c840077bc76 admin admin] 10.222.0.68 "POST /compute/v2.1/flavors" status: 200 len: 406 microversion: 2.61 time: 0.075937
Aug 16 19:49:24.239853 n-d-787206-13 devstack@n-api.service[94044]: [pid: 94044|app: 0|req: 14/28] 10.222.0.68 () {64 vars in 1283 bytes} [Mon Aug 16 19:49:24 2021] POST /compute/v2.1/flavors => generated 406 bytes in 78 msecs (HTTP/1.1 200) 9 headers in 359 bytes (2 switches on core 0)
Aug 16 19:49:24.252016 n-d-787206-13 devstack@n-api.service[94045]: DEBUG nova.api.openstack.wsgi [None req-dd487573-4b0e-47b8-912a-cb7246dc4201 admin admin] Action: 'create', calling method: >, body: {"extra_specs": {"hw_rng:allowed": "True"}} {{(pid=94045) _process_stack /opt/stack/nova/nova/api/openstack/wsgi.py:511}}
Aug 16 19:49:24.275929 n-d-787206-13 devstack@n-api.service[94045]: INFO nova.api.openstack.requestlog [None req-dd487573-4b0e-47b8-912a-cb7246dc4201 admin admin] 10.222.0.68 "POST /compute/v2.1/flavors/3/os-extra_specs" status: 200 len: 43 microversion: 2.61 time: 0.027733
Aug 16 19:49:24.276493 n-d-787206-13 devstack@n-api.service[94045]: [pid: 94045|app: 0|req: 15/29] 10.222.0.68 () {64 vars in 1333 bytes} [Mon Aug 16 19:49:24 2021] POST /compute/v2.1/flavors/3/os-extra_specs => generated 43 bytes in 29 msecs (HTTP/1.1 200) 9 headers in 358 bytes (1 switches on core 0)
Aug 16 19:49:26.501117 n-d-787206-13 devstack@n-api.service[94044]: DEBUG nova.api.openstack.wsgi [None req-e209976f-2f69-4d6b-9dc6-5c840077bc76 admin admin] Calling method '>' {{(pid=94044) _process_stack /opt/stack/nova/nova/api/openstack/wsgi.py:513}}
Aug 16 19:49:26.502210 n-d-787206-13 devstack@n-api.service[94044]: INFO nova.api.openstack.requestlog [None req-e209976f-2f69-4d6b-9dc6-5c840077bc76 admin admin] 10.222.0.68 "GET /compute/v2.1" status: 200 len: 388 microversion: 2.1 time: 0.001569
Aug 16 19:49:26.502632 n-d-787206-13 devstack@n-api.service[94044]: [pid: 94044|app: 0|req: 15/30] 10.222.0.68 () {54 vars in 931 bytes} [Mon Aug 16 19:49:26 2021] GET /compute/v2.1 => generated 388 bytes in 3 msecs (HTTP/1.1 200) 9 headers in 357 bytes (2 switches on core 0)
Aug 16 19:49:26.565639 n-d-787206-13 devstack@n-api.service[94045]: DEBUG nova.api.openstack.wsgi [None req-14e38b2c-82c6-42b9-98d5-86f063614369 admin admin] Action: 'create', calling method: >, body: {"flavor": {"vcpus": 4, "ram": 8192, "disk": 80, "OS-FLV-EXT-DATA:ephemeral": 0, "name": "m1.large", "os-flavor-access:is_public": true, "rxtx_factor": 1.0, "id": "4", "swap": 0}} {{(pid=94045) _process_stack /opt/stack/nova/nova/api/openstack/wsgi.py:511}}
Aug 16 19:49:26.586514 n-d-787206-13 devstack@n-api.service[94045]: INFO nova.api.openstack.requestlog [None req-14e38b2c-82c6-42b9-98d5-86f063614369 admin admin] 10.222.0.68 "POST /compute/v2.1/flavors" status: 200 len: 405 microversion: 2.61 time: 0.077323
Aug 16 19:49:26.587210 n-d-787206-13 devstack@n-api.service[94045]: [pid: 94045|app: 0|req: 16/31] 10.222.0.68 () {64 vars in 1283 bytes} [Mon Aug 16 19:49:26 2021] POST /compute/v2.1/flavors => generated 405 bytes in 79 msecs (HTTP/1.1 200) 9 headers in 359 bytes (2 switches on core 0)
Aug 16 19:49:26.601359 n-d-787206-13 devstack@n-api.service[94044]: DEBUG nova.api.openstack.wsgi [None req-5ef2052c-3c1b-490d-b9c2-9b40d509ab4d admin admin] Action: 'create', calling method: >, body: {"extra_specs": {"hw_rng:allowed": "True"}} {{(pid=94044) _process_stack /opt/stack/nova/nova/api/openstack/wsgi.py:511}}
Aug 16 19:49:26.625477 n-d-787206-13 devstack@n-api.service[94044]: INFO nova.api.openstack.requestlog [None req-5ef2052c-3c1b-490d-b9c2-9b40d509ab4d admin admin] 10.222.0.68 "POST /compute/v2.1/flavors/4/os-extra_specs" status: 200 len: 43 microversion: 2.61 time: 0.028367
Aug 16 19:49:26.626116 n-d-787206-13 devstack@n-api.service[94044]: [pid: 94044|app: 0|req: 16/32] 10.222.0.68 () {64 vars in 1333 bytes} [Mon Aug 16 19:49:26 2021] POST /compute/v2.1/flavors/4/os-extra_specs => generated 43 bytes in 30 msecs (HTTP/1.1 200) 9 headers in 358 bytes (2 switches on core 0)
Aug 16 19:49:28.803202 n-d-787206-13 devstack@n-api.service[94045]: DEBUG nova.api.openstack.wsgi [None req-14e38b2c-82c6-42b9-98d5-86f063614369 admin admin] Calling method '>' {{(pid=94045) _process_stack /opt/stack/nova/nova/api/openstack/wsgi.py:513}}
Aug 16 19:49:28.804246 n-d-787206-13 devstack@n-api.service[94045]: INFO nova.api.openstack.requestlog [None req-14e38b2c-82c6-42b9-98d5-86f063614369 admin admin] 10.222.0.68 "GET /compute/v2.1" status: 200 len: 388 microversion: 2.1 time: 0.001511
Aug 16 19:49:28.804641 n-d-787206-13 devstack@n-api.service[94045]: [pid: 94045|app: 0|req: 17/33] 10.222.0.68 () {54 vars in 931 bytes} [Mon Aug 16 19:49:28 2021] GET /compute/v2.1 => generated 388 bytes in 2 msecs (HTTP/1.1 200) 9 headers in 357 bytes (1 switches on core 0)
Aug 16 19:49:28.863798 n-d-787206-13 devstack@n-api.service[94044]: DEBUG nova.api.openstack.wsgi [None req-2879e443-e345-4282-b3ec-3f0d89d49cd1 admin admin] Action: 'create', calling method: >, body: {"flavor": {"rxtx_factor": 1.0, "os-flavor-access:is_public": true, "vcpus": 8, "name": "m1.xlarge", "ram": 16384, "OS-FLV-EXT-DATA:ephemeral": 0, "disk": 160, "swap": 0, "id": "5"}} {{(pid=94044) _process_stack /opt/stack/nova/nova/api/openstack/wsgi.py:511}}
Aug 16 19:49:28.883535 n-d-787206-13 devstack@n-api.service[94044]: INFO nova.api.openstack.requestlog [None req-2879e443-e345-4282-b3ec-3f0d89d49cd1 admin admin] 10.222.0.68 "POST /compute/v2.1/flavors" status: 200 len: 408 microversion: 2.61 time: 0.072320
Aug 16 19:49:28.891210 n-d-787206-13 devstack@n-api.service[94044]: [pid: 94044|app: 0|req: 17/34] 10.222.0.68 () {64 vars in 1283 bytes} [Mon Aug 16 19:49:28 2021] POST /compute/v2.1/flavors => generated 408 bytes in 75 msecs (HTTP/1.1 200) 9 headers in 359 bytes (1 switches on core 0)
Aug 16 19:49:28.896418 n-d-787206-13 devstack@n-api.service[94045]: DEBUG nova.api.openstack.wsgi [None req-5c5b88e3-349f-4b4f-8b93-dbe241673e92 admin admin] Action: 'create', calling method: >, body: {"extra_specs": {"hw_rng:allowed": "True"}} {{(pid=94045) _process_stack /opt/stack/nova/nova/api/openstack/wsgi.py:511}}
Aug 16 19:49:28.921241 n-d-787206-13 devstack@n-api.service[94045]: INFO nova.api.openstack.requestlog [None req-5c5b88e3-349f-4b4f-8b93-dbe241673e92 admin admin] 10.222.0.68 "POST /compute/v2.1/flavors/5/os-extra_specs" status: 200 len: 43 microversion: 2.61 time: 0.028575
Aug 16 19:49:28.921800 n-d-787206-13 devstack@n-api.service[94045]: [pid: 94045|app: 0|req: 18/35] 10.222.0.68 () {64 vars in 1333 bytes} [Mon Aug 16 19:49:28 2021] POST /compute/v2.1/flavors/5/os-extra_specs => generated 43 bytes in 30 msecs (HTTP/1.1 200) 9 headers in 358 bytes (2 switches on core 0)
Aug 16 19:50:13.054042 n-d-787206-13 devstack@n-api.service[94044]: DEBUG nova.api.openstack.wsgi [None req-2879e443-e345-4282-b3ec-3f0d89d49cd1 admin admin] Calling method '>' {{(pid=94044) _process_stack /opt/stack/nova/nova/api/openstack/wsgi.py:513}}
Aug 16 19:50:13.055055 n-d-787206-13 devstack@n-api.service[94044]: INFO nova.api.openstack.requestlog [None req-2879e443-e345-4282-b3ec-3f0d89d49cd1 admin admin] 10.222.0.68 "GET /compute/v2.1" status: 200 len: 388 microversion: 2.1 time: 0.001441
Aug 16 19:50:13.055485 n-d-787206-13 devstack@n-api.service[94044]: [pid: 94044|app: 0|req: 18/36] 10.222.0.68 () {54 vars in 931 bytes} [Mon Aug 16 19:50:13 2021] GET /compute/v2.1 => generated 388 bytes in 2 msecs (HTTP/1.1 200) 9 headers in 357 bytes (1 switches on core 0)
Aug 16 19:50:13.113079 n-d-787206-13 devstack@n-api.service[94045]: DEBUG nova.api.openstack.wsgi [None req-4691a8cf-adee-4c37-92c2-05fb4a213da1 admin admin] Calling method '>' {{(pid=94045) _process_stack /opt/stack/nova/nova/api/openstack/wsgi.py:513}}
Aug 16 19:50:13.129940 n-d-787206-13 devstack@n-api.service[94045]: INFO nova.api.openstack.requestlog [None req-4691a8cf-adee-4c37-92c2-05fb4a213da1 admin admin] 10.222.0.68 "GET /compute/v2.1/flavors/detail?is_public=True" status: 200 len: 4202 microversion: 2.61 time: 0.068161
Aug 16 19:50:13.130477 n-d-787206-13 devstack@n-api.service[94045]: [pid: 94045|app: 0|req: 19/37] 10.222.0.68 () {60 vars in 1292 bytes} [Mon Aug 16 19:50:13 2021] GET /compute/v2.1/flavors/detail?is_public=True => generated 4202 bytes in 69 msecs (HTTP/1.1 200) 9 headers in 360 bytes (1 switches on core 0)
Aug 16 19:50:14.534669 n-d-787206-13 devstack@n-api.service[94044]: DEBUG nova.api.openstack.wsgi [None req-2879e443-e345-4282-b3ec-3f0d89d49cd1 admin admin] Calling method '>' {{(pid=94044) _process_stack /opt/stack/nova/nova/api/openstack/wsgi.py:513}}
Aug 16 19:50:14.535724 n-d-787206-13 devstack@n-api.service[94044]: INFO nova.api.openstack.requestlog [None req-2879e443-e345-4282-b3ec-3f0d89d49cd1 admin admin] 10.222.0.68 "GET /compute/v2.1" status: 200 len: 388 microversion: 2.1 time: 0.001436
Aug 16 19:50:14.536124 n-d-787206-13 devstack@n-api.service[94044]: [pid: 94044|app: 0|req: 19/38] 10.222.0.68 () {56 vars in 1075 bytes} [Mon Aug 16 19:50:14 2021] GET /compute/v2.1 => generated 388 bytes in 2 msecs (HTTP/1.1 200) 9 headers in 357 bytes (1 switches on core 0)
Aug 16 19:50:14.750442 n-d-787206-13 devstack@n-api.service[94045]: DEBUG nova.api.openstack.wsgi [None req-b215fc86-4447-4c49-97f9-595e9fa5dba0 admin admin] Calling method '>' {{(pid=94045) _process_stack /opt/stack/nova/nova/api/openstack/wsgi.py:513}}
Aug 16 19:50:14.755844 n-d-787206-13 devstack@n-api.service[94045]: INFO nova.api.openstack.wsgi [None req-b215fc86-4447-4c49-97f9-595e9fa5dba0 admin admin] HTTP exception thrown: Flavor 42 could not be found.
Aug 16 19:50:14.756407 n-d-787206-13 devstack@n-api.service[94045]: DEBUG nova.api.openstack.wsgi [None req-b215fc86-4447-4c49-97f9-595e9fa5dba0 admin admin] Returning 404 to user: Flavor 42 could not be found. {{(pid=94045) __call__ /opt/stack/nova/nova/api/openstack/wsgi.py:927}}
Aug 16 19:50:14.757195 n-d-787206-13 devstack@n-api.service[94045]: INFO nova.api.openstack.requestlog [None req-b215fc86-4447-4c49-97f9-595e9fa5dba0 admin admin] 10.222.0.68 "GET /compute/v2.1/flavors/42" status: 404 len: 75 microversion: 2.88 time: 0.058134
Aug 16 19:50:14.757686 n-d-787206-13 devstack@n-api.service[94045]: [pid: 94045|app: 0|req: 20/39] 10.222.0.68 () {60 vars in 1191 bytes} [Mon Aug 16 19:50:14 2021] GET /compute/v2.1/flavors/42 => generated 75 bytes in 59 msecs (HTTP/1.1 404) 9 headers in 380 bytes (1 switches on core 0)
Aug 16 19:50:14.767195 n-d-787206-13 devstack@n-api.service[94044]: DEBUG nova.api.openstack.wsgi [None req-1c8602c7-56b4-42d6-85c1-4fd8d87d4972 admin admin] Calling method '>' {{(pid=94044) _process_stack /opt/stack/nova/nova/api/openstack/wsgi.py:513}}
Aug 16 19:50:14.788140 n-d-787206-13 devstack@n-api.service[94044]: INFO nova.api.openstack.requestlog [None req-1c8602c7-56b4-42d6-85c1-4fd8d87d4972 admin admin] 10.222.0.68 "GET /compute/v2.1/flavors?is_public=None" status: 200 len: 2056 microversion: 2.88 time: 0.024517
Aug 16 19:50:14.788674 n-d-787206-13 devstack@n-api.service[94044]: [pid: 94044|app: 0|req: 20/40] 10.222.0.68 () {60 vars in 1211 bytes} [Mon Aug 16 19:50:14 2021] GET /compute/v2.1/flavors?is_public=None => generated 2056 bytes in 26 msecs (HTTP/1.1 200) 9 headers in 360 bytes (2 switches on core 0)
Aug 16 19:50:14.799103 n-d-787206-13 devstack@n-api.service[94045]: DEBUG nova.api.openstack.wsgi [None req-41f16ccc-c4de-41b1-a6d9-6c1781fa659f admin admin] Calling method '>' {{(pid=94045) _process_stack /opt/stack/nova/nova/api/openstack/wsgi.py:513}}
Aug 16 19:50:14.820201 n-d-787206-13 devstack@n-api.service[94045]: INFO nova.api.openstack.requestlog [None req-41f16ccc-c4de-41b1-a6d9-6c1781fa659f admin admin] 10.222.0.68 "GET /compute/v2.1/flavors?is_public=None" status: 200 len: 2056 microversion: 2.88 time: 0.025257
Aug 16 19:50:14.820729 n-d-787206-13 devstack@n-api.service[94045]: [pid: 94045|app: 0|req: 21/41] 10.222.0.68 () {60 vars in 1211 bytes} [Mon Aug 16 19:50:14 2021] GET /compute/v2.1/flavors?is_public=None => generated 2056 bytes in 26 msecs (HTTP/1.1 200) 9 headers in 360 bytes (1 switches on core 0)
Aug 16 19:50:14.830088 n-d-787206-13 devstack@n-api.service[94044]: DEBUG nova.api.openstack.wsgi [None req-a027372b-1387-488d-bbf9-868590dbf8fa admin admin] Calling method '>' {{(pid=94044) _process_stack /opt/stack/nova/nova/api/openstack/wsgi.py:513}}
Aug 16 19:50:14.835339 n-d-787206-13 devstack@n-api.service[94044]: INFO nova.api.openstack.wsgi [None req-a027372b-1387-488d-bbf9-868590dbf8fa admin admin] HTTP exception thrown: Flavor 42 could not be found.
Aug 16 19:50:14.835898 n-d-787206-13 devstack@n-api.service[94044]: DEBUG nova.api.openstack.wsgi [None req-a027372b-1387-488d-bbf9-868590dbf8fa admin admin] Returning 404 to user: Flavor 42 could not be found. {{(pid=94044) __call__ /opt/stack/nova/nova/api/openstack/wsgi.py:927}}
Aug 16 19:50:14.836678 n-d-787206-13 devstack@n-api.service[94044]: INFO nova.api.openstack.requestlog [None req-a027372b-1387-488d-bbf9-868590dbf8fa admin admin] 10.222.0.68 "GET /compute/v2.1/flavors/42" status: 404 len: 75 microversion: 2.88 time: 0.010077
Aug 16 19:50:14.837157 n-d-787206-13 devstack@n-api.service[94044]: [pid: 94044|app: 0|req: 21/42] 10.222.0.68 () {60 vars in 1191 bytes} [Mon Aug 16 19:50:14 2021] GET /compute/v2.1/flavors/42 => generated 75 bytes in 11 msecs (HTTP/1.1 404) 9 headers in 380 bytes (2 switches on core 0)
Aug 16 19:50:16.165880 n-d-787206-13 devstack@n-api.service[94045]: DEBUG nova.api.openstack.wsgi [None req-41f16ccc-c4de-41b1-a6d9-6c1781fa659f admin admin] Calling method '>' {{(pid=94045) _process_stack /opt/stack/nova/nova/api/openstack/wsgi.py:513}}
Aug 16 19:50:16.166880 n-d-787206-13 devstack@n-api.service[94045]: INFO nova.api.openstack.requestlog [None req-41f16ccc-c4de-41b1-a6d9-6c1781fa659f admin admin] 10.222.0.68 "GET /compute/v2.1" status: 200 len: 388 microversion: 2.1 time: 0.001445
Aug 16 19:50:16.167293 n-d-787206-13 devstack@n-api.service[94045]: [pid: 94045|app: 0|req: 22/43] 10.222.0.68 () {56 vars in 1075 bytes} [Mon Aug 16 19:50:16 2021] GET /compute/v2.1 => generated 388 bytes in 2 msecs (HTTP/1.1 200) 9 headers in 357 bytes (1 switches on core 0)
Aug 16 19:50:16.356145 n-d-787206-13 devstack@n-api.service[94044]: DEBUG nova.api.openstack.wsgi [None req-57376b42-c315-4cfe-93fb-e9a3c54e7fcb admin admin] Calling method '>' {{(pid=94044) _process_stack /opt/stack/nova/nova/api/openstack/wsgi.py:513}}
Aug 16 19:50:16.361900 n-d-787206-13 devstack@n-api.service[94044]: INFO nova.api.openstack.wsgi [None req-57376b42-c315-4cfe-93fb-e9a3c54e7fcb admin admin] HTTP exception thrown: Flavor 84 could not be found.
Aug 16 19:50:16.362459 n-d-787206-13 devstack@n-api.service[94044]: DEBUG nova.api.openstack.wsgi [None req-57376b42-c315-4cfe-93fb-e9a3c54e7fcb admin admin] Returning 404 to user: Flavor 84 could not be found. {{(pid=94044) __call__ /opt/stack/nova/nova/api/openstack/wsgi.py:927}}
Aug 16 19:50:16.363271 n-d-787206-13 devstack@n-api.service[94044]: INFO nova.api.openstack.requestlog [None req-57376b42-c315-4cfe-93fb-e9a3c54e7fcb admin admin] 10.222.0.68 "GET /compute/v2.1/flavors/84" status: 404 len: 75 microversion: 2.88 time: 0.059427
Aug 16 19:50:16.363762 n-d-787206-13 devstack@n-api.service[94044]: [pid: 94044|app: 0|req: 22/44] 10.222.0.68 () {60 vars in 1191 bytes} [Mon Aug 16 19:50:16 2021] GET /compute/v2.1/flavors/84 => generated 75 bytes in 60 msecs (HTTP/1.1 404) 9 headers in 380 bytes (1 switches on core 0)
Aug 16 19:50:16.373788 n-d-787206-13 devstack@n-api.service[94045]: DEBUG nova.api.openstack.wsgi [None req-30de833d-cc52-4cb6-bf9b-91d1b8873a2f admin admin] Calling method '>' {{(pid=94045) _process_stack /opt/stack/nova/nova/api/openstack/wsgi.py:513}}
Aug 16 19:50:16.388915 n-d-787206-13 devstack@n-api.service[94045]: INFO nova.api.openstack.requestlog [None req-30de833d-cc52-4cb6-bf9b-91d1b8873a2f admin admin] 10.222.0.68 "GET /compute/v2.1/flavors?is_public=None" status: 200 len: 2056 microversion: 2.88 time: 0.018923
Aug 16 19:50:16.389801 n-d-787206-13 devstack@n-api.service[94045]: [pid: 94045|app: 0|req: 23/45] 10.222.0.68 () {60 vars in 1211 bytes} [Mon Aug 16 19:50:16 2021] GET /compute/v2.1/flavors?is_public=None => generated 2056 bytes in 20 msecs (HTTP/1.1 200) 9 headers in 360 bytes (1 switches on core 0)
Aug 16 19:50:16.399291 n-d-787206-13 devstack@n-api.service[94044]: DEBUG nova.api.openstack.wsgi [None req-d9edb686-3930-4040-a87f-41cf365309cd admin admin] Calling method '>' {{(pid=94044) _process_stack /opt/stack/nova/nova/api/openstack/wsgi.py:513}}
Aug 16 19:50:16.412511 n-d-787206-13 devstack@n-api.service[94044]: INFO nova.api.openstack.requestlog [None req-d9edb686-3930-4040-a87f-41cf365309cd admin admin] 10.222.0.68 "GET /compute/v2.1/flavors?is_public=None" status: 200 len: 2056 microversion: 2.88 time: 0.016701
Aug 16 19:50:16.413121 n-d-787206-13 devstack@n-api.service[94044]: [pid: 94044|app: 0|req: 23/46] 10.222.0.68 () {60 vars in 1211 bytes} [Mon Aug 16 19:50:16 2021] GET /compute/v2.1/flavors?is_public=None => generated 2056 bytes in 18 msecs (HTTP/1.1 200) 9 headers in 360 bytes (1 switches on core 0)
Aug 16 19:50:16.423194 n-d-787206-13 devstack@n-api.service[94045]: DEBUG nova.api.openstack.wsgi [None req-a22b30f2-813c-433b-b3ff-8d587b1c3732 admin admin] Calling method '>' {{(pid=94045) _process_stack /opt/stack/nova/nova/api/openstack/wsgi.py:513}}
Aug 16 19:50:16.428425 n-d-787206-13 devstack@n-api.service[94045]: INFO nova.api.openstack.wsgi [None req-a22b30f2-813c-433b-b3ff-8d587b1c3732 admin admin] HTTP exception thrown: Flavor 84 could not be found.
Aug 16 19:50:16.429074 n-d-787206-13 devstack@n-api.service[94045]: DEBUG nova.api.openstack.wsgi [None req-a22b30f2-813c-433b-b3ff-8d587b1c3732 admin admin] Returning 404 to user: Flavor 84 could not be found. {{(pid=94045) __call__ /opt/stack/nova/nova/api/openstack/wsgi.py:927}}
Aug 16 19:50:16.429902 n-d-787206-13 devstack@n-api.service[94045]: INFO nova.api.openstack.requestlog [None req-a22b30f2-813c-433b-b3ff-8d587b1c3732 admin admin] 10.222.0.68 "GET /compute/v2.1/flavors/84" status: 404 len: 75 microversion: 2.88 time: 0.010666
Aug 16 19:50:16.430394 n-d-787206-13 devstack@n-api.service[94045]: [pid: 94045|app: 0|req: 24/47] 10.222.0.68 () {60 vars in 1191 bytes} [Mon Aug 16 19:50:16 2021] GET /compute/v2.1/flavors/84 => generated 75 bytes in 12 msecs (HTTP/1.1 404) 9 headers in 380 bytes (1 switches on core 0)
Aug 16 19:50:17.779869 n-d-787206-13 devstack@n-api.service[94044]: DEBUG nova.api.openstack.wsgi [None req-d9edb686-3930-4040-a87f-41cf365309cd admin admin] Calling method '>' {{(pid=94044) _process_stack /opt/stack/nova/nova/api/openstack/wsgi.py:513}}
Aug 16 19:50:17.782761 n-d-787206-13 devstack@n-api.service[94044]: INFO nova.api.openstack.requestlog [None req-d9edb686-3930-4040-a87f-41cf365309cd admin admin] 10.222.0.68 "GET /compute/v2.1" status: 200 len: 388 microversion: 2.1 time: 0.001448
Aug 16 19:50:17.782761 n-d-787206-13 devstack@n-api.service[94044]: [pid: 94044|app: 0|req: 24/48] 10.222.0.68 () {56 vars in 1075 bytes} [Mon Aug 16 19:50:17 2021] GET /compute/v2.1 => generated 388 bytes in 2 msecs (HTTP/1.1 200) 9 headers in 357 bytes (1 switches on core 0)
Aug 16 19:50:17.969058 n-d-787206-13 devstack@n-api.service[94045]: DEBUG nova.api.openstack.wsgi [None req-e6dca43e-0a30-4502-a672-dddc214aa89e admin admin] Calling method '>' {{(pid=94045) _process_stack /opt/stack/nova/nova/api/openstack/wsgi.py:513}}
Aug 16 19:50:17.975224 n-d-787206-13 devstack@n-api.service[94045]: INFO nova.api.openstack.wsgi [None req-e6dca43e-0a30-4502-a672-dddc214aa89e admin admin] HTTP exception thrown: Flavor 451 could not be found.
Aug 16 19:50:17.975808 n-d-787206-13 devstack@n-api.service[94045]: DEBUG nova.api.openstack.wsgi [None req-e6dca43e-0a30-4502-a672-dddc214aa89e admin admin] Returning 404 to user: Flavor 451 could not be found. {{(pid=94045) __call__ /opt/stack/nova/nova/api/openstack/wsgi.py:927}}
Aug 16 19:50:17.976586 n-d-787206-13 devstack@n-api.service[94045]: INFO nova.api.openstack.requestlog [None req-e6dca43e-0a30-4502-a672-dddc214aa89e admin admin] 10.222.0.68 "GET /compute/v2.1/flavors/451" status: 404 len: 76 microversion: 2.88 time: 0.058283
Aug 16 19:50:17.977071 n-d-787206-13 devstack@n-api.service[94045]: [pid: 94045|app: 0|req: 25/49] 10.222.0.68 () {60 vars in 1194 bytes} [Mon Aug 16 19:50:17 2021] GET /compute/v2.1/flavors/451 => generated 76 bytes in 59 msecs (HTTP/1.1 404) 9 headers in 380 bytes (1 switches on core 0)
Aug 16 19:50:17.986693 n-d-787206-13 devstack@n-api.service[94044]: DEBUG nova.api.openstack.wsgi [None req-21117da0-6f52-4a7e-9273-93554b8bec39 admin admin] Calling method '>' {{(pid=94044) _process_stack /opt/stack/nova/nova/api/openstack/wsgi.py:513}}
Aug 16 19:50:18.001293 n-d-787206-13 devstack@n-api.service[94044]: INFO nova.api.openstack.requestlog [None req-21117da0-6f52-4a7e-9273-93554b8bec39 admin admin] 10.222.0.68 "GET /compute/v2.1/flavors?is_public=None" status: 200 len: 2056 microversion: 2.88 time: 0.018017
Aug 16 19:50:18.001735 n-d-787206-13 devstack@n-api.service[94044]: [pid: 94044|app: 0|req: 25/50] 10.222.0.68 () {60 vars in 1211 bytes} [Mon Aug 16 19:50:17 2021] GET /compute/v2.1/flavors?is_public=None => generated 2056 bytes in 19 msecs (HTTP/1.1 200) 9 headers in 360 bytes (2 switches on core 0)
Aug 16 19:50:18.011390 n-d-787206-13 devstack@n-api.service[94045]: DEBUG nova.api.openstack.wsgi [None req-55d47a02-0e5f-41a8-8eb2-9de03d5d163c admin admin] Calling method '>' {{(pid=94045) _process_stack /opt/stack/nova/nova/api/openstack/wsgi.py:513}}
Aug 16 19:50:18.025076 n-d-787206-13 devstack@n-api.service[94045]: INFO nova.api.openstack.requestlog [None req-55d47a02-0e5f-41a8-8eb2-9de03d5d163c admin admin] 10.222.0.68 "GET /compute/v2.1/flavors?is_public=None" status: 200 len: 2056 microversion: 2.88 time: 0.017129
Aug 16 19:50:18.025610 n-d-787206-13 devstack@n-api.service[94045]: [pid: 94045|app: 0|req: 26/51] 10.222.0.68 () {60 vars in 1211 bytes} [Mon Aug 16 19:50:18 2021] GET /compute/v2.1/flavors?is_public=None => generated 2056 bytes in 18 msecs (HTTP/1.1 200) 9 headers in 360 bytes (1 switches on core 0)
Aug 16 19:50:18.035368 n-d-787206-13 devstack@n-api.service[94044]: DEBUG nova.api.openstack.wsgi [None req-ac397d9e-543b-4815-9302-748a0cf75b3a admin admin] Calling method '>' {{(pid=94044) _process_stack /opt/stack/nova/nova/api/openstack/wsgi.py:513}}
Aug 16 19:50:18.040820 n-d-787206-13 devstack@n-api.service[94044]: INFO nova.api.openstack.wsgi [None req-ac397d9e-543b-4815-9302-748a0cf75b3a admin admin] HTTP exception thrown: Flavor 451 could not be found.
Aug 16 19:50:18.041500 n-d-787206-13 devstack@n-api.service[94044]: DEBUG nova.api.openstack.wsgi [None req-ac397d9e-543b-4815-9302-748a0cf75b3a admin admin] Returning 404 to user: Flavor 451 could not be found. {{(pid=94044) __call__ /opt/stack/nova/nova/api/openstack/wsgi.py:927}}
Aug 16 19:50:18.042317 n-d-787206-13 devstack@n-api.service[94044]: INFO nova.api.openstack.requestlog [None req-ac397d9e-543b-4815-9302-748a0cf75b3a admin admin] 10.222.0.68 "GET /compute/v2.1/flavors/451" status: 404 len: 76 microversion: 2.88 time: 0.010936
Aug 16 19:50:18.042825 n-d-787206-13 devstack@n-api.service[94044]: [pid: 94044|app: 0|req: 26/52] 10.222.0.68 () {60 vars in 1194 bytes} [Mon Aug 16 19:50:18 2021] GET /compute/v2.1/flavors/451 => generated 76 bytes in 12 msecs (HTTP/1.1 404) 9 headers in 380 bytes (1 switches on core 0)
Aug 16 19:50:19.369013 n-d-787206-13 devstack@n-api.service[94045]: DEBUG nova.api.openstack.wsgi [None req-55d47a02-0e5f-41a8-8eb2-9de03d5d163c admin admin] Calling method '>' {{(pid=94045) _process_stack /opt/stack/nova/nova/api/openstack/wsgi.py:513}}
Aug 16 19:50:19.370018 n-d-787206-13 devstack@n-api.service[94045]: INFO nova.api.openstack.requestlog [None req-55d47a02-0e5f-41a8-8eb2-9de03d5d163c admin admin] 10.222.0.68 "GET /compute/v2.1" status: 200 len: 388 microversion: 2.1 time: 0.001442
Aug 16 19:50:19.370407 n-d-787206-13 devstack@n-api.service[94045]: [pid: 94045|app: 0|req: 27/53] 10.222.0.68 () {56 vars in 1075 bytes} [Mon Aug 16 19:50:19 2021] GET /compute/v2.1 => generated 388 bytes in 2 msecs (HTTP/1.1 200) 9 headers in 357 bytes (1 switches on core 0)
Aug 16 19:50:19.559926 n-d-787206-13 devstack@n-api.service[94044]: DEBUG nova.api.openstack.wsgi [None req-78d4eb42-f302-463c-b3b8-09d287b9d780 admin admin] Action: 'create', calling method: >, body: {"flavor": {"name": "m1.nano", "ram": 256, "vcpus": 1, "disk": 1, "id": "42", "swap": 0, "OS-FLV-EXT-DATA:ephemeral": 0, "rxtx_factor": 1.0, "os-flavor-access:is_public": true}} {{(pid=94044) _process_stack /opt/stack/nova/nova/api/openstack/wsgi.py:511}}
Aug 16 19:50:19.578133 n-d-787206-13 devstack@n-api.service[94044]: INFO nova.api.openstack.requestlog [None req-78d4eb42-f302-463c-b3b8-09d287b9d780 admin admin] 10.222.0.68 "POST /compute/v2.1/flavors" status: 200 len: 404 microversion: 2.88 time: 0.069917
Aug 16 19:50:19.578623 n-d-787206-13 devstack@n-api.service[94044]: [pid: 94044|app: 0|req: 27/54] 10.222.0.68 () {64 vars in 1236 bytes} [Mon Aug 16 19:50:19 2021] POST /compute/v2.1/flavors => generated 404 bytes in 71 msecs (HTTP/1.1 200) 9 headers in 359 bytes (1 switches on core 0)
Aug 16 19:50:20.916194 n-d-787206-13 devstack@n-api.service[94045]: DEBUG nova.api.openstack.wsgi [None req-55d47a02-0e5f-41a8-8eb2-9de03d5d163c admin admin] Calling method '>' {{(pid=94045) _process_stack /opt/stack/nova/nova/api/openstack/wsgi.py:513}}
Aug 16 19:50:20.917184 n-d-787206-13 devstack@n-api.service[94045]: INFO nova.api.openstack.requestlog [None req-55d47a02-0e5f-41a8-8eb2-9de03d5d163c admin admin] 10.222.0.68 "GET /compute/v2.1" status: 200 len: 388 microversion: 2.1 time: 0.001400
Aug 16 19:50:20.917576 n-d-787206-13 devstack@n-api.service[94045]: [pid: 94045|app: 0|req: 28/55] 10.222.0.68 () {56 vars in 1075 bytes} [Mon Aug 16 19:50:20 2021] GET /compute/v2.1 => generated 388 bytes in 2 msecs (HTTP/1.1 200) 9 headers in 357 bytes (1 switches on core 0)
Aug 16 19:50:21.105658 n-d-787206-13 devstack@n-api.service[94044]: DEBUG nova.api.openstack.wsgi [None req-cf50d4dc-425d-49ae-bfad-4661e4e5ee7e admin admin] Action: 'create', calling method: >, body: {"flavor": {"name": "m1.micro", "ram": 256, "vcpus": 1, "disk": 2, "id": "84", "swap": 0, "OS-FLV-EXT-DATA:ephemeral": 0, "rxtx_factor": 1.0, "os-flavor-access:is_public": true}} {{(pid=94044) _process_stack /opt/stack/nova/nova/api/openstack/wsgi.py:511}}
Aug 16 19:50:21.123153 n-d-787206-13 devstack@n-api.service[94044]: INFO nova.api.openstack.requestlog [None req-cf50d4dc-425d-49ae-bfad-4661e4e5ee7e admin admin] 10.222.0.68 "POST /compute/v2.1/flavors" status: 200 len: 405 microversion: 2.88 time: 0.068121
Aug 16 19:50:21.123725 n-d-787206-13 devstack@n-api.service[94044]: [pid: 94044|app: 0|req: 28/56] 10.222.0.68 () {64 vars in 1236 bytes} [Mon Aug 16 19:50:21 2021] POST /compute/v2.1/flavors => generated 405 bytes in 69 msecs (HTTP/1.1 200) 9 headers in 359 bytes (2 switches on core 0)
Aug 16 19:50:22.468011 n-d-787206-13 devstack@n-api.service[94045]: DEBUG nova.api.openstack.wsgi [None req-55d47a02-0e5f-41a8-8eb2-9de03d5d163c admin admin] Calling method '>' {{(pid=94045) _process_stack /opt/stack/nova/nova/api/openstack/wsgi.py:513}}
Aug 16 19:50:22.469921 n-d-787206-13 devstack@n-api.service[94045]: INFO nova.api.openstack.requestlog [None req-55d47a02-0e5f-41a8-8eb2-9de03d5d163c admin admin] 10.222.0.68 "GET /compute/v2.1" status: 200 len: 388 microversion: 2.1 time: 0.001434
Aug 16 19:50:22.470305 n-d-787206-13 devstack@n-api.service[94045]: [pid: 94045|app: 0|req: 29/57] 10.222.0.68 () {56 vars in 1075 bytes} [Mon Aug 16 19:50:22 2021] GET /compute/v2.1 => generated 388 bytes in 3 msecs (HTTP/1.1 200) 9 headers in 357 bytes (1 switches on core 0)
Aug 16 19:50:22.655006 n-d-787206-13 devstack@n-api.service[94044]: DEBUG nova.api.openstack.wsgi [None req-b2420bff-2161-4319-a9fd-e1c7ababef6b admin admin] Action: 'create', calling method: >, body: {"flavor": {"name": "m1.heat", "ram": 512, "vcpus": 1, "disk": 1, "id": "451", "swap": 0, "OS-FLV-EXT-DATA:ephemeral": 0, "rxtx_factor": 1.0, "os-flavor-access:is_public": true}} {{(pid=94044) _process_stack /opt/stack/nova/nova/api/openstack/wsgi.py:511}}
Aug 16 19:50:22.672624 n-d-787206-13 devstack@n-api.service[94044]: INFO nova.api.openstack.requestlog [None req-b2420bff-2161-4319-a9fd-e1c7ababef6b admin admin] 10.222.0.68 "POST /compute/v2.1/flavors" status: 200 len: 407 microversion: 2.88 time: 0.067199
Aug 16 19:50:22.673156 n-d-787206-13 devstack@n-api.service[94044]: [pid: 94044|app: 0|req: 29/58] 10.222.0.68 () {64 vars in 1236 bytes} [Mon Aug 16 19:50:22 2021] POST /compute/v2.1/flavors => generated 407 bytes in 68 msecs (HTTP/1.1 200) 9 headers in 359 bytes (1 switches on core 0)
Aug 16 19:50:24.020137 n-d-787206-13 devstack@n-api.service[94045]: DEBUG nova.api.openstack.wsgi [None req-55d47a02-0e5f-41a8-8eb2-9de03d5d163c admin admin] Calling method '>' {{(pid=94045) _process_stack /opt/stack/nova/nova/api/openstack/wsgi.py:513}}
Aug 16 19:50:24.021165 n-d-787206-13 devstack@n-api.service[94045]: INFO nova.api.openstack.requestlog [None req-55d47a02-0e5f-41a8-8eb2-9de03d5d163c admin admin] 10.222.0.68 "GET /compute/v2.1" status: 200 len: 388 microversion: 2.1 time: 0.001440
Aug 16 19:50:24.021562 n-d-787206-13 devstack@n-api.service[94045]: [pid: 94045|app: 0|req: 30/59] 10.222.0.68 () {56 vars in 1075 bytes} [Mon Aug 16 19:50:24 2021] GET /compute/v2.1 => generated 388 bytes in 2 msecs (HTTP/1.1 200) 9 headers in 357 bytes (1 switches on core 0)
Aug 16 19:50:24.215701 n-d-787206-13 devstack@n-api.service[94044]: DEBUG nova.api.openstack.wsgi [None req-8c5c399c-e1c1-4ab9-8be7-355db7a2938e admin admin] Action: 'create', calling method: >, body: {"flavor": {"name": "m1.heat2", "ram": 1024, "vcpus": 1, "disk": 1, "id": "452", "swap": 0, "OS-FLV-EXT-DATA:ephemeral": 0, "rxtx_factor": 1.0, "os-flavor-access:is_public": true}} {{(pid=94044) _process_stack /opt/stack/nova/nova/api/openstack/wsgi.py:511}}
Aug 16 19:50:24.233533 n-d-787206-13 devstack@n-api.service[94044]: INFO nova.api.openstack.requestlog [None req-8c5c399c-e1c1-4ab9-8be7-355db7a2938e admin admin] 10.222.0.68 "POST /compute/v2.1/flavors" status: 200 len: 409 microversion: 2.88 time: 0.068486
Aug 16 19:50:24.234007 n-d-787206-13 devstack@n-api.service[94044]: [pid: 94044|app: 0|req: 30/60] 10.222.0.68 () {64 vars in 1236 bytes} [Mon Aug 16 19:50:24 2021] POST /compute/v2.1/flavors => generated 409 bytes in 70 msecs (HTTP/1.1 200) 9 headers in 359 bytes (1 switches on core 0)
Aug 16 19:50:25.563139 n-d-787206-13 devstack@n-api.service[94045]: DEBUG nova.api.openstack.wsgi [None req-55d47a02-0e5f-41a8-8eb2-9de03d5d163c admin admin] Calling method '>' {{(pid=94045) _process_stack /opt/stack/nova/nova/api/openstack/wsgi.py:513}}
Aug 16 19:50:25.564187 n-d-787206-13 devstack@n-api.service[94045]: INFO nova.api.openstack.requestlog [None req-55d47a02-0e5f-41a8-8eb2-9de03d5d163c admin admin] 10.222.0.68 "GET /compute/v2.1" status: 200 len: 388 microversion: 2.1 time: 0.001464
Aug 16 19:50:25.564578 n-d-787206-13 devstack@n-api.service[94045]: [pid: 94045|app: 0|req: 31/61] 10.222.0.68 () {56 vars in 1075 bytes} [Mon Aug 16 19:50:25 2021] GET /compute/v2.1 => generated 388 bytes in 2 msecs (HTTP/1.1 200) 9 headers in 357 bytes (1 switches on core 0)
Aug 16 19:50:25.751775 n-d-787206-13 devstack@n-api.service[94044]: DEBUG nova.api.openstack.wsgi [None req-5d52a3cd-b693-41ba-b432-e66efa16bbda admin admin] Calling method '>' {{(pid=94044) _process_stack /opt/stack/nova/nova/api/openstack/wsgi.py:513}}
Aug 16 19:50:25.771018 n-d-787206-13 devstack@n-api.service[94044]: INFO nova.api.openstack.requestlog [None req-5d52a3cd-b693-41ba-b432-e66efa16bbda admin admin] 10.222.0.68 "GET /compute/v2.1/flavors/detail" status: 200 len: 5777 microversion: 2.88 time: 0.070505
Aug 16 19:50:25.771577 n-d-787206-13 devstack@n-api.service[94044]: [pid: 94044|app: 0|req: 31/62] 10.222.0.68 () {60 vars in 1203 bytes} [Mon Aug 16 19:50:25 2021] GET /compute/v2.1/flavors/detail => generated 5777 bytes in 72 msecs (HTTP/1.1 200) 9 headers in 360 bytes (1 switches on core 0)
Aug 16 19:51:09.756849 n-d-787206-13 devstack@n-api.service[94045]: DEBUG nova.api.openstack.wsgi [None req-55d47a02-0e5f-41a8-8eb2-9de03d5d163c admin admin] Calling method '>' {{(pid=94045) _process_stack /opt/stack/nova/nova/api/openstack/wsgi.py:513}}
Aug 16 19:51:09.757836 n-d-787206-13 devstack@n-api.service[94045]: INFO nova.api.openstack.requestlog [None req-55d47a02-0e5f-41a8-8eb2-9de03d5d163c admin admin] 10.222.0.68 "GET /compute/v2.1" status: 200 len: 388 microversion: 2.1 time: 0.001397
Aug 16 19:51:09.758223 n-d-787206-13 devstack@n-api.service[94045]: [pid: 94045|app: 0|req: 32/63] 10.222.0.68 () {54 vars in 931 bytes} [Mon Aug 16 19:51:09 2021] GET /compute/v2.1 => generated 388 bytes in 2 msecs (HTTP/1.1 200) 9 headers in 357 bytes (1 switches on core 0)
Aug 16 19:51:09.816050 n-d-787206-13 devstack@n-api.service[94044]: DEBUG nova.api.openstack.wsgi [None req-c6045a0e-f1e2-42a7-a75f-df2c8af71d6e admin admin] Calling method '>' {{(pid=94044) _process_stack /opt/stack/nova/nova/api/openstack/wsgi.py:513}}
Aug 16 19:51:09.834590 n-d-787206-13 devstack@n-api.service[94044]: INFO nova.api.openstack.requestlog [None req-c6045a0e-f1e2-42a7-a75f-df2c8af71d6e admin admin] 10.222.0.68 "GET /compute/v2.1/flavors/detail?is_public=True" status: 200 len: 5791 microversion: 2.61 time: 0.069846
Aug 16 19:51:09.835117 n-d-787206-13 devstack@n-api.service[94044]: [pid: 94044|app: 0|req: 32/64] 10.222.0.68 () {60 vars in 1292 bytes} [Mon Aug 16 19:51:09 2021] GET /compute/v2.1/flavors/detail?is_public=True => generated 5791 bytes in 71 msecs (HTTP/1.1 200) 9 headers in 360 bytes (1 switches on core 0)
Aug 16 19:51:09.857810 n-d-787206-13 devstack@n-api.service[94045]: DEBUG nova.api.openstack.wsgi [None req-b316b8cd-a2e6-4b57-b93a-489d53616ac9 admin admin] Calling method '>' {{(pid=94045) _process_stack /opt/stack/nova/nova/api/openstack/wsgi.py:513}}
Aug 16 19:51:09.865946 n-d-787206-13 devstack@n-api.service[94045]: INFO nova.api.openstack.requestlog [None req-b316b8cd-a2e6-4b57-b93a-489d53616ac9 admin admin] 10.222.0.68 "GET /compute/v2.1/flavors/42/os-extra_specs" status: 200 len: 19 microversion: 2.61 time: 0.011786
Aug 16 19:51:09.866449 n-d-787206-13 devstack@n-api.service[94045]: [pid: 94045|app: 0|req: 33/65] 10.222.0.68 () {60 vars in 1283 bytes} [Mon Aug 16 19:51:09 2021] GET /compute/v2.1/flavors/42/os-extra_specs => generated 19 bytes in 13 msecs (HTTP/1.1 200) 9 headers in 358 bytes (1 switches on core 0)
Aug 16 19:51:09.878104 n-d-787206-13 devstack@n-api.service[94044]: DEBUG nova.api.openstack.wsgi [None req-e2c73c68-ea92-49f1-9047-5c3d74d8aa78 admin admin] Calling method '>' {{(pid=94044) _process_stack /opt/stack/nova/nova/api/openstack/wsgi.py:513}}
Aug 16 19:51:09.885533 n-d-787206-13 devstack@n-api.service[94044]: INFO nova.api.openstack.requestlog [None req-e2c73c68-ea92-49f1-9047-5c3d74d8aa78 admin admin] 10.222.0.68 "GET /compute/v2.1/flavors/451/os-extra_specs" status: 200 len: 19 microversion: 2.61 time: 0.011208
Aug 16 19:51:09.886038 n-d-787206-13 devstack@n-api.service[94044]: [pid: 94044|app: 0|req: 33/66] 10.222.0.68 () {60 vars in 1286 bytes} [Mon Aug 16 19:51:09 2021] GET /compute/v2.1/flavors/451/os-extra_specs => generated 19 bytes in 12 msecs (HTTP/1.1 200) 9 headers in 358 bytes (2 switches on core 0)
Aug 16 19:51:09.896917 n-d-787206-13 devstack@n-api.service[94045]: DEBUG nova.api.openstack.wsgi [None req-67fd3823-4655-4b6a-bbaa-43ca6b37b2b8 admin admin] Calling method '>' {{(pid=94045) _process_stack /opt/stack/nova/nova/api/openstack/wsgi.py:513}}
Aug 16 19:51:09.904307 n-d-787206-13 devstack@n-api.service[94045]: INFO nova.api.openstack.requestlog [None req-67fd3823-4655-4b6a-bbaa-43ca6b37b2b8 admin admin] 10.222.0.68 "GET /compute/v2.1/flavors/452/os-extra_specs" status: 200 len: 19 microversion: 2.61 time: 0.010694
Aug 16 19:51:09.904802 n-d-787206-13 devstack@n-api.service[94045]: [pid: 94045|app: 0|req: 34/67] 10.222.0.68 () {60 vars in 1286 bytes} [Mon Aug 16 19:51:09 2021] GET /compute/v2.1/flavors/452/os-extra_specs => generated 19 bytes in 12 msecs (HTTP/1.1 200) 9 headers in 358 bytes (1 switches on core 0)
Aug 16 19:51:09.916076 n-d-787206-13 devstack@n-api.service[94044]: DEBUG nova.api.openstack.wsgi [None req-b4f094c5-c547-4b12-8b86-09e0197d7cf1 admin admin] Calling method '>' {{(pid=94044) _process_stack /opt/stack/nova/nova/api/openstack/wsgi.py:513}}
Aug 16 19:51:09.924345 n-d-787206-13 devstack@n-api.service[94044]: INFO nova.api.openstack.requestlog [None req-b4f094c5-c547-4b12-8b86-09e0197d7cf1 admin admin] 10.222.0.68 "GET /compute/v2.1/flavors/84/os-extra_specs" status: 200 len: 19 microversion: 2.61 time: 0.011438
Aug 16 19:51:09.924860 n-d-787206-13 devstack@n-api.service[94044]: [pid: 94044|app: 0|req: 34/68] 10.222.0.68 () {60 vars in 1283 bytes} [Mon Aug 16 19:51:09 2021] GET /compute/v2.1/flavors/84/os-extra_specs => generated 19 bytes in 13 msecs (HTTP/1.1 200) 9 headers in 358 bytes (2 switches on core 0)
Aug 16 19:52:39.469370 n-d-787206-13 devstack@n-api.service[94045]: DEBUG nova.api.openstack.wsgi [None req-f6c210d6-d64c-46d2-be6c-91b97b35ce64 tempest-verify_tempest_config-1931240303 tempest-verify_tempest_config-1931240303-project] Calling method '>' {{(pid=94045) _process_stack /opt/stack/nova/nova/api/openstack/wsgi.py:513}}
Aug 16 19:52:39.471339 n-d-787206-13 devstack@n-api.service[94045]: INFO nova.api.openstack.requestlog [None req-f6c210d6-d64c-46d2-be6c-91b97b35ce64 tempest-verify_tempest_config-1931240303 tempest-verify_tempest_config-1931240303-project] 10.222.0.68 "GET /compute/v2.1/extensions" status: 200 len: 22700 microversion: 2.1 time: 0.109585
Aug 16 19:52:39.471863 n-d-787206-13 devstack@n-api.service[94045]: [pid: 94045|app: 0|req: 35/69] 10.222.0.68 () {58 vars in 1134 bytes} [Mon Aug 16 19:52:39 2021] GET /compute/v2.1/extensions => generated 22700 bytes in 111 msecs (HTTP/1.1 200) 9 headers in 359 bytes (2 switches on core 0)
Aug 16 19:56:13.068826 n-d-787206-13 devstack@n-api.service[94044]: DEBUG nova.api.openstack.wsgi [None req-b4f094c5-c547-4b12-8b86-09e0197d7cf1 admin admin] Calling method '>' {{(pid=94044) _process_stack /opt/stack/nova/nova/api/openstack/wsgi.py:513}}
Aug 16 19:56:13.069844 n-d-787206-13 devstack@n-api.service[94044]: INFO nova.api.openstack.requestlog [None req-b4f094c5-c547-4b12-8b86-09e0197d7cf1 admin admin] 10.222.0.68 "GET /compute/v2.1" status: 200 len: 388 microversion: 2.1 time: 0.001439
Aug 16 19:56:13.070235 n-d-787206-13 devstack@n-api.service[94044]: [pid: 94044|app: 0|req: 35/70] 10.222.0.68 () {56 vars in 1075 bytes} [Mon Aug 16 19:56:13 2021] GET /compute/v2.1 => generated 388 bytes in 2 msecs (HTTP/1.1 200) 9 headers in 357 bytes (1 switches on core 0)
Aug 16 19:56:13.318886 n-d-787206-13 devstack@n-api.service[94045]: DEBUG nova.api.openstack.wsgi [None req-33aebb84-9465-4777-a009-ae2be8bab69b admin admin] Calling method '>' {{(pid=94045) _process_stack /opt/stack/nova/nova/api/openstack/wsgi.py:513}}
Aug 16 19:56:13.320067 n-d-787206-13 devstack@n-api.service[94045]: /usr/local/lib/python3.8/dist-packages/oslo_policy/policy.py:1064: UserWarning: Policy os_compute_api:os-services:list failed scope check. The token used to make the request was project scoped but the policy requires ['system'] scope. This behavior may change in the future where using the intended scope is required
Aug 16 19:56:13.320067 n-d-787206-13 devstack@n-api.service[94045]: warnings.warn(msg)
Aug 16 19:56:13.321575 n-d-787206-13 devstack@n-api.service[94045]: DEBUG oslo_concurrency.lockutils [None req-33aebb84-9465-4777-a009-ae2be8bab69b admin admin] Lock "00000000-0000-0000-0000-000000000000" acquired by "nova.context.set_target_cell..get_or_set_cached_cell_and_set_connections" :: waited 0.000s {{(pid=94045) inner /usr/local/lib/python3.8/dist-packages/oslo_concurrency/lockutils.py:355}}
Aug 16 19:56:13.322012 n-d-787206-13 devstack@n-api.service[94045]: DEBUG oslo_concurrency.lockutils [None req-33aebb84-9465-4777-a009-ae2be8bab69b admin admin] Lock "00000000-0000-0000-0000-000000000000" released by "nova.context.set_target_cell..get_or_set_cached_cell_and_set_connections" :: held 0.000s {{(pid=94045) inner /usr/local/lib/python3.8/dist-packages/oslo_concurrency/lockutils.py:367}}
Aug 16 19:56:13.322791 n-d-787206-13 devstack@n-api.service[94045]: DEBUG oslo_concurrency.lockutils [None req-33aebb84-9465-4777-a009-ae2be8bab69b admin admin] Lock "31a5728b-a3ae-494d-8e58-1e5b56c1321b" acquired by "nova.context.set_target_cell..get_or_set_cached_cell_and_set_connections" :: waited 0.000s {{(pid=94045) inner /usr/local/lib/python3.8/dist-packages/oslo_concurrency/lockutils.py:355}}
Aug 16 19:56:13.323211 n-d-787206-13 devstack@n-api.service[94045]: DEBUG oslo_concurrency.lockutils [None req-33aebb84-9465-4777-a009-ae2be8bab69b admin admin] Lock "31a5728b-a3ae-494d-8e58-1e5b56c1321b" released by "nova.context.set_target_cell..get_or_set_cached_cell_and_set_connections" :: held 0.000s {{(pid=94045) inner /usr/local/lib/python3.8/dist-packages/oslo_concurrency/lockutils.py:367}}
Aug 16 19:56:13.363122 n-d-787206-13 devstack@n-api.service[94045]: INFO nova.api.openstack.requestlog [None req-33aebb84-9465-4777-a009-ae2be8bab69b admin admin] 10.222.0.68 "GET /compute/v2.1/os-services" status: 200 len: 1244 microversion: 2.88 time: 0.153643
Aug 16 19:56:13.363691 n-d-787206-13 devstack@n-api.service[94045]: [pid: 94045|app: 0|req: 36/71] 10.222.0.68 () {60 vars in 1194 bytes} [Mon Aug 16 19:56:13 2021] GET /compute/v2.1/os-services => generated 1244 bytes in 155 msecs (HTTP/1.1 200) 9 headers in 360 bytes (1 switches on core 0)
Aug 16 19:56:14.722387 n-d-787206-13 devstack@n-api.service[94044]: DEBUG nova.api.openstack.wsgi [None req-b4f094c5-c547-4b12-8b86-09e0197d7cf1 admin admin] Calling method '>' {{(pid=94044) _process_stack /opt/stack/nova/nova/api/openstack/wsgi.py:513}}
Aug 16 19:56:14.723484 n-d-787206-13 devstack@n-api.service[94044]: INFO nova.api.openstack.requestlog [None req-b4f094c5-c547-4b12-8b86-09e0197d7cf1 admin admin] 10.222.0.68 "GET /compute/v2.1" status: 200 len: 388 microversion: 2.1 time: 0.001480
