Jul 16 17:50:01.738098 n-d-787206-10 devstack@n-api.service[115105]: DEBUG oslo_concurrency.lockutils [None req-ada65bac-e9e4-4cc2-af65-c074c1f97da2 tempest-QuotasAdminNegativeTest-246846846 tempest-QuotasAdminNegativeTest-246846846-project-admin] Lock "75688efc-41a3-47a9-8c86-34c952c26c57" acquired by "nova.context.set_target_cell..get_or_set_cached_cell_and_set_connections" :: waited 0.000s {{(pid=115105) inner /usr/local/lib/python3.8/dist-packages/oslo_concurrency/lockutils.py:355}}
Jul 16 17:50:01.738632 n-d-787206-10 devstack@n-api.service[115105]: DEBUG oslo_concurrency.lockutils [None req-ada65bac-e9e4-4cc2-af65-c074c1f97da2 tempest-QuotasAdminNegativeTest-246846846 tempest-QuotasAdminNegativeTest-246846846-project-admin] Lock "75688efc-41a3-47a9-8c86-34c952c26c57" released by "nova.context.set_target_cell..get_or_set_cached_cell_and_set_connections" :: held 0.002s {{(pid=115105) inner /usr/local/lib/python3.8/dist-packages/oslo_concurrency/lockutils.py:367}}
Jul 16 17:50:01.747199 n-d-787206-10 devstack@n-api.service[115105]: /opt/stack/nova/nova/objects/instance.py:1537: SAWarning: TypeDecorator SoftDeleteInteger() will not produce a cache key because the ``cache_ok`` flag is not set to True. Set this flag to True if this type object's state is safe to use in a cache key, or False to disable this warning.
Jul 16 17:50:01.747199 n-d-787206-10 devstack@n-api.service[115105]: project_result = project_query.first()
Jul 16 17:50:01.785861 n-d-787206-10 devstack@n-api.service[115104]: DEBUG nova.policy [None req-983207cd-64c2-4408-a834-ec2d27f3a062 tempest-ServersWithSpecificFlavorTestJSON-475916842 tempest-ServersWithSpecificFlavorTestJSON-475916842-project] Policy check for os_compute_api:os-extended-server-attributes failed with credentials {'is_admin': False, 'user_id': 'e8def43ee8bf45cba8d89d7ec479c0cc', 'user_domain_id': 'default', 'system_scope': None, 'domain_id': None, 'project_id': '80e3923cfee9414f8eb9d7ce3046e725', 'project_domain_id': 'default', 'roles': ['reader', 'member'], 'is_admin_project': True, 'service_user_id': None, 'service_user_domain_id': None, 'service_project_id': None, 'service_project_domain_id': None, 'service_roles': []} {{(pid=115104) authorize /opt/stack/nova/nova/policy.py:199}}
Jul 16 17:50:01.788549 n-d-787206-10 devstack@n-api.service[115104]: /opt/stack/nova/nova/db/sqlalchemy/api.py:3000: SAWarning: TypeDecorator SoftDeleteInteger() will not produce a cache key because the ``cache_ok`` flag is not set to True. Set this flag to True if this type object's state is safe to use in a cache key, or False to disable this warning.
Jul 16 17:50:01.788549 n-d-787206-10 devstack@n-api.service[115104]: return _block_device_mapping_get_query(context).filter(
Jul 16 17:50:01.800463 n-d-787206-10 devstack@n-api.service[115104]: INFO nova.api.openstack.requestlog [None req-983207cd-64c2-4408-a834-ec2d27f3a062 tempest-ServersWithSpecificFlavorTestJSON-475916842 tempest-ServersWithSpecificFlavorTestJSON-475916842-project] 10.222.0.41 "GET /compute/v2.1/servers/b6a28354-86d5-472b-8525-121bd131e95a" status: 200 len: 1587 microversion: 2.1 time: 0.560343
Jul 16 17:50:01.801057 n-d-787206-10 devstack@n-api.service[115104]: [pid: 115104|app: 0|req: 185/328] 10.222.0.41 () {58 vars in 1236 bytes} [Fri Jul 16 17:50:01 2021] GET /compute/v2.1/servers/b6a28354-86d5-472b-8525-121bd131e95a => generated 1587 bytes in 562 msecs (HTTP/1.1 200) 9 headers in 358 bytes (1 switches on core 0)
Jul 16 17:50:01.812224 n-d-787206-10 devstack@n-api.service[115104]: DEBUG nova.api.openstack.wsgi [None req-ae0f947e-4f72-4570-a4b1-7785c7681d3a tempest-FlavorsAccessNegativeTestJSON-1857750317 tempest-FlavorsAccessNegativeTestJSON-1857750317-project-admin] Calling method '>' {{(pid=115104) _process_stack /opt/stack/nova/nova/api/openstack/wsgi.py:513}}
Jul 16 17:50:01.821007 n-d-787206-10 devstack@n-api.service[115105]: /opt/stack/nova/nova/db/sqlalchemy/api.py:2723: SAWarning: TypeDecorator SoftDeleteInteger() will not produce a cache key because the ``cache_ok`` flag is not set to True. Set this flag to True if this type object's state is safe to use in a cache key, or False to disable this warning.
Jul 16 17:50:01.821007 n-d-787206-10 devstack@n-api.service[115105]: result = model_query(context, models.ProjectUserQuota).\
Jul 16 17:50:01.829326 n-d-787206-10 devstack@n-api.service[115105]: /opt/stack/nova/nova/db/sqlalchemy/api.py:2675: SAWarning: TypeDecorator SoftDeleteInteger() will not produce a cache key because the ``cache_ok`` flag is not set to True. Set this flag to True if this type object's state is safe to use in a cache key, or False to disable this warning.
Jul 16 17:50:01.829326 n-d-787206-10 devstack@n-api.service[115105]: result = query.first()
Jul 16 17:50:01.835388 n-d-787206-10 devstack@n-api.service[115104]: INFO nova.api.openstack.requestlog [None req-ae0f947e-4f72-4570-a4b1-7785c7681d3a tempest-FlavorsAccessNegativeTestJSON-1857750317 tempest-FlavorsAccessNegativeTestJSON-1857750317-project-admin] 10.222.0.41 "GET /compute/v2.1/flavors/detail" status: 200 len: 5813 microversion: 2.1 time: 0.033267
Jul 16 17:50:01.836015 n-d-787206-10 devstack@n-api.service[115104]: [pid: 115104|app: 0|req: 186/329] 10.222.0.41 () {58 vars in 1146 bytes} [Fri Jul 16 17:50:01 2021] GET /compute/v2.1/flavors/detail => generated 5813 bytes in 34 msecs (HTTP/1.1 200) 9 headers in 358 bytes (1 switches on core 0)
Jul 16 17:50:01.887821 n-d-787206-10 devstack@n-api.service[115105]: INFO nova.api.openstack.requestlog [None req-ada65bac-e9e4-4cc2-af65-c074c1f97da2 tempest-QuotasAdminNegativeTest-246846846 tempest-QuotasAdminNegativeTest-246846846-project-admin] 10.222.0.41 "PUT /compute/v2.1/os-quota-sets/84eeee7a2fce42b594bf807192cd9c4c" status: 200 len: 328 microversion: 2.1 time: 0.578859
Jul 16 17:50:01.892309 n-d-787206-10 devstack@n-api.service[115105]: [pid: 115105|app: 0|req: 144/330] 10.222.0.41 () {60 vars in 1262 bytes} [Fri Jul 16 17:50:01 2021] PUT /compute/v2.1/os-quota-sets/84eeee7a2fce42b594bf807192cd9c4c => generated 328 bytes in 584 msecs (HTTP/1.1 200) 9 headers in 357 bytes (1 switches on core 0)
Jul 16 17:50:01.897058 n-d-787206-10 devstack@n-api.service[115105]: DEBUG nova.api.openstack.wsgi [None req-dc2cf42d-5dbd-43b1-87e8-efb2155a534d tempest-LiveAutoBlockMigrationV225Test-1159526070 tempest-LiveAutoBlockMigrationV225Test-1159526070-project] Calling method '>' {{(pid=115105) _process_stack /opt/stack/nova/nova/api/openstack/wsgi.py:513}}
Jul 16 17:50:01.897969 n-d-787206-10 devstack@n-api.service[115105]: DEBUG nova.compute.api [None req-dc2cf42d-5dbd-43b1-87e8-efb2155a534d tempest-LiveAutoBlockMigrationV225Test-1159526070 tempest-LiveAutoBlockMigrationV225Test-1159526070-project] [instance: da769407-86ef-4d15-a23d-a149feb10aac] Fetching instance by UUID {{(pid=115105) get /opt/stack/nova/nova/compute/api.py:2793}}
Jul 16 17:50:01.911471 n-d-787206-10 devstack@n-api.service[115105]: DEBUG oslo_concurrency.lockutils [None req-dc2cf42d-5dbd-43b1-87e8-efb2155a534d tempest-LiveAutoBlockMigrationV225Test-1159526070 tempest-LiveAutoBlockMigrationV225Test-1159526070-project] Lock "75688efc-41a3-47a9-8c86-34c952c26c57" acquired by "nova.context.set_target_cell..get_or_set_cached_cell_and_set_connections" :: waited 0.000s {{(pid=115105) inner /usr/local/lib/python3.8/dist-packages/oslo_concurrency/lockutils.py:355}}
Jul 16 17:50:01.912095 n-d-787206-10 devstack@n-api.service[115105]: DEBUG oslo_concurrency.lockutils [None req-dc2cf42d-5dbd-43b1-87e8-efb2155a534d tempest-LiveAutoBlockMigrationV225Test-1159526070 tempest-LiveAutoBlockMigrationV225Test-1159526070-project] Lock "75688efc-41a3-47a9-8c86-34c952c26c57" released by "nova.context.set_target_cell..get_or_set_cached_cell_and_set_connections" :: held 0.001s {{(pid=115105) inner /usr/local/lib/python3.8/dist-packages/oslo_concurrency/lockutils.py:367}}
Jul 16 17:50:01.913279 n-d-787206-10 devstack@n-api.service[115105]: DEBUG oslo_concurrency.lockutils [None req-dc2cf42d-5dbd-43b1-87e8-efb2155a534d tempest-LiveAutoBlockMigrationV225Test-1159526070 tempest-LiveAutoBlockMigrationV225Test-1159526070-project] Lock "75688efc-41a3-47a9-8c86-34c952c26c57" acquired by "nova.context.set_target_cell..get_or_set_cached_cell_and_set_connections" :: waited 0.000s {{(pid=115105) inner /usr/local/lib/python3.8/dist-packages/oslo_concurrency/lockutils.py:355}}
Jul 16 17:50:01.923869 n-d-787206-10 devstack@n-api.service[115105]: DEBUG oslo_concurrency.lockutils [None req-dc2cf42d-5dbd-43b1-87e8-efb2155a534d tempest-LiveAutoBlockMigrationV225Test-1159526070 tempest-LiveAutoBlockMigrationV225Test-1159526070-project] Lock "75688efc-41a3-47a9-8c86-34c952c26c57" released by "nova.context.set_target_cell..get_or_set_cached_cell_and_set_connections" :: held 0.000s {{(pid=115105) inner /usr/local/lib/python3.8/dist-packages/oslo_concurrency/lockutils.py:367}}
Jul 16 17:50:01.928820 n-d-787206-10 devstack@n-api.service[115105]: /opt/stack/nova/nova/db/sqlalchemy/api.py:1385: SAWarning: TypeDecorator SoftDeleteInteger() will not produce a cache key because the ``cache_ok`` flag is not set to True. Set this flag to True if this type object's state is safe to use in a cache key, or False to disable this warning.
Jul 16 17:50:01.928820 n-d-787206-10 devstack@n-api.service[115105]: result = _build_instance_get(context, columns_to_join=columns_to_join).\
Jul 16 17:50:02.102959 n-d-787206-10 devstack@n-api.service[115104]: DEBUG nova.api.openstack.wsgi [None req-b38d79df-e9f4-4bfa-a28f-2cf841c60da2 tempest-DeleteServersAdminTestJSON-634571022 tempest-DeleteServersAdminTestJSON-634571022-project] Action: 'create', calling method: >, body: {"server": {"name": "tempest-DeleteServersAdminTestJSON-server-1807983075", "imageRef": "4990046a-a56e-46d0-b3bd-202b7f84001e", "flavorRef": "452"}} {{(pid=115104) _process_stack /opt/stack/nova/nova/api/openstack/wsgi.py:511}}
Jul 16 17:50:02.208367 n-d-787206-10 devstack@n-api.service[115104]: DEBUG nova.network.neutron [None req-b38d79df-e9f4-4bfa-a28f-2cf841c60da2 tempest-DeleteServersAdminTestJSON-634571022 tempest-DeleteServersAdminTestJSON-634571022-project] validate_networks() for None {{(pid=115104) validate_networks /opt/stack/nova/nova/network/neutron.py:2255}}
Jul 16 17:50:02.256725 n-d-787206-10 devstack@n-api.service[115105]: DEBUG nova.policy [None req-dc2cf42d-5dbd-43b1-87e8-efb2155a534d tempest-LiveAutoBlockMigrationV225Test-1159526070 tempest-LiveAutoBlockMigrationV225Test-1159526070-project] Policy check for os_compute_api:os-extended-server-attributes failed with credentials {'is_admin': False, 'user_id': 'c048730adcb3459f8fe514e4ffa8c1e3', 'user_domain_id': 'default', 'system_scope': None, 'domain_id': None, 'project_id': 'ccec67a3da5b46cca9ed307648d9cb1f', 'project_domain_id': 'default', 'roles': ['reader', 'member'], 'is_admin_project': True, 'service_user_id': None, 'service_user_domain_id': None, 'service_project_id': None, 'service_project_domain_id': None, 'service_roles': []} {{(pid=115105) authorize /opt/stack/nova/nova/policy.py:199}}
Jul 16 17:50:02.262960 n-d-787206-10 devstack@n-api.service[115105]: /opt/stack/nova/nova/db/sqlalchemy/api.py:3000: SAWarning: TypeDecorator SoftDeleteInteger() will not produce a cache key because the ``cache_ok`` flag is not set to True. Set this flag to True if this type object's state is safe to use in a cache key, or False to disable this warning.
Jul 16 17:50:02.262960 n-d-787206-10 devstack@n-api.service[115105]: return _block_device_mapping_get_query(context).filter(
Jul 16 17:50:02.277231 n-d-787206-10 devstack@n-api.service[115105]: DEBUG nova.policy [None req-dc2cf42d-5dbd-43b1-87e8-efb2155a534d tempest-LiveAutoBlockMigrationV225Test-1159526070 tempest-LiveAutoBlockMigrationV225Test-1159526070-project] Policy check for os_compute_api:servers:show:host_status failed with credentials {'is_admin': False, 'user_id': 'c048730adcb3459f8fe514e4ffa8c1e3', 'user_domain_id': 'default', 'system_scope': None, 'domain_id': None, 'project_id': 'ccec67a3da5b46cca9ed307648d9cb1f', 'project_domain_id': 'default', 'roles': ['reader', 'member'], 'is_admin_project': True, 'service_user_id': None, 'service_user_domain_id': None, 'service_project_id': None, 'service_project_domain_id': None, 'service_roles': []} {{(pid=115105) authorize /opt/stack/nova/nova/policy.py:199}}
Jul 16 17:50:02.279354 n-d-787206-10 devstack@n-api.service[115105]: DEBUG nova.policy [None req-dc2cf42d-5dbd-43b1-87e8-efb2155a534d tempest-LiveAutoBlockMigrationV225Test-1159526070 tempest-LiveAutoBlockMigrationV225Test-1159526070-project] Policy check for os_compute_api:servers:show:host_status:unknown-only failed with credentials {'is_admin': False, 'user_id': 'c048730adcb3459f8fe514e4ffa8c1e3', 'user_domain_id': 'default', 'system_scope': None, 'domain_id': None, 'project_id': 'ccec67a3da5b46cca9ed307648d9cb1f', 'project_domain_id': 'default', 'roles': ['reader', 'member'], 'is_admin_project': True, 'service_user_id': None, 'service_user_domain_id': None, 'service_project_id': None, 'service_project_domain_id': None, 'service_roles': []} {{(pid=115105) authorize /opt/stack/nova/nova/policy.py:199}}
Jul 16 17:50:02.280659 n-d-787206-10 devstack@n-api.service[115105]: INFO nova.api.openstack.requestlog [None req-dc2cf42d-5dbd-43b1-87e8-efb2155a534d tempest-LiveAutoBlockMigrationV225Test-1159526070 tempest-LiveAutoBlockMigrationV225Test-1159526070-project] 10.222.0.41 "GET /compute/v2.1/servers/da769407-86ef-4d15-a23d-a149feb10aac" status: 200 len: 1568 microversion: 2.25 time: 0.387217
Jul 16 17:50:02.282491 n-d-787206-10 devstack@n-api.service[115105]: [pid: 115105|app: 0|req: 145/331] 10.222.0.41 () {60 vars in 1277 bytes} [Fri Jul 16 17:50:01 2021] GET /compute/v2.1/servers/da769407-86ef-4d15-a23d-a149feb10aac => generated 1568 bytes in 389 msecs (HTTP/1.1 200) 9 headers in 360 bytes (1 switches on core 0)
Jul 16 17:50:02.296885 n-d-787206-10 devstack@n-api.service[115105]: DEBUG nova.api.openstack.wsgi [None req-d53d2e76-a741-4148-9e2f-c42b5bf00581 tempest-ServersWithSpecificFlavorTestJSON-475916842 tempest-ServersWithSpecificFlavorTestJSON-475916842-project] Calling method '>' {{(pid=115105) _process_stack /opt/stack/nova/nova/api/openstack/wsgi.py:513}}
Jul 16 17:50:02.297690 n-d-787206-10 devstack@n-api.service[115105]: DEBUG nova.compute.api [None req-d53d2e76-a741-4148-9e2f-c42b5bf00581 tempest-ServersWithSpecificFlavorTestJSON-475916842 tempest-ServersWithSpecificFlavorTestJSON-475916842-project] [instance: b6a28354-86d5-472b-8525-121bd131e95a] Fetching instance by UUID {{(pid=115105) get /opt/stack/nova/nova/compute/api.py:2793}}
Jul 16 17:50:02.304757 n-d-787206-10 devstack@n-api.service[115105]: DEBUG oslo_concurrency.lockutils [None req-d53d2e76-a741-4148-9e2f-c42b5bf00581 tempest-ServersWithSpecificFlavorTestJSON-475916842 tempest-ServersWithSpecificFlavorTestJSON-475916842-project] Lock "75688efc-41a3-47a9-8c86-34c952c26c57" acquired by "nova.context.set_target_cell..get_or_set_cached_cell_and_set_connections" :: waited 0.000s {{(pid=115105) inner /usr/local/lib/python3.8/dist-packages/oslo_concurrency/lockutils.py:355}}
Jul 16 17:50:02.305526 n-d-787206-10 devstack@n-api.service[115105]: DEBUG oslo_concurrency.lockutils [None req-d53d2e76-a741-4148-9e2f-c42b5bf00581 tempest-ServersWithSpecificFlavorTestJSON-475916842 tempest-ServersWithSpecificFlavorTestJSON-475916842-project] Lock "75688efc-41a3-47a9-8c86-34c952c26c57" released by "nova.context.set_target_cell..get_or_set_cached_cell_and_set_connections" :: held 0.001s {{(pid=115105) inner /usr/local/lib/python3.8/dist-packages/oslo_concurrency/lockutils.py:367}}
Jul 16 17:50:02.307134 n-d-787206-10 devstack@n-api.service[115105]: DEBUG oslo_concurrency.lockutils [None req-d53d2e76-a741-4148-9e2f-c42b5bf00581 tempest-ServersWithSpecificFlavorTestJSON-475916842 tempest-ServersWithSpecificFlavorTestJSON-475916842-project] Lock "75688efc-41a3-47a9-8c86-34c952c26c57" acquired by "nova.context.set_target_cell..get_or_set_cached_cell_and_set_connections" :: waited 0.000s {{(pid=115105) inner /usr/local/lib/python3.8/dist-packages/oslo_concurrency/lockutils.py:355}}
Jul 16 17:50:02.307833 n-d-787206-10 devstack@n-api.service[115105]: DEBUG oslo_concurrency.lockutils [None req-d53d2e76-a741-4148-9e2f-c42b5bf00581 tempest-ServersWithSpecificFlavorTestJSON-475916842 tempest-ServersWithSpecificFlavorTestJSON-475916842-project] Lock "75688efc-41a3-47a9-8c86-34c952c26c57" released by "nova.context.set_target_cell..get_or_set_cached_cell_and_set_connections" :: held 0.001s {{(pid=115105) inner /usr/local/lib/python3.8/dist-packages/oslo_concurrency/lockutils.py:367}}
Jul 16 17:50:02.311451 n-d-787206-10 devstack@n-api.service[115105]: /opt/stack/nova/nova/db/sqlalchemy/api.py:1385: SAWarning: TypeDecorator SoftDeleteInteger() will not produce a cache key because the ``cache_ok`` flag is not set to True. Set this flag to True if this type object's state is safe to use in a cache key, or False to disable this warning.
Jul 16 17:50:02.311451 n-d-787206-10 devstack@n-api.service[115105]: result = _build_instance_get(context, columns_to_join=columns_to_join).\
Jul 16 17:50:02.517863 n-d-787206-10 devstack@n-api.service[115104]: DEBUG nova.virt.hardware [None req-b38d79df-e9f4-4bfa-a28f-2cf841c60da2 tempest-DeleteServersAdminTestJSON-634571022 tempest-DeleteServersAdminTestJSON-634571022-project] Flavor limits 0:0:0 {{(pid=115104) get_cpu_topology_constraints /opt/stack/nova/nova/virt/hardware.py:343}}
Jul 16 17:50:02.518363 n-d-787206-10 devstack@n-api.service[115104]: DEBUG nova.virt.hardware [None req-b38d79df-e9f4-4bfa-a28f-2cf841c60da2 tempest-DeleteServersAdminTestJSON-634571022 tempest-DeleteServersAdminTestJSON-634571022-project] Image limits 0:0:0 {{(pid=115104) get_cpu_topology_constraints /opt/stack/nova/nova/virt/hardware.py:347}}
Jul 16 17:50:02.518910 n-d-787206-10 devstack@n-api.service[115104]: DEBUG nova.virt.hardware [None req-b38d79df-e9f4-4bfa-a28f-2cf841c60da2 tempest-DeleteServersAdminTestJSON-634571022 tempest-DeleteServersAdminTestJSON-634571022-project] Flavor pref 0:0:0 {{(pid=115104) get_cpu_topology_constraints /opt/stack/nova/nova/virt/hardware.py:383}}
Jul 16 17:50:02.519566 n-d-787206-10 devstack@n-api.service[115104]: DEBUG nova.virt.hardware [None req-b38d79df-e9f4-4bfa-a28f-2cf841c60da2 tempest-DeleteServersAdminTestJSON-634571022 tempest-DeleteServersAdminTestJSON-634571022-project] Image pref 0:0:0 {{(pid=115104) get_cpu_topology_constraints /opt/stack/nova/nova/virt/hardware.py:387}}
Jul 16 17:50:02.520074 n-d-787206-10 devstack@n-api.service[115104]: DEBUG nova.virt.hardware [None req-b38d79df-e9f4-4bfa-a28f-2cf841c60da2 tempest-DeleteServersAdminTestJSON-634571022 tempest-DeleteServersAdminTestJSON-634571022-project] Chose sockets=0, cores=0, threads=0; limits were sockets=65536, cores=65536, threads=65536 {{(pid=115104) get_cpu_topology_constraints /opt/stack/nova/nova/virt/hardware.py:425}}
Jul 16 17:50:02.531129 n-d-787206-10 devstack@n-api.service[115104]: /opt/stack/nova/nova/db/sqlalchemy/api.py:2690: SAWarning: TypeDecorator SoftDeleteInteger() will not produce a cache key because the ``cache_ok`` flag is not set to True. Set this flag to True if this type object's state is safe to use in a cache key, or False to disable this warning.
Jul 16 17:50:02.531129 n-d-787206-10 devstack@n-api.service[115104]: user_quotas = model_query(context, models.ProjectUserQuota,
Jul 16 17:50:02.533586 n-d-787206-10 devstack@n-api.service[115105]: INFO nova.api.openstack.requestlog [None req-d53d2e76-a741-4148-9e2f-c42b5bf00581 tempest-ServersWithSpecificFlavorTestJSON-475916842 tempest-ServersWithSpecificFlavorTestJSON-475916842-project] 10.222.0.41 "GET /compute/v2.1/servers/b6a28354-86d5-472b-8525-121bd131e95a/os-interface" status: 200 len: 284 microversion: 2.1 time: 0.249636
Jul 16 17:50:02.540276 n-d-787206-10 devstack@n-api.service[115105]: [pid: 115105|app: 0|req: 146/332] 10.222.0.41 () {58 vars in 1275 bytes} [Fri Jul 16 17:50:02 2021] GET /compute/v2.1/servers/b6a28354-86d5-472b-8525-121bd131e95a/os-interface => generated 284 bytes in 251 msecs (HTTP/1.1 200) 9 headers in 357 bytes (1 switches on core 0)
Jul 16 17:50:02.544991 n-d-787206-10 devstack@n-api.service[115104]: DEBUG oslo_concurrency.lockutils [None req-b38d79df-e9f4-4bfa-a28f-2cf841c60da2 tempest-DeleteServersAdminTestJSON-634571022 tempest-DeleteServersAdminTestJSON-634571022-project] Lock "00000000-0000-0000-0000-000000000000" acquired by "nova.context.set_target_cell..get_or_set_cached_cell_and_set_connections" :: waited 0.000s {{(pid=115104) inner /usr/local/lib/python3.8/dist-packages/oslo_concurrency/lockutils.py:355}}
Jul 16 17:50:02.545122 n-d-787206-10 devstack@n-api.service[115105]: DEBUG nova.api.openstack.wsgi [None req-f1e266a3-cd28-424e-8d7f-5add7137f38f tempest-FlavorsAccessNegativeTestJSON-1857750317 tempest-FlavorsAccessNegativeTestJSON-1857750317-project-admin] Action: 'create', calling method: >, body: {"flavor": {"ram": 512, "vcpus": 1, "disk": 10, "name": "tempest-FlavorsAccessNegativeTestJSON-flavor-682420920", "id": 1969414229, "os-flavor-access:is_public": "False"}} {{(pid=115105) _process_stack /opt/stack/nova/nova/api/openstack/wsgi.py:511}}
Jul 16 17:50:02.545631 n-d-787206-10 devstack@n-api.service[115104]: DEBUG oslo_concurrency.lockutils [None req-b38d79df-e9f4-4bfa-a28f-2cf841c60da2 tempest-DeleteServersAdminTestJSON-634571022 tempest-DeleteServersAdminTestJSON-634571022-project] Lock "00000000-0000-0000-0000-000000000000" released by "nova.context.set_target_cell..get_or_set_cached_cell_and_set_connections" :: held 0.001s {{(pid=115104) inner /usr/local/lib/python3.8/dist-packages/oslo_concurrency/lockutils.py:367}}
Jul 16 17:50:02.546595 n-d-787206-10 devstack@n-api.service[115105]: /usr/local/lib/python3.8/dist-packages/oslo_policy/policy.py:1064: UserWarning: Policy os_compute_api:os-flavor-manage:create failed scope check. The token used to make the request was project scoped but the policy requires ['system'] scope. This behavior may change in the future where using the intended scope is required
Jul 16 17:50:02.546595 n-d-787206-10 devstack@n-api.service[115105]: warnings.warn(msg)
Jul 16 17:50:02.546821 n-d-787206-10 devstack@n-api.service[115104]: DEBUG oslo_concurrency.lockutils [None req-b38d79df-e9f4-4bfa-a28f-2cf841c60da2 tempest-DeleteServersAdminTestJSON-634571022 tempest-DeleteServersAdminTestJSON-634571022-project] Lock "75688efc-41a3-47a9-8c86-34c952c26c57" acquired by "nova.context.set_target_cell..get_or_set_cached_cell_and_set_connections" :: waited 0.000s {{(pid=115104) inner /usr/local/lib/python3.8/dist-packages/oslo_concurrency/lockutils.py:355}}
Jul 16 17:50:02.547328 n-d-787206-10 devstack@n-api.service[115104]: DEBUG oslo_concurrency.lockutils [None req-b38d79df-e9f4-4bfa-a28f-2cf841c60da2 tempest-DeleteServersAdminTestJSON-634571022 tempest-DeleteServersAdminTestJSON-634571022-project] Lock "75688efc-41a3-47a9-8c86-34c952c26c57" released by "nova.context.set_target_cell..get_or_set_cached_cell_and_set_connections" :: held 0.001s {{(pid=115104) inner /usr/local/lib/python3.8/dist-packages/oslo_concurrency/lockutils.py:367}}
Jul 16 17:50:02.555332 n-d-787206-10 devstack@n-api.service[115104]: /opt/stack/nova/nova/objects/instance.py:1537: SAWarning: TypeDecorator SoftDeleteInteger() will not produce a cache key because the ``cache_ok`` flag is not set to True. Set this flag to True if this type object's state is safe to use in a cache key, or False to disable this warning.
Jul 16 17:50:02.555332 n-d-787206-10 devstack@n-api.service[115104]: project_result = project_query.first()
Jul 16 17:50:02.575727 n-d-787206-10 devstack@n-api.service[115105]: INFO nova.api.openstack.requestlog [None req-f1e266a3-cd28-424e-8d7f-5add7137f38f tempest-FlavorsAccessNegativeTestJSON-1857750317 tempest-FlavorsAccessNegativeTestJSON-1857750317-project-admin] 10.222.0.41 "POST /compute/v2.1/flavors" status: 200 len: 438 microversion: 2.1 time: 0.039736
Jul 16 17:50:02.576537 n-d-787206-10 devstack@n-api.service[115105]: [pid: 115105|app: 0|req: 147/333] 10.222.0.41 () {60 vars in 1147 bytes} [Fri Jul 16 17:50:02 2021] POST /compute/v2.1/flavors => generated 438 bytes in 41 msecs (HTTP/1.1 200) 9 headers in 357 bytes (1 switches on core 0)
Jul 16 17:50:02.592252 n-d-787206-10 devstack@n-api.service[115104]: /opt/stack/nova/nova/db/sqlalchemy/api.py:2708: SAWarning: TypeDecorator SoftDeleteInteger() will not produce a cache key because the ``cache_ok`` flag is not set to True. Set this flag to True if this type object's state is safe to use in a cache key, or False to disable this warning.
Jul 16 17:50:02.592252 n-d-787206-10 devstack@n-api.service[115104]: rows = model_query(context, models.Quota, read_deleted="no").\
Jul 16 17:50:02.601854 n-d-787206-10 devstack@n-api.service[115104]: DEBUG nova.quota [None req-b38d79df-e9f4-4bfa-a28f-2cf841c60da2 tempest-DeleteServersAdminTestJSON-634571022 tempest-DeleteServersAdminTestJSON-634571022-project] Getting quotas for project eb74636427ca456f84d3efb2b60b06ed. Resources: {'cores', 'instances', 'ram'} {{(pid=115104) _get_quotas /opt/stack/nova/nova/quota.py:387}}
Jul 16 17:50:02.607026 n-d-787206-10 devstack@n-api.service[115104]: DEBUG nova.quota [None req-b38d79df-e9f4-4bfa-a28f-2cf841c60da2 tempest-DeleteServersAdminTestJSON-634571022 tempest-DeleteServersAdminTestJSON-634571022-project] Getting quotas for user 884f9f7200ee443c9aaa15d9db2f3a9a and project eb74636427ca456f84d3efb2b60b06ed. Resources: {'cores', 'instances', 'ram'} {{(pid=115104) _get_quotas /opt/stack/nova/nova/quota.py:377}}
Jul 16 17:50:02.609901 n-d-787206-10 devstack@n-api.service[115105]: DEBUG nova.api.openstack.wsgi [None req-bf9498c8-a3b7-4002-a463-84e501da9511 tempest-TenantUsagesTestJSON-1075792435 tempest-TenantUsagesTestJSON-1075792435-project] Calling method '>' {{(pid=115105) _process_stack /opt/stack/nova/nova/api/openstack/wsgi.py:513}}
Jul 16 17:50:02.611469 n-d-787206-10 devstack@n-api.service[115105]: DEBUG nova.compute.api [None req-bf9498c8-a3b7-4002-a463-84e501da9511 tempest-TenantUsagesTestJSON-1075792435 tempest-TenantUsagesTestJSON-1075792435-project] [instance: 17572511-aa77-488a-9a79-a9d9f6e131a1] Fetching instance by UUID {{(pid=115105) get /opt/stack/nova/nova/compute/api.py:2793}}
Jul 16 17:50:02.626054 n-d-787206-10 devstack@n-api.service[115105]: DEBUG oslo_concurrency.lockutils [None req-bf9498c8-a3b7-4002-a463-84e501da9511 tempest-TenantUsagesTestJSON-1075792435 tempest-TenantUsagesTestJSON-1075792435-project] Lock "75688efc-41a3-47a9-8c86-34c952c26c57" acquired by "nova.context.set_target_cell..get_or_set_cached_cell_and_set_connections" :: waited 0.000s {{(pid=115105) inner /usr/local/lib/python3.8/dist-packages/oslo_concurrency/lockutils.py:355}}
Jul 16 17:50:02.627086 n-d-787206-10 devstack@n-api.service[115105]: DEBUG oslo_concurrency.lockutils [None req-bf9498c8-a3b7-4002-a463-84e501da9511 tempest-TenantUsagesTestJSON-1075792435 tempest-TenantUsagesTestJSON-1075792435-project] Lock "75688efc-41a3-47a9-8c86-34c952c26c57" released by "nova.context.set_target_cell..get_or_set_cached_cell_and_set_connections" :: held 0.001s {{(pid=115105) inner /usr/local/lib/python3.8/dist-packages/oslo_concurrency/lockutils.py:367}}
Jul 16 17:50:02.628067 n-d-787206-10 devstack@n-api.service[115105]: DEBUG oslo_concurrency.lockutils [None req-bf9498c8-a3b7-4002-a463-84e501da9511 tempest-TenantUsagesTestJSON-1075792435 tempest-TenantUsagesTestJSON-1075792435-project] Lock "75688efc-41a3-47a9-8c86-34c952c26c57" acquired by "nova.context.set_target_cell..get_or_set_cached_cell_and_set_connections" :: waited 0.000s {{(pid=115105) inner /usr/local/lib/python3.8/dist-packages/oslo_concurrency/lockutils.py:355}}
Jul 16 17:50:02.628791 n-d-787206-10 devstack@n-api.service[115105]: DEBUG oslo_concurrency.lockutils [None req-bf9498c8-a3b7-4002-a463-84e501da9511 tempest-TenantUsagesTestJSON-1075792435 tempest-TenantUsagesTestJSON-1075792435-project] Lock "75688efc-41a3-47a9-8c86-34c952c26c57" released by "nova.context.set_target_cell..get_or_set_cached_cell_and_set_connections" :: held 0.001s {{(pid=115105) inner /usr/local/lib/python3.8/dist-packages/oslo_concurrency/lockutils.py:367}}
Jul 16 17:50:02.633110 n-d-787206-10 devstack@n-api.service[115105]: /opt/stack/nova/nova/db/sqlalchemy/api.py:1385: SAWarning: TypeDecorator SoftDeleteInteger() will not produce a cache key because the ``cache_ok`` flag is not set to True. Set this flag to True if this type object's state is safe to use in a cache key, or False to disable this warning.
Jul 16 17:50:02.633110 n-d-787206-10 devstack@n-api.service[115105]: result = _build_instance_get(context, columns_to_join=columns_to_join).\
Jul 16 17:50:02.652774 n-d-787206-10 devstack@n-api.service[115104]: DEBUG nova.compute.api [None req-b38d79df-e9f4-4bfa-a28f-2cf841c60da2 tempest-DeleteServersAdminTestJSON-634571022 tempest-DeleteServersAdminTestJSON-634571022-project] Going to run 1 instances... {{(pid=115104) _provision_instances /opt/stack/nova/nova/compute/api.py:1280}}
Jul 16 17:50:02.661528 n-d-787206-10 devstack@n-api.service[115104]: DEBUG nova.compute.api [None req-b38d79df-e9f4-4bfa-a28f-2cf841c60da2 tempest-DeleteServersAdminTestJSON-634571022 tempest-DeleteServersAdminTestJSON-634571022-project] [instance: 5dc1da03-4fff-449a-860a-6c2494a1e406] block_device_mapping [BlockDeviceMapping(attachment_id=,boot_index=0,connection_info=None,created_at=,delete_on_termination=True,deleted=,deleted_at=,destination_type='local',device_name=None,device_type='disk',disk_bus=None,guest_format=None,id=,image_id='4990046a-a56e-46d0-b3bd-202b7f84001e',instance=,instance_uuid=,no_device=False,snapshot_id=None,source_type='image',tag=None,updated_at=,uuid=,volume_id=None,volume_size=None,volume_type=None)] {{(pid=115104) _bdm_validate_set_size_and_instance /opt/stack/nova/nova/compute/api.py:1685}}
Jul 16 17:50:02.741039 n-d-787206-10 devstack@n-api.service[115105]: DEBUG oslo_concurrency.lockutils [None req-bf9498c8-a3b7-4002-a463-84e501da9511 tempest-TenantUsagesTestJSON-1075792435 tempest-TenantUsagesTestJSON-1075792435-project] Lock "75688efc-41a3-47a9-8c86-34c952c26c57" acquired by "nova.context.set_target_cell..get_or_set_cached_cell_and_set_connections" :: waited 0.000s {{(pid=115105) inner /usr/local/lib/python3.8/dist-packages/oslo_concurrency/lockutils.py:355}}
Jul 16 17:50:02.741872 n-d-787206-10 devstack@n-api.service[115105]: DEBUG oslo_concurrency.lockutils [None req-bf9498c8-a3b7-4002-a463-84e501da9511 tempest-TenantUsagesTestJSON-1075792435 tempest-TenantUsagesTestJSON-1075792435-project] Lock "75688efc-41a3-47a9-8c86-34c952c26c57" released by "nova.context.set_target_cell..get_or_set_cached_cell_and_set_connections" :: held 0.001s {{(pid=115105) inner /usr/local/lib/python3.8/dist-packages/oslo_concurrency/lockutils.py:367}}
Jul 16 17:50:02.742922 n-d-787206-10 devstack@n-api.service[115105]: DEBUG nova.objects.instance [None req-bf9498c8-a3b7-4002-a463-84e501da9511 tempest-TenantUsagesTestJSON-1075792435 tempest-TenantUsagesTestJSON-1075792435-project] Lazy-loading 'fault' on Instance uuid 17572511-aa77-488a-9a79-a9d9f6e131a1 {{(pid=115105) obj_load_attr /opt/stack/nova/nova/objects/instance.py:1100}}
Jul 16 17:50:02.746447 n-d-787206-10 devstack@n-api.service[115105]: /opt/stack/nova/nova/db/sqlalchemy/api.py:4002: SAWarning: TypeDecorator SoftDeleteInteger() will not produce a cache key because the ``cache_ok`` flag is not set to True. Set this flag to True if this type object's state is safe to use in a cache key, or False to disable this warning.
Jul 16 17:50:02.746447 n-d-787206-10 devstack@n-api.service[115105]: for row in query:
Jul 16 17:50:02.801601 n-d-787206-10 devstack@n-api.service[115104]: INFO nova.api.openstack.requestlog [None req-b38d79df-e9f4-4bfa-a28f-2cf841c60da2 tempest-DeleteServersAdminTestJSON-634571022 tempest-DeleteServersAdminTestJSON-634571022-project] 10.222.0.41 "POST /compute/v2.1/servers" status: 202 len: 380 microversion: 2.1 time: 0.962098
Jul 16 17:50:02.802254 n-d-787206-10 devstack@n-api.service[115104]: [pid: 115104|app: 0|req: 187/334] 10.222.0.41 () {60 vars in 1147 bytes} [Fri Jul 16 17:50:01 2021] POST /compute/v2.1/servers => generated 380 bytes in 966 msecs (HTTP/1.1 202) 10 headers in 451 bytes (1 switches on core 0)
Jul 16 17:50:02.818925 n-d-787206-10 devstack@n-api.service[115104]: DEBUG nova.api.openstack.wsgi [None req-db9b9348-9f9d-4745-8b2d-912d1eaf1474 tempest-QuotasAdminNegativeTest-2056548668 tempest-QuotasAdminNegativeTest-2056548668-project] Action: 'create', calling method: >, body: {"server": {"name": "tempest-QuotasAdminNegativeTest-server-1085204971", "imageRef": "4990046a-a56e-46d0-b3bd-202b7f84001e", "flavorRef": "452"}} {{(pid=115104) _process_stack /opt/stack/nova/nova/api/openstack/wsgi.py:511}}
Jul 16 17:50:02.896844 n-d-787206-10 devstack@n-api.service[115104]: DEBUG nova.network.neutron [None req-db9b9348-9f9d-4745-8b2d-912d1eaf1474 tempest-QuotasAdminNegativeTest-2056548668 tempest-QuotasAdminNegativeTest-2056548668-project] validate_networks() for None {{(pid=115104) validate_networks /opt/stack/nova/nova/network/neutron.py:2255}}
Jul 16 17:50:03.330748 n-d-787206-10 devstack@n-api.service[115105]: DEBUG nova.policy [None req-bf9498c8-a3b7-4002-a463-84e501da9511 tempest-TenantUsagesTestJSON-1075792435 tempest-TenantUsagesTestJSON-1075792435-project] Policy check for os_compute_api:os-extended-server-attributes failed with credentials {'is_admin': False, 'user_id': 'd6eb9267d65c4a45a074a7dab6894249', 'user_domain_id': 'default', 'system_scope': None, 'domain_id': None, 'project_id': '2741dbeac32e4d1c9e19743f336f56d8', 'project_domain_id': 'default', 'roles': ['reader', 'member'], 'is_admin_project': True, 'service_user_id': None, 'service_user_domain_id': None, 'service_project_id': None, 'service_project_domain_id': None, 'service_roles': []} {{(pid=115105) authorize /opt/stack/nova/nova/policy.py:199}}
Jul 16 17:50:03.333769 n-d-787206-10 devstack@n-api.service[115105]: /opt/stack/nova/nova/db/sqlalchemy/api.py:3000: SAWarning: TypeDecorator SoftDeleteInteger() will not produce a cache key because the ``cache_ok`` flag is not set to True. Set this flag to True if this type object's state is safe to use in a cache key, or False to disable this warning.
Jul 16 17:50:03.333769 n-d-787206-10 devstack@n-api.service[115105]: return _block_device_mapping_get_query(context).filter(
Jul 16 17:50:03.347718 n-d-787206-10 devstack@n-api.service[115105]: INFO nova.api.openstack.requestlog [None req-bf9498c8-a3b7-4002-a463-84e501da9511 tempest-TenantUsagesTestJSON-1075792435 tempest-TenantUsagesTestJSON-1075792435-project] 10.222.0.41 "GET /compute/v2.1/servers/17572511-aa77-488a-9a79-a9d9f6e131a1" status: 200 len: 1304 microversion: 2.1 time: 0.751027
Jul 16 17:50:03.349009 n-d-787206-10 devstack@n-api.service[115105]: [pid: 115105|app: 0|req: 148/335] 10.222.0.41 () {58 vars in 1236 bytes} [Fri Jul 16 17:50:02 2021] GET /compute/v2.1/servers/17572511-aa77-488a-9a79-a9d9f6e131a1 => generated 1304 bytes in 772 msecs (HTTP/1.1 200) 9 headers in 358 bytes (1 switches on core 0)
Jul 16 17:50:03.353903 n-d-787206-10 devstack@n-api.service[115105]: DEBUG nova.api.openstack.wsgi [None req-c863613c-ed5b-4ef9-a03f-1f490ef6f20c tempest-FlavorsAccessNegativeTestJSON-1857750317 tempest-FlavorsAccessNegativeTestJSON-1857750317-project-admin] Action: 'action', calling method: >, body: {"addTenantAccess": {"tenant": "6b318ef97bc54fd1a0d798ccd9c7a762"}} {{(pid=115105) _process_stack /opt/stack/nova/nova/api/openstack/wsgi.py:511}}
Jul 16 17:50:03.360029 n-d-787206-10 devstack@n-api.service[115105]: /usr/local/lib/python3.8/dist-packages/oslo_policy/policy.py:1064: UserWarning: Policy os_compute_api:os-flavor-access:add_tenant_access failed scope check. The token used to make the request was project scoped but the policy requires ['system'] scope. This behavior may change in the future where using the intended scope is required
Jul 16 17:50:03.360029 n-d-787206-10 devstack@n-api.service[115105]: warnings.warn(msg)
Jul 16 17:50:03.829922 n-d-787206-10 devstack@n-api.service[115105]: INFO nova.api.openstack.requestlog [None req-c863613c-ed5b-4ef9-a03f-1f490ef6f20c tempest-FlavorsAccessNegativeTestJSON-1857750317 tempest-FlavorsAccessNegativeTestJSON-1857750317-project-admin] 10.222.0.41 "POST /compute/v2.1/flavors/1969414229/action" status: 200 len: 97 microversion: 2.1 time: 0.479603
Jul 16 17:50:03.830524 n-d-787206-10 devstack@n-api.service[115105]: [pid: 115105|app: 0|req: 149/336] 10.222.0.41 () {60 vars in 1200 bytes} [Fri Jul 16 17:50:03 2021] POST /compute/v2.1/flavors/1969414229/action => generated 97 bytes in 481 msecs (HTTP/1.1 200) 9 headers in 356 bytes (1 switches on core 0)
Jul 16 17:50:03.844516 n-d-787206-10 devstack@n-api.service[115105]: DEBUG nova.api.openstack.wsgi [None req-db0879bf-29cb-4459-a592-3a83d20251bd tempest-DeleteServersAdminTestJSON-634571022 tempest-DeleteServersAdminTestJSON-634571022-project] Calling method '>' {{(pid=115105) _process_stack /opt/stack/nova/nova/api/openstack/wsgi.py:513}}
Jul 16 17:50:03.845078 n-d-787206-10 devstack@n-api.service[115105]: DEBUG nova.compute.api [None req-db0879bf-29cb-4459-a592-3a83d20251bd tempest-DeleteServersAdminTestJSON-634571022 tempest-DeleteServersAdminTestJSON-634571022-project] [instance: 5dc1da03-4fff-449a-860a-6c2494a1e406] Fetching instance by UUID {{(pid=115105) get /opt/stack/nova/nova/compute/api.py:2793}}
Jul 16 17:50:03.864110 n-d-787206-10 devstack@n-api.service[115105]: DEBUG oslo_concurrency.lockutils [None req-db0879bf-29cb-4459-a592-3a83d20251bd tempest-DeleteServersAdminTestJSON-634571022 tempest-DeleteServersAdminTestJSON-634571022-project] Lock "75688efc-41a3-47a9-8c86-34c952c26c57" acquired by "nova.context.set_target_cell..get_or_set_cached_cell_and_set_connections" :: waited 0.000s {{(pid=115105) inner /usr/local/lib/python3.8/dist-packages/oslo_concurrency/lockutils.py:355}}
Jul 16 17:50:03.864435 n-d-787206-10 devstack@n-api.service[115105]: DEBUG oslo_concurrency.lockutils [None req-db0879bf-29cb-4459-a592-3a83d20251bd tempest-DeleteServersAdminTestJSON-634571022 tempest-DeleteServersAdminTestJSON-634571022-project] Lock "75688efc-41a3-47a9-8c86-34c952c26c57" released by "nova.context.set_target_cell..get_or_set_cached_cell_and_set_connections" :: held 0.001s {{(pid=115105) inner /usr/local/lib/python3.8/dist-packages/oslo_concurrency/lockutils.py:367}}
Jul 16 17:50:03.865211 n-d-787206-10 devstack@n-api.service[115105]: DEBUG oslo_concurrency.lockutils [None req-db0879bf-29cb-4459-a592-3a83d20251bd tempest-DeleteServersAdminTestJSON-634571022 tempest-DeleteServersAdminTestJSON-634571022-project] Lock "75688efc-41a3-47a9-8c86-34c952c26c57" acquired by "nova.context.set_target_cell..get_or_set_cached_cell_and_set_connections" :: waited 0.000s {{(pid=115105) inner /usr/local/lib/python3.8/dist-packages/oslo_concurrency/lockutils.py:355}}
Jul 16 17:50:03.865639 n-d-787206-10 devstack@n-api.service[115105]: DEBUG oslo_concurrency.lockutils [None req-db0879bf-29cb-4459-a592-3a83d20251bd tempest-DeleteServersAdminTestJSON-634571022 tempest-DeleteServersAdminTestJSON-634571022-project] Lock "75688efc-41a3-47a9-8c86-34c952c26c57" released by "nova.context.set_target_cell..get_or_set_cached_cell_and_set_connections" :: held 0.000s {{(pid=115105) inner /usr/local/lib/python3.8/dist-packages/oslo_concurrency/lockutils.py:367}}
Jul 16 17:50:03.869919 n-d-787206-10 devstack@n-api.service[115105]: /opt/stack/nova/nova/db/sqlalchemy/api.py:1385: SAWarning: TypeDecorator SoftDeleteInteger() will not produce a cache key because the ``cache_ok`` flag is not set to True. Set this flag to True if this type object's state is safe to use in a cache key, or False to disable this warning.
Jul 16 17:50:03.869919 n-d-787206-10 devstack@n-api.service[115105]: result = _build_instance_get(context, columns_to_join=columns_to_join).\
Jul 16 17:50:03.875876 n-d-787206-10 devstack@n-api.service[115104]: DEBUG nova.virt.hardware [None req-db9b9348-9f9d-4745-8b2d-912d1eaf1474 tempest-QuotasAdminNegativeTest-2056548668 tempest-QuotasAdminNegativeTest-2056548668-project] Flavor limits 0:0:0 {{(pid=115104) get_cpu_topology_constraints /opt/stack/nova/nova/virt/hardware.py:343}}
Jul 16 17:50:03.876896 n-d-787206-10 devstack@n-api.service[115104]: DEBUG nova.virt.hardware [None req-db9b9348-9f9d-4745-8b2d-912d1eaf1474 tempest-QuotasAdminNegativeTest-2056548668 tempest-QuotasAdminNegativeTest-2056548668-project] Image limits 0:0:0 {{(pid=115104) get_cpu_topology_constraints /opt/stack/nova/nova/virt/hardware.py:347}}
Jul 16 17:50:03.877544 n-d-787206-10 devstack@n-api.service[115104]: DEBUG nova.virt.hardware [None req-db9b9348-9f9d-4745-8b2d-912d1eaf1474 tempest-QuotasAdminNegativeTest-2056548668 tempest-QuotasAdminNegativeTest-2056548668-project] Flavor pref 0:0:0 {{(pid=115104) get_cpu_topology_constraints /opt/stack/nova/nova/virt/hardware.py:383}}
Jul 16 17:50:03.878100 n-d-787206-10 devstack@n-api.service[115104]: DEBUG nova.virt.hardware [None req-db9b9348-9f9d-4745-8b2d-912d1eaf1474 tempest-QuotasAdminNegativeTest-2056548668 tempest-QuotasAdminNegativeTest-2056548668-project] Image pref 0:0:0 {{(pid=115104) get_cpu_topology_constraints /opt/stack/nova/nova/virt/hardware.py:387}}
Jul 16 17:50:03.878667 n-d-787206-10 devstack@n-api.service[115104]: DEBUG nova.virt.hardware [None req-db9b9348-9f9d-4745-8b2d-912d1eaf1474 tempest-QuotasAdminNegativeTest-2056548668 tempest-QuotasAdminNegativeTest-2056548668-project] Chose sockets=0, cores=0, threads=0; limits were sockets=65536, cores=65536, threads=65536 {{(pid=115104) get_cpu_topology_constraints /opt/stack/nova/nova/virt/hardware.py:425}}
Jul 16 17:50:03.900947 n-d-787206-10 devstack@n-api.service[115104]: /opt/stack/nova/nova/db/sqlalchemy/api.py:2690: SAWarning: TypeDecorator SoftDeleteInteger() will not produce a cache key because the ``cache_ok`` flag is not set to True. Set this flag to True if this type object's state is safe to use in a cache key, or False to disable this warning.
Jul 16 17:50:03.900947 n-d-787206-10 devstack@n-api.service[115104]: user_quotas = model_query(context, models.ProjectUserQuota,
Jul 16 17:50:03.910964 n-d-787206-10 devstack@n-api.service[115104]: DEBUG oslo_concurrency.lockutils [None req-db9b9348-9f9d-4745-8b2d-912d1eaf1474 tempest-QuotasAdminNegativeTest-2056548668 tempest-QuotasAdminNegativeTest-2056548668-project] Lock "00000000-0000-0000-0000-000000000000" acquired by "nova.context.set_target_cell..get_or_set_cached_cell_and_set_connections" :: waited 0.000s {{(pid=115104) inner /usr/local/lib/python3.8/dist-packages/oslo_concurrency/lockutils.py:355}}
Jul 16 17:50:03.917190 n-d-787206-10 devstack@n-api.service[115104]: DEBUG oslo_concurrency.lockutils [None req-db9b9348-9f9d-4745-8b2d-912d1eaf1474 tempest-QuotasAdminNegativeTest-2056548668 tempest-QuotasAdminNegativeTest-2056548668-project] Lock "00000000-0000-0000-0000-000000000000" released by "nova.context.set_target_cell..get_or_set_cached_cell_and_set_connections" :: held 0.006s {{(pid=115104) inner /usr/local/lib/python3.8/dist-packages/oslo_concurrency/lockutils.py:367}}
Jul 16 17:50:03.918333 n-d-787206-10 devstack@n-api.service[115104]: DEBUG oslo_concurrency.lockutils [None req-db9b9348-9f9d-4745-8b2d-912d1eaf1474 tempest-QuotasAdminNegativeTest-2056548668 tempest-QuotasAdminNegativeTest-2056548668-project] Lock "75688efc-41a3-47a9-8c86-34c952c26c57" acquired by "nova.context.set_target_cell..get_or_set_cached_cell_and_set_connections" :: waited 0.000s {{(pid=115104) inner /usr/local/lib/python3.8/dist-packages/oslo_concurrency/lockutils.py:355}}
Jul 16 17:50:03.918942 n-d-787206-10 devstack@n-api.service[115104]: DEBUG oslo_concurrency.lockutils [None req-db9b9348-9f9d-4745-8b2d-912d1eaf1474 tempest-QuotasAdminNegativeTest-2056548668 tempest-QuotasAdminNegativeTest-2056548668-project] Lock "75688efc-41a3-47a9-8c86-34c952c26c57" released by "nova.context.set_target_cell..get_or_set_cached_cell_and_set_connections" :: held 0.001s {{(pid=115104) inner /usr/local/lib/python3.8/dist-packages/oslo_concurrency/lockutils.py:367}}
Jul 16 17:50:03.923114 n-d-787206-10 devstack@n-api.service[115104]: /opt/stack/nova/nova/objects/instance.py:1537: SAWarning: TypeDecorator SoftDeleteInteger() will not produce a cache key because the ``cache_ok`` flag is not set to True. Set this flag to True if this type object's state is safe to use in a cache key, or False to disable this warning.
Jul 16 17:50:03.923114 n-d-787206-10 devstack@n-api.service[115104]: project_result = project_query.first()
Jul 16 17:50:03.941760 n-d-787206-10 devstack@n-api.service[115104]: /opt/stack/nova/nova/db/sqlalchemy/api.py:2708: SAWarning: TypeDecorator SoftDeleteInteger() will not produce a cache key because the ``cache_ok`` flag is not set to True. Set this flag to True if this type object's state is safe to use in a cache key, or False to disable this warning.
Jul 16 17:50:03.941760 n-d-787206-10 devstack@n-api.service[115104]: rows = model_query(context, models.Quota, read_deleted="no").\
Jul 16 17:50:03.947263 n-d-787206-10 devstack@n-api.service[115104]: DEBUG nova.quota [None req-db9b9348-9f9d-4745-8b2d-912d1eaf1474 tempest-QuotasAdminNegativeTest-2056548668 tempest-QuotasAdminNegativeTest-2056548668-project] Getting quotas for project 84eeee7a2fce42b594bf807192cd9c4c. Resources: {'cores', 'instances', 'ram'} {{(pid=115104) _get_quotas /opt/stack/nova/nova/quota.py:387}}
Jul 16 17:50:03.952500 n-d-787206-10 devstack@n-api.service[115104]: DEBUG nova.quota [None req-db9b9348-9f9d-4745-8b2d-912d1eaf1474 tempest-QuotasAdminNegativeTest-2056548668 tempest-QuotasAdminNegativeTest-2056548668-project] Getting quotas for user 0ae6b487b1ae4b7eb81c82db992f80d0 and project 84eeee7a2fce42b594bf807192cd9c4c. Resources: {'cores', 'instances', 'ram'} {{(pid=115104) _get_quotas /opt/stack/nova/nova/quota.py:377}}
Jul 16 17:50:03.966785 n-d-787206-10 devstack@n-api.service[115104]: DEBUG nova.compute.utils [None req-db9b9348-9f9d-4745-8b2d-912d1eaf1474 tempest-QuotasAdminNegativeTest-2056548668 tempest-QuotasAdminNegativeTest-2056548668-project] instances quota exceeded for 84eeee7a2fce42b594bf807192cd9c4c, tried to run 1 instances. Cannot run any more instances of this type. {{(pid=115104) check_num_instances_quota /opt/stack/nova/nova/compute/utils.py:1167}}
Jul 16 17:50:03.968039 n-d-787206-10 devstack@n-api.service[115104]: INFO nova.api.openstack.wsgi [None req-db9b9348-9f9d-4745-8b2d-912d1eaf1474 tempest-QuotasAdminNegativeTest-2056548668 tempest-QuotasAdminNegativeTest-2056548668-project] HTTP exception thrown: Quota exceeded for instances: Requested 1, but already used 0 of 0 instances
Jul 16 17:50:03.968828 n-d-787206-10 devstack@n-api.service[115104]: DEBUG nova.api.openstack.wsgi [None req-db9b9348-9f9d-4745-8b2d-912d1eaf1474 tempest-QuotasAdminNegativeTest-2056548668 tempest-QuotasAdminNegativeTest-2056548668-project] Returning 403 to user: Quota exceeded for instances: Requested 1, but already used 0 of 0 instances {{(pid=115104) __call__ /opt/stack/nova/nova/api/openstack/wsgi.py:927}}
Jul 16 17:50:03.969908 n-d-787206-10 devstack@n-api.service[115104]: INFO nova.api.openstack.requestlog [None req-db9b9348-9f9d-4745-8b2d-912d1eaf1474 tempest-QuotasAdminNegativeTest-2056548668 tempest-QuotasAdminNegativeTest-2056548668-project] 10.222.0.41 "POST /compute/v2.1/servers" status: 403 len: 119 microversion: 2.1 time: 1.166747
Jul 16 17:50:03.974120 n-d-787206-10 devstack@n-api.service[115104]: [pid: 115104|app: 0|req: 188/337] 10.222.0.41 () {60 vars in 1147 bytes} [Fri Jul 16 17:50:02 2021] POST /compute/v2.1/servers => generated 119 bytes in 1171 msecs (HTTP/1.1 403) 9 headers in 379 bytes (1 switches on core 0)
Jul 16 17:50:03.980468 n-d-787206-10 devstack@n-api.service[115104]: DEBUG nova.api.openstack.wsgi [req-8805db35-781f-4b71-a9ad-275ec0c1beed req-a6661fcb-e53e-4925-9f2a-e5a82b4bc5fc service nova] Action: 'create', calling method: >, body: {"events": [{"name": "network-changed", "server_uuid": "da769407-86ef-4d15-a23d-a149feb10aac", "tag": "5e357754-a51d-4a22-b93b-ef8d2eb6e725"}, {"server_uuid": "17572511-aa77-488a-9a79-a9d9f6e131a1", "name": "network-vif-deleted", "tag": "7c7d3130-1356-4ddc-8530-2ec067149916"}]} {{(pid=115104) _process_stack /opt/stack/nova/nova/api/openstack/wsgi.py:511}}
Jul 16 17:50:03.982343 n-d-787206-10 devstack@n-api.service[115104]: /usr/local/lib/python3.8/dist-packages/oslo_policy/policy.py:1064: UserWarning: Policy os_compute_api:os-server-external-events:create failed scope check. The token used to make the request was project scoped but the policy requires ['system'] scope. This behavior may change in the future where using the intended scope is required
Jul 16 17:50:03.982343 n-d-787206-10 devstack@n-api.service[115104]: warnings.warn(msg)
Jul 16 17:50:03.991337 n-d-787206-10 devstack@n-api.service[115104]: DEBUG oslo_concurrency.lockutils [req-8805db35-781f-4b71-a9ad-275ec0c1beed req-a6661fcb-e53e-4925-9f2a-e5a82b4bc5fc service nova] Lock "75688efc-41a3-47a9-8c86-34c952c26c57" acquired by "nova.context.set_target_cell..get_or_set_cached_cell_and_set_connections" :: waited 0.000s {{(pid=115104) inner /usr/local/lib/python3.8/dist-packages/oslo_concurrency/lockutils.py:355}}
Jul 16 17:50:03.992066 n-d-787206-10 devstack@n-api.service[115104]: DEBUG oslo_concurrency.lockutils [req-8805db35-781f-4b71-a9ad-275ec0c1beed req-a6661fcb-e53e-4925-9f2a-e5a82b4bc5fc service nova] Lock "75688efc-41a3-47a9-8c86-34c952c26c57" released by "nova.context.set_target_cell..get_or_set_cached_cell_and_set_connections" :: held 0.001s {{(pid=115104) inner /usr/local/lib/python3.8/dist-packages/oslo_concurrency/lockutils.py:367}}
