Dec 20 15:38:04.706888 n-d-781076-8 neutron-server[103954]: INFO neutron.wsgi [None req-6bb8e418-e0b0-41cc-9461-19ad7332fa43 admin admin] 10.222.0.81 "GET /v2.0/security-groups?tenant_id=2faf289a90b2424a9cbe656f16375334&name=default HTTP/1.1" status: 200 len: 2996 time: 0.3378701
Dec 20 15:38:04.708900 n-d-781076-8 neutron-server[103954]: DEBUG neutron.wsgi [-] (103954) accepted ('10.222.0.81', 42888) {{(pid=103954) server /usr/local/lib/python3.8/dist-packages/eventlet/wsgi.py:1004}}
Dec 20 15:38:04.717993 n-d-781076-8 neutron-server[103953]: DEBUG neutron.pecan_wsgi.hooks.policy_enforcement [req-d2f8c937-0e02-4b4f-b860-7901b80a2178 req-19d252e3-b97c-403e-ba20-7d9d1d619456 tempest-LiveAutoBlockMigrationV225Test-672578573 tempest-LiveAutoBlockMigrationV225Test-672578573-project] Attributes excluded by policy engine: ['standard_attr_id', 'binding:profile', 'binding:host_id', 'binding:vif_type', 'binding:vif_details'] {{(pid=103953) _exclude_attributes_by_policy /opt/stack/neutron/neutron/pecan_wsgi/hooks/policy_enforcement.py:255}}
Dec 20 15:38:04.718682 n-d-781076-8 neutron-server[103954]: DEBUG neutron.api.rpc.handlers.resources_rpc [None req-6bb8e418-e0b0-41cc-9461-19ad7332fa43 admin admin] Pushing event updated for resources: {'SecurityGroup': ['ID=abb983ec-215a-46ca-a317-d2f20b8b8901,revision_number=1']} {{(pid=103954) push /opt/stack/neutron/neutron/api/rpc/handlers/resources_rpc.py:237}}
Dec 20 15:38:04.719414 n-d-781076-8 neutron-server[103953]: INFO neutron.wsgi [req-d2f8c937-0e02-4b4f-b860-7901b80a2178 req-19d252e3-b97c-403e-ba20-7d9d1d619456 tempest-LiveAutoBlockMigrationV225Test-672578573 tempest-LiveAutoBlockMigrationV225Test-672578573-project] 10.222.0.81 "GET /v2.0/ports?device_id=a640f4ce-9f7f-4539-abb7-d11425b5cb40 HTTP/1.1" status: 200 len: 943 time: 0.1091754
Dec 20 15:38:04.725097 n-d-781076-8 neutron-server[103953]: DEBUG neutron.pecan_wsgi.hooks.policy_enforcement [req-e3c4944d-bd3e-4011-afd9-fa1123e0300d req-43fdc719-5499-4eff-9f5e-6d066b4a3c77 service neutron] Attributes excluded by policy engine: ['standard_attr_id', 'vlan_transparent'] {{(pid=103953) _exclude_attributes_by_policy /opt/stack/neutron/neutron/pecan_wsgi/hooks/policy_enforcement.py:255}}
Dec 20 15:38:04.726626 n-d-781076-8 neutron-server[103953]: INFO neutron.wsgi [req-e3c4944d-bd3e-4011-afd9-fa1123e0300d req-43fdc719-5499-4eff-9f5e-6d066b4a3c77 service neutron] 10.222.0.72 "GET /v2.0/networks?id=8924904a-b154-4282-8d2a-9f9626485f24 HTTP/1.1" status: 200 len: 870 time: 0.4332652
Dec 20 15:38:04.757802 n-d-781076-8 neutron-server[103953]: DEBUG neutron_lib.callbacks.manager [req-b7771108-ed23-4b27-b8a8-8e3f4dd9ede3 req-69fb21a8-f9a7-492c-870c-86e04a434ddd tempest-SecurityGroupsTestAdminJSON-2087215696 tempest-SecurityGroupsTestAdminJSON-2087215696-project] Publish callbacks [] for security_group, precommit_delete {{(pid=103953) _notify_loop /usr/local/lib/python3.8/dist-packages/neutron_lib/callbacks/manager.py:175}}
Dec 20 15:38:04.783628 n-d-781076-8 neutron-server[103955]: DEBUG neutron_lib.callbacks.manager [None req-f427497c-141d-48b3-8f4a-f96fe89cd682 None None] Publish callbacks ['neutron.plugins.ml2.plugin.SecurityGroupServerNotifierRpcMixin._notify_sg_on_port_change-7909842', 'neutron.plugins.ml2.ovo_rpc._ObjectChangeHandler.handle_event-108992', 'neutron.api.rpc.agentnotifiers.dhcp_rpc_agent_api.DhcpAgentNotifyAPI._native_event_send_dhcp_notification-561226', 'neutron.db.l3_db.L3RpcNotifierMixin._notify_gateway_port_ip_changed-8736428826179', 'neutron.db.l3_dvrscheduler_db._notify_l3_agent_port_update-8736428325605', 'neutron.db.l3_hascheduler_db._notify_l3_agent_ha_port_update-8736428325623'] for port, after_update {{(pid=103955) _notify_loop /usr/local/lib/python3.8/dist-packages/neutron_lib/callbacks/manager.py:175}}
Dec 20 15:38:04.804588 n-d-781076-8 neutron-server[103953]: INFO neutron.wsgi [req-e3c4944d-bd3e-4011-afd9-fa1123e0300d req-e751149e-1abe-4486-a07a-6a80660837d6 service neutron] 10.222.0.72 "GET /v2.0/floatingips?fixed_ip_address=192.168.233.181&port_id=de658c83-f048-4c1b-8f06-7c47c5d6731a HTTP/1.1" status: 200 len: 217 time: 0.0629811
Dec 20 15:38:04.836616 n-d-781076-8 neutron-server[103955]: DEBUG neutron.api.rpc.handlers.resources_rpc [None req-f427497c-141d-48b3-8f4a-f96fe89cd682 None None] Pushing event updated for resources: {'Port': ['ID=85db0de8-7582-4bcb-9db7-b52fedbf602d,revision_number=4']} {{(pid=103955) push /opt/stack/neutron/neutron/api/rpc/handlers/resources_rpc.py:237}}
Dec 20 15:38:04.857635 n-d-781076-8 neutron-server[103954]: /usr/lib/python3/dist-packages/secretstorage/dhcrypto.py:15: CryptographyDeprecationWarning: int_from_bytes is deprecated, use int.from_bytes instead
Dec 20 15:38:04.857635 n-d-781076-8 neutron-server[103954]: from cryptography.utils import int_from_bytes
Dec 20 15:38:04.857635 n-d-781076-8 neutron-server[103954]: /usr/lib/python3/dist-packages/secretstorage/util.py:19: CryptographyDeprecationWarning: int_from_bytes is deprecated, use int.from_bytes instead
Dec 20 15:38:04.857635 n-d-781076-8 neutron-server[103954]: from cryptography.utils import int_from_bytes
Dec 20 15:38:04.857635 n-d-781076-8 neutron-server[103954]: /usr/local/lib/python3.8/dist-packages/oslo_policy/policy.py:1119: UserWarning: Policy rule:get_network:provider:network_type failed scope check. The token used to make the request was project scoped but the policy requires ['system'] scope. This behavior may change in the future where using the intended scope is required
Dec 20 15:38:04.857635 n-d-781076-8 neutron-server[103954]: warnings.warn(msg)
Dec 20 15:38:04.857635 n-d-781076-8 neutron-server[103954]: /usr/local/lib/python3.8/dist-packages/oslo_policy/policy.py:1119: UserWarning: Policy rule:get_network:provider:physical_network failed scope check. The token used to make the request was project scoped but the policy requires ['system'] scope. This behavior may change in the future where using the intended scope is required
Dec 20 15:38:04.857635 n-d-781076-8 neutron-server[103954]: warnings.warn(msg)
Dec 20 15:38:04.857635 n-d-781076-8 neutron-server[103954]: /usr/local/lib/python3.8/dist-packages/oslo_policy/policy.py:1119: UserWarning: Policy rule:get_network:provider:segmentation_id failed scope check. The token used to make the request was project scoped but the policy requires ['system'] scope. This behavior may change in the future where using the intended scope is required
Dec 20 15:38:04.857635 n-d-781076-8 neutron-server[103954]: warnings.warn(msg)
Dec 20 15:38:04.857635 n-d-781076-8 neutron-server[103954]: /usr/local/lib/python3.8/dist-packages/oslo_policy/policy.py:1119: UserWarning: Policy rule:get_port:binding:profile failed scope check. The token used to make the request was project scoped but the policy requires ['system'] scope. This behavior may change in the future where using the intended scope is required
Dec 20 15:38:04.857635 n-d-781076-8 neutron-server[103954]: warnings.warn(msg)
Dec 20 15:38:04.857635 n-d-781076-8 neutron-server[103954]: /usr/local/lib/python3.8/dist-packages/oslo_policy/policy.py:1119: UserWarning: Policy rule:get_port:binding:host_id failed scope check. The token used to make the request was project scoped but the policy requires ['system'] scope. This behavior may change in the future where using the intended scope is required
Dec 20 15:38:04.857635 n-d-781076-8 neutron-server[103954]: warnings.warn(msg)
Dec 20 15:38:04.857635 n-d-781076-8 neutron-server[103954]: /usr/local/lib/python3.8/dist-packages/oslo_policy/policy.py:1119: UserWarning: Policy rule:get_port:binding:vif_type failed scope check. The token used to make the request was project scoped but the policy requires ['system'] scope. This behavior may change in the future where using the intended scope is required
Dec 20 15:38:04.857635 n-d-781076-8 neutron-server[103954]: warnings.warn(msg)
Dec 20 15:38:04.857635 n-d-781076-8 neutron-server[103954]: /usr/local/lib/python3.8/dist-packages/oslo_policy/policy.py:1119: UserWarning: Policy rule:get_port:binding:vif_details failed scope check. The token used to make the request was project scoped but the policy requires ['system'] scope. This behavior may change in the future where using the intended scope is required
Dec 20 15:38:04.857635 n-d-781076-8 neutron-server[103954]: warnings.warn(msg)
Dec 20 15:38:04.857635 n-d-781076-8 neutron-server[103954]: /usr/local/lib/python3.8/dist-packages/oslo_policy/policy.py:1119: UserWarning: Policy rule:get_network:provider:network_type failed scope check. The token used to make the request was project scoped but the policy requires ['system'] scope. This behavior may change in the future where using the intended scope is required
Dec 20 15:38:04.857635 n-d-781076-8 neutron-server[103954]: warnings.warn(msg)
Dec 20 15:38:04.857635 n-d-781076-8 neutron-server[103954]: /usr/local/lib/python3.8/dist-packages/oslo_policy/policy.py:1119: UserWarning: Policy rule:get_network:provider:physical_network failed scope check. The token used to make the request was project scoped but the policy requires ['system'] scope. This behavior may change in the future where using the intended scope is required
Dec 20 15:38:04.857635 n-d-781076-8 neutron-server[103954]: warnings.warn(msg)
Dec 20 15:38:04.857635 n-d-781076-8 neutron-server[103954]: /usr/local/lib/python3.8/dist-packages/oslo_policy/policy.py:1119: UserWarning: Policy rule:get_network:provider:segmentation_id failed scope check. The token used to make the request was project scoped but the policy requires ['system'] scope. This behavior may change in the future where using the intended scope is required
Dec 20 15:38:04.857635 n-d-781076-8 neutron-server[103954]: warnings.warn(msg)
Dec 20 15:38:04.857635 n-d-781076-8 neutron-server[103954]: /usr/local/lib/python3.8/dist-packages/oslo_policy/policy.py:1119: UserWarning: Policy rule:get_port:binding:profile failed scope check. The token used to make the request was project scoped but the policy requires ['system'] scope. This behavior may change in the future where using the intended scope is required
Dec 20 15:38:04.857635 n-d-781076-8 neutron-server[103954]: warnings.warn(msg)
Dec 20 15:38:04.857635 n-d-781076-8 neutron-server[103954]: /usr/local/lib/python3.8/dist-packages/oslo_policy/policy.py:1119: UserWarning: Policy rule:get_port:binding:host_id failed scope check. The token used to make the request was project scoped but the policy requires ['system'] scope. This behavior may change in the future where using the intended scope is required
Dec 20 15:38:04.857635 n-d-781076-8 neutron-server[103954]: warnings.warn(msg)
Dec 20 15:38:04.857635 n-d-781076-8 neutron-server[103954]: /usr/local/lib/python3.8/dist-packages/oslo_policy/policy.py:1119: UserWarning: Policy rule:get_port:binding:vif_type failed scope check. The token used to make the request was project scoped but the policy requires ['system'] scope. This behavior may change in the future where using the intended scope is required
Dec 20 15:38:04.857635 n-d-781076-8 neutron-server[103954]: warnings.warn(msg)
Dec 20 15:38:04.857635 n-d-781076-8 neutron-server[103954]: /usr/local/lib/python3.8/dist-packages/oslo_policy/policy.py:1119: UserWarning: Policy rule:get_port:binding:vif_details failed scope check. The token used to make the request was project scoped but the policy requires ['system'] scope. This behavior may change in the future where using the intended scope is required
Dec 20 15:38:04.857635 n-d-781076-8 neutron-server[103954]: warnings.warn(msg)
Dec 20 15:38:04.857635 n-d-781076-8 neutron-server[103954]: /usr/local/lib/python3.8/dist-packages/oslo_policy/policy.py:1119: UserWarning: Policy rule:get_network:provider:network_type failed scope check. The token used to make the request was project scoped but the policy requires ['system'] scope. This behavior may change in the future where using the intended scope is required
Dec 20 15:38:04.857635 n-d-781076-8 neutron-server[103954]: warnings.warn(msg)
Dec 20 15:38:04.857635 n-d-781076-8 neutron-server[103954]: /usr/local/lib/python3.8/dist-packages/oslo_policy/policy.py:1119: UserWarning: Policy rule:get_network:provider:physical_network failed scope check. The token used to make the request was project scoped but the policy requires ['system'] scope. This behavior may change in the future where using the intended scope is required
Dec 20 15:38:04.857635 n-d-781076-8 neutron-server[103954]: warnings.warn(msg)
Dec 20 15:38:04.859988 n-d-781076-8 neutron-server[103954]: /usr/local/lib/python3.8/dist-packages/oslo_policy/policy.py:1119: UserWarning: Policy rule:get_network:provider:segmentation_id failed scope check. The token used to make the request was project scoped but the policy requires ['system'] scope. This behavior may change in the future where using the intended scope is required
Dec 20 15:38:04.859988 n-d-781076-8 neutron-server[103954]: warnings.warn(msg)
Dec 20 15:38:04.859988 n-d-781076-8 neutron-server[103954]: /usr/local/lib/python3.8/dist-packages/oslo_policy/policy.py:1119: UserWarning: Policy rule:get_port:binding:profile failed scope check. The token used to make the request was project scoped but the policy requires ['system'] scope. This behavior may change in the future where using the intended scope is required
Dec 20 15:38:04.859988 n-d-781076-8 neutron-server[103954]: warnings.warn(msg)
Dec 20 15:38:04.859988 n-d-781076-8 neutron-server[103954]: /usr/local/lib/python3.8/dist-packages/oslo_policy/policy.py:1119: UserWarning: Policy rule:get_port:binding:host_id failed scope check. The token used to make the request was project scoped but the policy requires ['system'] scope. This behavior may change in the future where using the intended scope is required
Dec 20 15:38:04.859988 n-d-781076-8 neutron-server[103954]: warnings.warn(msg)
Dec 20 15:38:04.859988 n-d-781076-8 neutron-server[103954]: /usr/local/lib/python3.8/dist-packages/oslo_policy/policy.py:1119: UserWarning: Policy rule:get_port:binding:vif_type failed scope check. The token used to make the request was project scoped but the policy requires ['system'] scope. This behavior may change in the future where using the intended scope is required
Dec 20 15:38:04.859988 n-d-781076-8 neutron-server[103954]: warnings.warn(msg)
Dec 20 15:38:04.859988 n-d-781076-8 neutron-server[103954]: /usr/local/lib/python3.8/dist-packages/oslo_policy/policy.py:1119: UserWarning: Policy rule:get_port:binding:vif_details failed scope check. The token used to make the request was project scoped but the policy requires ['system'] scope. This behavior may change in the future where using the intended scope is required
Dec 20 15:38:04.859988 n-d-781076-8 neutron-server[103954]: warnings.warn(msg)
Dec 20 15:38:04.859988 n-d-781076-8 neutron-server[103954]: /usr/local/lib/python3.8/dist-packages/oslo_policy/policy.py:1119: UserWarning: Policy rule:get_port:binding:profile failed scope check. The token used to make the request was project scoped but the policy requires ['system'] scope. This behavior may change in the future where using the intended scope is required
Dec 20 15:38:04.859988 n-d-781076-8 neutron-server[103954]: warnings.warn(msg)
Dec 20 15:38:04.860923 n-d-781076-8 neutron-server[103954]: DEBUG neutron.pecan_wsgi.hooks.policy_enforcement [req-bbe64be0-794c-4ee6-8a5f-14a445e7d489 req-6211e368-77f0-45f9-be83-fdc8233d888e tempest-MigrationsAdminTest-510017992 tempest-MigrationsAdminTest-510017992-project] Attributes excluded by policy engine: ['standard_attr_id', 'binding:profile', 'binding:host_id', 'binding:vif_type', 'binding:vif_details'] {{(pid=103954) _exclude_attributes_by_policy /opt/stack/neutron/neutron/pecan_wsgi/hooks/policy_enforcement.py:255}}
Dec 20 15:38:04.862539 n-d-781076-8 neutron-server[103954]: INFO neutron.wsgi [req-bbe64be0-794c-4ee6-8a5f-14a445e7d489 req-6211e368-77f0-45f9-be83-fdc8233d888e tempest-MigrationsAdminTest-510017992 tempest-MigrationsAdminTest-510017992-project] 10.222.0.72 "GET /v2.0/ports?device_id=c56e8593-50ae-4cb9-ad86-2c2311630135&tenant_id=bbc0e300d64e4ec89d910f49b3462363&binding%3Ahost_id=n-h2-781076-8 HTTP/1.1" status: 200 len: 948 time: 0.1208014
Dec 20 15:38:04.863763 n-d-781076-8 neutron-server[103954]: DEBUG neutron_lib.callbacks.manager [None req-589019c3-9d7d-40be-aaae-b7af0e876126 admin admin] Publish callbacks [] for security_group, before_delete {{(pid=103954) _notify_loop /usr/local/lib/python3.8/dist-packages/neutron_lib/callbacks/manager.py:175}}
Dec 20 15:38:04.881543 n-d-781076-8 neutron-server[103953]: INFO neutron.wsgi [req-d2f8c937-0e02-4b4f-b860-7901b80a2178 req-5822a445-30c3-49fc-a060-9d2de796097f tempest-LiveAutoBlockMigrationV225Test-672578573 tempest-LiveAutoBlockMigrationV225Test-672578573-project] 10.222.0.81 "GET /v2.0/security-groups?id=34cc3613-0864-4c34-844c-525f69ad3cd1&fields=id&fields=name HTTP/1.1" status: 200 len: 286 time: 0.1511631
Dec 20 15:38:04.895172 n-d-781076-8 neutron-server[103953]: DEBUG neutron.pecan_wsgi.hooks.policy_enforcement [req-e3c4944d-bd3e-4011-afd9-fa1123e0300d req-0419d9f9-6961-43e2-b488-0c29fbe97473 service neutron] Attributes excluded by policy engine: ['standard_attr_id', 'shared'] {{(pid=103953) _exclude_attributes_by_policy /opt/stack/neutron/neutron/pecan_wsgi/hooks/policy_enforcement.py:255}}
Dec 20 15:38:04.896943 n-d-781076-8 neutron-server[103953]: INFO neutron.wsgi [req-e3c4944d-bd3e-4011-afd9-fa1123e0300d req-0419d9f9-6961-43e2-b488-0c29fbe97473 service neutron] 10.222.0.72 "GET /v2.0/subnets?id=68215123-4ef4-4859-a284-1a9aa9be1c94 HTTP/1.1" status: 200 len: 843 time: 0.0823987
Dec 20 15:38:04.913684 n-d-781076-8 neutron-server[103954]: DEBUG neutron_lib.callbacks.manager [None req-589019c3-9d7d-40be-aaae-b7af0e876126 admin admin] Publish callbacks [] for security_group, precommit_delete {{(pid=103954) _notify_loop /usr/local/lib/python3.8/dist-packages/neutron_lib/callbacks/manager.py:175}}
Dec 20 15:38:04.966635 n-d-781076-8 neutron-server[103953]: DEBUG neutron.pecan_wsgi.hooks.policy_enforcement [req-e3c4944d-bd3e-4011-afd9-fa1123e0300d req-983bc42f-f06c-4bfa-8052-1ba1ffa8a95d service neutron] Attributes excluded by policy engine: ['standard_attr_id'] {{(pid=103953) _exclude_attributes_by_policy /opt/stack/neutron/neutron/pecan_wsgi/hooks/policy_enforcement.py:255}}
Dec 20 15:38:04.968344 n-d-781076-8 neutron-server[103953]: INFO neutron.wsgi [req-e3c4944d-bd3e-4011-afd9-fa1123e0300d req-983bc42f-f06c-4bfa-8052-1ba1ffa8a95d service neutron] 10.222.0.72 "GET /v2.0/ports?network_id=8924904a-b154-4282-8d2a-9f9626485f24&device_owner=network%3Adhcp HTTP/1.1" status: 200 len: 1166 time: 0.0584660
Dec 20 15:38:04.971494 n-d-781076-8 neutron-server[103953]: DEBUG neutron_lib.callbacks.manager [req-b7771108-ed23-4b27-b8a8-8e3f4dd9ede3 req-69fb21a8-f9a7-492c-870c-86e04a434ddd tempest-SecurityGroupsTestAdminJSON-2087215696 tempest-SecurityGroupsTestAdminJSON-2087215696-project] Publish callbacks ['neutron.plugins.ml2.ovo_rpc._ObjectChangeHandler.handle_event-944844'] for security_group, after_delete {{(pid=103953) _notify_loop /usr/local/lib/python3.8/dist-packages/neutron_lib/callbacks/manager.py:175}}
Dec 20 15:38:04.972189 n-d-781076-8 neutron-server[103954]: INFO neutron.api.v2.resource [req-bbe64be0-794c-4ee6-8a5f-14a445e7d489 req-37883cf1-dcd5-4084-a1e9-476bd5dd0a04 service neutron] delete failed (client error): The resource could not be found.
Dec 20 15:38:04.973815 n-d-781076-8 neutron-server[103954]: INFO neutron.wsgi [req-bbe64be0-794c-4ee6-8a5f-14a445e7d489 req-37883cf1-dcd5-4084-a1e9-476bd5dd0a04 service neutron] 10.222.0.72 "DELETE /v2.0/ports/eb3875c2-c985-40b8-9cd3-a3e4249fe98a/bindings/n-h1-781076-8 HTTP/1.1" status: 404 len: 380 time: 0.1007245
Dec 20 15:38:04.974925 n-d-781076-8 neutron-server[103953]: DEBUG neutron_lib.callbacks.manager [req-b7771108-ed23-4b27-b8a8-8e3f4dd9ede3 req-69fb21a8-f9a7-492c-870c-86e04a434ddd tempest-SecurityGroupsTestAdminJSON-2087215696 tempest-SecurityGroupsTestAdminJSON-2087215696-project] Publish callbacks [] for security_group, before_response {{(pid=103953) _notify_loop /usr/local/lib/python3.8/dist-packages/neutron_lib/callbacks/manager.py:175}}
Dec 20 15:38:04.976296 n-d-781076-8 neutron-server[103953]: INFO neutron.wsgi [req-b7771108-ed23-4b27-b8a8-8e3f4dd9ede3 req-69fb21a8-f9a7-492c-870c-86e04a434ddd tempest-SecurityGroupsTestAdminJSON-2087215696 tempest-SecurityGroupsTestAdminJSON-2087215696-project] 10.222.0.81 "DELETE /v2.0/security-groups/18ba6c48-94b6-4d14-9838-d3b9d64c9bfb HTTP/1.1" status: 204 len: 173 time: 0.6846397
Dec 20 15:38:04.996371 n-d-781076-8 neutron-server[103953]: DEBUG neutron.api.rpc.handlers.resources_rpc [None req-69fb21a8-f9a7-492c-870c-86e04a434ddd tempest-SecurityGroupsTestAdminJSON-2087215696 tempest-SecurityGroupsTestAdminJSON-2087215696-project] Pushing event deleted for resources: {'SecurityGroup': ['ID=18ba6c48-94b6-4d14-9838-d3b9d64c9bfb,revision_number=None']} {{(pid=103953) push /opt/stack/neutron/neutron/api/rpc/handlers/resources_rpc.py:237}}
Dec 20 15:38:05.034754 n-d-781076-8 neutron-server[103955]: DEBUG neutron_lib.callbacks.manager [None req-1154c62c-2cfd-4d89-8d46-96797def03b4 None None] Publish callbacks ['neutron.services.segments.db._update_segment_host_mapping_for_agent-8736428892618', 'neutron.plugins.ml2.plugin.Ml2Plugin._retry_binding_revived_agents-7974243'] for agent, after_update {{(pid=103955) _notify_loop /usr/local/lib/python3.8/dist-packages/neutron_lib/callbacks/manager.py:175}}
Dec 20 15:38:05.055650 n-d-781076-8 neutron-server[103955]: DEBUG neutron.plugins.ml2.db [None req-f427497c-141d-48b3-8f4a-f96fe89cd682 None None] get_ports_and_sgs() called for port_ids ['85db0de8-7582-4bcb-9db7-b52fedbf602d'] {{(pid=103955) get_ports_and_sgs /opt/stack/neutron/neutron/plugins/ml2/db.py:156}}
Dec 20 15:38:05.062983 n-d-781076-8 neutron-server[103954]: DEBUG neutron_lib.callbacks.manager [None req-589019c3-9d7d-40be-aaae-b7af0e876126 admin admin] Publish callbacks ['neutron.plugins.ml2.ovo_rpc._ObjectChangeHandler.handle_event-944844'] for security_group, after_delete {{(pid=103954) _notify_loop /usr/local/lib/python3.8/dist-packages/neutron_lib/callbacks/manager.py:175}}
Dec 20 15:38:05.074782 n-d-781076-8 neutron-server[103954]: DEBUG neutron_lib.callbacks.manager [None req-589019c3-9d7d-40be-aaae-b7af0e876126 admin admin] Publish callbacks [] for security_group, before_response {{(pid=103954) _notify_loop /usr/local/lib/python3.8/dist-packages/neutron_lib/callbacks/manager.py:175}}
Dec 20 15:38:05.074782 n-d-781076-8 neutron-server[103954]: INFO neutron.wsgi [None req-589019c3-9d7d-40be-aaae-b7af0e876126 admin admin] 10.222.0.81 "DELETE /v2.0/security-groups/abb983ec-215a-46ca-a317-d2f20b8b8901 HTTP/1.1" status: 204 len: 168 time: 0.3606009
Dec 20 15:38:05.083600 n-d-781076-8 neutron-server[103954]: DEBUG neutron.api.rpc.handlers.resources_rpc [None req-589019c3-9d7d-40be-aaae-b7af0e876126 admin admin] Pushing event deleted for resources: {'SecurityGroup': ['ID=abb983ec-215a-46ca-a317-d2f20b8b8901,revision_number=None']} {{(pid=103954) push /opt/stack/neutron/neutron/api/rpc/handlers/resources_rpc.py:237}}
Dec 20 15:38:05.132517 n-d-781076-8 neutron-server[103953]: INFO neutron.wsgi [req-e3c4944d-bd3e-4011-afd9-fa1123e0300d req-b947d7a3-789f-4160-a4ca-f549bbc40f5a service neutron] 10.222.0.72 "GET /v2.0/networks/8924904a-b154-4282-8d2a-9f9626485f24?fields=segments HTTP/1.1" status: 200 len: 212 time: 0.1464458
Dec 20 15:38:05.202345 n-d-781076-8 neutron-server[103954]: DEBUG neutron.pecan_wsgi.hooks.policy_enforcement [req-bbe64be0-794c-4ee6-8a5f-14a445e7d489 req-54ea84ef-713c-475d-9203-93ccd2949a00 service neutron] Attributes excluded by policy engine: ['standard_attr_id'] {{(pid=103954) _exclude_attributes_by_policy /opt/stack/neutron/neutron/pecan_wsgi/hooks/policy_enforcement.py:255}}
Dec 20 15:38:05.210618 n-d-781076-8 neutron-server[103954]: INFO neutron.wsgi [req-bbe64be0-794c-4ee6-8a5f-14a445e7d489 req-54ea84ef-713c-475d-9203-93ccd2949a00 service neutron] 10.222.0.72 "GET /v2.0/ports?tenant_id=bbc0e300d64e4ec89d910f49b3462363&device_id=c56e8593-50ae-4cb9-ad86-2c2311630135 HTTP/1.1" status: 200 len: 1099 time: 0.1191373
Dec 20 15:38:05.327612 n-d-781076-8 neutron-server[103954]: DEBUG neutron.pecan_wsgi.hooks.policy_enforcement [req-bbe64be0-794c-4ee6-8a5f-14a445e7d489 req-09098c03-0b54-4c43-92c6-7f303add4386 service neutron] Attributes excluded by policy engine: ['standard_attr_id', 'vlan_transparent'] {{(pid=103954) _exclude_attributes_by_policy /opt/stack/neutron/neutron/pecan_wsgi/hooks/policy_enforcement.py:255}}
Dec 20 15:38:05.329199 n-d-781076-8 neutron-server[103954]: INFO neutron.wsgi [req-bbe64be0-794c-4ee6-8a5f-14a445e7d489 req-09098c03-0b54-4c43-92c6-7f303add4386 service neutron] 10.222.0.72 "GET /v2.0/networks?id=8924904a-b154-4282-8d2a-9f9626485f24 HTTP/1.1" status: 200 len: 870 time: 0.1121109
Dec 20 15:38:05.339297 n-d-781076-8 neutron-server[103953]: DEBUG neutron.pecan_wsgi.hooks.policy_enforcement [req-0df67599-5f4e-4ea3-87f7-7ff18766fff5 req-ae2cbf99-587c-4b97-a2c5-f6049144728b tempest-DeleteServersAdminTestJSON-1043775811 tempest-DeleteServersAdminTestJSON-1043775811-project] Attributes excluded by policy engine: ['standard_attr_id', 'binding:profile', 'binding:host_id', 'binding:vif_type', 'binding:vif_details'] {{(pid=103953) _exclude_attributes_by_policy /opt/stack/neutron/neutron/pecan_wsgi/hooks/policy_enforcement.py:255}}
Dec 20 15:38:05.340810 n-d-781076-8 neutron-server[103953]: INFO neutron.wsgi [req-0df67599-5f4e-4ea3-87f7-7ff18766fff5 req-ae2cbf99-587c-4b97-a2c5-f6049144728b tempest-DeleteServersAdminTestJSON-1043775811 tempest-DeleteServersAdminTestJSON-1043775811-project] 10.222.0.81 "GET /v2.0/ports?device_id=4fe00422-88b1-4a7c-9b17-6057defcef4c HTTP/1.1" status: 200 len: 948 time: 0.0973074
Dec 20 15:38:05.348834 n-d-781076-8 neutron-server[103953]: DEBUG neutron.pecan_wsgi.hooks.policy_enforcement [req-a1937cad-d67f-4cf1-8035-92bf9a60e8f1 req-27c6fcd0-55f4-4b3c-8cb5-4ca68491f061 tempest-MigrationsAdminTest-510017992 tempest-MigrationsAdminTest-510017992-project] Attributes excluded by policy engine: ['standard_attr_id', 'binding:profile', 'binding:host_id', 'binding:vif_type', 'binding:vif_details'] {{(pid=103953) _exclude_attributes_by_policy /opt/stack/neutron/neutron/pecan_wsgi/hooks/policy_enforcement.py:255}}
Dec 20 15:38:05.350350 n-d-781076-8 neutron-server[103953]: INFO neutron.wsgi [req-a1937cad-d67f-4cf1-8035-92bf9a60e8f1 req-27c6fcd0-55f4-4b3c-8cb5-4ca68491f061 tempest-MigrationsAdminTest-510017992 tempest-MigrationsAdminTest-510017992-project] 10.222.0.81 "GET /v2.0/ports?device_id=c56e8593-50ae-4cb9-ad86-2c2311630135 HTTP/1.1" status: 200 len: 948 time: 0.1252420
Dec 20 15:38:05.353594 n-d-781076-8 neutron-server[103953]: INFO neutron.wsgi [req-e3c4944d-bd3e-4011-afd9-fa1123e0300d req-2216e407-0f57-4fcb-8db6-0e14fcb83809 service neutron] 10.222.0.72 "GET /v2.0/networks/8924904a-b154-4282-8d2a-9f9626485f24?fields=provider%3Aphysical_network&fields=provider%3Anetwork_type HTTP/1.1" status: 200 len: 281 time: 0.2094431
Dec 20 15:38:05.379500 n-d-781076-8 neutron-server[103954]: INFO neutron.wsgi [req-bbe64be0-794c-4ee6-8a5f-14a445e7d489 req-44992505-609a-48e2-b1c1-a71a91c5d932 service neutron] 10.222.0.72 "GET /v2.0/floatingips?fixed_ip_address=192.168.233.99&port_id=eb3875c2-c985-40b8-9cd3-a3e4249fe98a HTTP/1.1" status: 200 len: 217 time: 0.0421767
Dec 20 15:38:05.430444 n-d-781076-8 neutron-server[103953]: INFO neutron.wsgi [req-0df67599-5f4e-4ea3-87f7-7ff18766fff5 req-0a3ab6f6-8690-46ac-bdaf-81d1688ae70c tempest-DeleteServersAdminTestJSON-1043775811 tempest-DeleteServersAdminTestJSON-1043775811-project] 10.222.0.81 "GET /v2.0/security-groups?id=38712b4d-1bf4-4941-8e93-ad6c2efe02b5&fields=id&fields=name HTTP/1.1" status: 200 len: 286 time: 0.0791037
Dec 20 15:38:05.433677 n-d-781076-8 neutron-server[103953]: INFO neutron.wsgi [req-a1937cad-d67f-4cf1-8035-92bf9a60e8f1 req-075530e1-60d9-4184-92a3-d765a8a17024 tempest-MigrationsAdminTest-510017992 tempest-MigrationsAdminTest-510017992-project] 10.222.0.81 "GET /v2.0/security-groups?id=b866c03d-f030-4be0-9c8b-c267966c89ff&fields=id&fields=name HTTP/1.1" status: 200 len: 286 time: 0.0743821
Dec 20 15:38:05.435879 n-d-781076-8 neutron-server[103954]: DEBUG neutron.pecan_wsgi.hooks.policy_enforcement [req-bbe64be0-794c-4ee6-8a5f-14a445e7d489 req-b8a7f0ae-365d-49fc-a73d-8f5e7782c9d4 service neutron] Attributes excluded by policy engine: ['standard_attr_id', 'shared'] {{(pid=103954) _exclude_attributes_by_policy /opt/stack/neutron/neutron/pecan_wsgi/hooks/policy_enforcement.py:255}}
Dec 20 15:38:05.437370 n-d-781076-8 neutron-server[103954]: INFO neutron.wsgi [req-bbe64be0-794c-4ee6-8a5f-14a445e7d489 req-b8a7f0ae-365d-49fc-a73d-8f5e7782c9d4 service neutron] 10.222.0.72 "GET /v2.0/subnets?id=68215123-4ef4-4859-a284-1a9aa9be1c94 HTTP/1.1" status: 200 len: 843 time: 0.0475323
Dec 20 15:38:05.501484 n-d-781076-8 neutron-server[103954]: DEBUG neutron.pecan_wsgi.hooks.policy_enforcement [req-bbe64be0-794c-4ee6-8a5f-14a445e7d489 req-2dbfa335-b78a-4515-8a5f-bc0e8e5b838e service neutron] Attributes excluded by policy engine: ['standard_attr_id'] {{(pid=103954) _exclude_attributes_by_policy /opt/stack/neutron/neutron/pecan_wsgi/hooks/policy_enforcement.py:255}}
Dec 20 15:38:05.503240 n-d-781076-8 neutron-server[103954]: INFO neutron.wsgi [req-bbe64be0-794c-4ee6-8a5f-14a445e7d489 req-2dbfa335-b78a-4515-8a5f-bc0e8e5b838e service neutron] 10.222.0.72 "GET /v2.0/ports?network_id=8924904a-b154-4282-8d2a-9f9626485f24&device_owner=network%3Adhcp HTTP/1.1" status: 200 len: 1166 time: 0.0579937
Dec 20 15:38:05.548501 n-d-781076-8 neutron-server[103953]: INFO neutron.wsgi [req-de833b88-6d39-4f53-9224-cf20a25e0ca8 req-ca379ca3-7b67-484c-a01d-21486b08e3f6 tempest-SecurityGroupsTestAdminJSON-2087215696 tempest-SecurityGroupsTestAdminJSON-2087215696-project] 10.222.0.81 "GET /v2.0/security-groups/641cd5dc-3d0f-463e-a425-be473f2c25a2 HTTP/1.1" status: 200 len: 1794 time: 0.0703568
Dec 20 15:38:05.583755 n-d-781076-8 neutron-server[103953]: DEBUG neutron.pecan_wsgi.hooks.policy_enforcement [req-1889b3ea-d634-4eef-82f2-04349cfd914c req-21f62d32-8830-47ee-8b73-d494083122e7 tempest-LiveMigrationNegativeTest-2052916673 tempest-LiveMigrationNegativeTest-2052916673-project] Attributes excluded by policy engine: ['standard_attr_id', 'binding:profile', 'binding:host_id', 'binding:vif_type', 'binding:vif_details'] {{(pid=103953) _exclude_attributes_by_policy /opt/stack/neutron/neutron/pecan_wsgi/hooks/policy_enforcement.py:255}}
Dec 20 15:38:05.591092 n-d-781076-8 neutron-server[103953]: INFO neutron.wsgi [req-1889b3ea-d634-4eef-82f2-04349cfd914c req-21f62d32-8830-47ee-8b73-d494083122e7 tempest-LiveMigrationNegativeTest-2052916673 tempest-LiveMigrationNegativeTest-2052916673-project] 10.222.0.81 "GET /v2.0/ports?device_id=8e6d3e15-db43-43dd-bca0-0feb39aeebfa HTTP/1.1" status: 200 len: 948 time: 0.0762811
Dec 20 15:38:05.615138 n-d-781076-8 neutron-server[103954]: INFO neutron.wsgi [req-bbe64be0-794c-4ee6-8a5f-14a445e7d489 req-d1901e0a-d408-469f-9390-7b4bee6dff31 service neutron] 10.222.0.72 "GET /v2.0/networks/8924904a-b154-4282-8d2a-9f9626485f24?fields=segments HTTP/1.1" status: 200 len: 212 time: 0.1005199
Dec 20 15:38:05.662991 n-d-781076-8 neutron-server[103953]: DEBUG neutron_lib.callbacks.manager [req-de833b88-6d39-4f53-9224-cf20a25e0ca8 req-a6f147ae-638a-4182-8a72-3ad9c4b80299 tempest-SecurityGroupsTestAdminJSON-2087215696 tempest-SecurityGroupsTestAdminJSON-2087215696-project] Publish callbacks [] for security_group, before_delete {{(pid=103953) _notify_loop /usr/local/lib/python3.8/dist-packages/neutron_lib/callbacks/manager.py:175}}
Dec 20 15:38:05.668757 n-d-781076-8 neutron-server[103953]: INFO neutron.wsgi [req-1889b3ea-d634-4eef-82f2-04349cfd914c req-83c1eac5-3e46-45f5-862e-34493373fa60 tempest-LiveMigrationNegativeTest-2052916673 tempest-LiveMigrationNegativeTest-2052916673-project] 10.222.0.81 "GET /v2.0/security-groups?id=a1642ee0-a32f-469e-b6bb-dffb4b709c71&fields=id&fields=name HTTP/1.1" status: 200 len: 286 time: 0.0720077
Dec 20 15:38:05.704129 n-d-781076-8 neutron-server[103953]: DEBUG neutron_lib.callbacks.manager [req-de833b88-6d39-4f53-9224-cf20a25e0ca8 req-a6f147ae-638a-4182-8a72-3ad9c4b80299 tempest-SecurityGroupsTestAdminJSON-2087215696 tempest-SecurityGroupsTestAdminJSON-2087215696-project] Publish callbacks [] for security_group, precommit_delete {{(pid=103953) _notify_loop /usr/local/lib/python3.8/dist-packages/neutron_lib/callbacks/manager.py:175}}
Dec 20 15:38:05.728525 n-d-781076-8 neutron-server[103954]: INFO neutron.wsgi [req-bbe64be0-794c-4ee6-8a5f-14a445e7d489 req-d21eceef-2141-4243-8649-4bb399df1fd2 service neutron] 10.222.0.72 "GET /v2.0/networks/8924904a-b154-4282-8d2a-9f9626485f24?fields=provider%3Aphysical_network&fields=provider%3Anetwork_type HTTP/1.1" status: 200 len: 281 time: 0.1040545
Dec 20 15:38:05.862972 n-d-781076-8 neutron-server[103953]: DEBUG neutron_lib.callbacks.manager [req-de833b88-6d39-4f53-9224-cf20a25e0ca8 req-a6f147ae-638a-4182-8a72-3ad9c4b80299 tempest-SecurityGroupsTestAdminJSON-2087215696 tempest-SecurityGroupsTestAdminJSON-2087215696-project] Publish callbacks ['neutron.plugins.ml2.ovo_rpc._ObjectChangeHandler.handle_event-944844'] for security_group, after_delete {{(pid=103953) _notify_loop /usr/local/lib/python3.8/dist-packages/neutron_lib/callbacks/manager.py:175}}
Dec 20 15:38:05.866307 n-d-781076-8 neutron-server[103953]: DEBUG neutron_lib.callbacks.manager [req-de833b88-6d39-4f53-9224-cf20a25e0ca8 req-a6f147ae-638a-4182-8a72-3ad9c4b80299 tempest-SecurityGroupsTestAdminJSON-2087215696 tempest-SecurityGroupsTestAdminJSON-2087215696-project] Publish callbacks [] for security_group, before_response {{(pid=103953) _notify_loop /usr/local/lib/python3.8/dist-packages/neutron_lib/callbacks/manager.py:175}}
Dec 20 15:38:05.867742 n-d-781076-8 neutron-server[103953]: INFO neutron.wsgi [req-de833b88-6d39-4f53-9224-cf20a25e0ca8 req-a6f147ae-638a-4182-8a72-3ad9c4b80299 tempest-SecurityGroupsTestAdminJSON-2087215696 tempest-SecurityGroupsTestAdminJSON-2087215696-project] 10.222.0.81 "DELETE /v2.0/security-groups/641cd5dc-3d0f-463e-a425-be473f2c25a2 HTTP/1.1" status: 204 len: 173 time: 0.3101287
Dec 20 15:38:05.885935 n-d-781076-8 neutron-server[103953]: DEBUG neutron.api.rpc.handlers.resources_rpc [None req-a6f147ae-638a-4182-8a72-3ad9c4b80299 tempest-SecurityGroupsTestAdminJSON-2087215696 tempest-SecurityGroupsTestAdminJSON-2087215696-project] Pushing event deleted for resources: {'SecurityGroup': ['ID=641cd5dc-3d0f-463e-a425-be473f2c25a2,revision_number=None']} {{(pid=103953) push /opt/stack/neutron/neutron/api/rpc/handlers/resources_rpc.py:237}}
Dec 20 15:38:06.023639 n-d-781076-8 neutron-server[103953]: DEBUG neutron.pecan_wsgi.hooks.policy_enforcement [req-d32c8971-1096-485f-8e26-5f352e8bc760 req-0e43da92-7b00-4508-9733-dfe56dca9604 tempest-LiveAutoBlockMigrationV225Test-672578573 tempest-LiveAutoBlockMigrationV225Test-672578573-project] Attributes excluded by policy engine: ['standard_attr_id', 'binding:profile', 'binding:host_id', 'binding:vif_type', 'binding:vif_details'] {{(pid=103953) _exclude_attributes_by_policy /opt/stack/neutron/neutron/pecan_wsgi/hooks/policy_enforcement.py:255}}
Dec 20 15:38:06.025148 n-d-781076-8 neutron-server[103953]: INFO neutron.wsgi [req-d32c8971-1096-485f-8e26-5f352e8bc760 req-0e43da92-7b00-4508-9733-dfe56dca9604 tempest-LiveAutoBlockMigrationV225Test-672578573 tempest-LiveAutoBlockMigrationV225Test-672578573-project] 10.222.0.81 "GET /v2.0/ports?device_id=a640f4ce-9f7f-4539-abb7-d11425b5cb40 HTTP/1.1" status: 200 len: 943 time: 0.0504913
Dec 20 15:38:06.074287 n-d-781076-8 neutron-server[103953]: INFO neutron.wsgi [req-d32c8971-1096-485f-8e26-5f352e8bc760 req-ded33160-c03a-4610-8f95-abbe9b3c510f tempest-LiveAutoBlockMigrationV225Test-672578573 tempest-LiveAutoBlockMigrationV225Test-672578573-project] 10.222.0.81 "GET /v2.0/security-groups?id=34cc3613-0864-4c34-844c-525f69ad3cd1&fields=id&fields=name HTTP/1.1" status: 200 len: 286 time: 0.0429411
Dec 20 15:38:06.400182 n-d-781076-8 neutron-server[103955]: DEBUG neutron.plugins.ml2.rpc [None req-f427497c-141d-48b3-8f4a-f96fe89cd682 None None] Device de658c83-f048-4c1b-8f06-7c47c5d6731a details requested by agent hyperv_n-h1-781076-8 with host n-h1-781076-8 {{(pid=103955) get_device_details /opt/stack/neutron/neutron/plugins/ml2/rpc.py:102}}
Dec 20 15:38:06.402364 n-d-781076-8 neutron-server[103955]: DEBUG neutron.plugins.ml2.rpc [None req-f427497c-141d-48b3-8f4a-f96fe89cd682 None None] Device 85db0de8-7582-4bcb-9db7-b52fedbf602d up at agent hyperv_n-h1-781076-8 {{(pid=103955) update_device_up /opt/stack/neutron/neutron/plugins/ml2/rpc.py:296}}
Dec 20 15:38:06.517383 n-d-781076-8 neutron-server[103953]: DEBUG neutron.wsgi [-] (103953) accepted ('10.222.0.81', 42940) {{(pid=103953) server /usr/local/lib/python3.8/dist-packages/eventlet/wsgi.py:1004}}
Dec 20 15:38:06.656656 n-d-781076-8 neutron-server[103953]: DEBUG neutron.pecan_wsgi.hooks.policy_enforcement [req-d668e694-f989-4d5f-ba02-c5e42c37242f req-006699ab-edbf-471f-9b97-247bdacd6eee tempest-MigrationsAdminTest-510017992 tempest-MigrationsAdminTest-510017992-project] Attributes excluded by policy engine: ['standard_attr_id', 'binding:profile', 'binding:host_id', 'binding:vif_type', 'binding:vif_details'] {{(pid=103953) _exclude_attributes_by_policy /opt/stack/neutron/neutron/pecan_wsgi/hooks/policy_enforcement.py:255}}
Dec 20 15:38:06.661994 n-d-781076-8 neutron-server[103953]: INFO neutron.wsgi [req-d668e694-f989-4d5f-ba02-c5e42c37242f req-006699ab-edbf-471f-9b97-247bdacd6eee tempest-MigrationsAdminTest-510017992 tempest-MigrationsAdminTest-510017992-project] 10.222.0.81 "GET /v2.0/ports?device_id=c56e8593-50ae-4cb9-ad86-2c2311630135 HTTP/1.1" status: 200 len: 948 time: 0.1220341
Dec 20 15:38:06.771260 n-d-781076-8 neutron-server[103953]: DEBUG neutron.pecan_wsgi.hooks.policy_enforcement [req-f4fb96ae-127a-4c2c-90c8-c72801264e73 req-4651cbfb-90f1-4700-8928-a027dde371a7 tempest-DeleteServersAdminTestJSON-1043775811 tempest-DeleteServersAdminTestJSON-1043775811-project] Attributes excluded by policy engine: ['standard_attr_id', 'binding:profile', 'binding:host_id', 'binding:vif_type', 'binding:vif_details'] {{(pid=103953) _exclude_attributes_by_policy /opt/stack/neutron/neutron/pecan_wsgi/hooks/policy_enforcement.py:255}}
Dec 20 15:38:06.778855 n-d-781076-8 neutron-server[103953]: INFO neutron.wsgi [req-f4fb96ae-127a-4c2c-90c8-c72801264e73 req-4651cbfb-90f1-4700-8928-a027dde371a7 tempest-DeleteServersAdminTestJSON-1043775811 tempest-DeleteServersAdminTestJSON-1043775811-project] 10.222.0.81 "GET /v2.0/ports?device_id=4fe00422-88b1-4a7c-9b17-6057defcef4c HTTP/1.1" status: 200 len: 948 time: 0.1842277
Dec 20 15:38:06.796297 n-d-781076-8 neutron-server[103953]: INFO neutron.wsgi [req-d668e694-f989-4d5f-ba02-c5e42c37242f req-65d259f9-34f2-4285-ab09-21653a8c0f38 tempest-MigrationsAdminTest-510017992 tempest-MigrationsAdminTest-510017992-project] 10.222.0.81 "GET /v2.0/security-groups?id=b866c03d-f030-4be0-9c8b-c267966c89ff&fields=id&fields=name HTTP/1.1" status: 200 len: 286 time: 0.1268024
Dec 20 15:38:06.801495 n-d-781076-8 neutron-server[103955]: DEBUG neutron.plugins.ml2.db [None req-f427497c-141d-48b3-8f4a-f96fe89cd682 None None] For port de658c83-f048-4c1b-8f06-7c47c5d6731a, host n-h1-781076-8, got binding levels [PortBindingLevel(driver='hyperv',host='n-h1-781076-8',level=0,port_id=de658c83-f048-4c1b-8f06-7c47c5d6731a,segment=NetworkSegment(90acf9c0-3ebf-4e88-872c-e45d96114b02),segment_id=90acf9c0-3ebf-4e88-872c-e45d96114b02)] {{(pid=103955) get_binding_level_objs /opt/stack/neutron/neutron/plugins/ml2/db.py:74}}
Dec 20 15:38:06.805972 n-d-781076-8 neutron-server[103953]: INFO neutron.wsgi [None req-731517c1-12b0-4a5a-98ee-42927e3eb38e admin admin] 10.222.0.81 "GET /v2.0/security-groups?tenant_id=e2d90c43e8184661a66055b1ad60d6ee&name=default HTTP/1.1" status: 200 len: 2996 time: 0.2867448
Dec 20 15:38:06.808619 n-d-781076-8 neutron-server[103953]: DEBUG neutron.wsgi [-] (103953) accepted ('10.222.0.81', 42948) {{(pid=103953) server /usr/local/lib/python3.8/dist-packages/eventlet/wsgi.py:1004}}
Dec 20 15:38:06.817243 n-d-781076-8 neutron-server[103955]: DEBUG neutron.plugins.ml2.rpc [None req-f427497c-141d-48b3-8f4a-f96fe89cd682 None None] Returning: {'device': 'de658c83-f048-4c1b-8f06-7c47c5d6731a', 'network_id': '8924904a-b154-4282-8d2a-9f9626485f24', 'port_id': 'de658c83-f048-4c1b-8f06-7c47c5d6731a', 'mac_address': 'fa:16:3e:f4:39:70', 'admin_state_up': True, 'network_type': 'vlan', 'segmentation_id': 227, 'physical_network': 'physnet1', 'mtu': 1500, 'fixed_ips': [{'subnet_id': '68215123-4ef4-4859-a284-1a9aa9be1c94', 'ip_address': '192.168.233.181'}], 'device_owner': 'compute:nova', 'allowed_address_pairs': [], 'port_security_enabled': True, 'qos_policy_id': None, 'network_qos_policy_id': None, 'profile': {}, 'propagate_uplink_status': False} {{(pid=103955) _get_device_details /opt/stack/neutron/neutron/plugins/ml2/rpc.py:184}}
Dec 20 15:38:06.862522 n-d-781076-8 neutron-server[103955]: DEBUG neutron_lib.callbacks.manager [None req-f427497c-141d-48b3-8f4a-f96fe89cd682 None None] Publish callbacks ['neutron.plugins.ml2.plugin.SecurityGroupDbMixin._ensure_default_security_group_handler-7911199'] for port, before_update {{(pid=103955) _notify_loop /usr/local/lib/python3.8/dist-packages/neutron_lib/callbacks/manager.py:175}}
Dec 20 15:38:06.866998 n-d-781076-8 neutron-server[103955]: DEBUG neutron.db.provisioning_blocks [None req-f427497c-141d-48b3-8f4a-f96fe89cd682 None None] Provisioning for port 85db0de8-7582-4bcb-9db7-b52fedbf602d completed by entity L2. {{(pid=103955) provisioning_complete /opt/stack/neutron/neutron/db/provisioning_blocks.py:133}}
Dec 20 15:38:06.883657 n-d-781076-8 neutron-server[103955]: DEBUG neutron.db.provisioning_blocks [None req-f427497c-141d-48b3-8f4a-f96fe89cd682 None None] Provisioning complete for port 85db0de8-7582-4bcb-9db7-b52fedbf602d triggered by entity L2. {{(pid=103955) provisioning_complete /opt/stack/neutron/neutron/db/provisioning_blocks.py:139}}
Dec 20 15:38:06.884036 n-d-781076-8 neutron-server[103955]: DEBUG neutron_lib.callbacks.manager [None req-f427497c-141d-48b3-8f4a-f96fe89cd682 None None] Publish callbacks ['neutron.plugins.ml2.plugin.Ml2Plugin._port_provisioned-7974354'] for port, provisioning_complete {{(pid=103955) _notify_loop /usr/local/lib/python3.8/dist-packages/neutron_lib/callbacks/manager.py:175}}
Dec 20 15:38:06.901008 n-d-781076-8 neutron-server[103953]: DEBUG neutron_lib.callbacks.manager [None req-e2119f7e-7387-46f3-abfd-858e49539850 admin admin] Publish callbacks [] for security_group, before_delete {{(pid=103953) _notify_loop /usr/local/lib/python3.8/dist-packages/neutron_lib/callbacks/manager.py:175}}
Dec 20 15:38:06.921499 n-d-781076-8 neutron-server[103955]: DEBUG neutron.notifiers.nova [None req-f427497c-141d-48b3-8f4a-f96fe89cd682 None None] Ignoring state change previous_port_status: DOWN current_port_status: BUILD port_id de658c83-f048-4c1b-8f06-7c47c5d6731a {{(pid=103955) record_port_status_changed /opt/stack/neutron/neutron/notifiers/nova.py:224}}
Dec 20 15:38:06.933115 n-d-781076-8 neutron-server[103953]: INFO neutron.wsgi [req-f4fb96ae-127a-4c2c-90c8-c72801264e73 req-7f20fbc2-502f-409a-99dd-0adc5af00fcd tempest-DeleteServersAdminTestJSON-1043775811 tempest-DeleteServersAdminTestJSON-1043775811-project] 10.222.0.81 "GET /v2.0/security-groups?id=38712b4d-1bf4-4941-8e93-ad6c2efe02b5&fields=id&fields=name HTTP/1.1" status: 200 len: 286 time: 0.1532085
Dec 20 15:38:06.944896 n-d-781076-8 neutron-server[103953]: DEBUG neutron_lib.callbacks.manager [None req-e2119f7e-7387-46f3-abfd-858e49539850 admin admin] Publish callbacks [] for security_group, precommit_delete {{(pid=103953) _notify_loop /usr/local/lib/python3.8/dist-packages/neutron_lib/callbacks/manager.py:175}}
Dec 20 15:38:06.950841 n-d-781076-8 neutron-server[103955]: DEBUG neutron.plugins.ml2.db [None req-f427497c-141d-48b3-8f4a-f96fe89cd682 None None] For port de658c83-f048-4c1b-8f06-7c47c5d6731a, host n-h1-781076-8, got binding levels [PortBindingLevel(driver='hyperv',host='n-h1-781076-8',level=0,port_id=de658c83-f048-4c1b-8f06-7c47c5d6731a,segment=NetworkSegment(90acf9c0-3ebf-4e88-872c-e45d96114b02),segment_id=90acf9c0-3ebf-4e88-872c-e45d96114b02)] {{(pid=103955) get_binding_level_objs /opt/stack/neutron/neutron/plugins/ml2/db.py:74}}
Dec 20 15:38:07.030499 n-d-781076-8 neutron-server[103955]: DEBUG neutron_lib.callbacks.manager [None req-f427497c-141d-48b3-8f4a-f96fe89cd682 None None] Publish callbacks ['neutron.plugins.ml2.plugin.SecurityGroupDbMixin._ensure_default_security_group_handler-7911199'] for port, before_update {{(pid=103955) _notify_loop /usr/local/lib/python3.8/dist-packages/neutron_lib/callbacks/manager.py:175}}
Dec 20 15:38:07.071395 n-d-781076-8 neutron-server[103955]: DEBUG neutron.notifiers.nova [-] Sending events: [{'server_uuid': '4fe00422-88b1-4a7c-9b17-6057defcef4c', 'name': 'network-vif-plugged', 'status': 'completed', 'tag': '85db0de8-7582-4bcb-9db7-b52fedbf602d'}] {{(pid=103955) send_events /opt/stack/neutron/neutron/notifiers/nova.py:262}}
Dec 20 15:38:07.074394 n-d-781076-8 neutron-server[103955]: DEBUG novaclient.v2.client [-] REQ: curl -g -i --cacert "/opt/stack/data/ca-bundle.pem" -X POST http://10.222.0.81/compute/v2.1/os-server-external-events -H "Accept: application/json" -H "Content-Type: application/json" -H "User-Agent: python-novaclient" -H "X-Auth-Token: {SHA256}48f66523eda5a4b05b59d2f0d0b01a8cd872ba020d0f3ea5136ec165753635d3" -H "X-OpenStack-Nova-API-Version: 2.1" -H "X-OpenStack-Request-ID: req-6003bb4c-fab8-4a36-80e0-d4d7f403bdda" -d '{"events": [{"server_uuid": "4fe00422-88b1-4a7c-9b17-6057defcef4c", "name": "network-vif-plugged", "status": "completed", "tag": "85db0de8-7582-4bcb-9db7-b52fedbf602d"}]}' {{(pid=103955) _http_log_request /usr/local/lib/python3.8/dist-packages/keystoneauth1/session.py:519}}
Dec 20 15:38:07.104537 n-d-781076-8 neutron-server[103955]: DEBUG neutron.plugins.ml2.db [None req-f427497c-141d-48b3-8f4a-f96fe89cd682 None None] For port 85db0de8-7582-4bcb-9db7-b52fedbf602d, host n-h1-781076-8, got binding levels [PortBindingLevel(driver='hyperv',host='n-h1-781076-8',level=0,port_id=85db0de8-7582-4bcb-9db7-b52fedbf602d,segment=NetworkSegment(90acf9c0-3ebf-4e88-872c-e45d96114b02),segment_id=90acf9c0-3ebf-4e88-872c-e45d96114b02)] {{(pid=103955) get_binding_level_objs /opt/stack/neutron/neutron/plugins/ml2/db.py:74}}
Dec 20 15:38:07.106623 n-d-781076-8 neutron-server[103955]: DEBUG neutron_lib.callbacks.manager [None req-f427497c-141d-48b3-8f4a-f96fe89cd682 None None] Publish callbacks ['neutron.plugins.ml2.plugin.SecurityGroupServerNotifierRpcMixin._notify_sg_on_port_change-7909842', 'neutron.plugins.ml2.ovo_rpc._ObjectChangeHandler.handle_event-108992', 'neutron.api.rpc.agentnotifiers.dhcp_rpc_agent_api.DhcpAgentNotifyAPI._native_event_send_dhcp_notification-561226', 'neutron.db.l3_db.L3RpcNotifierMixin._notify_gateway_port_ip_changed-8736428826179', 'neutron.db.l3_dvrscheduler_db._notify_l3_agent_port_update-8736428325605', 'neutron.db.l3_hascheduler_db._notify_l3_agent_ha_port_update-8736428325623'] for port, after_update {{(pid=103955) _notify_loop /usr/local/lib/python3.8/dist-packages/neutron_lib/callbacks/manager.py:175}}
Dec 20 15:38:07.120275 n-d-781076-8 neutron-server[103953]: DEBUG neutron.pecan_wsgi.hooks.policy_enforcement [req-a9688bb4-f28c-4142-a49b-fd06c35ada32 req-7e138187-f3d0-4e32-8114-60d39a1de410 tempest-LiveMigrationNegativeTest-2052916673 tempest-LiveMigrationNegativeTest-2052916673-project] Attributes excluded by policy engine: ['standard_attr_id', 'binding:profile', 'binding:host_id', 'binding:vif_type', 'binding:vif_details'] {{(pid=103953) _exclude_attributes_by_policy /opt/stack/neutron/neutron/pecan_wsgi/hooks/policy_enforcement.py:255}}
Dec 20 15:38:07.129487 n-d-781076-8 neutron-server[103953]: INFO neutron.wsgi [req-a9688bb4-f28c-4142-a49b-fd06c35ada32 req-7e138187-f3d0-4e32-8114-60d39a1de410 tempest-LiveMigrationNegativeTest-2052916673 tempest-LiveMigrationNegativeTest-2052916673-project] 10.222.0.81 "GET /v2.0/ports?device_id=8e6d3e15-db43-43dd-bca0-0feb39aeebfa HTTP/1.1" status: 200 len: 948 time: 0.0778799
Dec 20 15:38:07.164659 n-d-781076-8 neutron-server[103953]: DEBUG neutron_lib.callbacks.manager [None req-e2119f7e-7387-46f3-abfd-858e49539850 admin admin] Publish callbacks ['neutron.plugins.ml2.ovo_rpc._ObjectChangeHandler.handle_event-944844'] for security_group, after_delete {{(pid=103953) _notify_loop /usr/local/lib/python3.8/dist-packages/neutron_lib/callbacks/manager.py:175}}
Dec 20 15:38:07.167694 n-d-781076-8 neutron-server[103953]: DEBUG neutron_lib.callbacks.manager [None req-e2119f7e-7387-46f3-abfd-858e49539850 admin admin] Publish callbacks [] for security_group, before_response {{(pid=103953) _notify_loop /usr/local/lib/python3.8/dist-packages/neutron_lib/callbacks/manager.py:175}}
Dec 20 15:38:07.169076 n-d-781076-8 neutron-server[103953]: INFO neutron.wsgi [None req-e2119f7e-7387-46f3-abfd-858e49539850 admin admin] 10.222.0.81 "DELETE /v2.0/security-groups/88be0233-c635-4599-8a8a-6db1d941daed HTTP/1.1" status: 204 len: 168 time: 0.3594925
Dec 20 15:38:07.172904 n-d-781076-8 neutron-server[103955]: DEBUG neutron.api.rpc.handlers.resources_rpc [None req-f427497c-141d-48b3-8f4a-f96fe89cd682 None None] Pushing event updated for resources: {'Port': ['ID=de658c83-f048-4c1b-8f06-7c47c5d6731a,revision_number=4']} {{(pid=103955) push /opt/stack/neutron/neutron/api/rpc/handlers/resources_rpc.py:237}}
