Dec 20 15:38:15.782490 n-d-781076-8 devstack@placement-api.service[104436]: DEBUG placement.requestlog [req-5d452c1d-bcfb-4c34-b850-6b5a9ff42596 req-139983e8-7dcb-4869-9245-511705b04b52 None None] Starting request: 10.222.0.81 "GET /placement/allocation_candidates?limit=1000&resources=DISK_GB%3A1%2CMEMORY_MB%3A1024%2CVCPU%3A1&root_required=%21COMPUTE_STATUS_DISABLED" {{(pid=104436) __call__ /opt/stack/placement/placement/requestlog.py:55}}
Dec 20 15:38:15.839586 n-d-781076-8 devstack@placement-api.service[104436]: DEBUG placement.objects.research_context [req-5d452c1d-bcfb-4c34-b850-6b5a9ff42596 req-139983e8-7dcb-4869-9245-511705b04b52 service placement] getting providers with 1 DISK_GB {{(pid=104436) __init__ /opt/stack/placement/placement/objects/research_context.py:126}}
Dec 20 15:38:15.854687 n-d-781076-8 devstack@placement-api.service[104436]: DEBUG placement.objects.research_context [req-5d452c1d-bcfb-4c34-b850-6b5a9ff42596 req-139983e8-7dcb-4869-9245-511705b04b52 service placement] getting providers with 1024 MEMORY_MB {{(pid=104436) __init__ /opt/stack/placement/placement/objects/research_context.py:126}}
Dec 20 15:38:15.865790 n-d-781076-8 devstack@placement-api.service[104436]: DEBUG placement.objects.research_context [req-5d452c1d-bcfb-4c34-b850-6b5a9ff42596 req-139983e8-7dcb-4869-9245-511705b04b52 service placement] getting providers with 1 VCPU {{(pid=104436) __init__ /opt/stack/placement/placement/objects/research_context.py:126}}
Dec 20 15:38:15.876937 n-d-781076-8 devstack@placement-api.service[104436]: DEBUG placement.objects.research_context [req-5d452c1d-bcfb-4c34-b850-6b5a9ff42596 req-139983e8-7dcb-4869-9245-511705b04b52 service placement] found 2 providers with available 1 DISK_GB {{(pid=104436) get_provider_ids_matching /opt/stack/placement/placement/objects/research_context.py:549}}
Dec 20 15:38:15.877249 n-d-781076-8 devstack@placement-api.service[104436]: DEBUG placement.objects.research_context [req-5d452c1d-bcfb-4c34-b850-6b5a9ff42596 req-139983e8-7dcb-4869-9245-511705b04b52 service placement] found 2 providers with available 1024 MEMORY_MB {{(pid=104436) get_provider_ids_matching /opt/stack/placement/placement/objects/research_context.py:549}}
Dec 20 15:38:15.877650 n-d-781076-8 devstack@placement-api.service[104436]: DEBUG placement.objects.research_context [req-5d452c1d-bcfb-4c34-b850-6b5a9ff42596 req-139983e8-7dcb-4869-9245-511705b04b52 service placement] found 2 providers after filtering by previous result {{(pid=104436) get_provider_ids_matching /opt/stack/placement/placement/objects/research_context.py:580}}
Dec 20 15:38:15.877953 n-d-781076-8 devstack@placement-api.service[104436]: DEBUG placement.objects.research_context [req-5d452c1d-bcfb-4c34-b850-6b5a9ff42596 req-139983e8-7dcb-4869-9245-511705b04b52 service placement] found 2 providers with available 1 VCPU {{(pid=104436) get_provider_ids_matching /opt/stack/placement/placement/objects/research_context.py:549}}
Dec 20 15:38:15.878306 n-d-781076-8 devstack@placement-api.service[104436]: DEBUG placement.objects.research_context [req-5d452c1d-bcfb-4c34-b850-6b5a9ff42596 req-139983e8-7dcb-4869-9245-511705b04b52 service placement] found 2 providers after filtering by previous result {{(pid=104436) get_provider_ids_matching /opt/stack/placement/placement/objects/research_context.py:580}}
Dec 20 15:38:15.901767 n-d-781076-8 devstack@placement-api.service[104436]: DEBUG placement.objects.allocation_candidate [req-5d452c1d-bcfb-4c34-b850-6b5a9ff42596 req-139983e8-7dcb-4869-9245-511705b04b52 service placement] RequestGroup(use_same_provider=False, resources={DISK_GB:1, MEMORY_MB:1024, VCPU:1}, traits=[], aggregates=[]) (suffix '') returned 2 matches {{(pid=104436) _get_by_requests /opt/stack/placement/placement/objects/allocation_candidate.py:145}}
Dec 20 15:38:15.903890 n-d-781076-8 devstack@placement-api.service[104436]: DEBUG placement.objects.allocation_candidate [req-5d452c1d-bcfb-4c34-b850-6b5a9ff42596 req-139983e8-7dcb-4869-9245-511705b04b52 service placement] Merging candidates yields 2 allocation requests and 2 provider summaries {{(pid=104436) _merge_candidates /opt/stack/placement/placement/objects/allocation_candidate.py:783}}
Dec 20 15:38:15.911947 n-d-781076-8 devstack@placement-api.service[104436]: INFO placement.requestlog [req-5d452c1d-bcfb-4c34-b850-6b5a9ff42596 req-139983e8-7dcb-4869-9245-511705b04b52 service placement] 10.222.0.81 "GET /placement/allocation_candidates?limit=1000&resources=DISK_GB%3A1%2CMEMORY_MB%3A1024%2CVCPU%3A1&root_required=%21COMPUTE_STATUS_DISABLED" status: 200 len: 1309 microversion: 1.36
Dec 20 15:38:15.912591 n-d-781076-8 devstack@placement-api.service[104436]: [pid: 104436|app: 0|req: 62/128] 10.222.0.81 () {60 vars in 1506 bytes} [Mon Dec 20 15:38:15 2021] GET /placement/allocation_candidates?limit=1000&resources=DISK_GB%3A1%2CMEMORY_MB%3A1024%2CVCPU%3A1&root_required=%21COMPUTE_STATUS_DISABLED => generated 1309 bytes in 130 msecs (HTTP/1.1 200) 8 headers in 297 bytes (1 switches on core 0)
Dec 20 15:38:15.993061 n-d-781076-8 devstack@placement-api.service[104435]: DEBUG placement.requestlog [req-5d452c1d-bcfb-4c34-b850-6b5a9ff42596 req-1aeea066-3111-4ee1-b936-b402bc6fcc2d None None] Starting request: 10.222.0.81 "GET /placement/allocations/cb18aaf2-7e57-4ead-afd8-64cb0dbbd10a" {{(pid=104435) __call__ /opt/stack/placement/placement/requestlog.py:55}}
Dec 20 15:38:16.010648 n-d-781076-8 devstack@placement-api.service[104435]: INFO placement.requestlog [req-5d452c1d-bcfb-4c34-b850-6b5a9ff42596 req-1aeea066-3111-4ee1-b936-b402bc6fcc2d service placement] 10.222.0.81 "GET /placement/allocations/cb18aaf2-7e57-4ead-afd8-64cb0dbbd10a" status: 200 len: 19 microversion: 1.28
Dec 20 15:38:16.011508 n-d-781076-8 devstack@placement-api.service[104435]: [pid: 104435|app: 0|req: 67/129] 10.222.0.81 () {60 vars in 1380 bytes} [Mon Dec 20 15:38:15 2021] GET /placement/allocations/cb18aaf2-7e57-4ead-afd8-64cb0dbbd10a => generated 19 bytes in 18 msecs (HTTP/1.1 200) 8 headers in 295 bytes (1 switches on core 0)
Dec 20 15:38:16.022703 n-d-781076-8 devstack@placement-api.service[104436]: DEBUG placement.requestlog [req-5d452c1d-bcfb-4c34-b850-6b5a9ff42596 req-75d9189e-e216-4238-8ff1-68d0be60194d None None] Starting request: 10.222.0.81 "PUT /placement/allocations/cb18aaf2-7e57-4ead-afd8-64cb0dbbd10a" {{(pid=104436) __call__ /opt/stack/placement/placement/requestlog.py:55}}
Dec 20 15:38:16.211269 n-d-781076-8 devstack@placement-api.service[104436]: DEBUG placement.handlers.allocation [req-5d452c1d-bcfb-4c34-b850-6b5a9ff42596 req-75d9189e-e216-4238-8ff1-68d0be60194d service placement] Successfully wrote allocations [, , ] {{(pid=104436) _update_consumers_and_create_allocations /opt/stack/placement/placement/handlers/allocation.py:462}}
Dec 20 15:38:16.329846 n-d-781076-8 devstack@placement-api.service[104436]: INFO placement.requestlog [req-5d452c1d-bcfb-4c34-b850-6b5a9ff42596 req-75d9189e-e216-4238-8ff1-68d0be60194d service placement] 10.222.0.81 "PUT /placement/allocations/cb18aaf2-7e57-4ead-afd8-64cb0dbbd10a" status: 204 len: 0 microversion: 1.36
Dec 20 15:38:16.332055 n-d-781076-8 devstack@placement-api.service[104436]: [pid: 104436|app: 0|req: 63/130] 10.222.0.81 () {64 vars in 1433 bytes} [Mon Dec 20 15:38:16 2021] PUT /placement/allocations/cb18aaf2-7e57-4ead-afd8-64cb0dbbd10a => generated 0 bytes in 313 msecs (HTTP/1.1 204) 5 headers in 199 bytes (1 switches on core 0)
Dec 20 15:38:17.392293 n-d-781076-8 devstack@placement-api.service[104435]: DEBUG placement.requestlog [req-02060fc4-6d2b-4111-aac0-24702241dd8d req-4e6f1b62-2fa3-4c84-9973-8e32b41f1bf4 None None] Starting request: 10.222.0.81 "GET /placement/allocation_candidates?limit=1000&resources=DISK_GB%3A1%2CMEMORY_MB%3A1024%2CVCPU%3A1&root_required=%21COMPUTE_STATUS_DISABLED" {{(pid=104435) __call__ /opt/stack/placement/placement/requestlog.py:55}}
Dec 20 15:38:17.459484 n-d-781076-8 devstack@placement-api.service[104435]: DEBUG placement.objects.research_context [req-02060fc4-6d2b-4111-aac0-24702241dd8d req-4e6f1b62-2fa3-4c84-9973-8e32b41f1bf4 service placement] getting providers with 1 DISK_GB {{(pid=104435) __init__ /opt/stack/placement/placement/objects/research_context.py:126}}
Dec 20 15:38:17.467948 n-d-781076-8 devstack@placement-api.service[104435]: DEBUG placement.objects.research_context [req-02060fc4-6d2b-4111-aac0-24702241dd8d req-4e6f1b62-2fa3-4c84-9973-8e32b41f1bf4 service placement] getting providers with 1024 MEMORY_MB {{(pid=104435) __init__ /opt/stack/placement/placement/objects/research_context.py:126}}
Dec 20 15:38:17.475333 n-d-781076-8 devstack@placement-api.service[104435]: DEBUG placement.objects.research_context [req-02060fc4-6d2b-4111-aac0-24702241dd8d req-4e6f1b62-2fa3-4c84-9973-8e32b41f1bf4 service placement] getting providers with 1 VCPU {{(pid=104435) __init__ /opt/stack/placement/placement/objects/research_context.py:126}}
Dec 20 15:38:17.493704 n-d-781076-8 devstack@placement-api.service[104435]: DEBUG placement.objects.research_context [req-02060fc4-6d2b-4111-aac0-24702241dd8d req-4e6f1b62-2fa3-4c84-9973-8e32b41f1bf4 service placement] found 2 providers with available 1 DISK_GB {{(pid=104435) get_provider_ids_matching /opt/stack/placement/placement/objects/research_context.py:549}}
Dec 20 15:38:17.493982 n-d-781076-8 devstack@placement-api.service[104435]: DEBUG placement.objects.research_context [req-02060fc4-6d2b-4111-aac0-24702241dd8d req-4e6f1b62-2fa3-4c84-9973-8e32b41f1bf4 service placement] found 2 providers with available 1024 MEMORY_MB {{(pid=104435) get_provider_ids_matching /opt/stack/placement/placement/objects/research_context.py:549}}
Dec 20 15:38:17.495384 n-d-781076-8 devstack@placement-api.service[104435]: DEBUG placement.objects.research_context [req-02060fc4-6d2b-4111-aac0-24702241dd8d req-4e6f1b62-2fa3-4c84-9973-8e32b41f1bf4 service placement] found 2 providers after filtering by previous result {{(pid=104435) get_provider_ids_matching /opt/stack/placement/placement/objects/research_context.py:580}}
Dec 20 15:38:17.495874 n-d-781076-8 devstack@placement-api.service[104435]: DEBUG placement.objects.research_context [req-02060fc4-6d2b-4111-aac0-24702241dd8d req-4e6f1b62-2fa3-4c84-9973-8e32b41f1bf4 service placement] found 2 providers with available 1 VCPU {{(pid=104435) get_provider_ids_matching /opt/stack/placement/placement/objects/research_context.py:549}}
Dec 20 15:38:17.496174 n-d-781076-8 devstack@placement-api.service[104435]: DEBUG placement.objects.research_context [req-02060fc4-6d2b-4111-aac0-24702241dd8d req-4e6f1b62-2fa3-4c84-9973-8e32b41f1bf4 service placement] found 2 providers after filtering by previous result {{(pid=104435) get_provider_ids_matching /opt/stack/placement/placement/objects/research_context.py:580}}
Dec 20 15:38:17.510393 n-d-781076-8 devstack@placement-api.service[104435]: DEBUG placement.objects.allocation_candidate [req-02060fc4-6d2b-4111-aac0-24702241dd8d req-4e6f1b62-2fa3-4c84-9973-8e32b41f1bf4 service placement] RequestGroup(use_same_provider=False, resources={DISK_GB:1, MEMORY_MB:1024, VCPU:1}, traits=[], aggregates=[]) (suffix '') returned 2 matches {{(pid=104435) _get_by_requests /opt/stack/placement/placement/objects/allocation_candidate.py:145}}
Dec 20 15:38:17.510860 n-d-781076-8 devstack@placement-api.service[104435]: DEBUG placement.objects.allocation_candidate [req-02060fc4-6d2b-4111-aac0-24702241dd8d req-4e6f1b62-2fa3-4c84-9973-8e32b41f1bf4 service placement] Merging candidates yields 2 allocation requests and 2 provider summaries {{(pid=104435) _merge_candidates /opt/stack/placement/placement/objects/allocation_candidate.py:783}}
Dec 20 15:38:17.512723 n-d-781076-8 devstack@placement-api.service[104435]: INFO placement.requestlog [req-02060fc4-6d2b-4111-aac0-24702241dd8d req-4e6f1b62-2fa3-4c84-9973-8e32b41f1bf4 service placement] 10.222.0.81 "GET /placement/allocation_candidates?limit=1000&resources=DISK_GB%3A1%2CMEMORY_MB%3A1024%2CVCPU%3A1&root_required=%21COMPUTE_STATUS_DISABLED" status: 200 len: 1309 microversion: 1.36
Dec 20 15:38:17.513204 n-d-781076-8 devstack@placement-api.service[104435]: [pid: 104435|app: 0|req: 68/131] 10.222.0.81 () {60 vars in 1506 bytes} [Mon Dec 20 15:38:17 2021] GET /placement/allocation_candidates?limit=1000&resources=DISK_GB%3A1%2CMEMORY_MB%3A1024%2CVCPU%3A1&root_required=%21COMPUTE_STATUS_DISABLED => generated 1309 bytes in 121 msecs (HTTP/1.1 200) 8 headers in 297 bytes (1 switches on core 0)
Dec 20 15:38:17.567790 n-d-781076-8 devstack@placement-api.service[104436]: DEBUG placement.requestlog [req-02060fc4-6d2b-4111-aac0-24702241dd8d req-578d5aaf-3f37-4ced-bf70-920b8b2ba08f None None] Starting request: 10.222.0.81 "GET /placement/allocations/dd12c3a8-0e21-46a3-af6e-eb911528d6ef" {{(pid=104436) __call__ /opt/stack/placement/placement/requestlog.py:55}}
Dec 20 15:38:17.569307 n-d-781076-8 devstack@placement-api.service[104435]: DEBUG placement.requestlog [req-5d452c1d-bcfb-4c34-b850-6b5a9ff42596 req-1867eefe-e949-46dc-b686-df06845c66f7 None None] Starting request: 10.222.0.83 "GET /placement/allocations/cb18aaf2-7e57-4ead-afd8-64cb0dbbd10a" {{(pid=104435) __call__ /opt/stack/placement/placement/requestlog.py:55}}
Dec 20 15:38:17.583660 n-d-781076-8 devstack@placement-api.service[104436]: INFO placement.requestlog [req-02060fc4-6d2b-4111-aac0-24702241dd8d req-578d5aaf-3f37-4ced-bf70-920b8b2ba08f service placement] 10.222.0.81 "GET /placement/allocations/dd12c3a8-0e21-46a3-af6e-eb911528d6ef" status: 200 len: 19 microversion: 1.28
Dec 20 15:38:17.585445 n-d-781076-8 devstack@placement-api.service[104436]: [pid: 104436|app: 0|req: 64/132] 10.222.0.81 () {60 vars in 1380 bytes} [Mon Dec 20 15:38:17 2021] GET /placement/allocations/dd12c3a8-0e21-46a3-af6e-eb911528d6ef => generated 19 bytes in 18 msecs (HTTP/1.1 200) 8 headers in 295 bytes (1 switches on core 0)
Dec 20 15:38:17.589647 n-d-781076-8 devstack@placement-api.service[104435]: INFO placement.requestlog [req-5d452c1d-bcfb-4c34-b850-6b5a9ff42596 req-1867eefe-e949-46dc-b686-df06845c66f7 service placement] 10.222.0.83 "GET /placement/allocations/cb18aaf2-7e57-4ead-afd8-64cb0dbbd10a" status: 200 len: 258 microversion: 1.28
Dec 20 15:38:17.590249 n-d-781076-8 devstack@placement-api.service[104435]: [pid: 104435|app: 0|req: 69/133] 10.222.0.83 () {60 vars in 1377 bytes} [Mon Dec 20 15:38:17 2021] GET /placement/allocations/cb18aaf2-7e57-4ead-afd8-64cb0dbbd10a => generated 258 bytes in 21 msecs (HTTP/1.1 200) 8 headers in 296 bytes (2 switches on core 0)
Dec 20 15:38:17.592584 n-d-781076-8 devstack@placement-api.service[104436]: DEBUG placement.requestlog [req-02060fc4-6d2b-4111-aac0-24702241dd8d req-79afce6c-02c6-4a2f-a01f-451455656a58 None None] Starting request: 10.222.0.81 "PUT /placement/allocations/dd12c3a8-0e21-46a3-af6e-eb911528d6ef" {{(pid=104436) __call__ /opt/stack/placement/placement/requestlog.py:55}}
Dec 20 15:38:17.703146 n-d-781076-8 devstack@placement-api.service[104436]: DEBUG placement.handlers.allocation [req-02060fc4-6d2b-4111-aac0-24702241dd8d req-79afce6c-02c6-4a2f-a01f-451455656a58 service placement] Successfully wrote allocations [, , ] {{(pid=104436) _update_consumers_and_create_allocations /opt/stack/placement/placement/handlers/allocation.py:462}}
Dec 20 15:38:17.805399 n-d-781076-8 devstack@placement-api.service[104436]: INFO placement.requestlog [req-02060fc4-6d2b-4111-aac0-24702241dd8d req-79afce6c-02c6-4a2f-a01f-451455656a58 service placement] 10.222.0.81 "PUT /placement/allocations/dd12c3a8-0e21-46a3-af6e-eb911528d6ef" status: 204 len: 0 microversion: 1.36
Dec 20 15:38:17.805902 n-d-781076-8 devstack@placement-api.service[104436]: [pid: 104436|app: 0|req: 65/134] 10.222.0.81 () {64 vars in 1433 bytes} [Mon Dec 20 15:38:17 2021] PUT /placement/allocations/dd12c3a8-0e21-46a3-af6e-eb911528d6ef => generated 0 bytes in 214 msecs (HTTP/1.1 204) 5 headers in 199 bytes (2 switches on core 0)
Dec 20 15:38:18.859156 n-d-781076-8 devstack@placement-api.service[104435]: DEBUG placement.requestlog [req-02060fc4-6d2b-4111-aac0-24702241dd8d req-b7172845-cdb2-498e-b7b1-e358b50b3ec2 None None] Starting request: 10.222.0.83 "GET /placement/allocations/dd12c3a8-0e21-46a3-af6e-eb911528d6ef" {{(pid=104435) __call__ /opt/stack/placement/placement/requestlog.py:55}}
Dec 20 15:38:18.887816 n-d-781076-8 devstack@placement-api.service[104435]: INFO placement.requestlog [req-02060fc4-6d2b-4111-aac0-24702241dd8d req-b7172845-cdb2-498e-b7b1-e358b50b3ec2 service placement] 10.222.0.83 "GET /placement/allocations/dd12c3a8-0e21-46a3-af6e-eb911528d6ef" status: 200 len: 259 microversion: 1.28
Dec 20 15:38:18.890317 n-d-781076-8 devstack@placement-api.service[104435]: [pid: 104435|app: 0|req: 70/135] 10.222.0.83 () {60 vars in 1377 bytes} [Mon Dec 20 15:38:18 2021] GET /placement/allocations/dd12c3a8-0e21-46a3-af6e-eb911528d6ef => generated 259 bytes in 31 msecs (HTTP/1.1 200) 8 headers in 296 bytes (1 switches on core 0)
Dec 20 15:38:20.247256 n-d-781076-8 devstack@placement-api.service[104436]: DEBUG placement.requestlog [req-bb1fa312-f2d5-45f2-86e4-c903a0e7c1d8 req-0b947a5d-0ea8-49eb-aa14-135977a0ca9e None None] Starting request: 10.222.0.72 "DELETE /placement/allocations/8e6d3e15-db43-43dd-bca0-0feb39aeebfa" {{(pid=104436) __call__ /opt/stack/placement/placement/requestlog.py:55}}
Dec 20 15:38:20.477643 n-d-781076-8 devstack@placement-api.service[104436]: DEBUG placement.handlers.allocation [req-bb1fa312-f2d5-45f2-86e4-c903a0e7c1d8 req-0b947a5d-0ea8-49eb-aa14-135977a0ca9e service placement] Successfully deleted allocations [, , ] {{(pid=104436) delete_allocations /opt/stack/placement/placement/handlers/allocation.py:627}}
Dec 20 15:38:20.478552 n-d-781076-8 devstack@placement-api.service[104436]: INFO placement.requestlog [req-bb1fa312-f2d5-45f2-86e4-c903a0e7c1d8 req-0b947a5d-0ea8-49eb-aa14-135977a0ca9e service placement] 10.222.0.72 "DELETE /placement/allocations/8e6d3e15-db43-43dd-bca0-0feb39aeebfa" status: 204 len: 0 microversion: 1.0
Dec 20 15:38:20.479542 n-d-781076-8 devstack@placement-api.service[104436]: [pid: 104436|app: 0|req: 66/136] 10.222.0.72 () {60 vars in 1355 bytes} [Mon Dec 20 15:38:20 2021] DELETE /placement/allocations/8e6d3e15-db43-43dd-bca0-0feb39aeebfa => generated 0 bytes in 233 msecs (HTTP/1.1 204) 5 headers in 198 bytes (1 switches on core 0)
Dec 20 15:38:22.595157 n-d-781076-8 devstack@placement-api.service[104435]: DEBUG placement.requestlog [req-47098cd5-b9bd-4242-abc0-fd25ee0b74b2 req-65d4afac-a681-474b-9b78-3dee2f853e0a None None] Starting request: 10.222.0.72 "GET /placement/resource_providers/4dffec6a-9304-416a-8c39-d53150a3f30d/allocations" {{(pid=104435) __call__ /opt/stack/placement/placement/requestlog.py:55}}
Dec 20 15:38:22.630900 n-d-781076-8 devstack@placement-api.service[104435]: INFO placement.requestlog [req-47098cd5-b9bd-4242-abc0-fd25ee0b74b2 req-65d4afac-a681-474b-9b78-3dee2f853e0a service placement] 10.222.0.72 "GET /placement/resource_providers/4dffec6a-9304-416a-8c39-d53150a3f30d/allocations" status: 200 len: 255 microversion: 1.0
Dec 20 15:38:22.631783 n-d-781076-8 devstack@placement-api.service[104435]: [pid: 104435|app: 0|req: 71/137] 10.222.0.72 () {58 vars in 1390 bytes} [Mon Dec 20 15:38:22 2021] GET /placement/resource_providers/4dffec6a-9304-416a-8c39-d53150a3f30d/allocations => generated 255 bytes in 37 msecs (HTTP/1.1 200) 6 headers in 224 bytes (1 switches on core 0)
Dec 20 15:38:24.026934 n-d-781076-8 devstack@placement-api.service[104436]: DEBUG placement.requestlog [req-89fe1ffe-566b-4285-915d-5a49d0bcd384 req-90279134-6a28-410f-92d2-815f1d668efd None None] Starting request: 10.222.0.81 "GET /placement/allocation_candidates?limit=1000&resources=DISK_GB%3A1%2CMEMORY_MB%3A1024%2CVCPU%3A1&root_required=%21COMPUTE_STATUS_DISABLED" {{(pid=104436) __call__ /opt/stack/placement/placement/requestlog.py:55}}
Dec 20 15:38:24.088371 n-d-781076-8 devstack@placement-api.service[104436]: DEBUG placement.objects.research_context [req-89fe1ffe-566b-4285-915d-5a49d0bcd384 req-90279134-6a28-410f-92d2-815f1d668efd service placement] getting providers with 1 DISK_GB {{(pid=104436) __init__ /opt/stack/placement/placement/objects/research_context.py:126}}
Dec 20 15:38:24.105578 n-d-781076-8 devstack@placement-api.service[104436]: DEBUG placement.objects.research_context [req-89fe1ffe-566b-4285-915d-5a49d0bcd384 req-90279134-6a28-410f-92d2-815f1d668efd service placement] getting providers with 1024 MEMORY_MB {{(pid=104436) __init__ /opt/stack/placement/placement/objects/research_context.py:126}}
Dec 20 15:38:24.122061 n-d-781076-8 devstack@placement-api.service[104436]: DEBUG placement.objects.research_context [req-89fe1ffe-566b-4285-915d-5a49d0bcd384 req-90279134-6a28-410f-92d2-815f1d668efd service placement] getting providers with 1 VCPU {{(pid=104436) __init__ /opt/stack/placement/placement/objects/research_context.py:126}}
Dec 20 15:38:24.133352 n-d-781076-8 devstack@placement-api.service[104436]: DEBUG placement.objects.research_context [req-89fe1ffe-566b-4285-915d-5a49d0bcd384 req-90279134-6a28-410f-92d2-815f1d668efd service placement] found 2 providers with available 1 DISK_GB {{(pid=104436) get_provider_ids_matching /opt/stack/placement/placement/objects/research_context.py:549}}
Dec 20 15:38:24.136083 n-d-781076-8 devstack@placement-api.service[104436]: DEBUG placement.objects.research_context [req-89fe1ffe-566b-4285-915d-5a49d0bcd384 req-90279134-6a28-410f-92d2-815f1d668efd service placement] found 2 providers with available 1024 MEMORY_MB {{(pid=104436) get_provider_ids_matching /opt/stack/placement/placement/objects/research_context.py:549}}
Dec 20 15:38:24.145791 n-d-781076-8 devstack@placement-api.service[104436]: DEBUG placement.objects.research_context [req-89fe1ffe-566b-4285-915d-5a49d0bcd384 req-90279134-6a28-410f-92d2-815f1d668efd service placement] found 2 providers after filtering by previous result {{(pid=104436) get_provider_ids_matching /opt/stack/placement/placement/objects/research_context.py:580}}
Dec 20 15:38:24.146976 n-d-781076-8 devstack@placement-api.service[104436]: DEBUG placement.objects.research_context [req-89fe1ffe-566b-4285-915d-5a49d0bcd384 req-90279134-6a28-410f-92d2-815f1d668efd service placement] found 2 providers with available 1 VCPU {{(pid=104436) get_provider_ids_matching /opt/stack/placement/placement/objects/research_context.py:549}}
Dec 20 15:38:24.149820 n-d-781076-8 devstack@placement-api.service[104436]: DEBUG placement.objects.research_context [req-89fe1ffe-566b-4285-915d-5a49d0bcd384 req-90279134-6a28-410f-92d2-815f1d668efd service placement] found 2 providers after filtering by previous result {{(pid=104436) get_provider_ids_matching /opt/stack/placement/placement/objects/research_context.py:580}}
Dec 20 15:38:24.178252 n-d-781076-8 devstack@placement-api.service[104436]: DEBUG placement.objects.allocation_candidate [req-89fe1ffe-566b-4285-915d-5a49d0bcd384 req-90279134-6a28-410f-92d2-815f1d668efd service placement] RequestGroup(use_same_provider=False, resources={DISK_GB:1, MEMORY_MB:1024, VCPU:1}, traits=[], aggregates=[]) (suffix '') returned 2 matches {{(pid=104436) _get_by_requests /opt/stack/placement/placement/objects/allocation_candidate.py:145}}
Dec 20 15:38:24.185441 n-d-781076-8 devstack@placement-api.service[104436]: DEBUG placement.objects.allocation_candidate [req-89fe1ffe-566b-4285-915d-5a49d0bcd384 req-90279134-6a28-410f-92d2-815f1d668efd service placement] Merging candidates yields 2 allocation requests and 2 provider summaries {{(pid=104436) _merge_candidates /opt/stack/placement/placement/objects/allocation_candidate.py:783}}
Dec 20 15:38:24.185441 n-d-781076-8 devstack@placement-api.service[104436]: INFO placement.requestlog [req-89fe1ffe-566b-4285-915d-5a49d0bcd384 req-90279134-6a28-410f-92d2-815f1d668efd service placement] 10.222.0.81 "GET /placement/allocation_candidates?limit=1000&resources=DISK_GB%3A1%2CMEMORY_MB%3A1024%2CVCPU%3A1&root_required=%21COMPUTE_STATUS_DISABLED" status: 200 len: 1309 microversion: 1.36
Dec 20 15:38:24.185796 n-d-781076-8 devstack@placement-api.service[104436]: [pid: 104436|app: 0|req: 67/138] 10.222.0.81 () {60 vars in 1506 bytes} [Mon Dec 20 15:38:24 2021] GET /placement/allocation_candidates?limit=1000&resources=DISK_GB%3A1%2CMEMORY_MB%3A1024%2CVCPU%3A1&root_required=%21COMPUTE_STATUS_DISABLED => generated 1309 bytes in 159 msecs (HTTP/1.1 200) 8 headers in 297 bytes (1 switches on core 0)
Dec 20 15:38:24.253934 n-d-781076-8 devstack@placement-api.service[104435]: DEBUG placement.requestlog [req-89fe1ffe-566b-4285-915d-5a49d0bcd384 req-be3c17b4-eb42-4976-b4c9-da1da9ffd5f2 None None] Starting request: 10.222.0.81 "GET /placement/allocations/e6a4f87e-8f76-43d0-ab9f-40c60e3ec46e" {{(pid=104435) __call__ /opt/stack/placement/placement/requestlog.py:55}}
Dec 20 15:38:24.266777 n-d-781076-8 devstack@placement-api.service[104435]: INFO placement.requestlog [req-89fe1ffe-566b-4285-915d-5a49d0bcd384 req-be3c17b4-eb42-4976-b4c9-da1da9ffd5f2 service placement] 10.222.0.81 "GET /placement/allocations/e6a4f87e-8f76-43d0-ab9f-40c60e3ec46e" status: 200 len: 19 microversion: 1.28
Dec 20 15:38:24.267154 n-d-781076-8 devstack@placement-api.service[104435]: [pid: 104435|app: 0|req: 72/139] 10.222.0.81 () {60 vars in 1380 bytes} [Mon Dec 20 15:38:24 2021] GET /placement/allocations/e6a4f87e-8f76-43d0-ab9f-40c60e3ec46e => generated 19 bytes in 14 msecs (HTTP/1.1 200) 8 headers in 295 bytes (1 switches on core 0)
Dec 20 15:38:24.280032 n-d-781076-8 devstack@placement-api.service[104436]: DEBUG placement.requestlog [req-89fe1ffe-566b-4285-915d-5a49d0bcd384 req-b28c8850-cf0d-4489-a8c9-00a1cab70f5e None None] Starting request: 10.222.0.81 "PUT /placement/allocations/e6a4f87e-8f76-43d0-ab9f-40c60e3ec46e" {{(pid=104436) __call__ /opt/stack/placement/placement/requestlog.py:55}}
Dec 20 15:38:24.655554 n-d-781076-8 devstack@placement-api.service[104436]: DEBUG placement.handlers.allocation [req-89fe1ffe-566b-4285-915d-5a49d0bcd384 req-b28c8850-cf0d-4489-a8c9-00a1cab70f5e service placement] Successfully wrote allocations [, , ] {{(pid=104436) _update_consumers_and_create_allocations /opt/stack/placement/placement/handlers/allocation.py:462}}
Dec 20 15:38:24.764882 n-d-781076-8 devstack@placement-api.service[104436]: INFO placement.requestlog [req-89fe1ffe-566b-4285-915d-5a49d0bcd384 req-b28c8850-cf0d-4489-a8c9-00a1cab70f5e service placement] 10.222.0.81 "PUT /placement/allocations/e6a4f87e-8f76-43d0-ab9f-40c60e3ec46e" status: 204 len: 0 microversion: 1.36
Dec 20 15:38:24.768208 n-d-781076-8 devstack@placement-api.service[104436]: [pid: 104436|app: 0|req: 68/140] 10.222.0.81 () {64 vars in 1433 bytes} [Mon Dec 20 15:38:24 2021] PUT /placement/allocations/e6a4f87e-8f76-43d0-ab9f-40c60e3ec46e => generated 0 bytes in 486 msecs (HTTP/1.1 204) 5 headers in 199 bytes (1 switches on core 0)
Dec 20 15:38:25.370031 n-d-781076-8 devstack@placement-api.service[104435]: DEBUG placement.requestlog [req-ac6a181d-f671-4245-af85-16f27a739f52 req-3550206e-a7af-4a85-a441-7c6503a8896a None None] Starting request: 10.222.0.83 "DELETE /placement/allocations/e19f94d5-6adc-4aee-9582-acabedb70d1b" {{(pid=104435) __call__ /opt/stack/placement/placement/requestlog.py:55}}
Dec 20 15:38:25.684418 n-d-781076-8 devstack@placement-api.service[104435]: DEBUG placement.handlers.allocation [req-ac6a181d-f671-4245-af85-16f27a739f52 req-3550206e-a7af-4a85-a441-7c6503a8896a service placement] Successfully deleted allocations [, , ] {{(pid=104435) delete_allocations /opt/stack/placement/placement/handlers/allocation.py:627}}
Dec 20 15:38:25.685140 n-d-781076-8 devstack@placement-api.service[104435]: INFO placement.requestlog [req-ac6a181d-f671-4245-af85-16f27a739f52 req-3550206e-a7af-4a85-a441-7c6503a8896a service placement] 10.222.0.83 "DELETE /placement/allocations/e19f94d5-6adc-4aee-9582-acabedb70d1b" status: 204 len: 0 microversion: 1.0
Dec 20 15:38:25.686004 n-d-781076-8 devstack@placement-api.service[104435]: [pid: 104435|app: 0|req: 73/141] 10.222.0.83 () {60 vars in 1355 bytes} [Mon Dec 20 15:38:25 2021] DELETE /placement/allocations/e19f94d5-6adc-4aee-9582-acabedb70d1b => generated 0 bytes in 316 msecs (HTTP/1.1 204) 5 headers in 198 bytes (2 switches on core 0)
Dec 20 15:38:26.028460 n-d-781076-8 devstack@placement-api.service[104436]: DEBUG placement.requestlog [req-89fe1ffe-566b-4285-915d-5a49d0bcd384 req-64de7097-79a3-41cd-b893-37b2c99f9589 None None] Starting request: 10.222.0.72 "GET /placement/allocations/e6a4f87e-8f76-43d0-ab9f-40c60e3ec46e" {{(pid=104436) __call__ /opt/stack/placement/placement/requestlog.py:55}}
Dec 20 15:38:26.046500 n-d-781076-8 devstack@placement-api.service[104436]: INFO placement.requestlog [req-89fe1ffe-566b-4285-915d-5a49d0bcd384 req-64de7097-79a3-41cd-b893-37b2c99f9589 service placement] 10.222.0.72 "GET /placement/allocations/e6a4f87e-8f76-43d0-ab9f-40c60e3ec46e" status: 200 len: 259 microversion: 1.28
Dec 20 15:38:26.046977 n-d-781076-8 devstack@placement-api.service[104436]: [pid: 104436|app: 0|req: 69/142] 10.222.0.72 () {60 vars in 1377 bytes} [Mon Dec 20 15:38:26 2021] GET /placement/allocations/e6a4f87e-8f76-43d0-ab9f-40c60e3ec46e => generated 259 bytes in 19 msecs (HTTP/1.1 200) 8 headers in 296 bytes (1 switches on core 0)
Dec 20 15:38:26.372489 n-d-781076-8 devstack@placement-api.service[104435]: DEBUG placement.requestlog [None req-2a036f38-f596-4aaf-aa28-c170150dc800 None None] Starting request: 10.222.0.81 "GET /placement/" {{(pid=104435) __call__ /opt/stack/placement/placement/requestlog.py:55}}
Dec 20 15:38:26.373780 n-d-781076-8 devstack@placement-api.service[104435]: INFO placement.requestlog [None req-2a036f38-f596-4aaf-aa28-c170150dc800 None None] 10.222.0.81 "GET /placement/" status: 200 len: 136 microversion: 1.0
Dec 20 15:38:26.374230 n-d-781076-8 devstack@placement-api.service[104435]: [pid: 104435|app: 0|req: 74/143] 10.222.0.81 () {54 vars in 916 bytes} [Mon Dec 20 15:38:26 2021] GET /placement => generated 136 bytes in 2 msecs (HTTP/1.1 200) 6 headers in 224 bytes (1 switches on core 0)
Dec 20 15:38:26.383683 n-d-781076-8 devstack@placement-api.service[104436]: DEBUG placement.requestlog [req-8004d966-b7de-4f88-b96a-cc08030187cf req-905ccdac-60a1-463f-a0a1-f0a8086577b7 None None] Starting request: 10.222.0.81 "GET /placement/allocations/6caff544-82bd-4a16-9979-b5254372e125" {{(pid=104436) __call__ /opt/stack/placement/placement/requestlog.py:55}}
Dec 20 15:38:26.509822 n-d-781076-8 devstack@placement-api.service[104436]: INFO placement.requestlog [req-8004d966-b7de-4f88-b96a-cc08030187cf req-905ccdac-60a1-463f-a0a1-f0a8086577b7 service placement] 10.222.0.81 "GET /placement/allocations/6caff544-82bd-4a16-9979-b5254372e125" status: 200 len: 259 microversion: 1.28
Dec 20 15:38:26.511119 n-d-781076-8 devstack@placement-api.service[104436]: [pid: 104436|app: 0|req: 70/144] 10.222.0.81 () {60 vars in 1380 bytes} [Mon Dec 20 15:38:26 2021] GET /placement/allocations/6caff544-82bd-4a16-9979-b5254372e125 => generated 259 bytes in 128 msecs (HTTP/1.1 200) 8 headers in 296 bytes (1 switches on core 0)
Dec 20 15:38:26.518953 n-d-781076-8 devstack@placement-api.service[104435]: DEBUG placement.requestlog [req-8004d966-b7de-4f88-b96a-cc08030187cf req-54bb2a8c-fff9-49bc-9e87-242e1857c1ed None None] Starting request: 10.222.0.81 "GET /placement/allocations/6caff544-82bd-4a16-9979-b5254372e125" {{(pid=104435) __call__ /opt/stack/placement/placement/requestlog.py:55}}
Dec 20 15:38:26.519985 n-d-781076-8 devstack@placement-api.service[104436]: DEBUG placement.requestlog [req-048a562a-63e8-4112-aaf5-2305c0634733 req-2fa2cb8e-4613-4f6e-a12a-9c78e2407ef7 None None] Starting request: 10.222.0.81 "GET /placement/allocation_candidates?limit=1000&resources=DISK_GB%3A1%2CMEMORY_MB%3A1024%2CVCPU%3A1&root_required=%21COMPUTE_STATUS_DISABLED" {{(pid=104436) __call__ /opt/stack/placement/placement/requestlog.py:55}}
Dec 20 15:38:26.540047 n-d-781076-8 devstack@placement-api.service[104435]: INFO placement.requestlog [req-8004d966-b7de-4f88-b96a-cc08030187cf req-54bb2a8c-fff9-49bc-9e87-242e1857c1ed service placement] 10.222.0.81 "GET /placement/allocations/6caff544-82bd-4a16-9979-b5254372e125" status: 200 len: 259 microversion: 1.28
Dec 20 15:38:26.541316 n-d-781076-8 devstack@placement-api.service[104435]: [pid: 104435|app: 0|req: 75/145] 10.222.0.81 () {60 vars in 1380 bytes} [Mon Dec 20 15:38:26 2021] GET /placement/allocations/6caff544-82bd-4a16-9979-b5254372e125 => generated 259 bytes in 24 msecs (HTTP/1.1 200) 8 headers in 296 bytes (1 switches on core 0)
Dec 20 15:38:26.546989 n-d-781076-8 devstack@placement-api.service[104435]: DEBUG placement.requestlog [req-8004d966-b7de-4f88-b96a-cc08030187cf req-2aa8fec3-f729-48ff-974d-4196518a8c82 None None] Starting request: 10.222.0.81 "GET /placement/allocations/be01b03a-9585-44cf-b500-32befe095e73" {{(pid=104435) __call__ /opt/stack/placement/placement/requestlog.py:55}}
Dec 20 15:38:26.577676 n-d-781076-8 devstack@placement-api.service[104435]: INFO placement.requestlog [req-8004d966-b7de-4f88-b96a-cc08030187cf req-2aa8fec3-f729-48ff-974d-4196518a8c82 service placement] 10.222.0.81 "GET /placement/allocations/be01b03a-9585-44cf-b500-32befe095e73" status: 200 len: 19 microversion: 1.28
Dec 20 15:38:26.581573 n-d-781076-8 devstack@placement-api.service[104435]: [pid: 104435|app: 0|req: 76/146] 10.222.0.81 () {60 vars in 1380 bytes} [Mon Dec 20 15:38:26 2021] GET /placement/allocations/be01b03a-9585-44cf-b500-32befe095e73 => generated 19 bytes in 35 msecs (HTTP/1.1 200) 8 headers in 295 bytes (1 switches on core 0)
Dec 20 15:38:26.588957 n-d-781076-8 devstack@placement-api.service[104435]: DEBUG placement.requestlog [req-8004d966-b7de-4f88-b96a-cc08030187cf req-0af88126-71b4-4458-a082-b03a972764f4 None None] Starting request: 10.222.0.81 "POST /placement/allocations" {{(pid=104435) __call__ /opt/stack/placement/placement/requestlog.py:55}}
Dec 20 15:38:26.619804 n-d-781076-8 devstack@placement-api.service[104436]: DEBUG placement.objects.research_context [req-048a562a-63e8-4112-aaf5-2305c0634733 req-2fa2cb8e-4613-4f6e-a12a-9c78e2407ef7 service placement] getting providers with 1 DISK_GB {{(pid=104436) __init__ /opt/stack/placement/placement/objects/research_context.py:126}}
Dec 20 15:38:26.639185 n-d-781076-8 devstack@placement-api.service[104436]: DEBUG placement.objects.research_context [req-048a562a-63e8-4112-aaf5-2305c0634733 req-2fa2cb8e-4613-4f6e-a12a-9c78e2407ef7 service placement] getting providers with 1024 MEMORY_MB {{(pid=104436) __init__ /opt/stack/placement/placement/objects/research_context.py:126}}
Dec 20 15:38:26.648125 n-d-781076-8 devstack@placement-api.service[104436]: DEBUG placement.objects.research_context [req-048a562a-63e8-4112-aaf5-2305c0634733 req-2fa2cb8e-4613-4f6e-a12a-9c78e2407ef7 service placement] getting providers with 1 VCPU {{(pid=104436) __init__ /opt/stack/placement/placement/objects/research_context.py:126}}
Dec 20 15:38:26.655064 n-d-781076-8 devstack@placement-api.service[104436]: DEBUG placement.objects.research_context [req-048a562a-63e8-4112-aaf5-2305c0634733 req-2fa2cb8e-4613-4f6e-a12a-9c78e2407ef7 service placement] found 2 providers with available 1 DISK_GB {{(pid=104436) get_provider_ids_matching /opt/stack/placement/placement/objects/research_context.py:549}}
Dec 20 15:38:26.655350 n-d-781076-8 devstack@placement-api.service[104436]: DEBUG placement.objects.research_context [req-048a562a-63e8-4112-aaf5-2305c0634733 req-2fa2cb8e-4613-4f6e-a12a-9c78e2407ef7 service placement] found 2 providers with available 1024 MEMORY_MB {{(pid=104436) get_provider_ids_matching /opt/stack/placement/placement/objects/research_context.py:549}}
Dec 20 15:38:26.655692 n-d-781076-8 devstack@placement-api.service[104436]: DEBUG placement.objects.research_context [req-048a562a-63e8-4112-aaf5-2305c0634733 req-2fa2cb8e-4613-4f6e-a12a-9c78e2407ef7 service placement] found 2 providers after filtering by previous result {{(pid=104436) get_provider_ids_matching /opt/stack/placement/placement/objects/research_context.py:580}}
Dec 20 15:38:26.655951 n-d-781076-8 devstack@placement-api.service[104436]: DEBUG placement.objects.research_context [req-048a562a-63e8-4112-aaf5-2305c0634733 req-2fa2cb8e-4613-4f6e-a12a-9c78e2407ef7 service placement] found 2 providers with available 1 VCPU {{(pid=104436) get_provider_ids_matching /opt/stack/placement/placement/objects/research_context.py:549}}
Dec 20 15:38:26.656555 n-d-781076-8 devstack@placement-api.service[104436]: DEBUG placement.objects.research_context [req-048a562a-63e8-4112-aaf5-2305c0634733 req-2fa2cb8e-4613-4f6e-a12a-9c78e2407ef7 service placement] found 2 providers after filtering by previous result {{(pid=104436) get_provider_ids_matching /opt/stack/placement/placement/objects/research_context.py:580}}
Dec 20 15:38:26.669698 n-d-781076-8 devstack@placement-api.service[104436]: DEBUG placement.objects.allocation_candidate [req-048a562a-63e8-4112-aaf5-2305c0634733 req-2fa2cb8e-4613-4f6e-a12a-9c78e2407ef7 service placement] RequestGroup(use_same_provider=False, resources={DISK_GB:1, MEMORY_MB:1024, VCPU:1}, traits=[], aggregates=[]) (suffix '') returned 2 matches {{(pid=104436) _get_by_requests /opt/stack/placement/placement/objects/allocation_candidate.py:145}}
Dec 20 15:38:26.670274 n-d-781076-8 devstack@placement-api.service[104436]: DEBUG placement.objects.allocation_candidate [req-048a562a-63e8-4112-aaf5-2305c0634733 req-2fa2cb8e-4613-4f6e-a12a-9c78e2407ef7 service placement] Merging candidates yields 2 allocation requests and 2 provider summaries {{(pid=104436) _merge_candidates /opt/stack/placement/placement/objects/allocation_candidate.py:783}}
Dec 20 15:38:26.671845 n-d-781076-8 devstack@placement-api.service[104436]: INFO placement.requestlog [req-048a562a-63e8-4112-aaf5-2305c0634733 req-2fa2cb8e-4613-4f6e-a12a-9c78e2407ef7 service placement] 10.222.0.81 "GET /placement/allocation_candidates?limit=1000&resources=DISK_GB%3A1%2CMEMORY_MB%3A1024%2CVCPU%3A1&root_required=%21COMPUTE_STATUS_DISABLED" status: 200 len: 1309 microversion: 1.36
Dec 20 15:38:26.677129 n-d-781076-8 devstack@placement-api.service[104436]: [pid: 104436|app: 0|req: 71/147] 10.222.0.81 () {60 vars in 1506 bytes} [Mon Dec 20 15:38:26 2021] GET /placement/allocation_candidates?limit=1000&resources=DISK_GB%3A1%2CMEMORY_MB%3A1024%2CVCPU%3A1&root_required=%21COMPUTE_STATUS_DISABLED => generated 1309 bytes in 158 msecs (HTTP/1.1 200) 8 headers in 297 bytes (2 switches on core 0)
Dec 20 15:38:26.738290 n-d-781076-8 devstack@placement-api.service[104435]: DEBUG placement.handlers.allocation [req-8004d966-b7de-4f88-b96a-cc08030187cf req-0af88126-71b4-4458-a082-b03a972764f4 service placement] Successfully wrote allocations [, , , , , ] {{(pid=104435) _update_consumers_and_create_allocations /opt/stack/placement/placement/handlers/allocation.py:572}}
Dec 20 15:38:26.739515 n-d-781076-8 devstack@placement-api.service[104436]: DEBUG placement.requestlog [req-048a562a-63e8-4112-aaf5-2305c0634733 req-25858b65-fc63-4f8c-a49d-c38c82289376 None None] Starting request: 10.222.0.81 "GET /placement/allocations/57aaaaa8-a6dc-42de-876d-d6fe392d2075" {{(pid=104436) __call__ /opt/stack/placement/placement/requestlog.py:55}}
Dec 20 15:38:26.752361 n-d-781076-8 devstack@placement-api.service[104436]: INFO placement.requestlog [req-048a562a-63e8-4112-aaf5-2305c0634733 req-25858b65-fc63-4f8c-a49d-c38c82289376 service placement] 10.222.0.81 "GET /placement/allocations/57aaaaa8-a6dc-42de-876d-d6fe392d2075" status: 200 len: 19 microversion: 1.28
Dec 20 15:38:26.752845 n-d-781076-8 devstack@placement-api.service[104436]: [pid: 104436|app: 0|req: 72/148] 10.222.0.81 () {60 vars in 1380 bytes} [Mon Dec 20 15:38:26 2021] GET /placement/allocations/57aaaaa8-a6dc-42de-876d-d6fe392d2075 => generated 19 bytes in 14 msecs (HTTP/1.1 200) 8 headers in 295 bytes (1 switches on core 0)
Dec 20 15:38:26.759977 n-d-781076-8 devstack@placement-api.service[104436]: DEBUG placement.requestlog [req-048a562a-63e8-4112-aaf5-2305c0634733 req-feeb26e6-ac51-4552-a374-880146cab984 None None] Starting request: 10.222.0.81 "PUT /placement/allocations/57aaaaa8-a6dc-42de-876d-d6fe392d2075" {{(pid=104436) __call__ /opt/stack/placement/placement/requestlog.py:55}}
Dec 20 15:38:26.816263 n-d-781076-8 devstack@placement-api.service[104435]: INFO placement.requestlog [req-8004d966-b7de-4f88-b96a-cc08030187cf req-0af88126-71b4-4458-a082-b03a972764f4 service placement] 10.222.0.81 "POST /placement/allocations" status: 204 len: 0 microversion: 1.28
Dec 20 15:38:26.817174 n-d-781076-8 devstack@placement-api.service[104435]: [pid: 104435|app: 0|req: 77/149] 10.222.0.81 () {64 vars in 1323 bytes} [Mon Dec 20 15:38:26 2021] POST /placement/allocations => generated 0 bytes in 228 msecs (HTTP/1.1 204) 5 headers in 199 bytes (1 switches on core 0)
Dec 20 15:38:26.848893 n-d-781076-8 devstack@placement-api.service[104435]: DEBUG placement.requestlog [req-8004d966-b7de-4f88-b96a-cc08030187cf req-d69be9c5-865d-49ce-afd1-e3102a2d77f2 None None] Starting request: 10.222.0.81 "GET /placement/allocation_candidates?limit=1000&resources=DISK_GB%3A1%2CMEMORY_MB%3A512%2CVCPU%3A1&root_required=%21COMPUTE_STATUS_DISABLED" {{(pid=104435) __call__ /opt/stack/placement/placement/requestlog.py:55}}
Dec 20 15:38:26.884830 n-d-781076-8 devstack@placement-api.service[104435]: DEBUG placement.objects.research_context [req-8004d966-b7de-4f88-b96a-cc08030187cf req-d69be9c5-865d-49ce-afd1-e3102a2d77f2 service placement] getting providers with 1 DISK_GB {{(pid=104435) __init__ /opt/stack/placement/placement/objects/research_context.py:126}}
Dec 20 15:38:26.889471 n-d-781076-8 devstack@placement-api.service[104435]: DEBUG placement.objects.research_context [req-8004d966-b7de-4f88-b96a-cc08030187cf req-d69be9c5-865d-49ce-afd1-e3102a2d77f2 service placement] getting providers with 512 MEMORY_MB {{(pid=104435) __init__ /opt/stack/placement/placement/objects/research_context.py:126}}
Dec 20 15:38:26.896930 n-d-781076-8 devstack@placement-api.service[104435]: DEBUG placement.objects.research_context [req-8004d966-b7de-4f88-b96a-cc08030187cf req-d69be9c5-865d-49ce-afd1-e3102a2d77f2 service placement] getting providers with 1 VCPU {{(pid=104435) __init__ /opt/stack/placement/placement/objects/research_context.py:126}}
Dec 20 15:38:26.905581 n-d-781076-8 devstack@placement-api.service[104435]: DEBUG placement.objects.research_context [req-8004d966-b7de-4f88-b96a-cc08030187cf req-d69be9c5-865d-49ce-afd1-e3102a2d77f2 service placement] found 2 providers with available 1 DISK_GB {{(pid=104435) get_provider_ids_matching /opt/stack/placement/placement/objects/research_context.py:549}}
Dec 20 15:38:26.906128 n-d-781076-8 devstack@placement-api.service[104435]: DEBUG placement.objects.research_context [req-8004d966-b7de-4f88-b96a-cc08030187cf req-d69be9c5-865d-49ce-afd1-e3102a2d77f2 service placement] found 2 providers with available 512 MEMORY_MB {{(pid=104435) get_provider_ids_matching /opt/stack/placement/placement/objects/research_context.py:549}}
Dec 20 15:38:26.906414 n-d-781076-8 devstack@placement-api.service[104435]: DEBUG placement.objects.research_context [req-8004d966-b7de-4f88-b96a-cc08030187cf req-d69be9c5-865d-49ce-afd1-e3102a2d77f2 service placement] found 2 providers after filtering by previous result {{(pid=104435) get_provider_ids_matching /opt/stack/placement/placement/objects/research_context.py:580}}
Dec 20 15:38:26.906750 n-d-781076-8 devstack@placement-api.service[104435]: DEBUG placement.objects.research_context [req-8004d966-b7de-4f88-b96a-cc08030187cf req-d69be9c5-865d-49ce-afd1-e3102a2d77f2 service placement] found 2 providers with available 1 VCPU {{(pid=104435) get_provider_ids_matching /opt/stack/placement/placement/objects/research_context.py:549}}
Dec 20 15:38:26.907176 n-d-781076-8 devstack@placement-api.service[104435]: DEBUG placement.objects.research_context [req-8004d966-b7de-4f88-b96a-cc08030187cf req-d69be9c5-865d-49ce-afd1-e3102a2d77f2 service placement] found 2 providers after filtering by previous result {{(pid=104435) get_provider_ids_matching /opt/stack/placement/placement/objects/research_context.py:580}}
Dec 20 15:38:26.922355 n-d-781076-8 devstack@placement-api.service[104435]: DEBUG placement.objects.allocation_candidate [req-8004d966-b7de-4f88-b96a-cc08030187cf req-d69be9c5-865d-49ce-afd1-e3102a2d77f2 service placement] RequestGroup(use_same_provider=False, resources={DISK_GB:1, MEMORY_MB:512, VCPU:1}, traits=[], aggregates=[]) (suffix '') returned 2 matches {{(pid=104435) _get_by_requests /opt/stack/placement/placement/objects/allocation_candidate.py:145}}
Dec 20 15:38:26.922723 n-d-781076-8 devstack@placement-api.service[104435]: DEBUG placement.objects.allocation_candidate [req-8004d966-b7de-4f88-b96a-cc08030187cf req-d69be9c5-865d-49ce-afd1-e3102a2d77f2 service placement] Merging candidates yields 2 allocation requests and 2 provider summaries {{(pid=104435) _merge_candidates /opt/stack/placement/placement/objects/allocation_candidate.py:783}}
Dec 20 15:38:26.924462 n-d-781076-8 devstack@placement-api.service[104435]: INFO placement.requestlog [req-8004d966-b7de-4f88-b96a-cc08030187cf req-d69be9c5-865d-49ce-afd1-e3102a2d77f2 service placement] 10.222.0.81 "GET /placement/allocation_candidates?limit=1000&resources=DISK_GB%3A1%2CMEMORY_MB%3A512%2CVCPU%3A1&root_required=%21COMPUTE_STATUS_DISABLED" status: 200 len: 1307 microversion: 1.36
Dec 20 15:38:26.924999 n-d-781076-8 devstack@placement-api.service[104435]: [pid: 104435|app: 0|req: 78/150] 10.222.0.81 () {60 vars in 1504 bytes} [Mon Dec 20 15:38:26 2021] GET /placement/allocation_candidates?limit=1000&resources=DISK_GB%3A1%2CMEMORY_MB%3A512%2CVCPU%3A1&root_required=%21COMPUTE_STATUS_DISABLED => generated 1307 bytes in 77 msecs (HTTP/1.1 200) 8 headers in 297 bytes (1 switches on core 0)
Dec 20 15:38:26.984313 n-d-781076-8 devstack@placement-api.service[104435]: DEBUG placement.requestlog [req-8004d966-b7de-4f88-b96a-cc08030187cf req-deefe5b6-0788-459c-9c23-ed222c5f6510 None None] Starting request: 10.222.0.81 "GET /placement/allocations/6caff544-82bd-4a16-9979-b5254372e125" {{(pid=104435) __call__ /opt/stack/placement/placement/requestlog.py:55}}
Dec 20 15:38:26.995413 n-d-781076-8 devstack@placement-api.service[104435]: INFO placement.requestlog [req-8004d966-b7de-4f88-b96a-cc08030187cf req-deefe5b6-0788-459c-9c23-ed222c5f6510 service placement] 10.222.0.81 "GET /placement/allocations/6caff544-82bd-4a16-9979-b5254372e125" status: 200 len: 19 microversion: 1.28
Dec 20 15:38:26.996470 n-d-781076-8 devstack@placement-api.service[104435]: [pid: 104435|app: 0|req: 79/151] 10.222.0.81 () {60 vars in 1380 bytes} [Mon Dec 20 15:38:26 2021] GET /placement/allocations/6caff544-82bd-4a16-9979-b5254372e125 => generated 19 bytes in 12 msecs (HTTP/1.1 200) 8 headers in 295 bytes (2 switches on core 0)
Dec 20 15:38:27.006539 n-d-781076-8 devstack@placement-api.service[104435]: DEBUG placement.requestlog [req-8004d966-b7de-4f88-b96a-cc08030187cf req-20a3a31e-c09a-4105-a7c9-9b3098f49c72 None None] Starting request: 10.222.0.81 "PUT /placement/allocations/6caff544-82bd-4a16-9979-b5254372e125" {{(pid=104435) __call__ /opt/stack/placement/placement/requestlog.py:55}}
Dec 20 15:38:27.149400 n-d-781076-8 devstack@placement-api.service[104436]: DEBUG placement.handlers.allocation [req-048a562a-63e8-4112-aaf5-2305c0634733 req-feeb26e6-ac51-4552-a374-880146cab984 service placement] Successfully wrote allocations [, , ] {{(pid=104436) _update_consumers_and_create_allocations /opt/stack/placement/placement/handlers/allocation.py:462}}
Dec 20 15:38:27.320787 n-d-781076-8 devstack@placement-api.service[104436]: INFO placement.requestlog [req-048a562a-63e8-4112-aaf5-2305c0634733 req-feeb26e6-ac51-4552-a374-880146cab984 service placement] 10.222.0.81 "PUT /placement/allocations/57aaaaa8-a6dc-42de-876d-d6fe392d2075" status: 204 len: 0 microversion: 1.36
Dec 20 15:38:27.322418 n-d-781076-8 devstack@placement-api.service[104436]: [pid: 104436|app: 0|req: 73/152] 10.222.0.81 () {64 vars in 1433 bytes} [Mon Dec 20 15:38:26 2021] PUT /placement/allocations/57aaaaa8-a6dc-42de-876d-d6fe392d2075 => generated 0 bytes in 563 msecs (HTTP/1.1 204) 5 headers in 199 bytes (2 switches on core 0)
Dec 20 15:38:27.332397 n-d-781076-8 devstack@placement-api.service[104435]: DEBUG placement.objects.allocation [req-8004d966-b7de-4f88-b96a-cc08030187cf req-20a3a31e-c09a-4105-a7c9-9b3098f49c72 service placement] Retrying allocations write on resource provider generation conflict {{(pid=104435) replace_all /opt/stack/placement/placement/objects/allocation.py:507}}
Dec 20 15:38:27.372836 n-d-781076-8 devstack@placement-api.service[104435]: DEBUG placement.handlers.allocation [req-8004d966-b7de-4f88-b96a-cc08030187cf req-20a3a31e-c09a-4105-a7c9-9b3098f49c72 service placement] Successfully wrote allocations [, , ] {{(pid=104435) _update_consumers_and_create_allocations /opt/stack/placement/placement/handlers/allocation.py:462}}
Dec 20 15:38:27.559767 n-d-781076-8 devstack@placement-api.service[104435]: INFO placement.requestlog [req-8004d966-b7de-4f88-b96a-cc08030187cf req-20a3a31e-c09a-4105-a7c9-9b3098f49c72 service placement] 10.222.0.81 "PUT /placement/allocations/6caff544-82bd-4a16-9979-b5254372e125" status: 204 len: 0 microversion: 1.36
Dec 20 15:38:27.564100 n-d-781076-8 devstack@placement-api.service[104435]: [pid: 104435|app: 0|req: 80/153] 10.222.0.81 () {64 vars in 1433 bytes} [Mon Dec 20 15:38:27 2021] PUT /placement/allocations/6caff544-82bd-4a16-9979-b5254372e125 => generated 0 bytes in 554 msecs (HTTP/1.1 204) 5 headers in 199 bytes (2 switches on core 0)
Dec 20 15:38:28.163884 n-d-781076-8 devstack@placement-api.service[104436]: DEBUG placement.requestlog [req-8004d966-b7de-4f88-b96a-cc08030187cf req-c3381731-0ed6-4524-aa0a-17d081845093 None None] Starting request: 10.222.0.72 "GET /placement/allocations/6caff544-82bd-4a16-9979-b5254372e125" {{(pid=104436) __call__ /opt/stack/placement/placement/requestlog.py:55}}
