Nov 23 09:38:23.332665 n-d-781076-5 devstack@c-api.service[116858]: WARNING castellan.key_manager [None req-27eca149-59fd-4daa-b768-2b0f28152b3d None None] Deprecation Warning : cinder.keymgr.conf_key_mgr.ConfKeyManager is not a stevedore based driver, trying to load it as a class: stevedore.exception.NoMatches: No 'castellan.drivers' driver found, looking for 'cinder.keymgr.conf_key_mgr.ConfKeyManager'
Nov 23 09:38:23.333082 n-d-781076-5 devstack@c-api.service[116857]: WARNING stevedore.named [None req-8ae2f6e3-2679-49da-9433-e2af369e3471 None None] Could not load cinder.keymgr.conf_key_mgr.ConfKeyManager
Nov 23 09:38:23.333443 n-d-781076-5 devstack@c-api.service[116857]: WARNING castellan.key_manager [None req-8ae2f6e3-2679-49da-9433-e2af369e3471 None None] Deprecation Warning : cinder.keymgr.conf_key_mgr.ConfKeyManager is not a stevedore based driver, trying to load it as a class: stevedore.exception.NoMatches: No 'castellan.drivers' driver found, looking for 'cinder.keymgr.conf_key_mgr.ConfKeyManager'
Nov 23 09:38:23.334328 n-d-781076-5 devstack@c-api.service[116858]: WARNING stevedore.named [None req-27eca149-59fd-4daa-b768-2b0f28152b3d None None] Could not load cinder.keymgr.conf_key_mgr.ConfKeyManager
Nov 23 09:38:23.334681 n-d-781076-5 devstack@c-api.service[116858]: WARNING castellan.key_manager [None req-27eca149-59fd-4daa-b768-2b0f28152b3d None None] Deprecation Warning : cinder.keymgr.conf_key_mgr.ConfKeyManager is not a stevedore based driver, trying to load it as a class: stevedore.exception.NoMatches: No 'castellan.drivers' driver found, looking for 'cinder.keymgr.conf_key_mgr.ConfKeyManager'
Nov 23 09:38:23.336460 n-d-781076-5 devstack@c-api.service[116858]: WARNING stevedore.named [None req-27eca149-59fd-4daa-b768-2b0f28152b3d None None] Could not load cinder.keymgr.conf_key_mgr.ConfKeyManager
Nov 23 09:38:23.336803 n-d-781076-5 devstack@c-api.service[116858]: WARNING castellan.key_manager [None req-27eca149-59fd-4daa-b768-2b0f28152b3d None None] Deprecation Warning : cinder.keymgr.conf_key_mgr.ConfKeyManager is not a stevedore based driver, trying to load it as a class: stevedore.exception.NoMatches: No 'castellan.drivers' driver found, looking for 'cinder.keymgr.conf_key_mgr.ConfKeyManager'
Nov 23 09:38:23.336898 n-d-781076-5 devstack@c-api.service[116857]: WARNING stevedore.named [None req-8ae2f6e3-2679-49da-9433-e2af369e3471 None None] Could not load cinder.keymgr.conf_key_mgr.ConfKeyManager
Nov 23 09:38:23.337270 n-d-781076-5 devstack@c-api.service[116857]: WARNING castellan.key_manager [None req-8ae2f6e3-2679-49da-9433-e2af369e3471 None None] Deprecation Warning : cinder.keymgr.conf_key_mgr.ConfKeyManager is not a stevedore based driver, trying to load it as a class: stevedore.exception.NoMatches: No 'castellan.drivers' driver found, looking for 'cinder.keymgr.conf_key_mgr.ConfKeyManager'
Nov 23 09:38:23.338476 n-d-781076-5 devstack@c-api.service[116858]: WARNING stevedore.named [None req-27eca149-59fd-4daa-b768-2b0f28152b3d None None] Could not load cinder.keymgr.conf_key_mgr.ConfKeyManager
Nov 23 09:38:23.338817 n-d-781076-5 devstack@c-api.service[116858]: WARNING castellan.key_manager [None req-27eca149-59fd-4daa-b768-2b0f28152b3d None None] Deprecation Warning : cinder.keymgr.conf_key_mgr.ConfKeyManager is not a stevedore based driver, trying to load it as a class: stevedore.exception.NoMatches: No 'castellan.drivers' driver found, looking for 'cinder.keymgr.conf_key_mgr.ConfKeyManager'
Nov 23 09:38:23.340692 n-d-781076-5 devstack@c-api.service[116858]: WARNING stevedore.named [None req-27eca149-59fd-4daa-b768-2b0f28152b3d None None] Could not load cinder.keymgr.conf_key_mgr.ConfKeyManager
Nov 23 09:38:23.340872 n-d-781076-5 devstack@c-api.service[116857]: WARNING stevedore.named [None req-8ae2f6e3-2679-49da-9433-e2af369e3471 None None] Could not load cinder.keymgr.conf_key_mgr.ConfKeyManager
Nov 23 09:38:23.341039 n-d-781076-5 devstack@c-api.service[116858]: WARNING castellan.key_manager [None req-27eca149-59fd-4daa-b768-2b0f28152b3d None None] Deprecation Warning : cinder.keymgr.conf_key_mgr.ConfKeyManager is not a stevedore based driver, trying to load it as a class: stevedore.exception.NoMatches: No 'castellan.drivers' driver found, looking for 'cinder.keymgr.conf_key_mgr.ConfKeyManager'
Nov 23 09:38:23.341267 n-d-781076-5 devstack@c-api.service[116857]: WARNING castellan.key_manager [None req-8ae2f6e3-2679-49da-9433-e2af369e3471 None None] Deprecation Warning : cinder.keymgr.conf_key_mgr.ConfKeyManager is not a stevedore based driver, trying to load it as a class: stevedore.exception.NoMatches: No 'castellan.drivers' driver found, looking for 'cinder.keymgr.conf_key_mgr.ConfKeyManager'
Nov 23 09:38:23.342370 n-d-781076-5 devstack@c-api.service[116858]: DEBUG cinder.api.contrib.snapshot_actions [None req-27eca149-59fd-4daa-b768-2b0f28152b3d None None] SnapshotActionsController initialized {{(pid=116858) __init__ /opt/stack/cinder/cinder/api/contrib/snapshot_actions.py:33}}
Nov 23 09:38:23.343109 n-d-781076-5 devstack@c-api.service[116857]: WARNING stevedore.named [None req-8ae2f6e3-2679-49da-9433-e2af369e3471 None None] Could not load cinder.keymgr.conf_key_mgr.ConfKeyManager
Nov 23 09:38:23.343207 n-d-781076-5 devstack@c-api.service[116858]: WARNING stevedore.named [None req-27eca149-59fd-4daa-b768-2b0f28152b3d None None] Could not load cinder.keymgr.conf_key_mgr.ConfKeyManager
Nov 23 09:38:23.343446 n-d-781076-5 devstack@c-api.service[116858]: WARNING castellan.key_manager [None req-27eca149-59fd-4daa-b768-2b0f28152b3d None None] Deprecation Warning : cinder.keymgr.conf_key_mgr.ConfKeyManager is not a stevedore based driver, trying to load it as a class: stevedore.exception.NoMatches: No 'castellan.drivers' driver found, looking for 'cinder.keymgr.conf_key_mgr.ConfKeyManager'
Nov 23 09:38:23.343540 n-d-781076-5 devstack@c-api.service[116857]: WARNING castellan.key_manager [None req-8ae2f6e3-2679-49da-9433-e2af369e3471 None None] Deprecation Warning : cinder.keymgr.conf_key_mgr.ConfKeyManager is not a stevedore based driver, trying to load it as a class: stevedore.exception.NoMatches: No 'castellan.drivers' driver found, looking for 'cinder.keymgr.conf_key_mgr.ConfKeyManager'
Nov 23 09:38:23.344788 n-d-781076-5 devstack@c-api.service[116858]: DEBUG cinder.api.openstack [None req-27eca149-59fd-4daa-b768-2b0f28152b3d None None] Extension VolumeMigStatusAttribute extending resource: volumes {{(pid=116858) _setup_extensions /opt/stack/cinder/cinder/api/openstack/__init__.py:120}}
Nov 23 09:38:23.345108 n-d-781076-5 devstack@c-api.service[116858]: DEBUG cinder.api.openstack [None req-27eca149-59fd-4daa-b768-2b0f28152b3d None None] Extension VolumeUnmanage extending resource: volumes {{(pid=116858) _setup_extensions /opt/stack/cinder/cinder/api/openstack/__init__.py:120}}
Nov 23 09:38:23.345414 n-d-781076-5 devstack@c-api.service[116858]: DEBUG cinder.api.openstack [None req-27eca149-59fd-4daa-b768-2b0f28152b3d None None] Extension VolumeTypeEncryption extending resource: types {{(pid=116858) _setup_extensions /opt/stack/cinder/cinder/api/openstack/__init__.py:120}}
Nov 23 09:38:23.345712 n-d-781076-5 devstack@c-api.service[116858]: DEBUG cinder.api.openstack [None req-27eca149-59fd-4daa-b768-2b0f28152b3d None None] Extension VolumeTenantAttribute extending resource: volumes {{(pid=116858) _setup_extensions /opt/stack/cinder/cinder/api/openstack/__init__.py:120}}
Nov 23 09:38:23.346039 n-d-781076-5 devstack@c-api.service[116858]: DEBUG cinder.api.openstack [None req-27eca149-59fd-4daa-b768-2b0f28152b3d None None] Extension VolumeActions extending resource: volumes {{(pid=116858) _setup_extensions /opt/stack/cinder/cinder/api/openstack/__init__.py:120}}
Nov 23 09:38:23.346394 n-d-781076-5 devstack@c-api.service[116858]: DEBUG cinder.api.openstack [None req-27eca149-59fd-4daa-b768-2b0f28152b3d None None] Extension AdminActions extending resource: volumes {{(pid=116858) _setup_extensions /opt/stack/cinder/cinder/api/openstack/__init__.py:120}}
Nov 23 09:38:23.346693 n-d-781076-5 devstack@c-api.service[116857]: WARNING stevedore.named [None req-8ae2f6e3-2679-49da-9433-e2af369e3471 None None] Could not load cinder.keymgr.conf_key_mgr.ConfKeyManager
Nov 23 09:38:23.346862 n-d-781076-5 devstack@c-api.service[116858]: DEBUG cinder.api.openstack [None req-27eca149-59fd-4daa-b768-2b0f28152b3d None None] Extension AdminActions extending resource: snapshots {{(pid=116858) _setup_extensions /opt/stack/cinder/cinder/api/openstack/__init__.py:120}}
Nov 23 09:38:23.347061 n-d-781076-5 devstack@c-api.service[116857]: WARNING castellan.key_manager [None req-8ae2f6e3-2679-49da-9433-e2af369e3471 None None] Deprecation Warning : cinder.keymgr.conf_key_mgr.ConfKeyManager is not a stevedore based driver, trying to load it as a class: stevedore.exception.NoMatches: No 'castellan.drivers' driver found, looking for 'cinder.keymgr.conf_key_mgr.ConfKeyManager'
Nov 23 09:38:23.347157 n-d-781076-5 devstack@c-api.service[116858]: DEBUG cinder.api.openstack [None req-27eca149-59fd-4daa-b768-2b0f28152b3d None None] Extension AdminActions extending resource: backups {{(pid=116858) _setup_extensions /opt/stack/cinder/cinder/api/openstack/__init__.py:120}}
Nov 23 09:38:23.347416 n-d-781076-5 devstack@c-api.service[116858]: DEBUG cinder.api.openstack [None req-27eca149-59fd-4daa-b768-2b0f28152b3d None None] Extension TypesManage extending resource: types {{(pid=116858) _setup_extensions /opt/stack/cinder/cinder/api/openstack/__init__.py:120}}
Nov 23 09:38:23.347715 n-d-781076-5 devstack@c-api.service[116858]: DEBUG cinder.api.openstack [None req-27eca149-59fd-4daa-b768-2b0f28152b3d None None] Extension VolumeImageMetadata extending resource: volumes {{(pid=116858) _setup_extensions /opt/stack/cinder/cinder/api/openstack/__init__.py:120}}
Nov 23 09:38:23.348026 n-d-781076-5 devstack@c-api.service[116858]: DEBUG cinder.api.openstack [None req-27eca149-59fd-4daa-b768-2b0f28152b3d None None] Extension SnapshotActions extending resource: snapshots {{(pid=116858) _setup_extensions /opt/stack/cinder/cinder/api/openstack/__init__.py:120}}
Nov 23 09:38:23.348320 n-d-781076-5 devstack@c-api.service[116858]: DEBUG cinder.api.openstack [None req-27eca149-59fd-4daa-b768-2b0f28152b3d None None] Extension ExtendedSnapshotAttributes extending resource: snapshots {{(pid=116858) _setup_extensions /opt/stack/cinder/cinder/api/openstack/__init__.py:120}}
Nov 23 09:38:23.348615 n-d-781076-5 devstack@c-api.service[116858]: DEBUG cinder.api.openstack [None req-27eca149-59fd-4daa-b768-2b0f28152b3d None None] Extension SnapshotUnmanage extending resource: snapshots {{(pid=116858) _setup_extensions /opt/stack/cinder/cinder/api/openstack/__init__.py:120}}
Nov 23 09:38:23.348903 n-d-781076-5 devstack@c-api.service[116858]: DEBUG cinder.api.openstack [None req-27eca149-59fd-4daa-b768-2b0f28152b3d None None] Extension VolumeTypeAccess extending resource: types {{(pid=116858) _setup_extensions /opt/stack/cinder/cinder/api/openstack/__init__.py:120}}
Nov 23 09:38:23.349216 n-d-781076-5 devstack@c-api.service[116858]: DEBUG cinder.api.openstack [None req-27eca149-59fd-4daa-b768-2b0f28152b3d None None] Extension UsedLimits extending resource: limits {{(pid=116858) _setup_extensions /opt/stack/cinder/cinder/api/openstack/__init__.py:120}}
Nov 23 09:38:23.349502 n-d-781076-5 devstack@c-api.service[116858]: DEBUG cinder.api.openstack [None req-27eca149-59fd-4daa-b768-2b0f28152b3d None None] Extension VolumeHostAttribute extending resource: volumes {{(pid=116858) _setup_extensions /opt/stack/cinder/cinder/api/openstack/__init__.py:120}}
Nov 23 09:38:23.353877 n-d-781076-5 devstack@c-api.service[116857]: WARNING stevedore.named [None req-8ae2f6e3-2679-49da-9433-e2af369e3471 None None] Could not load cinder.keymgr.conf_key_mgr.ConfKeyManager
Nov 23 09:38:23.354257 n-d-781076-5 devstack@c-api.service[116857]: WARNING castellan.key_manager [None req-8ae2f6e3-2679-49da-9433-e2af369e3471 None None] Deprecation Warning : cinder.keymgr.conf_key_mgr.ConfKeyManager is not a stevedore based driver, trying to load it as a class: stevedore.exception.NoMatches: No 'castellan.drivers' driver found, looking for 'cinder.keymgr.conf_key_mgr.ConfKeyManager'
Nov 23 09:38:23.354659 n-d-781076-5 devstack@c-api.service[116858]: WARNING keystonemiddleware.auth_token [None req-27eca149-59fd-4daa-b768-2b0f28152b3d None None] AuthToken middleware is set with keystone_authtoken.service_token_roles_required set to False. This is backwards compatible but deprecated behaviour. Please set this to True.
Nov 23 09:38:23.358464 n-d-781076-5 devstack@c-api.service[116857]: WARNING stevedore.named [None req-8ae2f6e3-2679-49da-9433-e2af369e3471 None None] Could not load cinder.keymgr.conf_key_mgr.ConfKeyManager
Nov 23 09:38:23.358830 n-d-781076-5 devstack@c-api.service[116857]: WARNING castellan.key_manager [None req-8ae2f6e3-2679-49da-9433-e2af369e3471 None None] Deprecation Warning : cinder.keymgr.conf_key_mgr.ConfKeyManager is not a stevedore based driver, trying to load it as a class: stevedore.exception.NoMatches: No 'castellan.drivers' driver found, looking for 'cinder.keymgr.conf_key_mgr.ConfKeyManager'
Nov 23 09:38:23.361077 n-d-781076-5 devstack@c-api.service[116857]: WARNING cinder.api.contrib.hosts [None req-8ae2f6e3-2679-49da-9433-e2af369e3471 None None] Deprecated: The Host API is deprecated and will be be removed in a future version.
Nov 23 09:38:23.361318 n-d-781076-5 devstack@c-api.service[116858]: WARNING keystonemiddleware.auth_token [None req-27eca149-59fd-4daa-b768-2b0f28152b3d None None] Configuring www_authenticate_uri to point to the public identity endpoint is required; clients may not be able to authenticate against an admin endpoint
Nov 23 09:38:23.361815 n-d-781076-5 devstack@c-api.service[116857]: WARNING stevedore.named [None req-8ae2f6e3-2679-49da-9433-e2af369e3471 None None] Could not load cinder.keymgr.conf_key_mgr.ConfKeyManager
Nov 23 09:38:23.362205 n-d-781076-5 devstack@c-api.service[116857]: WARNING castellan.key_manager [None req-8ae2f6e3-2679-49da-9433-e2af369e3471 None None] Deprecation Warning : cinder.keymgr.conf_key_mgr.ConfKeyManager is not a stevedore based driver, trying to load it as a class: stevedore.exception.NoMatches: No 'castellan.drivers' driver found, looking for 'cinder.keymgr.conf_key_mgr.ConfKeyManager'
Nov 23 09:38:23.364030 n-d-781076-5 devstack@c-api.service[116857]: WARNING stevedore.named [None req-8ae2f6e3-2679-49da-9433-e2af369e3471 None None] Could not load cinder.keymgr.conf_key_mgr.ConfKeyManager
Nov 23 09:38:23.364380 n-d-781076-5 devstack@c-api.service[116857]: WARNING castellan.key_manager [None req-8ae2f6e3-2679-49da-9433-e2af369e3471 None None] Deprecation Warning : cinder.keymgr.conf_key_mgr.ConfKeyManager is not a stevedore based driver, trying to load it as a class: stevedore.exception.NoMatches: No 'castellan.drivers' driver found, looking for 'cinder.keymgr.conf_key_mgr.ConfKeyManager'
Nov 23 09:38:23.366065 n-d-781076-5 devstack@c-api.service[116857]: WARNING stevedore.named [None req-8ae2f6e3-2679-49da-9433-e2af369e3471 None None] Could not load cinder.keymgr.conf_key_mgr.ConfKeyManager
Nov 23 09:38:23.366233 n-d-781076-5 devstack@c-api.service[116858]: WSGI app 0 (mountpoint='') ready in 4 seconds on interpreter 0x55664e8969c0 pid: 116858 (default app)
Nov 23 09:38:23.366421 n-d-781076-5 devstack@c-api.service[116857]: WARNING castellan.key_manager [None req-8ae2f6e3-2679-49da-9433-e2af369e3471 None None] Deprecation Warning : cinder.keymgr.conf_key_mgr.ConfKeyManager is not a stevedore based driver, trying to load it as a class: stevedore.exception.NoMatches: No 'castellan.drivers' driver found, looking for 'cinder.keymgr.conf_key_mgr.ConfKeyManager'
Nov 23 09:38:23.367891 n-d-781076-5 devstack@c-api.service[116857]: WARNING stevedore.named [None req-8ae2f6e3-2679-49da-9433-e2af369e3471 None None] Could not load cinder.keymgr.conf_key_mgr.ConfKeyManager
Nov 23 09:38:23.368239 n-d-781076-5 devstack@c-api.service[116857]: WARNING castellan.key_manager [None req-8ae2f6e3-2679-49da-9433-e2af369e3471 None None] Deprecation Warning : cinder.keymgr.conf_key_mgr.ConfKeyManager is not a stevedore based driver, trying to load it as a class: stevedore.exception.NoMatches: No 'castellan.drivers' driver found, looking for 'cinder.keymgr.conf_key_mgr.ConfKeyManager'
Nov 23 09:38:23.369746 n-d-781076-5 devstack@c-api.service[116857]: WARNING stevedore.named [None req-8ae2f6e3-2679-49da-9433-e2af369e3471 None None] Could not load cinder.keymgr.conf_key_mgr.ConfKeyManager
Nov 23 09:38:23.370130 n-d-781076-5 devstack@c-api.service[116857]: WARNING castellan.key_manager [None req-8ae2f6e3-2679-49da-9433-e2af369e3471 None None] Deprecation Warning : cinder.keymgr.conf_key_mgr.ConfKeyManager is not a stevedore based driver, trying to load it as a class: stevedore.exception.NoMatches: No 'castellan.drivers' driver found, looking for 'cinder.keymgr.conf_key_mgr.ConfKeyManager'
Nov 23 09:38:23.372169 n-d-781076-5 devstack@c-api.service[116857]: WARNING stevedore.named [None req-8ae2f6e3-2679-49da-9433-e2af369e3471 None None] Could not load cinder.keymgr.conf_key_mgr.ConfKeyManager
Nov 23 09:38:23.372512 n-d-781076-5 devstack@c-api.service[116857]: WARNING castellan.key_manager [None req-8ae2f6e3-2679-49da-9433-e2af369e3471 None None] Deprecation Warning : cinder.keymgr.conf_key_mgr.ConfKeyManager is not a stevedore based driver, trying to load it as a class: stevedore.exception.NoMatches: No 'castellan.drivers' driver found, looking for 'cinder.keymgr.conf_key_mgr.ConfKeyManager'
Nov 23 09:38:23.373160 n-d-781076-5 devstack@c-api.service[116858]: [pid: 116858|app: 0|req: 1/1] 10.222.0.62 () {50 vars in 775 bytes} [Tue Nov 23 09:38:23 2021] GET /volume/v3 => generated 114 bytes in 6 msecs (HTTP/1.1 401) 5 headers in 229 bytes (1 switches on core 0)
Nov 23 09:38:23.374337 n-d-781076-5 devstack@c-api.service[116857]: WARNING stevedore.named [None req-8ae2f6e3-2679-49da-9433-e2af369e3471 None None] Could not load cinder.keymgr.conf_key_mgr.ConfKeyManager
Nov 23 09:38:23.374668 n-d-781076-5 devstack@c-api.service[116857]: WARNING castellan.key_manager [None req-8ae2f6e3-2679-49da-9433-e2af369e3471 None None] Deprecation Warning : cinder.keymgr.conf_key_mgr.ConfKeyManager is not a stevedore based driver, trying to load it as a class: stevedore.exception.NoMatches: No 'castellan.drivers' driver found, looking for 'cinder.keymgr.conf_key_mgr.ConfKeyManager'
Nov 23 09:38:23.376237 n-d-781076-5 devstack@c-api.service[116857]: WARNING stevedore.named [None req-8ae2f6e3-2679-49da-9433-e2af369e3471 None None] Could not load cinder.keymgr.conf_key_mgr.ConfKeyManager
Nov 23 09:38:23.376595 n-d-781076-5 devstack@c-api.service[116857]: WARNING castellan.key_manager [None req-8ae2f6e3-2679-49da-9433-e2af369e3471 None None] Deprecation Warning : cinder.keymgr.conf_key_mgr.ConfKeyManager is not a stevedore based driver, trying to load it as a class: stevedore.exception.NoMatches: No 'castellan.drivers' driver found, looking for 'cinder.keymgr.conf_key_mgr.ConfKeyManager'
Nov 23 09:38:23.378390 n-d-781076-5 devstack@c-api.service[116857]: DEBUG cinder.api.openstack [None req-8ae2f6e3-2679-49da-9433-e2af369e3471 None None] Extended resource: extensions {{(pid=116857) _setup_ext_routes /opt/stack/cinder/cinder/api/openstack/__init__.py:90}}
Nov 23 09:38:23.380353 n-d-781076-5 devstack@c-api.service[116857]: DEBUG cinder.api.openstack [None req-8ae2f6e3-2679-49da-9433-e2af369e3471 None None] Extended resource: os-services {{(pid=116857) _setup_ext_routes /opt/stack/cinder/cinder/api/openstack/__init__.py:90}}
Nov 23 09:38:23.382129 n-d-781076-5 devstack@c-api.service[116857]: DEBUG cinder.api.openstack [None req-8ae2f6e3-2679-49da-9433-e2af369e3471 None None] Extended resource: os-quota-sets {{(pid=116857) _setup_ext_routes /opt/stack/cinder/cinder/api/openstack/__init__.py:90}}
Nov 23 09:38:23.384087 n-d-781076-5 devstack@c-api.service[116857]: DEBUG cinder.api.openstack [None req-8ae2f6e3-2679-49da-9433-e2af369e3471 None None] Extended resource: extra_specs {{(pid=116857) _setup_ext_routes /opt/stack/cinder/cinder/api/openstack/__init__.py:90}}
Nov 23 09:38:23.386317 n-d-781076-5 devstack@c-api.service[116857]: DEBUG cinder.api.openstack [None req-8ae2f6e3-2679-49da-9433-e2af369e3471 None None] Extended resource: os-hosts {{(pid=116857) _setup_ext_routes /opt/stack/cinder/cinder/api/openstack/__init__.py:90}}
Nov 23 09:38:23.388947 n-d-781076-5 devstack@c-api.service[116857]: DEBUG cinder.api.openstack [None req-8ae2f6e3-2679-49da-9433-e2af369e3471 None None] Extended resource: encryption {{(pid=116857) _setup_ext_routes /opt/stack/cinder/cinder/api/openstack/__init__.py:90}}
Nov 23 09:38:23.390974 n-d-781076-5 devstack@c-api.service[116857]: DEBUG cinder.api.openstack [None req-8ae2f6e3-2679-49da-9433-e2af369e3471 None None] Extended resource: qos-specs {{(pid=116857) _setup_ext_routes /opt/stack/cinder/cinder/api/openstack/__init__.py:90}}
Nov 23 09:38:23.393840 n-d-781076-5 devstack@c-api.service[116857]: DEBUG cinder.api.openstack [None req-8ae2f6e3-2679-49da-9433-e2af369e3471 None None] Extended resource: encryption {{(pid=116857) _setup_ext_routes /opt/stack/cinder/cinder/api/openstack/__init__.py:90}}
Nov 23 09:38:23.395872 n-d-781076-5 devstack@c-api.service[116857]: DEBUG cinder.api.openstack [None req-8ae2f6e3-2679-49da-9433-e2af369e3471 None None] Extended resource: os-quota-class-sets {{(pid=116857) _setup_ext_routes /opt/stack/cinder/cinder/api/openstack/__init__.py:90}}
Nov 23 09:38:23.397773 n-d-781076-5 devstack@c-api.service[116857]: DEBUG cinder.api.openstack [None req-8ae2f6e3-2679-49da-9433-e2af369e3471 None None] Extended resource: os-volume-transfer {{(pid=116857) _setup_ext_routes /opt/stack/cinder/cinder/api/openstack/__init__.py:90}}
Nov 23 09:38:23.399992 n-d-781076-5 devstack@c-api.service[116857]: DEBUG cinder.api.openstack [None req-8ae2f6e3-2679-49da-9433-e2af369e3471 None None] Extended resource: os-volume-manage {{(pid=116857) _setup_ext_routes /opt/stack/cinder/cinder/api/openstack/__init__.py:90}}
Nov 23 09:38:23.401977 n-d-781076-5 devstack@c-api.service[116857]: DEBUG cinder.api.openstack [None req-8ae2f6e3-2679-49da-9433-e2af369e3471 None None] Extended resource: capabilities {{(pid=116857) _setup_ext_routes /opt/stack/cinder/cinder/api/openstack/__init__.py:90}}
Nov 23 09:38:23.405131 n-d-781076-5 devstack@c-api.service[116857]: DEBUG cinder.api.openstack [None req-8ae2f6e3-2679-49da-9433-e2af369e3471 None None] Extended resource: os-volume-type-access {{(pid=116857) _setup_ext_routes /opt/stack/cinder/cinder/api/openstack/__init__.py:90}}
Nov 23 09:38:23.407237 n-d-781076-5 devstack@c-api.service[116857]: DEBUG cinder.api.openstack [None req-8ae2f6e3-2679-49da-9433-e2af369e3471 None None] Extended resource: os-snapshot-manage {{(pid=116857) _setup_ext_routes /opt/stack/cinder/cinder/api/openstack/__init__.py:90}}
Nov 23 09:38:23.409209 n-d-781076-5 devstack@c-api.service[116857]: DEBUG cinder.api.openstack [None req-8ae2f6e3-2679-49da-9433-e2af369e3471 None None] Extended resource: os-availability-zone {{(pid=116857) _setup_ext_routes /opt/stack/cinder/cinder/api/openstack/__init__.py:90}}
Nov 23 09:38:23.411131 n-d-781076-5 devstack@c-api.service[116857]: DEBUG cinder.api.openstack [None req-8ae2f6e3-2679-49da-9433-e2af369e3471 None None] Extended resource: cgsnapshots {{(pid=116857) _setup_ext_routes /opt/stack/cinder/cinder/api/openstack/__init__.py:90}}
Nov 23 09:38:23.413007 n-d-781076-5 devstack@c-api.service[116857]: DEBUG cinder.api.openstack [None req-8ae2f6e3-2679-49da-9433-e2af369e3471 None None] Extended resource: backups {{(pid=116857) _setup_ext_routes /opt/stack/cinder/cinder/api/openstack/__init__.py:90}}
Nov 23 09:38:23.415877 n-d-781076-5 devstack@c-api.service[116857]: DEBUG cinder.api.openstack [None req-8ae2f6e3-2679-49da-9433-e2af369e3471 None None] Extended resource: consistencygroups {{(pid=116857) _setup_ext_routes /opt/stack/cinder/cinder/api/openstack/__init__.py:90}}
Nov 23 09:38:23.418473 n-d-781076-5 devstack@c-api.service[116857]: DEBUG cinder.api.openstack [None req-8ae2f6e3-2679-49da-9433-e2af369e3471 None None] Extended resource: scheduler-stats {{(pid=116857) _setup_ext_routes /opt/stack/cinder/cinder/api/openstack/__init__.py:90}}
Nov 23 09:38:23.421292 n-d-781076-5 devstack@c-api.service[116857]: WARNING stevedore.named [None req-8ae2f6e3-2679-49da-9433-e2af369e3471 None None] Could not load cinder.keymgr.conf_key_mgr.ConfKeyManager
Nov 23 09:38:23.421682 n-d-781076-5 devstack@c-api.service[116857]: WARNING castellan.key_manager [None req-8ae2f6e3-2679-49da-9433-e2af369e3471 None None] Deprecation Warning : cinder.keymgr.conf_key_mgr.ConfKeyManager is not a stevedore based driver, trying to load it as a class: stevedore.exception.NoMatches: No 'castellan.drivers' driver found, looking for 'cinder.keymgr.conf_key_mgr.ConfKeyManager'
Nov 23 09:38:23.423880 n-d-781076-5 devstack@c-api.service[116857]: WARNING stevedore.named [None req-8ae2f6e3-2679-49da-9433-e2af369e3471 None None] Could not load cinder.keymgr.conf_key_mgr.ConfKeyManager
Nov 23 09:38:23.424232 n-d-781076-5 devstack@c-api.service[116857]: WARNING castellan.key_manager [None req-8ae2f6e3-2679-49da-9433-e2af369e3471 None None] Deprecation Warning : cinder.keymgr.conf_key_mgr.ConfKeyManager is not a stevedore based driver, trying to load it as a class: stevedore.exception.NoMatches: No 'castellan.drivers' driver found, looking for 'cinder.keymgr.conf_key_mgr.ConfKeyManager'
Nov 23 09:38:23.425792 n-d-781076-5 devstack@c-api.service[116857]: WARNING stevedore.named [None req-8ae2f6e3-2679-49da-9433-e2af369e3471 None None] Could not load cinder.keymgr.conf_key_mgr.ConfKeyManager
Nov 23 09:38:23.426171 n-d-781076-5 devstack@c-api.service[116857]: WARNING castellan.key_manager [None req-8ae2f6e3-2679-49da-9433-e2af369e3471 None None] Deprecation Warning : cinder.keymgr.conf_key_mgr.ConfKeyManager is not a stevedore based driver, trying to load it as a class: stevedore.exception.NoMatches: No 'castellan.drivers' driver found, looking for 'cinder.keymgr.conf_key_mgr.ConfKeyManager'
Nov 23 09:38:23.427870 n-d-781076-5 devstack@c-api.service[116857]: WARNING stevedore.named [None req-8ae2f6e3-2679-49da-9433-e2af369e3471 None None] Could not load cinder.keymgr.conf_key_mgr.ConfKeyManager
Nov 23 09:38:23.428268 n-d-781076-5 devstack@c-api.service[116857]: WARNING castellan.key_manager [None req-8ae2f6e3-2679-49da-9433-e2af369e3471 None None] Deprecation Warning : cinder.keymgr.conf_key_mgr.ConfKeyManager is not a stevedore based driver, trying to load it as a class: stevedore.exception.NoMatches: No 'castellan.drivers' driver found, looking for 'cinder.keymgr.conf_key_mgr.ConfKeyManager'
Nov 23 09:38:23.431126 n-d-781076-5 devstack@c-api.service[116857]: WARNING stevedore.named [None req-8ae2f6e3-2679-49da-9433-e2af369e3471 None None] Could not load cinder.keymgr.conf_key_mgr.ConfKeyManager
Nov 23 09:38:23.431495 n-d-781076-5 devstack@c-api.service[116857]: WARNING castellan.key_manager [None req-8ae2f6e3-2679-49da-9433-e2af369e3471 None None] Deprecation Warning : cinder.keymgr.conf_key_mgr.ConfKeyManager is not a stevedore based driver, trying to load it as a class: stevedore.exception.NoMatches: No 'castellan.drivers' driver found, looking for 'cinder.keymgr.conf_key_mgr.ConfKeyManager'
Nov 23 09:38:23.433176 n-d-781076-5 devstack@c-api.service[116857]: WARNING stevedore.named [None req-8ae2f6e3-2679-49da-9433-e2af369e3471 None None] Could not load cinder.keymgr.conf_key_mgr.ConfKeyManager
Nov 23 09:38:23.433526 n-d-781076-5 devstack@c-api.service[116857]: WARNING castellan.key_manager [None req-8ae2f6e3-2679-49da-9433-e2af369e3471 None None] Deprecation Warning : cinder.keymgr.conf_key_mgr.ConfKeyManager is not a stevedore based driver, trying to load it as a class: stevedore.exception.NoMatches: No 'castellan.drivers' driver found, looking for 'cinder.keymgr.conf_key_mgr.ConfKeyManager'
Nov 23 09:38:23.435465 n-d-781076-5 devstack@c-api.service[116857]: WARNING stevedore.named [None req-8ae2f6e3-2679-49da-9433-e2af369e3471 None None] Could not load cinder.keymgr.conf_key_mgr.ConfKeyManager
Nov 23 09:38:23.435814 n-d-781076-5 devstack@c-api.service[116857]: WARNING castellan.key_manager [None req-8ae2f6e3-2679-49da-9433-e2af369e3471 None None] Deprecation Warning : cinder.keymgr.conf_key_mgr.ConfKeyManager is not a stevedore based driver, trying to load it as a class: stevedore.exception.NoMatches: No 'castellan.drivers' driver found, looking for 'cinder.keymgr.conf_key_mgr.ConfKeyManager'
Nov 23 09:38:23.437495 n-d-781076-5 devstack@c-api.service[116857]: WARNING stevedore.named [None req-8ae2f6e3-2679-49da-9433-e2af369e3471 None None] Could not load cinder.keymgr.conf_key_mgr.ConfKeyManager
Nov 23 09:38:23.437843 n-d-781076-5 devstack@c-api.service[116857]: WARNING castellan.key_manager [None req-8ae2f6e3-2679-49da-9433-e2af369e3471 None None] Deprecation Warning : cinder.keymgr.conf_key_mgr.ConfKeyManager is not a stevedore based driver, trying to load it as a class: stevedore.exception.NoMatches: No 'castellan.drivers' driver found, looking for 'cinder.keymgr.conf_key_mgr.ConfKeyManager'
Nov 23 09:38:23.439752 n-d-781076-5 devstack@c-api.service[116857]: WARNING stevedore.named [None req-8ae2f6e3-2679-49da-9433-e2af369e3471 None None] Could not load cinder.keymgr.conf_key_mgr.ConfKeyManager
Nov 23 09:38:23.440081 n-d-781076-5 devstack@c-api.service[116857]: WARNING castellan.key_manager [None req-8ae2f6e3-2679-49da-9433-e2af369e3471 None None] Deprecation Warning : cinder.keymgr.conf_key_mgr.ConfKeyManager is not a stevedore based driver, trying to load it as a class: stevedore.exception.NoMatches: No 'castellan.drivers' driver found, looking for 'cinder.keymgr.conf_key_mgr.ConfKeyManager'
Nov 23 09:38:23.441436 n-d-781076-5 devstack@c-api.service[116857]: DEBUG cinder.api.contrib.snapshot_actions [None req-8ae2f6e3-2679-49da-9433-e2af369e3471 None None] SnapshotActionsController initialized {{(pid=116857) __init__ /opt/stack/cinder/cinder/api/contrib/snapshot_actions.py:33}}
Nov 23 09:38:23.442371 n-d-781076-5 devstack@c-api.service[116857]: WARNING stevedore.named [None req-8ae2f6e3-2679-49da-9433-e2af369e3471 None None] Could not load cinder.keymgr.conf_key_mgr.ConfKeyManager
Nov 23 09:38:23.442586 n-d-781076-5 devstack@c-api.service[116857]: WARNING castellan.key_manager [None req-8ae2f6e3-2679-49da-9433-e2af369e3471 None None] Deprecation Warning : cinder.keymgr.conf_key_mgr.ConfKeyManager is not a stevedore based driver, trying to load it as a class: stevedore.exception.NoMatches: No 'castellan.drivers' driver found, looking for 'cinder.keymgr.conf_key_mgr.ConfKeyManager'
Nov 23 09:38:23.443956 n-d-781076-5 devstack@c-api.service[116857]: DEBUG cinder.api.openstack [None req-8ae2f6e3-2679-49da-9433-e2af369e3471 None None] Extension VolumeMigStatusAttribute extending resource: volumes {{(pid=116857) _setup_extensions /opt/stack/cinder/cinder/api/openstack/__init__.py:120}}
Nov 23 09:38:23.444285 n-d-781076-5 devstack@c-api.service[116857]: DEBUG cinder.api.openstack [None req-8ae2f6e3-2679-49da-9433-e2af369e3471 None None] Extension VolumeUnmanage extending resource: volumes {{(pid=116857) _setup_extensions /opt/stack/cinder/cinder/api/openstack/__init__.py:120}}
Nov 23 09:38:23.444596 n-d-781076-5 devstack@c-api.service[116857]: DEBUG cinder.api.openstack [None req-8ae2f6e3-2679-49da-9433-e2af369e3471 None None] Extension VolumeTypeEncryption extending resource: types {{(pid=116857) _setup_extensions /opt/stack/cinder/cinder/api/openstack/__init__.py:120}}
Nov 23 09:38:23.444897 n-d-781076-5 devstack@c-api.service[116857]: DEBUG cinder.api.openstack [None req-8ae2f6e3-2679-49da-9433-e2af369e3471 None None] Extension VolumeTenantAttribute extending resource: volumes {{(pid=116857) _setup_extensions /opt/stack/cinder/cinder/api/openstack/__init__.py:120}}
Nov 23 09:38:23.445268 n-d-781076-5 devstack@c-api.service[116857]: DEBUG cinder.api.openstack [None req-8ae2f6e3-2679-49da-9433-e2af369e3471 None None] Extension VolumeActions extending resource: volumes {{(pid=116857) _setup_extensions /opt/stack/cinder/cinder/api/openstack/__init__.py:120}}
Nov 23 09:38:23.445633 n-d-781076-5 devstack@c-api.service[116857]: DEBUG cinder.api.openstack [None req-8ae2f6e3-2679-49da-9433-e2af369e3471 None None] Extension AdminActions extending resource: volumes {{(pid=116857) _setup_extensions /opt/stack/cinder/cinder/api/openstack/__init__.py:120}}
Nov 23 09:38:23.446155 n-d-781076-5 devstack@c-api.service[116857]: DEBUG cinder.api.openstack [None req-8ae2f6e3-2679-49da-9433-e2af369e3471 None None] Extension AdminActions extending resource: snapshots {{(pid=116857) _setup_extensions /opt/stack/cinder/cinder/api/openstack/__init__.py:120}}
Nov 23 09:38:23.446514 n-d-781076-5 devstack@c-api.service[116857]: DEBUG cinder.api.openstack [None req-8ae2f6e3-2679-49da-9433-e2af369e3471 None None] Extension AdminActions extending resource: backups {{(pid=116857) _setup_extensions /opt/stack/cinder/cinder/api/openstack/__init__.py:120}}
Nov 23 09:38:23.446769 n-d-781076-5 devstack@c-api.service[116857]: DEBUG cinder.api.openstack [None req-8ae2f6e3-2679-49da-9433-e2af369e3471 None None] Extension TypesManage extending resource: types {{(pid=116857) _setup_extensions /opt/stack/cinder/cinder/api/openstack/__init__.py:120}}
Nov 23 09:38:23.447113 n-d-781076-5 devstack@c-api.service[116857]: DEBUG cinder.api.openstack [None req-8ae2f6e3-2679-49da-9433-e2af369e3471 None None] Extension VolumeImageMetadata extending resource: volumes {{(pid=116857) _setup_extensions /opt/stack/cinder/cinder/api/openstack/__init__.py:120}}
Nov 23 09:38:23.447582 n-d-781076-5 devstack@c-api.service[116857]: DEBUG cinder.api.openstack [None req-8ae2f6e3-2679-49da-9433-e2af369e3471 None None] Extension SnapshotActions extending resource: snapshots {{(pid=116857) _setup_extensions /opt/stack/cinder/cinder/api/openstack/__init__.py:120}}
Nov 23 09:38:23.447920 n-d-781076-5 devstack@c-api.service[116857]: DEBUG cinder.api.openstack [None req-8ae2f6e3-2679-49da-9433-e2af369e3471 None None] Extension ExtendedSnapshotAttributes extending resource: snapshots {{(pid=116857) _setup_extensions /opt/stack/cinder/cinder/api/openstack/__init__.py:120}}
Nov 23 09:38:23.448224 n-d-781076-5 devstack@c-api.service[116857]: DEBUG cinder.api.openstack [None req-8ae2f6e3-2679-49da-9433-e2af369e3471 None None] Extension SnapshotUnmanage extending resource: snapshots {{(pid=116857) _setup_extensions /opt/stack/cinder/cinder/api/openstack/__init__.py:120}}
Nov 23 09:38:23.448546 n-d-781076-5 devstack@c-api.service[116857]: DEBUG cinder.api.openstack [None req-8ae2f6e3-2679-49da-9433-e2af369e3471 None None] Extension VolumeTypeAccess extending resource: types {{(pid=116857) _setup_extensions /opt/stack/cinder/cinder/api/openstack/__init__.py:120}}
Nov 23 09:38:23.448868 n-d-781076-5 devstack@c-api.service[116857]: DEBUG cinder.api.openstack [None req-8ae2f6e3-2679-49da-9433-e2af369e3471 None None] Extension UsedLimits extending resource: limits {{(pid=116857) _setup_extensions /opt/stack/cinder/cinder/api/openstack/__init__.py:120}}
Nov 23 09:38:23.449197 n-d-781076-5 devstack@c-api.service[116857]: DEBUG cinder.api.openstack [None req-8ae2f6e3-2679-49da-9433-e2af369e3471 None None] Extension VolumeHostAttribute extending resource: volumes {{(pid=116857) _setup_extensions /opt/stack/cinder/cinder/api/openstack/__init__.py:120}}
Nov 23 09:38:23.455085 n-d-781076-5 devstack@c-api.service[116857]: WARNING keystonemiddleware.auth_token [None req-8ae2f6e3-2679-49da-9433-e2af369e3471 None None] AuthToken middleware is set with keystone_authtoken.service_token_roles_required set to False. This is backwards compatible but deprecated behaviour. Please set this to True.
Nov 23 09:38:23.462581 n-d-781076-5 devstack@c-api.service[116857]: WARNING keystonemiddleware.auth_token [None req-8ae2f6e3-2679-49da-9433-e2af369e3471 None None] Configuring www_authenticate_uri to point to the public identity endpoint is required; clients may not be able to authenticate against an admin endpoint
Nov 23 09:38:23.467831 n-d-781076-5 devstack@c-api.service[116857]: WSGI app 0 (mountpoint='') ready in 4 seconds on interpreter 0x55664e8969c0 pid: 116857 (default app)
Nov 23 09:38:30.830193 n-d-781076-5 devstack@c-api.service[116858]: /usr/local/lib/python3.8/dist-packages/oslo_policy/policy.py:785: UserWarning: Policy "volume:attachment_create":"" was deprecated in X in favor of "volume:attachment_create":"rule:xena_system_admin_or_project_member". Reason: Default policies now support the three Keystone default roles, namely 'admin', 'member', and 'reader' to implement three Cinder "personas". See "Policy Personas and Permissions" in the "Cinder Service Configuration" documentation (Xena release) for details.. Either ensure your deployment is ready for the new default or copy/paste the deprecated policy into your policy file and maintain it manually.
Nov 23 09:38:30.830193 n-d-781076-5 devstack@c-api.service[116858]: warnings.warn(deprecated_msg)
Nov 23 09:38:30.830813 n-d-781076-5 devstack@c-api.service[116858]: /usr/local/lib/python3.8/dist-packages/oslo_policy/policy.py:785: UserWarning: Policy "volume:attachment_update":"rule:admin_or_owner" was deprecated in X in favor of "volume:attachment_update":"rule:xena_system_admin_or_project_member". Reason: Default policies now support the three Keystone default roles, namely 'admin', 'member', and 'reader' to implement three Cinder "personas". See "Policy Personas and Permissions" in the "Cinder Service Configuration" documentation (Xena release) for details.. Either ensure your deployment is ready for the new default or copy/paste the deprecated policy into your policy file and maintain it manually.
Nov 23 09:38:30.830813 n-d-781076-5 devstack@c-api.service[116858]: warnings.warn(deprecated_msg)
Nov 23 09:38:30.830813 n-d-781076-5 devstack@c-api.service[116858]: /usr/local/lib/python3.8/dist-packages/oslo_policy/policy.py:785: UserWarning: Policy "volume:attachment_delete":"rule:admin_or_owner" was deprecated in X in favor of "volume:attachment_delete":"rule:xena_system_admin_or_project_member". Reason: Default policies now support the three Keystone default roles, namely 'admin', 'member', and 'reader' to implement three Cinder "personas". See "Policy Personas and Permissions" in the "Cinder Service Configuration" documentation (Xena release) for details.. Either ensure your deployment is ready for the new default or copy/paste the deprecated policy into your policy file and maintain it manually.
Nov 23 09:38:30.830813 n-d-781076-5 devstack@c-api.service[116858]: warnings.warn(deprecated_msg)
Nov 23 09:38:30.830813 n-d-781076-5 devstack@c-api.service[116858]: /usr/local/lib/python3.8/dist-packages/oslo_policy/policy.py:785: UserWarning: Policy "volume:attachment_complete":"rule:admin_or_owner" was deprecated in X in favor of "volume:attachment_complete":"rule:xena_system_admin_or_project_member". Reason: Default policies now support the three Keystone default roles, namely 'admin', 'member', and 'reader' to implement three Cinder "personas". See "Policy Personas and Permissions" in the "Cinder Service Configuration" documentation (Xena release) for details.. Either ensure your deployment is ready for the new default or copy/paste the deprecated policy into your policy file and maintain it manually.
Nov 23 09:38:30.830813 n-d-781076-5 devstack@c-api.service[116858]: warnings.warn(deprecated_msg)
Nov 23 09:38:30.831195 n-d-781076-5 devstack@c-api.service[116858]: /usr/local/lib/python3.8/dist-packages/oslo_policy/policy.py:785: UserWarning: Policy "volume:multiattach_bootable_volume":"rule:admin_or_owner" was deprecated in X in favor of "volume:multiattach_bootable_volume":"rule:xena_system_admin_or_project_member". Reason: Default policies now support the three Keystone default roles, namely 'admin', 'member', and 'reader' to implement three Cinder "personas". See "Policy Personas and Permissions" in the "Cinder Service Configuration" documentation (Xena release) for details.. Either ensure your deployment is ready for the new default or copy/paste the deprecated policy into your policy file and maintain it manually.
Nov 23 09:38:30.831195 n-d-781076-5 devstack@c-api.service[116858]: warnings.warn(deprecated_msg)
Nov 23 09:38:30.831195 n-d-781076-5 devstack@c-api.service[116858]: /usr/local/lib/python3.8/dist-packages/oslo_policy/policy.py:785: UserWarning: Policy "message:get_all":"rule:admin_or_owner" was deprecated in X in favor of "message:get_all":"rule:xena_system_admin_or_project_reader". Reason: Default policies now support the three Keystone default roles, namely 'admin', 'member', and 'reader' to implement three Cinder "personas". See "Policy Personas and Permissions" in the "Cinder Service Configuration" documentation (Xena release) for details.. Either ensure your deployment is ready for the new default or copy/paste the deprecated policy into your policy file and maintain it manually.
Nov 23 09:38:30.831195 n-d-781076-5 devstack@c-api.service[116858]: warnings.warn(deprecated_msg)
Nov 23 09:38:30.831195 n-d-781076-5 devstack@c-api.service[116858]: /usr/local/lib/python3.8/dist-packages/oslo_policy/policy.py:785: UserWarning: Policy "message:get":"rule:admin_or_owner" was deprecated in X in favor of "message:get":"rule:xena_system_admin_or_project_reader". Reason: Default policies now support the three Keystone default roles, namely 'admin', 'member', and 'reader' to implement three Cinder "personas". See "Policy Personas and Permissions" in the "Cinder Service Configuration" documentation (Xena release) for details.. Either ensure your deployment is ready for the new default or copy/paste the deprecated policy into your policy file and maintain it manually.
Nov 23 09:38:30.831195 n-d-781076-5 devstack@c-api.service[116858]: warnings.warn(deprecated_msg)
Nov 23 09:38:30.831543 n-d-781076-5 devstack@c-api.service[116858]: /usr/local/lib/python3.8/dist-packages/oslo_policy/policy.py:785: UserWarning: Policy "message:delete":"rule:admin_or_owner" was deprecated in X in favor of "message:delete":"rule:xena_system_admin_or_project_member". Reason: Default policies now support the three Keystone default roles, namely 'admin', 'member', and 'reader' to implement three Cinder "personas". See "Policy Personas and Permissions" in the "Cinder Service Configuration" documentation (Xena release) for details.. Either ensure your deployment is ready for the new default or copy/paste the deprecated policy into your policy file and maintain it manually.
Nov 23 09:38:30.831543 n-d-781076-5 devstack@c-api.service[116858]: warnings.warn(deprecated_msg)
Nov 23 09:38:30.831543 n-d-781076-5 devstack@c-api.service[116858]: /usr/local/lib/python3.8/dist-packages/oslo_policy/policy.py:785: UserWarning: Policy "volume:get_snapshot_metadata":"rule:admin_or_owner" was deprecated in X in favor of "volume:get_snapshot_metadata":"rule:xena_system_admin_or_project_reader". Reason: Default policies now support the three Keystone default roles, namely 'admin', 'member', and 'reader' to implement three Cinder "personas". See "Policy Personas and Permissions" in the "Cinder Service Configuration" documentation (Xena release) for details.. Either ensure your deployment is ready for the new default or copy/paste the deprecated policy into your policy file and maintain it manually.
Nov 23 09:38:30.831543 n-d-781076-5 devstack@c-api.service[116858]: warnings.warn(deprecated_msg)
Nov 23 09:38:30.831543 n-d-781076-5 devstack@c-api.service[116858]: /usr/local/lib/python3.8/dist-packages/oslo_policy/policy.py:785: UserWarning: Policy "volume:update_snapshot_metadata":"rule:admin_or_owner" was deprecated in X in favor of "volume:update_snapshot_metadata":"rule:xena_system_admin_or_project_member". Reason: Default policies now support the three Keystone default roles, namely 'admin', 'member', and 'reader' to implement three Cinder "personas". See "Policy Personas and Permissions" in the "Cinder Service Configuration" documentation (Xena release) for details.. Either ensure your deployment is ready for the new default or copy/paste the deprecated policy into your policy file and maintain it manually.
Nov 23 09:38:30.831543 n-d-781076-5 devstack@c-api.service[116858]: warnings.warn(deprecated_msg)
Nov 23 09:38:30.831938 n-d-781076-5 devstack@c-api.service[116858]: /usr/local/lib/python3.8/dist-packages/oslo_policy/policy.py:785: UserWarning: Policy "volume:delete_snapshot_metadata":"rule:admin_or_owner" was deprecated in X in favor of "volume:delete_snapshot_metadata":"rule:xena_system_admin_or_project_member". Reason: Default policies now support the three Keystone default roles, namely 'admin', 'member', and 'reader' to implement three Cinder "personas". See "Policy Personas and Permissions" in the "Cinder Service Configuration" documentation (Xena release) for details.. Either ensure your deployment is ready for the new default or copy/paste the deprecated policy into your policy file and maintain it manually.
Nov 23 09:38:30.831938 n-d-781076-5 devstack@c-api.service[116858]: warnings.warn(deprecated_msg)
Nov 23 09:38:30.831938 n-d-781076-5 devstack@c-api.service[116858]: /usr/local/lib/python3.8/dist-packages/oslo_policy/policy.py:785: UserWarning: Policy "volume:get_all_snapshots":"rule:admin_or_owner" was deprecated in X in favor of "volume:get_all_snapshots":"rule:xena_system_admin_or_project_reader". Reason: Default policies now support the three Keystone default roles, namely 'admin', 'member', and 'reader' to implement three Cinder "personas". See "Policy Personas and Permissions" in the "Cinder Service Configuration" documentation (Xena release) for details.. Either ensure your deployment is ready for the new default or copy/paste the deprecated policy into your policy file and maintain it manually.
Nov 23 09:38:30.831938 n-d-781076-5 devstack@c-api.service[116858]: warnings.warn(deprecated_msg)
Nov 23 09:38:30.832199 n-d-781076-5 devstack@c-api.service[116858]: /usr/local/lib/python3.8/dist-packages/oslo_policy/policy.py:785: UserWarning: Policy "volume_extension:extended_snapshot_attributes":"rule:admin_or_owner" was deprecated in X in favor of "volume_extension:extended_snapshot_attributes":"rule:xena_system_admin_or_project_reader". Reason: Default policies now support the three Keystone default roles, namely 'admin', 'member', and 'reader' to implement three Cinder "personas". See "Policy Personas and Permissions" in the "Cinder Service Configuration" documentation (Xena release) for details.. Either ensure your deployment is ready for the new default or copy/paste the deprecated policy into your policy file and maintain it manually.
Nov 23 09:38:30.832199 n-d-781076-5 devstack@c-api.service[116858]: warnings.warn(deprecated_msg)
Nov 23 09:38:30.832484 n-d-781076-5 devstack@c-api.service[116858]: /usr/local/lib/python3.8/dist-packages/oslo_policy/policy.py:785: UserWarning: Policy "volume:create_snapshot":"rule:admin_or_owner" was deprecated in X in favor of "volume:create_snapshot":"rule:xena_system_admin_or_project_member". Reason: Default policies now support the three Keystone default roles, namely 'admin', 'member', and 'reader' to implement three Cinder "personas". See "Policy Personas and Permissions" in the "Cinder Service Configuration" documentation (Xena release) for details.. Either ensure your deployment is ready for the new default or copy/paste the deprecated policy into your policy file and maintain it manually.
Nov 23 09:38:30.832484 n-d-781076-5 devstack@c-api.service[116858]: warnings.warn(deprecated_msg)
Nov 23 09:38:30.832858 n-d-781076-5 devstack@c-api.service[116858]: /usr/local/lib/python3.8/dist-packages/oslo_policy/policy.py:785: UserWarning: Policy "volume:get_snapshot":"rule:admin_or_owner" was deprecated in X in favor of "volume:get_snapshot":"rule:xena_system_admin_or_project_reader". Reason: Default policies now support the three Keystone default roles, namely 'admin', 'member', and 'reader' to implement three Cinder "personas". See "Policy Personas and Permissions" in the "Cinder Service Configuration" documentation (Xena release) for details.. Either ensure your deployment is ready for the new default or copy/paste the deprecated policy into your policy file and maintain it manually.
Nov 23 09:38:30.832858 n-d-781076-5 devstack@c-api.service[116858]: warnings.warn(deprecated_msg)
Nov 23 09:38:30.833034 n-d-781076-5 devstack@c-api.service[116858]: /usr/local/lib/python3.8/dist-packages/oslo_policy/policy.py:785: UserWarning: Policy "volume:update_snapshot":"rule:admin_or_owner" was deprecated in X in favor of "volume:update_snapshot":"rule:xena_system_admin_or_project_member". Reason: Default policies now support the three Keystone default roles, namely 'admin', 'member', and 'reader' to implement three Cinder "personas". See "Policy Personas and Permissions" in the "Cinder Service Configuration" documentation (Xena release) for details.. Either ensure your deployment is ready for the new default or copy/paste the deprecated policy into your policy file and maintain it manually.
Nov 23 09:38:30.833034 n-d-781076-5 devstack@c-api.service[116858]: warnings.warn(deprecated_msg)
