Jan 17 10:49:27.449256 n-d-780260-2 devstack@placement-api.service[115443]: DEBUG placement.requestlog [req-a0367235-7b41-467d-9d94-48bf26202aef req-4a70a7c1-44a6-4677-a121-533346df770d None None] Starting request: 10.222.0.60 "GET /placement/allocation_candidates?resources=DISK_GB%3A1%2CMEMORY_MB%3A1024%2CVCPU%3A1&root_required=%21COMPUTE_STATUS_DISABLED" {{(pid=115443) __call__ /opt/stack/placement/placement/requestlog.py:55}}
Jan 17 10:49:27.455136 n-d-780260-2 devstack@placement-api.service[115444]: INFO placement.requestlog [req-029745dd-66aa-4813-98cb-5b4c97aa47b1 req-801fe211-3ea1-4046-b89b-66bb3261d522 service placement] 10.222.0.72 "GET /placement/resource_providers/cd508213-e8b9-4ed3-93c3-13d1e9eb1af8/inventories" status: 200 len: 398 microversion: 1.0
Jan 17 10:49:27.455567 n-d-780260-2 devstack@placement-api.service[115444]: [pid: 115444|app: 0|req: 111/220] 10.222.0.72 () {58 vars in 1390 bytes} [Mon Jan 17 10:49:27 2022] GET /placement/resource_providers/cd508213-e8b9-4ed3-93c3-13d1e9eb1af8/inventories => generated 398 bytes in 62 msecs (HTTP/1.1 200) 6 headers in 224 bytes (1 switches on core 0)
Jan 17 10:49:27.473411 n-d-780260-2 devstack@placement-api.service[115444]: DEBUG placement.requestlog [req-029745dd-66aa-4813-98cb-5b4c97aa47b1 req-8536a516-c74c-463a-b865-d59227295526 None None] Starting request: 10.222.0.72 "GET /placement/resource_providers/cd508213-e8b9-4ed3-93c3-13d1e9eb1af8/aggregates" {{(pid=115444) __call__ /opt/stack/placement/placement/requestlog.py:55}}
Jan 17 10:49:27.502293 n-d-780260-2 devstack@placement-api.service[115444]: INFO placement.requestlog [req-029745dd-66aa-4813-98cb-5b4c97aa47b1 req-8536a516-c74c-463a-b865-d59227295526 service placement] 10.222.0.72 "GET /placement/resource_providers/cd508213-e8b9-4ed3-93c3-13d1e9eb1af8/aggregates" status: 200 len: 54 microversion: 1.19
Jan 17 10:49:27.502684 n-d-780260-2 devstack@placement-api.service[115444]: [pid: 115444|app: 0|req: 112/221] 10.222.0.72 () {60 vars in 1431 bytes} [Mon Jan 17 10:49:27 2022] GET /placement/resource_providers/cd508213-e8b9-4ed3-93c3-13d1e9eb1af8/aggregates => generated 54 bytes in 30 msecs (HTTP/1.1 200) 8 headers in 295 bytes (2 switches on core 0)
Jan 17 10:49:27.505363 n-d-780260-2 devstack@placement-api.service[115443]: DEBUG placement.objects.research_context [req-a0367235-7b41-467d-9d94-48bf26202aef req-4a70a7c1-44a6-4677-a121-533346df770d service placement] getting providers with 1 DISK_GB {{(pid=115443) __init__ /opt/stack/placement/placement/objects/research_context.py:126}}
Jan 17 10:49:27.513325 n-d-780260-2 devstack@placement-api.service[115443]: DEBUG placement.objects.research_context [req-a0367235-7b41-467d-9d94-48bf26202aef req-4a70a7c1-44a6-4677-a121-533346df770d service placement] getting providers with 1024 MEMORY_MB {{(pid=115443) __init__ /opt/stack/placement/placement/objects/research_context.py:126}}
Jan 17 10:49:27.521724 n-d-780260-2 devstack@placement-api.service[115444]: DEBUG placement.requestlog [req-029745dd-66aa-4813-98cb-5b4c97aa47b1 req-d92f2ee6-64bd-42b0-86f5-c7ce0f2f706b None None] Starting request: 10.222.0.72 "GET /placement/resource_providers/cd508213-e8b9-4ed3-93c3-13d1e9eb1af8/traits" {{(pid=115444) __call__ /opt/stack/placement/placement/requestlog.py:55}}
Jan 17 10:49:27.530467 n-d-780260-2 devstack@placement-api.service[115443]: DEBUG placement.objects.research_context [req-a0367235-7b41-467d-9d94-48bf26202aef req-4a70a7c1-44a6-4677-a121-533346df770d service placement] getting providers with 1 VCPU {{(pid=115443) __init__ /opt/stack/placement/placement/objects/research_context.py:126}}
Jan 17 10:49:27.547662 n-d-780260-2 devstack@placement-api.service[115443]: DEBUG placement.objects.research_context [req-a0367235-7b41-467d-9d94-48bf26202aef req-4a70a7c1-44a6-4677-a121-533346df770d service placement] found 2 providers with available 1 DISK_GB {{(pid=115443) get_provider_ids_matching /opt/stack/placement/placement/objects/research_context.py:549}}
Jan 17 10:49:27.548132 n-d-780260-2 devstack@placement-api.service[115443]: DEBUG placement.objects.research_context [req-a0367235-7b41-467d-9d94-48bf26202aef req-4a70a7c1-44a6-4677-a121-533346df770d service placement] found 2 providers with available 1024 MEMORY_MB {{(pid=115443) get_provider_ids_matching /opt/stack/placement/placement/objects/research_context.py:549}}
Jan 17 10:49:27.548574 n-d-780260-2 devstack@placement-api.service[115443]: DEBUG placement.objects.research_context [req-a0367235-7b41-467d-9d94-48bf26202aef req-4a70a7c1-44a6-4677-a121-533346df770d service placement] found 2 providers after filtering by previous result {{(pid=115443) get_provider_ids_matching /opt/stack/placement/placement/objects/research_context.py:580}}
Jan 17 10:49:27.549000 n-d-780260-2 devstack@placement-api.service[115443]: DEBUG placement.objects.research_context [req-a0367235-7b41-467d-9d94-48bf26202aef req-4a70a7c1-44a6-4677-a121-533346df770d service placement] found 2 providers with available 1 VCPU {{(pid=115443) get_provider_ids_matching /opt/stack/placement/placement/objects/research_context.py:549}}
Jan 17 10:49:27.549659 n-d-780260-2 devstack@placement-api.service[115443]: DEBUG placement.objects.research_context [req-a0367235-7b41-467d-9d94-48bf26202aef req-4a70a7c1-44a6-4677-a121-533346df770d service placement] found 2 providers after filtering by previous result {{(pid=115443) get_provider_ids_matching /opt/stack/placement/placement/objects/research_context.py:580}}
Jan 17 10:49:27.570991 n-d-780260-2 devstack@placement-api.service[115443]: DEBUG placement.objects.allocation_candidate [req-a0367235-7b41-467d-9d94-48bf26202aef req-4a70a7c1-44a6-4677-a121-533346df770d service placement] RequestGroup(use_same_provider=False, resources={DISK_GB:1, MEMORY_MB:1024, VCPU:1}, traits=[], aggregates=[]) (suffix '') returned 2 matches {{(pid=115443) _get_by_requests /opt/stack/placement/placement/objects/allocation_candidate.py:145}}
Jan 17 10:49:27.571693 n-d-780260-2 devstack@placement-api.service[115443]: DEBUG placement.objects.allocation_candidate [req-a0367235-7b41-467d-9d94-48bf26202aef req-4a70a7c1-44a6-4677-a121-533346df770d service placement] Merging candidates yields 2 allocation requests and 2 provider summaries {{(pid=115443) _merge_candidates /opt/stack/placement/placement/objects/allocation_candidate.py:783}}
Jan 17 10:49:27.573963 n-d-780260-2 devstack@placement-api.service[115443]: INFO placement.requestlog [req-a0367235-7b41-467d-9d94-48bf26202aef req-4a70a7c1-44a6-4677-a121-533346df770d service placement] 10.222.0.60 "GET /placement/allocation_candidates?resources=DISK_GB%3A1%2CMEMORY_MB%3A1024%2CVCPU%3A1&root_required=%21COMPUTE_STATUS_DISABLED" status: 200 len: 1310 microversion: 1.36
Jan 17 10:49:27.574694 n-d-780260-2 devstack@placement-api.service[115443]: [pid: 115443|app: 0|req: 110/222] 10.222.0.60 () {60 vars in 1484 bytes} [Mon Jan 17 10:49:27 2022] GET /placement/allocation_candidates?resources=DISK_GB%3A1%2CMEMORY_MB%3A1024%2CVCPU%3A1&root_required=%21COMPUTE_STATUS_DISABLED => generated 1310 bytes in 126 msecs (HTTP/1.1 200) 8 headers in 297 bytes (2 switches on core 0)
Jan 17 10:49:27.586988 n-d-780260-2 devstack@placement-api.service[115444]: INFO placement.requestlog [req-029745dd-66aa-4813-98cb-5b4c97aa47b1 req-d92f2ee6-64bd-42b0-86f5-c7ce0f2f706b service placement] 10.222.0.72 "GET /placement/resource_providers/cd508213-e8b9-4ed3-93c3-13d1e9eb1af8/traits" status: 200 len: 212 microversion: 1.6
Jan 17 10:49:27.587715 n-d-780260-2 devstack@placement-api.service[115444]: [pid: 115444|app: 0|req: 113/223] 10.222.0.72 () {60 vars in 1418 bytes} [Mon Jan 17 10:49:27 2022] GET /placement/resource_providers/cd508213-e8b9-4ed3-93c3-13d1e9eb1af8/traits => generated 212 bytes in 66 msecs (HTTP/1.1 200) 6 headers in 224 bytes (2 switches on core 0)
Jan 17 10:49:27.657063 n-d-780260-2 devstack@placement-api.service[115443]: DEBUG placement.requestlog [req-a0367235-7b41-467d-9d94-48bf26202aef req-6ddab817-fcbb-48c9-a4e4-1e20c1f90013 None None] Starting request: 10.222.0.60 "GET /placement/allocations/17de2744-eae5-4aed-b378-10b44ba9ca0e" {{(pid=115443) __call__ /opt/stack/placement/placement/requestlog.py:55}}
Jan 17 10:49:27.670287 n-d-780260-2 devstack@placement-api.service[115443]: INFO placement.requestlog [req-a0367235-7b41-467d-9d94-48bf26202aef req-6ddab817-fcbb-48c9-a4e4-1e20c1f90013 service placement] 10.222.0.60 "GET /placement/allocations/17de2744-eae5-4aed-b378-10b44ba9ca0e" status: 200 len: 19 microversion: 1.28
Jan 17 10:49:27.672484 n-d-780260-2 devstack@placement-api.service[115443]: [pid: 115443|app: 0|req: 111/224] 10.222.0.60 () {60 vars in 1380 bytes} [Mon Jan 17 10:49:27 2022] GET /placement/allocations/17de2744-eae5-4aed-b378-10b44ba9ca0e => generated 19 bytes in 16 msecs (HTTP/1.1 200) 8 headers in 295 bytes (1 switches on core 0)
Jan 17 10:49:27.678436 n-d-780260-2 devstack@placement-api.service[115444]: DEBUG placement.requestlog [req-a0367235-7b41-467d-9d94-48bf26202aef req-c6a0e5f6-e7f1-4499-a8e7-1e8eb0d68acb None None] Starting request: 10.222.0.60 "PUT /placement/allocations/17de2744-eae5-4aed-b378-10b44ba9ca0e" {{(pid=115444) __call__ /opt/stack/placement/placement/requestlog.py:55}}
Jan 17 10:49:27.779637 n-d-780260-2 devstack@placement-api.service[115444]: DEBUG placement.handlers.allocation [req-a0367235-7b41-467d-9d94-48bf26202aef req-c6a0e5f6-e7f1-4499-a8e7-1e8eb0d68acb service placement] Successfully wrote allocations [, , ] {{(pid=115444) _update_consumers_and_create_allocations /opt/stack/placement/placement/handlers/allocation.py:462}}
Jan 17 10:49:27.785845 n-d-780260-2 devstack@placement-api.service[115444]: INFO placement.requestlog [req-a0367235-7b41-467d-9d94-48bf26202aef req-c6a0e5f6-e7f1-4499-a8e7-1e8eb0d68acb service placement] 10.222.0.60 "PUT /placement/allocations/17de2744-eae5-4aed-b378-10b44ba9ca0e" status: 204 len: 0 microversion: 1.36
Jan 17 10:49:27.786655 n-d-780260-2 devstack@placement-api.service[115444]: [pid: 115444|app: 0|req: 114/225] 10.222.0.60 () {64 vars in 1433 bytes} [Mon Jan 17 10:49:27 2022] PUT /placement/allocations/17de2744-eae5-4aed-b378-10b44ba9ca0e => generated 0 bytes in 108 msecs (HTTP/1.1 204) 5 headers in 199 bytes (1 switches on core 0)
Jan 17 10:49:28.207818 n-d-780260-2 devstack@placement-api.service[115443]: DEBUG placement.requestlog [req-a0367235-7b41-467d-9d94-48bf26202aef req-a3155e85-0b5d-4403-89a2-1deec814f4dc None None] Starting request: 10.222.0.15 "GET /placement/allocations/17de2744-eae5-4aed-b378-10b44ba9ca0e" {{(pid=115443) __call__ /opt/stack/placement/placement/requestlog.py:55}}
Jan 17 10:49:28.366799 n-d-780260-2 devstack@placement-api.service[115443]: INFO placement.requestlog [req-a0367235-7b41-467d-9d94-48bf26202aef req-a3155e85-0b5d-4403-89a2-1deec814f4dc service placement] 10.222.0.15 "GET /placement/allocations/17de2744-eae5-4aed-b378-10b44ba9ca0e" status: 200 len: 259 microversion: 1.28
Jan 17 10:49:28.368320 n-d-780260-2 devstack@placement-api.service[115443]: [pid: 115443|app: 0|req: 112/226] 10.222.0.15 () {60 vars in 1377 bytes} [Mon Jan 17 10:49:28 2022] GET /placement/allocations/17de2744-eae5-4aed-b378-10b44ba9ca0e => generated 259 bytes in 161 msecs (HTTP/1.1 200) 8 headers in 296 bytes (1 switches on core 0)
Jan 17 10:49:28.515730 n-d-780260-2 devstack@placement-api.service[115444]: DEBUG placement.requestlog [req-a0367235-7b41-467d-9d94-48bf26202aef req-7b564a39-7b10-447f-8298-85490fe1bdd3 None None] Starting request: 10.222.0.15 "GET /placement/resource_providers?in_tree=5ea2c5c3-76d5-4eac-8d51-19bd7745526a" {{(pid=115444) __call__ /opt/stack/placement/placement/requestlog.py:55}}
Jan 17 10:49:28.532389 n-d-780260-2 devstack@placement-api.service[115444]: INFO placement.requestlog [req-a0367235-7b41-467d-9d94-48bf26202aef req-7b564a39-7b10-447f-8298-85490fe1bdd3 service placement] 10.222.0.15 "GET /placement/resource_providers?in_tree=5ea2c5c3-76d5-4eac-8d51-19bd7745526a" status: 200 len: 863 microversion: 1.14
Jan 17 10:49:28.533154 n-d-780260-2 devstack@placement-api.service[115444]: [pid: 115444|app: 0|req: 115/227] 10.222.0.15 () {60 vars in 1376 bytes} [Mon Jan 17 10:49:28 2022] GET /placement/resource_providers?in_tree=5ea2c5c3-76d5-4eac-8d51-19bd7745526a => generated 863 bytes in 18 msecs (HTTP/1.1 200) 6 headers in 225 bytes (1 switches on core 0)
Jan 17 10:49:28.542389 n-d-780260-2 devstack@placement-api.service[115443]: DEBUG placement.requestlog [req-a0367235-7b41-467d-9d94-48bf26202aef req-2cdac6b4-aa71-40cd-86b5-e9987cc1a423 None None] Starting request: 10.222.0.15 "GET /placement/resource_providers/5ea2c5c3-76d5-4eac-8d51-19bd7745526a/inventories" {{(pid=115443) __call__ /opt/stack/placement/placement/requestlog.py:55}}
Jan 17 10:49:28.602128 n-d-780260-2 devstack@placement-api.service[115444]: DEBUG placement.requestlog [req-466d69df-2b86-4282-bb7e-6ec8cd840793 req-008b3f2c-068b-4ce1-bb0d-3f542381aef1 None None] Starting request: 10.222.0.72 "DELETE /placement/allocations/f8bc1c39-4e18-4f77-b2e4-0731b794d0ac" {{(pid=115444) __call__ /opt/stack/placement/placement/requestlog.py:55}}
Jan 17 10:49:28.605445 n-d-780260-2 devstack@placement-api.service[115443]: INFO placement.requestlog [req-a0367235-7b41-467d-9d94-48bf26202aef req-2cdac6b4-aa71-40cd-86b5-e9987cc1a423 service placement] 10.222.0.15 "GET /placement/resource_providers/5ea2c5c3-76d5-4eac-8d51-19bd7745526a/inventories" status: 200 len: 398 microversion: 1.0
Jan 17 10:49:28.606182 n-d-780260-2 devstack@placement-api.service[115443]: [pid: 115443|app: 0|req: 113/228] 10.222.0.15 () {58 vars in 1390 bytes} [Mon Jan 17 10:49:28 2022] GET /placement/resource_providers/5ea2c5c3-76d5-4eac-8d51-19bd7745526a/inventories => generated 398 bytes in 64 msecs (HTTP/1.1 200) 6 headers in 224 bytes (1 switches on core 0)
Jan 17 10:49:28.616462 n-d-780260-2 devstack@placement-api.service[115443]: DEBUG placement.requestlog [req-a0367235-7b41-467d-9d94-48bf26202aef req-8b14824e-62f0-4262-b0a4-d4d4537b2e3e None None] Starting request: 10.222.0.15 "GET /placement/resource_providers/5ea2c5c3-76d5-4eac-8d51-19bd7745526a/aggregates" {{(pid=115443) __call__ /opt/stack/placement/placement/requestlog.py:55}}
Jan 17 10:49:28.639763 n-d-780260-2 devstack@placement-api.service[115443]: INFO placement.requestlog [req-a0367235-7b41-467d-9d94-48bf26202aef req-8b14824e-62f0-4262-b0a4-d4d4537b2e3e service placement] 10.222.0.15 "GET /placement/resource_providers/5ea2c5c3-76d5-4eac-8d51-19bd7745526a/aggregates" status: 200 len: 54 microversion: 1.19
Jan 17 10:49:28.640154 n-d-780260-2 devstack@placement-api.service[115443]: [pid: 115443|app: 0|req: 114/229] 10.222.0.15 () {60 vars in 1431 bytes} [Mon Jan 17 10:49:28 2022] GET /placement/resource_providers/5ea2c5c3-76d5-4eac-8d51-19bd7745526a/aggregates => generated 54 bytes in 24 msecs (HTTP/1.1 200) 8 headers in 295 bytes (1 switches on core 0)
Jan 17 10:49:28.652315 n-d-780260-2 devstack@placement-api.service[115443]: DEBUG placement.requestlog [req-a0367235-7b41-467d-9d94-48bf26202aef req-2f8a629b-df3d-4cc3-a593-bd9f5413420b None None] Starting request: 10.222.0.15 "GET /placement/resource_providers/5ea2c5c3-76d5-4eac-8d51-19bd7745526a/traits" {{(pid=115443) __call__ /opt/stack/placement/placement/requestlog.py:55}}
Jan 17 10:49:28.670800 n-d-780260-2 devstack@placement-api.service[115444]: DEBUG placement.handlers.allocation [req-466d69df-2b86-4282-bb7e-6ec8cd840793 req-008b3f2c-068b-4ce1-bb0d-3f542381aef1 service placement] Successfully deleted allocations [, , ] {{(pid=115444) delete_allocations /opt/stack/placement/placement/handlers/allocation.py:627}}
Jan 17 10:49:28.671852 n-d-780260-2 devstack@placement-api.service[115444]: INFO placement.requestlog [req-466d69df-2b86-4282-bb7e-6ec8cd840793 req-008b3f2c-068b-4ce1-bb0d-3f542381aef1 service placement] 10.222.0.72 "DELETE /placement/allocations/f8bc1c39-4e18-4f77-b2e4-0731b794d0ac" status: 204 len: 0 microversion: 1.0
Jan 17 10:49:28.672533 n-d-780260-2 devstack@placement-api.service[115444]: [pid: 115444|app: 0|req: 116/230] 10.222.0.72 () {60 vars in 1355 bytes} [Mon Jan 17 10:49:28 2022] DELETE /placement/allocations/f8bc1c39-4e18-4f77-b2e4-0731b794d0ac => generated 0 bytes in 71 msecs (HTTP/1.1 204) 5 headers in 198 bytes (2 switches on core 0)
Jan 17 10:49:28.736468 n-d-780260-2 devstack@placement-api.service[115443]: INFO placement.requestlog [req-a0367235-7b41-467d-9d94-48bf26202aef req-2f8a629b-df3d-4cc3-a593-bd9f5413420b service placement] 10.222.0.15 "GET /placement/resource_providers/5ea2c5c3-76d5-4eac-8d51-19bd7745526a/traits" status: 200 len: 212 microversion: 1.6
Jan 17 10:49:28.737100 n-d-780260-2 devstack@placement-api.service[115443]: [pid: 115443|app: 0|req: 115/231] 10.222.0.15 () {60 vars in 1418 bytes} [Mon Jan 17 10:49:28 2022] GET /placement/resource_providers/5ea2c5c3-76d5-4eac-8d51-19bd7745526a/traits => generated 212 bytes in 85 msecs (HTTP/1.1 200) 6 headers in 224 bytes (1 switches on core 0)
Jan 17 10:49:31.189666 n-d-780260-2 devstack@placement-api.service[115444]: DEBUG placement.requestlog [req-7a095048-2dbf-474c-bec8-e04576813e2a req-2d7e207b-f115-4e5e-a003-8d1594b167ee None None] Starting request: 10.222.0.15 "GET /placement/resource_providers/5ea2c5c3-76d5-4eac-8d51-19bd7745526a/allocations" {{(pid=115444) __call__ /opt/stack/placement/placement/requestlog.py:55}}
Jan 17 10:49:31.248223 n-d-780260-2 devstack@placement-api.service[115444]: INFO placement.requestlog [req-7a095048-2dbf-474c-bec8-e04576813e2a req-2d7e207b-f115-4e5e-a003-8d1594b167ee service placement] 10.222.0.15 "GET /placement/resource_providers/5ea2c5c3-76d5-4eac-8d51-19bd7745526a/allocations" status: 200 len: 760 microversion: 1.0
Jan 17 10:49:31.249144 n-d-780260-2 devstack@placement-api.service[115444]: [pid: 115444|app: 0|req: 117/232] 10.222.0.15 () {58 vars in 1390 bytes} [Mon Jan 17 10:49:31 2022] GET /placement/resource_providers/5ea2c5c3-76d5-4eac-8d51-19bd7745526a/allocations => generated 760 bytes in 60 msecs (HTTP/1.1 200) 6 headers in 224 bytes (1 switches on core 0)
Jan 17 10:49:34.505450 n-d-780260-2 devstack@placement-api.service[115443]: DEBUG placement.requestlog [None req-f79b61da-edd7-4e3c-a636-b69c25bdbebb None None] Starting request: 10.222.0.60 "GET /placement/" {{(pid=115443) __call__ /opt/stack/placement/placement/requestlog.py:55}}
Jan 17 10:49:34.506913 n-d-780260-2 devstack@placement-api.service[115443]: INFO placement.requestlog [None req-f79b61da-edd7-4e3c-a636-b69c25bdbebb None None] 10.222.0.60 "GET /placement/" status: 200 len: 136 microversion: 1.0
Jan 17 10:49:34.507762 n-d-780260-2 devstack@placement-api.service[115443]: [pid: 115443|app: 0|req: 116/233] 10.222.0.60 () {54 vars in 916 bytes} [Mon Jan 17 10:49:34 2022] GET /placement => generated 136 bytes in 4 msecs (HTTP/1.1 200) 6 headers in 224 bytes (1 switches on core 0)
Jan 17 10:49:34.516513 n-d-780260-2 devstack@placement-api.service[115444]: DEBUG placement.requestlog [req-5eb5aed1-4081-4cef-bc2d-cf5518e9499d req-e94f0b4d-9949-4b2c-ab0e-186dd5b98972 None None] Starting request: 10.222.0.60 "GET /placement/allocations/419870d0-9dc7-49be-afdf-38cc7ed66add" {{(pid=115444) __call__ /opt/stack/placement/placement/requestlog.py:55}}
Jan 17 10:49:34.833170 n-d-780260-2 devstack@placement-api.service[115444]: INFO placement.requestlog [req-5eb5aed1-4081-4cef-bc2d-cf5518e9499d req-e94f0b4d-9949-4b2c-ab0e-186dd5b98972 service placement] 10.222.0.60 "GET /placement/allocations/419870d0-9dc7-49be-afdf-38cc7ed66add" status: 200 len: 259 microversion: 1.28
Jan 17 10:49:34.833553 n-d-780260-2 devstack@placement-api.service[115444]: [pid: 115444|app: 0|req: 118/234] 10.222.0.60 () {60 vars in 1380 bytes} [Mon Jan 17 10:49:34 2022] GET /placement/allocations/419870d0-9dc7-49be-afdf-38cc7ed66add => generated 259 bytes in 317 msecs (HTTP/1.1 200) 8 headers in 296 bytes (1 switches on core 0)
Jan 17 10:49:34.840461 n-d-780260-2 devstack@placement-api.service[115443]: DEBUG placement.requestlog [req-5eb5aed1-4081-4cef-bc2d-cf5518e9499d req-b265678b-2815-4f40-aa2e-a01960fd8b0e None None] Starting request: 10.222.0.60 "GET /placement/allocations/419870d0-9dc7-49be-afdf-38cc7ed66add" {{(pid=115443) __call__ /opt/stack/placement/placement/requestlog.py:55}}
Jan 17 10:49:34.878338 n-d-780260-2 devstack@placement-api.service[115443]: INFO placement.requestlog [req-5eb5aed1-4081-4cef-bc2d-cf5518e9499d req-b265678b-2815-4f40-aa2e-a01960fd8b0e service placement] 10.222.0.60 "GET /placement/allocations/419870d0-9dc7-49be-afdf-38cc7ed66add" status: 200 len: 259 microversion: 1.28
Jan 17 10:49:34.881585 n-d-780260-2 devstack@placement-api.service[115443]: [pid: 115443|app: 0|req: 117/235] 10.222.0.60 () {60 vars in 1380 bytes} [Mon Jan 17 10:49:34 2022] GET /placement/allocations/419870d0-9dc7-49be-afdf-38cc7ed66add => generated 259 bytes in 42 msecs (HTTP/1.1 200) 8 headers in 296 bytes (2 switches on core 0)
Jan 17 10:49:34.889963 n-d-780260-2 devstack@placement-api.service[115444]: DEBUG placement.requestlog [req-5eb5aed1-4081-4cef-bc2d-cf5518e9499d req-9715a1e2-d801-430a-95d6-ae5eaa93c780 None None] Starting request: 10.222.0.60 "GET /placement/allocations/e7aa5b92-14be-4814-8874-7bc6ddf3fe7f" {{(pid=115444) __call__ /opt/stack/placement/placement/requestlog.py:55}}
Jan 17 10:49:34.911898 n-d-780260-2 devstack@placement-api.service[115444]: INFO placement.requestlog [req-5eb5aed1-4081-4cef-bc2d-cf5518e9499d req-9715a1e2-d801-430a-95d6-ae5eaa93c780 service placement] 10.222.0.60 "GET /placement/allocations/e7aa5b92-14be-4814-8874-7bc6ddf3fe7f" status: 200 len: 19 microversion: 1.28
Jan 17 10:49:34.912818 n-d-780260-2 devstack@placement-api.service[115444]: [pid: 115444|app: 0|req: 119/236] 10.222.0.60 () {60 vars in 1380 bytes} [Mon Jan 17 10:49:34 2022] GET /placement/allocations/e7aa5b92-14be-4814-8874-7bc6ddf3fe7f => generated 19 bytes in 25 msecs (HTTP/1.1 200) 8 headers in 295 bytes (1 switches on core 0)
Jan 17 10:49:34.918944 n-d-780260-2 devstack@placement-api.service[115443]: DEBUG placement.requestlog [req-5eb5aed1-4081-4cef-bc2d-cf5518e9499d req-51347a23-67eb-443d-bc64-29ac4ee4c0ac None None] Starting request: 10.222.0.60 "POST /placement/allocations" {{(pid=115443) __call__ /opt/stack/placement/placement/requestlog.py:55}}
Jan 17 10:49:35.085385 n-d-780260-2 devstack@placement-api.service[115443]: DEBUG placement.handlers.allocation [req-5eb5aed1-4081-4cef-bc2d-cf5518e9499d req-51347a23-67eb-443d-bc64-29ac4ee4c0ac service placement] Successfully wrote allocations [, , , , , ] {{(pid=115443) _update_consumers_and_create_allocations /opt/stack/placement/placement/handlers/allocation.py:572}}
Jan 17 10:49:35.090841 n-d-780260-2 devstack@placement-api.service[115443]: INFO placement.requestlog [req-5eb5aed1-4081-4cef-bc2d-cf5518e9499d req-51347a23-67eb-443d-bc64-29ac4ee4c0ac service placement] 10.222.0.60 "POST /placement/allocations" status: 204 len: 0 microversion: 1.28
Jan 17 10:49:35.104457 n-d-780260-2 devstack@placement-api.service[115443]: [pid: 115443|app: 0|req: 118/237] 10.222.0.60 () {64 vars in 1323 bytes} [Mon Jan 17 10:49:34 2022] POST /placement/allocations => generated 0 bytes in 173 msecs (HTTP/1.1 204) 5 headers in 199 bytes (1 switches on core 0)
Jan 17 10:49:35.151565 n-d-780260-2 devstack@placement-api.service[115444]: DEBUG placement.requestlog [req-5eb5aed1-4081-4cef-bc2d-cf5518e9499d req-7b4c634d-77fa-4f08-867e-0b17379ed8fb None None] Starting request: 10.222.0.60 "GET /placement/allocations/419870d0-9dc7-49be-afdf-38cc7ed66add" {{(pid=115444) __call__ /opt/stack/placement/placement/requestlog.py:55}}
Jan 17 10:49:35.173033 n-d-780260-2 devstack@placement-api.service[115444]: INFO placement.requestlog [req-5eb5aed1-4081-4cef-bc2d-cf5518e9499d req-7b4c634d-77fa-4f08-867e-0b17379ed8fb service placement] 10.222.0.60 "GET /placement/allocations/419870d0-9dc7-49be-afdf-38cc7ed66add" status: 200 len: 19 microversion: 1.28
Jan 17 10:49:35.173033 n-d-780260-2 devstack@placement-api.service[115444]: [pid: 115444|app: 0|req: 120/238] 10.222.0.60 () {60 vars in 1380 bytes} [Mon Jan 17 10:49:35 2022] GET /placement/allocations/419870d0-9dc7-49be-afdf-38cc7ed66add => generated 19 bytes in 20 msecs (HTTP/1.1 200) 8 headers in 295 bytes (1 switches on core 0)
Jan 17 10:49:35.177121 n-d-780260-2 devstack@placement-api.service[115443]: DEBUG placement.requestlog [req-5eb5aed1-4081-4cef-bc2d-cf5518e9499d req-4efea2d7-bf36-4b9c-aa89-deff15c7135d None None] Starting request: 10.222.0.60 "PUT /placement/allocations/419870d0-9dc7-49be-afdf-38cc7ed66add" {{(pid=115443) __call__ /opt/stack/placement/placement/requestlog.py:55}}
Jan 17 10:49:35.330108 n-d-780260-2 devstack@placement-api.service[115443]: DEBUG placement.handlers.allocation [req-5eb5aed1-4081-4cef-bc2d-cf5518e9499d req-4efea2d7-bf36-4b9c-aa89-deff15c7135d service placement] Successfully wrote allocations [, , ] {{(pid=115443) _update_consumers_and_create_allocations /opt/stack/placement/placement/handlers/allocation.py:462}}
Jan 17 10:49:35.339034 n-d-780260-2 devstack@placement-api.service[115443]: INFO placement.requestlog [req-5eb5aed1-4081-4cef-bc2d-cf5518e9499d req-4efea2d7-bf36-4b9c-aa89-deff15c7135d service placement] 10.222.0.60 "PUT /placement/allocations/419870d0-9dc7-49be-afdf-38cc7ed66add" status: 204 len: 0 microversion: 1.28
Jan 17 10:49:35.339257 n-d-780260-2 devstack@placement-api.service[115443]: [pid: 115443|app: 0|req: 119/239] 10.222.0.60 () {64 vars in 1433 bytes} [Mon Jan 17 10:49:35 2022] PUT /placement/allocations/419870d0-9dc7-49be-afdf-38cc7ed66add => generated 0 bytes in 162 msecs (HTTP/1.1 204) 5 headers in 199 bytes (1 switches on core 0)
Jan 17 10:49:35.479716 n-d-780260-2 devstack@placement-api.service[115444]: DEBUG placement.requestlog [req-5eb5aed1-4081-4cef-bc2d-cf5518e9499d req-7831659b-560d-466a-b8e4-8f49c7be29f7 None None] Starting request: 10.222.0.72 "GET /placement/allocations/419870d0-9dc7-49be-afdf-38cc7ed66add" {{(pid=115444) __call__ /opt/stack/placement/placement/requestlog.py:55}}
Jan 17 10:49:35.507066 n-d-780260-2 devstack@placement-api.service[115444]: INFO placement.requestlog [req-5eb5aed1-4081-4cef-bc2d-cf5518e9499d req-7831659b-560d-466a-b8e4-8f49c7be29f7 service placement] 10.222.0.72 "GET /placement/allocations/419870d0-9dc7-49be-afdf-38cc7ed66add" status: 200 len: 259 microversion: 1.28
Jan 17 10:49:35.507498 n-d-780260-2 devstack@placement-api.service[115444]: [pid: 115444|app: 0|req: 121/240] 10.222.0.72 () {60 vars in 1377 bytes} [Mon Jan 17 10:49:35 2022] GET /placement/allocations/419870d0-9dc7-49be-afdf-38cc7ed66add => generated 259 bytes in 28 msecs (HTTP/1.1 200) 8 headers in 296 bytes (1 switches on core 0)
Jan 17 10:49:36.350595 n-d-780260-2 devstack@placement-api.service[115443]: DEBUG placement.requestlog [req-ef24cc35-9506-4564-b8a3-c3408cd7e71c req-ea93944c-60c3-4c2a-aade-91578495e37f None None] Starting request: 10.222.0.15 "DELETE /placement/allocations/57b44aa6-aea1-44f0-ae70-f5fa2478c84e" {{(pid=115443) __call__ /opt/stack/placement/placement/requestlog.py:55}}
Jan 17 10:49:36.423100 n-d-780260-2 devstack@placement-api.service[115443]: DEBUG placement.handlers.allocation [req-ef24cc35-9506-4564-b8a3-c3408cd7e71c req-ea93944c-60c3-4c2a-aade-91578495e37f service placement] Successfully deleted allocations [, , ] {{(pid=115443) delete_allocations /opt/stack/placement/placement/handlers/allocation.py:627}}
Jan 17 10:49:36.423688 n-d-780260-2 devstack@placement-api.service[115443]: INFO placement.requestlog [req-ef24cc35-9506-4564-b8a3-c3408cd7e71c req-ea93944c-60c3-4c2a-aade-91578495e37f service placement] 10.222.0.15 "DELETE /placement/allocations/57b44aa6-aea1-44f0-ae70-f5fa2478c84e" status: 204 len: 0 microversion: 1.0
Jan 17 10:49:36.424442 n-d-780260-2 devstack@placement-api.service[115443]: [pid: 115443|app: 0|req: 120/241] 10.222.0.15 () {60 vars in 1355 bytes} [Mon Jan 17 10:49:36 2022] DELETE /placement/allocations/57b44aa6-aea1-44f0-ae70-f5fa2478c84e => generated 0 bytes in 74 msecs (HTTP/1.1 204) 5 headers in 198 bytes (1 switches on core 0)
Jan 17 10:49:44.172145 n-d-780260-2 devstack@placement-api.service[115444]: DEBUG placement.requestlog [req-8901c6ad-ccb1-4882-b2fd-11055a6469d6 req-516a9236-eae0-4fff-acf2-eb697e8d0241 None None] Starting request: 10.222.0.60 "GET /placement/allocation_candidates?limit=1000&resources=DISK_GB%3A1%2CMEMORY_MB%3A1024%2CVCPU%3A1&root_required=%21COMPUTE_STATUS_DISABLED" {{(pid=115444) __call__ /opt/stack/placement/placement/requestlog.py:55}}
Jan 17 10:49:44.274766 n-d-780260-2 devstack@placement-api.service[115444]: DEBUG placement.objects.research_context [req-8901c6ad-ccb1-4882-b2fd-11055a6469d6 req-516a9236-eae0-4fff-acf2-eb697e8d0241 service placement] getting providers with 1 DISK_GB {{(pid=115444) __init__ /opt/stack/placement/placement/objects/research_context.py:126}}
Jan 17 10:49:44.298993 n-d-780260-2 devstack@placement-api.service[115444]: DEBUG placement.objects.research_context [req-8901c6ad-ccb1-4882-b2fd-11055a6469d6 req-516a9236-eae0-4fff-acf2-eb697e8d0241 service placement] getting providers with 1024 MEMORY_MB {{(pid=115444) __init__ /opt/stack/placement/placement/objects/research_context.py:126}}
Jan 17 10:49:44.316898 n-d-780260-2 devstack@placement-api.service[115444]: DEBUG placement.objects.research_context [req-8901c6ad-ccb1-4882-b2fd-11055a6469d6 req-516a9236-eae0-4fff-acf2-eb697e8d0241 service placement] getting providers with 1 VCPU {{(pid=115444) __init__ /opt/stack/placement/placement/objects/research_context.py:126}}
Jan 17 10:49:44.327216 n-d-780260-2 devstack@placement-api.service[115444]: DEBUG placement.objects.research_context [req-8901c6ad-ccb1-4882-b2fd-11055a6469d6 req-516a9236-eae0-4fff-acf2-eb697e8d0241 service placement] found 2 providers with available 1 DISK_GB {{(pid=115444) get_provider_ids_matching /opt/stack/placement/placement/objects/research_context.py:549}}
Jan 17 10:49:44.328070 n-d-780260-2 devstack@placement-api.service[115444]: DEBUG placement.objects.research_context [req-8901c6ad-ccb1-4882-b2fd-11055a6469d6 req-516a9236-eae0-4fff-acf2-eb697e8d0241 service placement] found 2 providers with available 1024 MEMORY_MB {{(pid=115444) get_provider_ids_matching /opt/stack/placement/placement/objects/research_context.py:549}}
Jan 17 10:49:44.328516 n-d-780260-2 devstack@placement-api.service[115444]: DEBUG placement.objects.research_context [req-8901c6ad-ccb1-4882-b2fd-11055a6469d6 req-516a9236-eae0-4fff-acf2-eb697e8d0241 service placement] found 2 providers after filtering by previous result {{(pid=115444) get_provider_ids_matching /opt/stack/placement/placement/objects/research_context.py:580}}
Jan 17 10:49:44.328952 n-d-780260-2 devstack@placement-api.service[115444]: DEBUG placement.objects.research_context [req-8901c6ad-ccb1-4882-b2fd-11055a6469d6 req-516a9236-eae0-4fff-acf2-eb697e8d0241 service placement] found 2 providers with available 1 VCPU {{(pid=115444) get_provider_ids_matching /opt/stack/placement/placement/objects/research_context.py:549}}
Jan 17 10:49:44.329400 n-d-780260-2 devstack@placement-api.service[115444]: DEBUG placement.objects.research_context [req-8901c6ad-ccb1-4882-b2fd-11055a6469d6 req-516a9236-eae0-4fff-acf2-eb697e8d0241 service placement] found 2 providers after filtering by previous result {{(pid=115444) get_provider_ids_matching /opt/stack/placement/placement/objects/research_context.py:580}}
Jan 17 10:49:44.343032 n-d-780260-2 devstack@placement-api.service[115444]: DEBUG placement.objects.allocation_candidate [req-8901c6ad-ccb1-4882-b2fd-11055a6469d6 req-516a9236-eae0-4fff-acf2-eb697e8d0241 service placement] RequestGroup(use_same_provider=False, resources={DISK_GB:1, MEMORY_MB:1024, VCPU:1}, traits=[], aggregates=[]) (suffix '') returned 2 matches {{(pid=115444) _get_by_requests /opt/stack/placement/placement/objects/allocation_candidate.py:145}}
Jan 17 10:49:44.343616 n-d-780260-2 devstack@placement-api.service[115444]: DEBUG placement.objects.allocation_candidate [req-8901c6ad-ccb1-4882-b2fd-11055a6469d6 req-516a9236-eae0-4fff-acf2-eb697e8d0241 service placement] Merging candidates yields 2 allocation requests and 2 provider summaries {{(pid=115444) _merge_candidates /opt/stack/placement/placement/objects/allocation_candidate.py:783}}
Jan 17 10:49:44.345414 n-d-780260-2 devstack@placement-api.service[115444]: INFO placement.requestlog [req-8901c6ad-ccb1-4882-b2fd-11055a6469d6 req-516a9236-eae0-4fff-acf2-eb697e8d0241 service placement] 10.222.0.60 "GET /placement/allocation_candidates?limit=1000&resources=DISK_GB%3A1%2CMEMORY_MB%3A1024%2CVCPU%3A1&root_required=%21COMPUTE_STATUS_DISABLED" status: 200 len: 1310 microversion: 1.36
Jan 17 10:49:44.350340 n-d-780260-2 devstack@placement-api.service[115444]: [pid: 115444|app: 0|req: 122/242] 10.222.0.60 () {60 vars in 1506 bytes} [Mon Jan 17 10:49:44 2022] GET /placement/allocation_candidates?limit=1000&resources=DISK_GB%3A1%2CMEMORY_MB%3A1024%2CVCPU%3A1&root_required=%21COMPUTE_STATUS_DISABLED => generated 1310 bytes in 178 msecs (HTTP/1.1 200) 8 headers in 297 bytes (1 switches on core 0)
Jan 17 10:49:44.404199 n-d-780260-2 devstack@placement-api.service[115443]: DEBUG placement.requestlog [req-8901c6ad-ccb1-4882-b2fd-11055a6469d6 req-b6cb12b7-0fe2-4f81-8185-f17c3e603094 None None] Starting request: 10.222.0.60 "GET /placement/allocations/b042a992-4023-4bea-9ffe-4f28e58ca4e3" {{(pid=115443) __call__ /opt/stack/placement/placement/requestlog.py:55}}
Jan 17 10:49:44.425984 n-d-780260-2 devstack@placement-api.service[115443]: INFO placement.requestlog [req-8901c6ad-ccb1-4882-b2fd-11055a6469d6 req-b6cb12b7-0fe2-4f81-8185-f17c3e603094 service placement] 10.222.0.60 "GET /placement/allocations/b042a992-4023-4bea-9ffe-4f28e58ca4e3" status: 200 len: 19 microversion: 1.28
Jan 17 10:49:44.427769 n-d-780260-2 devstack@placement-api.service[115443]: [pid: 115443|app: 0|req: 121/243] 10.222.0.60 () {60 vars in 1380 bytes} [Mon Jan 17 10:49:44 2022] GET /placement/allocations/b042a992-4023-4bea-9ffe-4f28e58ca4e3 => generated 19 bytes in 25 msecs (HTTP/1.1 200) 8 headers in 295 bytes (1 switches on core 0)
Jan 17 10:49:44.434137 n-d-780260-2 devstack@placement-api.service[115444]: DEBUG placement.requestlog [req-8901c6ad-ccb1-4882-b2fd-11055a6469d6 req-90bb302d-f0d5-4644-8650-36728304c312 None None] Starting request: 10.222.0.60 "PUT /placement/allocations/b042a992-4023-4bea-9ffe-4f28e58ca4e3" {{(pid=115444) __call__ /opt/stack/placement/placement/requestlog.py:55}}
Jan 17 10:49:44.533045 n-d-780260-2 devstack@placement-api.service[115444]: DEBUG placement.handlers.allocation [req-8901c6ad-ccb1-4882-b2fd-11055a6469d6 req-90bb302d-f0d5-4644-8650-36728304c312 service placement] Successfully wrote allocations [, , ] {{(pid=115444) _update_consumers_and_create_allocations /opt/stack/placement/placement/handlers/allocation.py:462}}
Jan 17 10:49:44.540993 n-d-780260-2 devstack@placement-api.service[115444]: INFO placement.requestlog [req-8901c6ad-ccb1-4882-b2fd-11055a6469d6 req-90bb302d-f0d5-4644-8650-36728304c312 service placement] 10.222.0.60 "PUT /placement/allocations/b042a992-4023-4bea-9ffe-4f28e58ca4e3" status: 204 len: 0 microversion: 1.36
Jan 17 10:49:44.573996 n-d-780260-2 devstack@placement-api.service[115444]: [pid: 115444|app: 0|req: 123/244] 10.222.0.60 () {64 vars in 1433 bytes} [Mon Jan 17 10:49:44 2022] PUT /placement/allocations/b042a992-4023-4bea-9ffe-4f28e58ca4e3 => generated 0 bytes in 108 msecs (HTTP/1.1 204) 5 headers in 199 bytes (1 switches on core 0)
Jan 17 10:49:45.015341 n-d-780260-2 devstack@placement-api.service[115443]: DEBUG placement.requestlog [req-268b12a4-d336-45d1-8e3c-de20c4913886 req-e390ccb7-2632-40a2-8868-159b6da39100 None None] Starting request: 10.222.0.60 "GET /placement/allocation_candidates?limit=1000&resources=DISK_GB%3A1%2CMEMORY_MB%3A1024%2CVCPU%3A1&root_required=%21COMPUTE_STATUS_DISABLED" {{(pid=115443) __call__ /opt/stack/placement/placement/requestlog.py:55}}
Jan 17 10:49:45.038601 n-d-780260-2 devstack@placement-api.service[115444]: DEBUG placement.requestlog [req-8901c6ad-ccb1-4882-b2fd-11055a6469d6 req-dfe28606-cd3b-4b74-be34-e3cb76f1d81d None None] Starting request: 10.222.0.15 "GET /placement/allocations/b042a992-4023-4bea-9ffe-4f28e58ca4e3" {{(pid=115444) __call__ /opt/stack/placement/placement/requestlog.py:55}}
Jan 17 10:49:45.059156 n-d-780260-2 devstack@placement-api.service[115443]: DEBUG placement.objects.research_context [req-268b12a4-d336-45d1-8e3c-de20c4913886 req-e390ccb7-2632-40a2-8868-159b6da39100 service placement] getting providers with 1 DISK_GB {{(pid=115443) __init__ /opt/stack/placement/placement/objects/research_context.py:126}}
Jan 17 10:49:45.064848 n-d-780260-2 devstack@placement-api.service[115444]: INFO placement.requestlog [req-8901c6ad-ccb1-4882-b2fd-11055a6469d6 req-dfe28606-cd3b-4b74-be34-e3cb76f1d81d service placement] 10.222.0.15 "GET /placement/allocations/b042a992-4023-4bea-9ffe-4f28e58ca4e3" status: 200 len: 259 microversion: 1.28
Jan 17 10:49:45.065763 n-d-780260-2 devstack@placement-api.service[115444]: [pid: 115444|app: 0|req: 124/245] 10.222.0.15 () {60 vars in 1377 bytes} [Mon Jan 17 10:49:45 2022] GET /placement/allocations/b042a992-4023-4bea-9ffe-4f28e58ca4e3 => generated 259 bytes in 27 msecs (HTTP/1.1 200) 8 headers in 296 bytes (1 switches on core 0)
Jan 17 10:49:45.069850 n-d-780260-2 devstack@placement-api.service[115443]: DEBUG placement.objects.research_context [req-268b12a4-d336-45d1-8e3c-de20c4913886 req-e390ccb7-2632-40a2-8868-159b6da39100 service placement] getting providers with 1024 MEMORY_MB {{(pid=115443) __init__ /opt/stack/placement/placement/objects/research_context.py:126}}
Jan 17 10:49:45.075680 n-d-780260-2 devstack@placement-api.service[115443]: DEBUG placement.objects.research_context [req-268b12a4-d336-45d1-8e3c-de20c4913886 req-e390ccb7-2632-40a2-8868-159b6da39100 service placement] getting providers with 1 VCPU {{(pid=115443) __init__ /opt/stack/placement/placement/objects/research_context.py:126}}
Jan 17 10:49:45.082499 n-d-780260-2 devstack@placement-api.service[115443]: DEBUG placement.objects.research_context [req-268b12a4-d336-45d1-8e3c-de20c4913886 req-e390ccb7-2632-40a2-8868-159b6da39100 service placement] found 2 providers with available 1 DISK_GB {{(pid=115443) get_provider_ids_matching /opt/stack/placement/placement/objects/research_context.py:549}}
Jan 17 10:49:45.083722 n-d-780260-2 devstack@placement-api.service[115443]: DEBUG placement.objects.research_context [req-268b12a4-d336-45d1-8e3c-de20c4913886 req-e390ccb7-2632-40a2-8868-159b6da39100 service placement] found 2 providers with available 1024 MEMORY_MB {{(pid=115443) get_provider_ids_matching /opt/stack/placement/placement/objects/research_context.py:549}}
Jan 17 10:49:45.084169 n-d-780260-2 devstack@placement-api.service[115443]: DEBUG placement.objects.research_context [req-268b12a4-d336-45d1-8e3c-de20c4913886 req-e390ccb7-2632-40a2-8868-159b6da39100 service placement] found 2 providers after filtering by previous result {{(pid=115443) get_provider_ids_matching /opt/stack/placement/placement/objects/research_context.py:580}}
Jan 17 10:49:45.084590 n-d-780260-2 devstack@placement-api.service[115443]: DEBUG placement.objects.research_context [req-268b12a4-d336-45d1-8e3c-de20c4913886 req-e390ccb7-2632-40a2-8868-159b6da39100 service placement] found 2 providers with available 1 VCPU {{(pid=115443) get_provider_ids_matching /opt/stack/placement/placement/objects/research_context.py:549}}
Jan 17 10:49:45.085061 n-d-780260-2 devstack@placement-api.service[115443]: DEBUG placement.objects.research_context [req-268b12a4-d336-45d1-8e3c-de20c4913886 req-e390ccb7-2632-40a2-8868-159b6da39100 service placement] found 2 providers after filtering by previous result {{(pid=115443) get_provider_ids_matching /opt/stack/placement/placement/objects/research_context.py:580}}
Jan 17 10:49:45.099679 n-d-780260-2 devstack@placement-api.service[115443]: DEBUG placement.objects.allocation_candidate [req-268b12a4-d336-45d1-8e3c-de20c4913886 req-e390ccb7-2632-40a2-8868-159b6da39100 service placement] RequestGroup(use_same_provider=False, resources={DISK_GB:1, MEMORY_MB:1024, VCPU:1}, traits=[], aggregates=[]) (suffix '') returned 2 matches {{(pid=115443) _get_by_requests /opt/stack/placement/placement/objects/allocation_candidate.py:145}}
Jan 17 10:49:45.100365 n-d-780260-2 devstack@placement-api.service[115443]: DEBUG placement.objects.allocation_candidate [req-268b12a4-d336-45d1-8e3c-de20c4913886 req-e390ccb7-2632-40a2-8868-159b6da39100 service placement] Merging candidates yields 2 allocation requests and 2 provider summaries {{(pid=115443) _merge_candidates /opt/stack/placement/placement/objects/allocation_candidate.py:783}}
Jan 17 10:49:45.102323 n-d-780260-2 devstack@placement-api.service[115443]: INFO placement.requestlog [req-268b12a4-d336-45d1-8e3c-de20c4913886 req-e390ccb7-2632-40a2-8868-159b6da39100 service placement] 10.222.0.60 "GET /placement/allocation_candidates?limit=1000&resources=DISK_GB%3A1%2CMEMORY_MB%3A1024%2CVCPU%3A1&root_required=%21COMPUTE_STATUS_DISABLED" status: 200 len: 1310 microversion: 1.36
Jan 17 10:49:45.107310 n-d-780260-2 devstack@placement-api.service[115443]: [pid: 115443|app: 0|req: 122/246] 10.222.0.60 () {60 vars in 1506 bytes} [Mon Jan 17 10:49:45 2022] GET /placement/allocation_candidates?limit=1000&resources=DISK_GB%3A1%2CMEMORY_MB%3A1024%2CVCPU%3A1&root_required=%21COMPUTE_STATUS_DISABLED => generated 1310 bytes in 92 msecs (HTTP/1.1 200) 8 headers in 297 bytes (1 switches on core 0)
Jan 17 10:49:45.209135 n-d-780260-2 devstack@placement-api.service[115444]: DEBUG placement.requestlog [req-268b12a4-d336-45d1-8e3c-de20c4913886 req-3a208cad-dbb1-462a-a6c5-7122baf2fcf7 None None] Starting request: 10.222.0.60 "GET /placement/allocations/db281a58-779e-4761-aa43-065d98685006" {{(pid=115444) __call__ /opt/stack/placement/placement/requestlog.py:55}}
Jan 17 10:49:45.241537 n-d-780260-2 devstack@placement-api.service[115444]: INFO placement.requestlog [req-268b12a4-d336-45d1-8e3c-de20c4913886 req-3a208cad-dbb1-462a-a6c5-7122baf2fcf7 service placement] 10.222.0.60 "GET /placement/allocations/db281a58-779e-4761-aa43-065d98685006" status: 200 len: 19 microversion: 1.28
Jan 17 10:49:45.243830 n-d-780260-2 devstack@placement-api.service[115444]: [pid: 115444|app: 0|req: 125/247] 10.222.0.60 () {60 vars in 1380 bytes} [Mon Jan 17 10:49:45 2022] GET /placement/allocations/db281a58-779e-4761-aa43-065d98685006 => generated 19 bytes in 35 msecs (HTTP/1.1 200) 8 headers in 295 bytes (1 switches on core 0)
Jan 17 10:49:45.249844 n-d-780260-2 devstack@placement-api.service[115443]: DEBUG placement.requestlog [req-268b12a4-d336-45d1-8e3c-de20c4913886 req-7cff68e1-5fca-4da8-85f3-20a7b74939ce None None] Starting request: 10.222.0.60 "PUT /placement/allocations/db281a58-779e-4761-aa43-065d98685006" {{(pid=115443) __call__ /opt/stack/placement/placement/requestlog.py:55}}
Jan 17 10:49:45.360064 n-d-780260-2 devstack@placement-api.service[115443]: DEBUG placement.handlers.allocation [req-268b12a4-d336-45d1-8e3c-de20c4913886 req-7cff68e1-5fca-4da8-85f3-20a7b74939ce service placement] Successfully wrote allocations [, , ] {{(pid=115443) _update_consumers_and_create_allocations /opt/stack/placement/placement/handlers/allocation.py:462}}
Jan 17 10:49:45.370559 n-d-780260-2 devstack@placement-api.service[115443]: INFO placement.requestlog [req-268b12a4-d336-45d1-8e3c-de20c4913886 req-7cff68e1-5fca-4da8-85f3-20a7b74939ce service placement] 10.222.0.60 "PUT /placement/allocations/db281a58-779e-4761-aa43-065d98685006" status: 204 len: 0 microversion: 1.36
Jan 17 10:49:45.371519 n-d-780260-2 devstack@placement-api.service[115443]: [pid: 115443|app: 0|req: 123/248] 10.222.0.60 () {64 vars in 1433 bytes} [Mon Jan 17 10:49:45 2022] PUT /placement/allocations/db281a58-779e-4761-aa43-065d98685006 => generated 0 bytes in 122 msecs (HTTP/1.1 204) 5 headers in 199 bytes (1 switches on core 0)
Jan 17 10:49:45.994502 n-d-780260-2 devstack@placement-api.service[115444]: DEBUG placement.requestlog [req-268b12a4-d336-45d1-8e3c-de20c4913886 req-9ede4677-84bf-41db-90d2-fc54c2235400 None None] Starting request: 10.222.0.15 "GET /placement/allocations/db281a58-779e-4761-aa43-065d98685006" {{(pid=115444) __call__ /opt/stack/placement/placement/requestlog.py:55}}
Jan 17 10:49:46.020655 n-d-780260-2 devstack@placement-api.service[115444]: INFO placement.requestlog [req-268b12a4-d336-45d1-8e3c-de20c4913886 req-9ede4677-84bf-41db-90d2-fc54c2235400 service placement] 10.222.0.15 "GET /placement/allocations/db281a58-779e-4761-aa43-065d98685006" status: 200 len: 259 microversion: 1.28
Jan 17 10:49:46.021265 n-d-780260-2 devstack@placement-api.service[115444]: [pid: 115444|app: 0|req: 126/249] 10.222.0.15 () {60 vars in 1377 bytes} [Mon Jan 17 10:49:45 2022] GET /placement/allocations/db281a58-779e-4761-aa43-065d98685006 => generated 259 bytes in 27 msecs (HTTP/1.1 200) 8 headers in 296 bytes (1 switches on core 0)
Jan 17 10:49:46.723175 n-d-780260-2 devstack@placement-api.service[115443]: DEBUG placement.requestlog [req-6c1dcb0e-a239-48d5-8dd3-56f127131823 req-c9aec6ac-dad4-4961-8b15-09f39f1a6962 None None] Starting request: 10.222.0.60 "GET /placement/allocation_candidates?resources=DISK_GB%3A1%2CMEMORY_MB%3A1024%2CVCPU%3A1&root_required=%21COMPUTE_STATUS_DISABLED" {{(pid=115443) __call__ /opt/stack/placement/placement/requestlog.py:55}}
Jan 17 10:49:46.780048 n-d-780260-2 devstack@placement-api.service[115443]: DEBUG placement.objects.research_context [req-6c1dcb0e-a239-48d5-8dd3-56f127131823 req-c9aec6ac-dad4-4961-8b15-09f39f1a6962 service placement] getting providers with 1 DISK_GB {{(pid=115443) __init__ /opt/stack/placement/placement/objects/research_context.py:126}}
Jan 17 10:49:46.786742 n-d-780260-2 devstack@placement-api.service[115443]: DEBUG placement.objects.research_context [req-6c1dcb0e-a239-48d5-8dd3-56f127131823 req-c9aec6ac-dad4-4961-8b15-09f39f1a6962 service placement] getting providers with 1024 MEMORY_MB {{(pid=115443) __init__ /opt/stack/placement/placement/objects/research_context.py:126}}
Jan 17 10:49:46.793516 n-d-780260-2 devstack@placement-api.service[115443]: DEBUG placement.objects.research_context [req-6c1dcb0e-a239-48d5-8dd3-56f127131823 req-c9aec6ac-dad4-4961-8b15-09f39f1a6962 service placement] getting providers with 1 VCPU {{(pid=115443) __init__ /opt/stack/placement/placement/objects/research_context.py:126}}
Jan 17 10:49:46.801473 n-d-780260-2 devstack@placement-api.service[115443]: DEBUG placement.objects.research_context [req-6c1dcb0e-a239-48d5-8dd3-56f127131823 req-c9aec6ac-dad4-4961-8b15-09f39f1a6962 service placement] found 2 providers with available 1 DISK_GB {{(pid=115443) get_provider_ids_matching /opt/stack/placement/placement/objects/research_context.py:549}}
Jan 17 10:49:46.802128 n-d-780260-2 devstack@placement-api.service[115443]: DEBUG placement.objects.research_context [req-6c1dcb0e-a239-48d5-8dd3-56f127131823 req-c9aec6ac-dad4-4961-8b15-09f39f1a6962 service placement] found 2 providers with available 1024 MEMORY_MB {{(pid=115443) get_provider_ids_matching /opt/stack/placement/placement/objects/research_context.py:549}}
Jan 17 10:49:46.802588 n-d-780260-2 devstack@placement-api.service[115443]: DEBUG placement.objects.research_context [req-6c1dcb0e-a239-48d5-8dd3-56f127131823 req-c9aec6ac-dad4-4961-8b15-09f39f1a6962 service placement] found 2 providers after filtering by previous result {{(pid=115443) get_provider_ids_matching /opt/stack/placement/placement/objects/research_context.py:580}}
Jan 17 10:49:46.803062 n-d-780260-2 devstack@placement-api.service[115443]: DEBUG placement.objects.research_context [req-6c1dcb0e-a239-48d5-8dd3-56f127131823 req-c9aec6ac-dad4-4961-8b15-09f39f1a6962 service placement] found 2 providers with available 1 VCPU {{(pid=115443) get_provider_ids_matching /opt/stack/placement/placement/objects/research_context.py:549}}
Jan 17 10:49:46.803604 n-d-780260-2 devstack@placement-api.service[115443]: DEBUG placement.objects.research_context [req-6c1dcb0e-a239-48d5-8dd3-56f127131823 req-c9aec6ac-dad4-4961-8b15-09f39f1a6962 service placement] found 2 providers after filtering by previous result {{(pid=115443) get_provider_ids_matching /opt/stack/placement/placement/objects/research_context.py:580}}
Jan 17 10:49:46.815653 n-d-780260-2 devstack@placement-api.service[115443]: DEBUG placement.objects.allocation_candidate [req-6c1dcb0e-a239-48d5-8dd3-56f127131823 req-c9aec6ac-dad4-4961-8b15-09f39f1a6962 service placement] RequestGroup(use_same_provider=False, resources={DISK_GB:1, MEMORY_MB:1024, VCPU:1}, traits=[], aggregates=[]) (suffix '') returned 2 matches {{(pid=115443) _get_by_requests /opt/stack/placement/placement/objects/allocation_candidate.py:145}}
Jan 17 10:49:46.816917 n-d-780260-2 devstack@placement-api.service[115443]: DEBUG placement.objects.allocation_candidate [req-6c1dcb0e-a239-48d5-8dd3-56f127131823 req-c9aec6ac-dad4-4961-8b15-09f39f1a6962 service placement] Merging candidates yields 2 allocation requests and 2 provider summaries {{(pid=115443) _merge_candidates /opt/stack/placement/placement/objects/allocation_candidate.py:783}}
Jan 17 10:49:46.818797 n-d-780260-2 devstack@placement-api.service[115443]: INFO placement.requestlog [req-6c1dcb0e-a239-48d5-8dd3-56f127131823 req-c9aec6ac-dad4-4961-8b15-09f39f1a6962 service placement] 10.222.0.60 "GET /placement/allocation_candidates?resources=DISK_GB%3A1%2CMEMORY_MB%3A1024%2CVCPU%3A1&root_required=%21COMPUTE_STATUS_DISABLED" status: 200 len: 1310 microversion: 1.36
Jan 17 10:49:46.819721 n-d-780260-2 devstack@placement-api.service[115443]: [pid: 115443|app: 0|req: 124/250] 10.222.0.60 () {60 vars in 1484 bytes} [Mon Jan 17 10:49:46 2022] GET /placement/allocation_candidates?resources=DISK_GB%3A1%2CMEMORY_MB%3A1024%2CVCPU%3A1&root_required=%21COMPUTE_STATUS_DISABLED => generated 1310 bytes in 97 msecs (HTTP/1.1 200) 8 headers in 297 bytes (1 switches on core 0)
