Jun 11 10:02:38.319770 n-d-780147-9 devstack@placement-api.service[281086]: [pid: 281086|app: 0|req: 93/187] 10.222.0.65 () {60 vars in 1380 bytes} [Fri Jun 11 10:02:38 2021] GET /placement/allocations/e6752425-c76c-4d42-9376-934d784e3a8c => generated 19 bytes in 13 msecs (HTTP/1.1 200) 8 headers in 295 bytes (1 switches on core 0)
Jun 11 10:02:38.325166 n-d-780147-9 devstack@placement-api.service[281087]: DEBUG placement.requestlog [req-6443e6d4-f0dd-4a7f-8122-87c140e20db1 req-407c8994-9123-4398-964d-27d1d0167f48 None None] Starting request: 10.222.0.65 "PUT /placement/allocations/e6752425-c76c-4d42-9376-934d784e3a8c" {{(pid=281087) __call__ /opt/stack/placement/placement/requestlog.py:55}}
Jun 11 10:02:38.384057 n-d-780147-9 devstack@placement-api.service[281087]: DEBUG placement.handlers.allocation [req-6443e6d4-f0dd-4a7f-8122-87c140e20db1 req-407c8994-9123-4398-964d-27d1d0167f48 service placement] Successfully wrote allocations [, , ] {{(pid=281087) _create_allocations /opt/stack/placement/placement/handlers/allocation.py:435}}
Jun 11 10:02:38.385816 n-d-780147-9 devstack@placement-api.service[281087]: INFO placement.requestlog [req-6443e6d4-f0dd-4a7f-8122-87c140e20db1 req-407c8994-9123-4398-964d-27d1d0167f48 service placement] 10.222.0.65 "PUT /placement/allocations/e6752425-c76c-4d42-9376-934d784e3a8c" status: 204 len: 0 microversion: 1.35
Jun 11 10:02:38.386564 n-d-780147-9 devstack@placement-api.service[281087]: [pid: 281087|app: 0|req: 95/188] 10.222.0.65 () {64 vars in 1433 bytes} [Fri Jun 11 10:02:38 2021] PUT /placement/allocations/e6752425-c76c-4d42-9376-934d784e3a8c => generated 0 bytes in 61 msecs (HTTP/1.1 204) 5 headers in 199 bytes (1 switches on core 0)
Jun 11 10:02:38.397895 n-d-780147-9 devstack@placement-api.service[281086]: DEBUG placement.requestlog [req-6443e6d4-f0dd-4a7f-8122-87c140e20db1 req-27ffa946-3263-4022-a0b4-86e292171044 None None] Starting request: 10.222.0.65 "GET /placement/allocations/f412f230-4b28-450c-b282-15a8b176f040" {{(pid=281086) __call__ /opt/stack/placement/placement/requestlog.py:55}}
Jun 11 10:02:38.410444 n-d-780147-9 devstack@placement-api.service[281086]: INFO placement.requestlog [req-6443e6d4-f0dd-4a7f-8122-87c140e20db1 req-27ffa946-3263-4022-a0b4-86e292171044 service placement] 10.222.0.65 "GET /placement/allocations/f412f230-4b28-450c-b282-15a8b176f040" status: 200 len: 19 microversion: 1.28
Jun 11 10:02:38.412095 n-d-780147-9 devstack@placement-api.service[281086]: [pid: 281086|app: 0|req: 94/189] 10.222.0.65 () {60 vars in 1380 bytes} [Fri Jun 11 10:02:38 2021] GET /placement/allocations/f412f230-4b28-450c-b282-15a8b176f040 => generated 19 bytes in 14 msecs (HTTP/1.1 200) 8 headers in 295 bytes (1 switches on core 0)
Jun 11 10:02:38.418612 n-d-780147-9 devstack@placement-api.service[281087]: DEBUG placement.requestlog [req-6443e6d4-f0dd-4a7f-8122-87c140e20db1 req-06796790-6bc7-4397-b0b8-21d6a540b0f5 None None] Starting request: 10.222.0.65 "PUT /placement/allocations/f412f230-4b28-450c-b282-15a8b176f040" {{(pid=281087) __call__ /opt/stack/placement/placement/requestlog.py:55}}
Jun 11 10:02:38.481410 n-d-780147-9 devstack@placement-api.service[281087]: DEBUG placement.handlers.allocation [req-6443e6d4-f0dd-4a7f-8122-87c140e20db1 req-06796790-6bc7-4397-b0b8-21d6a540b0f5 service placement] Successfully wrote allocations [, , ] {{(pid=281087) _create_allocations /opt/stack/placement/placement/handlers/allocation.py:435}}
Jun 11 10:02:38.482019 n-d-780147-9 devstack@placement-api.service[281087]: INFO placement.requestlog [req-6443e6d4-f0dd-4a7f-8122-87c140e20db1 req-06796790-6bc7-4397-b0b8-21d6a540b0f5 service placement] 10.222.0.65 "PUT /placement/allocations/f412f230-4b28-450c-b282-15a8b176f040" status: 204 len: 0 microversion: 1.35
Jun 11 10:02:38.482366 n-d-780147-9 devstack@placement-api.service[281087]: [pid: 281087|app: 0|req: 96/190] 10.222.0.65 () {64 vars in 1433 bytes} [Fri Jun 11 10:02:38 2021] PUT /placement/allocations/f412f230-4b28-450c-b282-15a8b176f040 => generated 0 bytes in 64 msecs (HTTP/1.1 204) 5 headers in 199 bytes (1 switches on core 0)
Jun 11 10:02:38.947079 n-d-780147-9 devstack@placement-api.service[281086]: DEBUG placement.requestlog [req-6443e6d4-f0dd-4a7f-8122-87c140e20db1 req-5929cc14-daed-4292-a82a-4975470ba55e None None] Starting request: 10.222.0.66 "GET /placement/allocations/e6752425-c76c-4d42-9376-934d784e3a8c" {{(pid=281086) __call__ /opt/stack/placement/placement/requestlog.py:55}}
Jun 11 10:02:38.965909 n-d-780147-9 devstack@placement-api.service[281086]: INFO placement.requestlog [req-6443e6d4-f0dd-4a7f-8122-87c140e20db1 req-5929cc14-daed-4292-a82a-4975470ba55e service placement] 10.222.0.66 "GET /placement/allocations/e6752425-c76c-4d42-9376-934d784e3a8c" status: 200 len: 259 microversion: 1.28
Jun 11 10:02:38.976811 n-d-780147-9 devstack@placement-api.service[281086]: [pid: 281086|app: 0|req: 95/191] 10.222.0.66 () {60 vars in 1378 bytes} [Fri Jun 11 10:02:38 2021] GET /placement/allocations/e6752425-c76c-4d42-9376-934d784e3a8c => generated 259 bytes in 30 msecs (HTTP/1.1 200) 8 headers in 296 bytes (1 switches on core 0)
Jun 11 10:02:39.035431 n-d-780147-9 devstack@placement-api.service[281087]: DEBUG placement.requestlog [req-6443e6d4-f0dd-4a7f-8122-87c140e20db1 req-13c5e25b-a27e-49e0-bf4d-6fb167db3fcf None None] Starting request: 10.222.0.66 "GET /placement/allocations/f412f230-4b28-450c-b282-15a8b176f040" {{(pid=281087) __call__ /opt/stack/placement/placement/requestlog.py:55}}
Jun 11 10:02:39.057835 n-d-780147-9 devstack@placement-api.service[281087]: INFO placement.requestlog [req-6443e6d4-f0dd-4a7f-8122-87c140e20db1 req-13c5e25b-a27e-49e0-bf4d-6fb167db3fcf service placement] 10.222.0.66 "GET /placement/allocations/f412f230-4b28-450c-b282-15a8b176f040" status: 200 len: 259 microversion: 1.28
Jun 11 10:02:39.058605 n-d-780147-9 devstack@placement-api.service[281087]: [pid: 281087|app: 0|req: 97/192] 10.222.0.66 () {60 vars in 1378 bytes} [Fri Jun 11 10:02:39 2021] GET /placement/allocations/f412f230-4b28-450c-b282-15a8b176f040 => generated 259 bytes in 23 msecs (HTTP/1.1 200) 8 headers in 296 bytes (1 switches on core 0)
Jun 11 10:02:40.507739 n-d-780147-9 devstack@placement-api.service[281086]: DEBUG placement.requestlog [req-ef52a741-09fe-43ca-b1f5-0a4e849a1af7 req-f515de9c-7164-483b-bba4-dcbfb8e8b360 None None] Starting request: 10.222.0.73 "GET /placement/allocations/374e02c4-b45c-4e0e-baf6-f5d20a043c06" {{(pid=281086) __call__ /opt/stack/placement/placement/requestlog.py:55}}
Jun 11 10:02:40.552724 n-d-780147-9 devstack@placement-api.service[281086]: INFO placement.requestlog [req-ef52a741-09fe-43ca-b1f5-0a4e849a1af7 req-f515de9c-7164-483b-bba4-dcbfb8e8b360 service placement] 10.222.0.73 "GET /placement/allocations/374e02c4-b45c-4e0e-baf6-f5d20a043c06" status: 200 len: 259 microversion: 1.28
Jun 11 10:02:40.553457 n-d-780147-9 devstack@placement-api.service[281086]: [pid: 281086|app: 0|req: 96/193] 10.222.0.73 () {60 vars in 1378 bytes} [Fri Jun 11 10:02:40 2021] GET /placement/allocations/374e02c4-b45c-4e0e-baf6-f5d20a043c06 => generated 259 bytes in 47 msecs (HTTP/1.1 200) 8 headers in 296 bytes (1 switches on core 0)
Jun 11 10:02:40.560697 n-d-780147-9 devstack@placement-api.service[281087]: DEBUG placement.requestlog [req-ef52a741-09fe-43ca-b1f5-0a4e849a1af7 req-0210004d-ca22-497f-ac61-eec007e0b08d None None] Starting request: 10.222.0.73 "PUT /placement/allocations/374e02c4-b45c-4e0e-baf6-f5d20a043c06" {{(pid=281087) __call__ /opt/stack/placement/placement/requestlog.py:55}}
Jun 11 10:02:40.617396 n-d-780147-9 devstack@placement-api.service[281087]: DEBUG placement.handlers.allocation [req-ef52a741-09fe-43ca-b1f5-0a4e849a1af7 req-0210004d-ca22-497f-ac61-eec007e0b08d service placement] Successfully wrote allocations [, , ] {{(pid=281087) _create_allocations /opt/stack/placement/placement/handlers/allocation.py:435}}
Jun 11 10:02:40.617955 n-d-780147-9 devstack@placement-api.service[281087]: INFO placement.requestlog [req-ef52a741-09fe-43ca-b1f5-0a4e849a1af7 req-0210004d-ca22-497f-ac61-eec007e0b08d service placement] 10.222.0.73 "PUT /placement/allocations/374e02c4-b45c-4e0e-baf6-f5d20a043c06" status: 204 len: 0 microversion: 1.28
Jun 11 10:02:40.618524 n-d-780147-9 devstack@placement-api.service[281087]: [pid: 281087|app: 0|req: 98/194] 10.222.0.73 () {64 vars in 1431 bytes} [Fri Jun 11 10:02:40 2021] PUT /placement/allocations/374e02c4-b45c-4e0e-baf6-f5d20a043c06 => generated 0 bytes in 58 msecs (HTTP/1.1 204) 5 headers in 199 bytes (1 switches on core 0)
Jun 11 10:02:42.652996 n-d-780147-9 devstack@placement-api.service[281086]: DEBUG placement.requestlog [req-cf1bdf39-0f8a-4965-9dd4-5eeb19302210 req-c82a2740-0340-4b05-8161-dc3a0e564a19 None None] Starting request: 10.222.0.73 "GET /placement/resource_providers/8587695c-be29-4246-a5ae-66c078e9382b/allocations" {{(pid=281086) __call__ /opt/stack/placement/placement/requestlog.py:55}}
Jun 11 10:02:42.687008 n-d-780147-9 devstack@placement-api.service[281086]: INFO placement.requestlog [req-cf1bdf39-0f8a-4965-9dd4-5eeb19302210 req-c82a2740-0340-4b05-8161-dc3a0e564a19 service placement] 10.222.0.73 "GET /placement/resource_providers/8587695c-be29-4246-a5ae-66c078e9382b/allocations" status: 200 len: 558 microversion: 1.0
Jun 11 10:02:42.689649 n-d-780147-9 devstack@placement-api.service[281086]: [pid: 281086|app: 0|req: 97/195] 10.222.0.73 () {58 vars in 1391 bytes} [Fri Jun 11 10:02:42 2021] GET /placement/resource_providers/8587695c-be29-4246-a5ae-66c078e9382b/allocations => generated 558 bytes in 37 msecs (HTTP/1.1 200) 6 headers in 224 bytes (1 switches on core 0)
Jun 11 10:02:43.019387 n-d-780147-9 devstack@placement-api.service[281087]: DEBUG placement.requestlog [req-cf1bdf39-0f8a-4965-9dd4-5eeb19302210 req-238cac22-af96-4272-8238-8eb5b7ecf2ba None None] Starting request: 10.222.0.73 "GET /placement/allocations/c0a63982-26d0-458e-81ea-a334b7e19136" {{(pid=281087) __call__ /opt/stack/placement/placement/requestlog.py:55}}
Jun 11 10:02:43.046840 n-d-780147-9 devstack@placement-api.service[281087]: INFO placement.requestlog [req-cf1bdf39-0f8a-4965-9dd4-5eeb19302210 req-238cac22-af96-4272-8238-8eb5b7ecf2ba service placement] 10.222.0.73 "GET /placement/allocations/c0a63982-26d0-458e-81ea-a334b7e19136" status: 200 len: 259 microversion: 1.28
Jun 11 10:02:43.047461 n-d-780147-9 devstack@placement-api.service[281087]: [pid: 281087|app: 0|req: 99/196] 10.222.0.73 () {60 vars in 1378 bytes} [Fri Jun 11 10:02:43 2021] GET /placement/allocations/c0a63982-26d0-458e-81ea-a334b7e19136 => generated 259 bytes in 29 msecs (HTTP/1.1 200) 8 headers in 296 bytes (2 switches on core 0)
Jun 11 10:02:43.054926 n-d-780147-9 devstack@placement-api.service[281086]: DEBUG placement.requestlog [req-cf1bdf39-0f8a-4965-9dd4-5eeb19302210 req-d4341c14-f500-4c10-baf9-955607374b56 None None] Starting request: 10.222.0.73 "PUT /placement/allocations/c0a63982-26d0-458e-81ea-a334b7e19136" {{(pid=281086) __call__ /opt/stack/placement/placement/requestlog.py:55}}
Jun 11 10:02:43.120131 n-d-780147-9 devstack@placement-api.service[281086]: DEBUG placement.handlers.allocation [req-cf1bdf39-0f8a-4965-9dd4-5eeb19302210 req-d4341c14-f500-4c10-baf9-955607374b56 service placement] Successfully wrote allocations [, , ] {{(pid=281086) _create_allocations /opt/stack/placement/placement/handlers/allocation.py:435}}
Jun 11 10:02:43.121058 n-d-780147-9 devstack@placement-api.service[281086]: INFO placement.requestlog [req-cf1bdf39-0f8a-4965-9dd4-5eeb19302210 req-d4341c14-f500-4c10-baf9-955607374b56 service placement] 10.222.0.73 "PUT /placement/allocations/c0a63982-26d0-458e-81ea-a334b7e19136" status: 204 len: 0 microversion: 1.28
Jun 11 10:02:43.121938 n-d-780147-9 devstack@placement-api.service[281086]: [pid: 281086|app: 0|req: 98/197] 10.222.0.73 () {64 vars in 1431 bytes} [Fri Jun 11 10:02:43 2021] PUT /placement/allocations/c0a63982-26d0-458e-81ea-a334b7e19136 => generated 0 bytes in 67 msecs (HTTP/1.1 204) 5 headers in 199 bytes (1 switches on core 0)
Jun 11 10:02:49.472633 n-d-780147-9 devstack@placement-api.service[281087]: DEBUG placement.requestlog [req-1c947b63-4fa0-437a-ae1b-b2f9df03ea56 req-f6e31142-7429-4bdf-bfd4-442814925dc7 None None] Starting request: 10.222.0.65 "GET /placement/allocation_candidates?limit=1000&resources=DISK_GB%3A1%2CMEMORY_MB%3A1024%2CVCPU%3A1&root_required=%21COMPUTE_STATUS_DISABLED" {{(pid=281087) __call__ /opt/stack/placement/placement/requestlog.py:55}}
Jun 11 10:02:49.516378 n-d-780147-9 devstack@placement-api.service[281087]: DEBUG placement.objects.research_context [req-1c947b63-4fa0-437a-ae1b-b2f9df03ea56 req-f6e31142-7429-4bdf-bfd4-442814925dc7 service placement] getting providers with 1 DISK_GB {{(pid=281087) __init__ /opt/stack/placement/placement/objects/research_context.py:126}}
Jun 11 10:02:49.518411 n-d-780147-9 devstack@placement-api.service[281087]: DEBUG placement.objects.research_context [req-1c947b63-4fa0-437a-ae1b-b2f9df03ea56 req-f6e31142-7429-4bdf-bfd4-442814925dc7 service placement] getting providers with 1024 MEMORY_MB {{(pid=281087) __init__ /opt/stack/placement/placement/objects/research_context.py:126}}
Jun 11 10:02:49.524708 n-d-780147-9 devstack@placement-api.service[281087]: DEBUG placement.objects.research_context [req-1c947b63-4fa0-437a-ae1b-b2f9df03ea56 req-f6e31142-7429-4bdf-bfd4-442814925dc7 service placement] getting providers with 1 VCPU {{(pid=281087) __init__ /opt/stack/placement/placement/objects/research_context.py:126}}
Jun 11 10:02:49.532494 n-d-780147-9 devstack@placement-api.service[281087]: DEBUG placement.objects.research_context [req-1c947b63-4fa0-437a-ae1b-b2f9df03ea56 req-f6e31142-7429-4bdf-bfd4-442814925dc7 service placement] found 2 providers with available 1 DISK_GB {{(pid=281087) get_provider_ids_matching /opt/stack/placement/placement/objects/research_context.py:549}}
Jun 11 10:02:49.533163 n-d-780147-9 devstack@placement-api.service[281087]: DEBUG placement.objects.research_context [req-1c947b63-4fa0-437a-ae1b-b2f9df03ea56 req-f6e31142-7429-4bdf-bfd4-442814925dc7 service placement] found 2 providers with available 1024 MEMORY_MB {{(pid=281087) get_provider_ids_matching /opt/stack/placement/placement/objects/research_context.py:549}}
Jun 11 10:02:49.534226 n-d-780147-9 devstack@placement-api.service[281087]: DEBUG placement.objects.research_context [req-1c947b63-4fa0-437a-ae1b-b2f9df03ea56 req-f6e31142-7429-4bdf-bfd4-442814925dc7 service placement] found 2 providers after filtering by previous result {{(pid=281087) get_provider_ids_matching /opt/stack/placement/placement/objects/research_context.py:580}}
Jun 11 10:02:49.534669 n-d-780147-9 devstack@placement-api.service[281087]: DEBUG placement.objects.research_context [req-1c947b63-4fa0-437a-ae1b-b2f9df03ea56 req-f6e31142-7429-4bdf-bfd4-442814925dc7 service placement] found 2 providers with available 1 VCPU {{(pid=281087) get_provider_ids_matching /opt/stack/placement/placement/objects/research_context.py:549}}
Jun 11 10:02:49.535140 n-d-780147-9 devstack@placement-api.service[281087]: DEBUG placement.objects.research_context [req-1c947b63-4fa0-437a-ae1b-b2f9df03ea56 req-f6e31142-7429-4bdf-bfd4-442814925dc7 service placement] found 2 providers after filtering by previous result {{(pid=281087) get_provider_ids_matching /opt/stack/placement/placement/objects/research_context.py:580}}
Jun 11 10:02:49.547767 n-d-780147-9 devstack@placement-api.service[281087]: DEBUG placement.objects.allocation_candidate [req-1c947b63-4fa0-437a-ae1b-b2f9df03ea56 req-f6e31142-7429-4bdf-bfd4-442814925dc7 service placement] RequestGroup(use_same_provider=False, resources={DISK_GB:1, MEMORY_MB:1024, VCPU:1}, traits=[], aggregates=[]) (suffix '') returned 2 matches {{(pid=281087) _get_by_requests /opt/stack/placement/placement/objects/allocation_candidate.py:145}}
Jun 11 10:02:49.548303 n-d-780147-9 devstack@placement-api.service[281087]: DEBUG placement.objects.allocation_candidate [req-1c947b63-4fa0-437a-ae1b-b2f9df03ea56 req-f6e31142-7429-4bdf-bfd4-442814925dc7 service placement] Merging candidates yields 2 allocation requests and 2 provider summaries {{(pid=281087) _merge_candidates /opt/stack/placement/placement/objects/allocation_candidate.py:783}}
Jun 11 10:02:49.549966 n-d-780147-9 devstack@placement-api.service[281087]: INFO placement.requestlog [req-1c947b63-4fa0-437a-ae1b-b2f9df03ea56 req-f6e31142-7429-4bdf-bfd4-442814925dc7 service placement] 10.222.0.65 "GET /placement/allocation_candidates?limit=1000&resources=DISK_GB%3A1%2CMEMORY_MB%3A1024%2CVCPU%3A1&root_required=%21COMPUTE_STATUS_DISABLED" status: 200 len: 1309 microversion: 1.35
Jun 11 10:02:49.550629 n-d-780147-9 devstack@placement-api.service[281087]: [pid: 281087|app: 0|req: 100/198] 10.222.0.65 () {60 vars in 1506 bytes} [Fri Jun 11 10:02:49 2021] GET /placement/allocation_candidates?limit=1000&resources=DISK_GB%3A1%2CMEMORY_MB%3A1024%2CVCPU%3A1&root_required=%21COMPUTE_STATUS_DISABLED => generated 1309 bytes in 78 msecs (HTTP/1.1 200) 8 headers in 297 bytes (1 switches on core 0)
Jun 11 10:02:49.654812 n-d-780147-9 devstack@placement-api.service[281086]: DEBUG placement.requestlog [req-1c947b63-4fa0-437a-ae1b-b2f9df03ea56 req-bda0e4aa-d7f9-4a54-a711-959ea20c252d None None] Starting request: 10.222.0.65 "GET /placement/allocations/08c2c4d6-fd42-401a-911a-686569acb189" {{(pid=281086) __call__ /opt/stack/placement/placement/requestlog.py:55}}
Jun 11 10:02:49.671442 n-d-780147-9 devstack@placement-api.service[281086]: INFO placement.requestlog [req-1c947b63-4fa0-437a-ae1b-b2f9df03ea56 req-bda0e4aa-d7f9-4a54-a711-959ea20c252d service placement] 10.222.0.65 "GET /placement/allocations/08c2c4d6-fd42-401a-911a-686569acb189" status: 200 len: 19 microversion: 1.28
Jun 11 10:02:49.684552 n-d-780147-9 devstack@placement-api.service[281086]: [pid: 281086|app: 0|req: 99/199] 10.222.0.65 () {60 vars in 1380 bytes} [Fri Jun 11 10:02:49 2021] GET /placement/allocations/08c2c4d6-fd42-401a-911a-686569acb189 => generated 19 bytes in 31 msecs (HTTP/1.1 200) 8 headers in 295 bytes (1 switches on core 0)
Jun 11 10:02:49.686176 n-d-780147-9 devstack@placement-api.service[281087]: DEBUG placement.requestlog [req-1c947b63-4fa0-437a-ae1b-b2f9df03ea56 req-939983b3-d149-4c48-88c1-94e26db351db None None] Starting request: 10.222.0.65 "PUT /placement/allocations/08c2c4d6-fd42-401a-911a-686569acb189" {{(pid=281087) __call__ /opt/stack/placement/placement/requestlog.py:55}}
Jun 11 10:02:49.746797 n-d-780147-9 devstack@placement-api.service[281087]: DEBUG placement.handlers.allocation [req-1c947b63-4fa0-437a-ae1b-b2f9df03ea56 req-939983b3-d149-4c48-88c1-94e26db351db service placement] Successfully wrote allocations [, , ] {{(pid=281087) _create_allocations /opt/stack/placement/placement/handlers/allocation.py:435}}
Jun 11 10:02:49.747692 n-d-780147-9 devstack@placement-api.service[281087]: INFO placement.requestlog [req-1c947b63-4fa0-437a-ae1b-b2f9df03ea56 req-939983b3-d149-4c48-88c1-94e26db351db service placement] 10.222.0.65 "PUT /placement/allocations/08c2c4d6-fd42-401a-911a-686569acb189" status: 204 len: 0 microversion: 1.35
Jun 11 10:02:49.748794 n-d-780147-9 devstack@placement-api.service[281087]: [pid: 281087|app: 0|req: 101/200] 10.222.0.65 () {64 vars in 1433 bytes} [Fri Jun 11 10:02:49 2021] PUT /placement/allocations/08c2c4d6-fd42-401a-911a-686569acb189 => generated 0 bytes in 62 msecs (HTTP/1.1 204) 5 headers in 199 bytes (1 switches on core 0)
Jun 11 10:02:50.245366 n-d-780147-9 devstack@placement-api.service[281086]: DEBUG placement.requestlog [req-1c947b63-4fa0-437a-ae1b-b2f9df03ea56 req-c46fe5fb-4955-4006-87be-3435b5f84f08 None None] Starting request: 10.222.0.73 "GET /placement/allocations/08c2c4d6-fd42-401a-911a-686569acb189" {{(pid=281086) __call__ /opt/stack/placement/placement/requestlog.py:55}}
Jun 11 10:02:50.271467 n-d-780147-9 devstack@placement-api.service[281086]: INFO placement.requestlog [req-1c947b63-4fa0-437a-ae1b-b2f9df03ea56 req-c46fe5fb-4955-4006-87be-3435b5f84f08 service placement] 10.222.0.73 "GET /placement/allocations/08c2c4d6-fd42-401a-911a-686569acb189" status: 200 len: 259 microversion: 1.28
Jun 11 10:02:50.272033 n-d-780147-9 devstack@placement-api.service[281086]: [pid: 281086|app: 0|req: 100/201] 10.222.0.73 () {60 vars in 1378 bytes} [Fri Jun 11 10:02:50 2021] GET /placement/allocations/08c2c4d6-fd42-401a-911a-686569acb189 => generated 259 bytes in 27 msecs (HTTP/1.1 200) 8 headers in 296 bytes (1 switches on core 0)
Jun 11 10:02:53.409214 n-d-780147-9 devstack@placement-api.service[281087]: DEBUG placement.requestlog [None req-50ad8bd9-8f98-48f2-ae88-3df977764d25 None None] Starting request: 10.222.0.65 "GET /placement/" {{(pid=281087) __call__ /opt/stack/placement/placement/requestlog.py:55}}
Jun 11 10:02:53.410191 n-d-780147-9 devstack@placement-api.service[281087]: INFO placement.requestlog [None req-50ad8bd9-8f98-48f2-ae88-3df977764d25 None None] 10.222.0.65 "GET /placement/" status: 200 len: 136 microversion: 1.0
Jun 11 10:02:53.410676 n-d-780147-9 devstack@placement-api.service[281087]: [pid: 281087|app: 0|req: 102/202] 10.222.0.65 () {54 vars in 915 bytes} [Fri Jun 11 10:02:53 2021] GET /placement => generated 136 bytes in 2 msecs (HTTP/1.1 200) 6 headers in 224 bytes (1 switches on core 0)
Jun 11 10:02:53.426603 n-d-780147-9 devstack@placement-api.service[281086]: DEBUG placement.requestlog [req-4a4bc282-4de7-4485-949d-98b48723d63f req-a7d28609-2c04-47a8-8f4b-445c4c087a85 None None] Starting request: 10.222.0.65 "GET /placement/allocations/aff4e066-658c-4aed-87d6-673aa681d19d" {{(pid=281086) __call__ /opt/stack/placement/placement/requestlog.py:55}}
Jun 11 10:02:53.553994 n-d-780147-9 devstack@placement-api.service[281086]: INFO placement.requestlog [req-4a4bc282-4de7-4485-949d-98b48723d63f req-a7d28609-2c04-47a8-8f4b-445c4c087a85 service placement] 10.222.0.65 "GET /placement/allocations/aff4e066-658c-4aed-87d6-673aa681d19d" status: 200 len: 259 microversion: 1.28
Jun 11 10:02:53.555273 n-d-780147-9 devstack@placement-api.service[281086]: [pid: 281086|app: 0|req: 101/203] 10.222.0.65 () {60 vars in 1380 bytes} [Fri Jun 11 10:02:53 2021] GET /placement/allocations/aff4e066-658c-4aed-87d6-673aa681d19d => generated 259 bytes in 129 msecs (HTTP/1.1 200) 8 headers in 296 bytes (1 switches on core 0)
Jun 11 10:02:53.560348 n-d-780147-9 devstack@placement-api.service[281087]: DEBUG placement.requestlog [req-4a4bc282-4de7-4485-949d-98b48723d63f req-15fbe219-d28e-4e77-8422-5af15605bda2 None None] Starting request: 10.222.0.65 "GET /placement/allocations/aff4e066-658c-4aed-87d6-673aa681d19d" {{(pid=281087) __call__ /opt/stack/placement/placement/requestlog.py:55}}
Jun 11 10:02:53.589514 n-d-780147-9 devstack@placement-api.service[281087]: INFO placement.requestlog [req-4a4bc282-4de7-4485-949d-98b48723d63f req-15fbe219-d28e-4e77-8422-5af15605bda2 service placement] 10.222.0.65 "GET /placement/allocations/aff4e066-658c-4aed-87d6-673aa681d19d" status: 200 len: 259 microversion: 1.28
Jun 11 10:02:53.590367 n-d-780147-9 devstack@placement-api.service[281087]: [pid: 281087|app: 0|req: 103/204] 10.222.0.65 () {60 vars in 1380 bytes} [Fri Jun 11 10:02:53 2021] GET /placement/allocations/aff4e066-658c-4aed-87d6-673aa681d19d => generated 259 bytes in 30 msecs (HTTP/1.1 200) 8 headers in 296 bytes (1 switches on core 0)
Jun 11 10:02:53.595555 n-d-780147-9 devstack@placement-api.service[281086]: DEBUG placement.requestlog [req-4a4bc282-4de7-4485-949d-98b48723d63f req-5a406f15-8c5e-49c8-963c-76b0b8cfbf3b None None] Starting request: 10.222.0.65 "GET /placement/allocations/e76f78ca-8cd2-4e01-8818-3ea27d95e120" {{(pid=281086) __call__ /opt/stack/placement/placement/requestlog.py:55}}
Jun 11 10:02:53.612904 n-d-780147-9 devstack@placement-api.service[281086]: INFO placement.requestlog [req-4a4bc282-4de7-4485-949d-98b48723d63f req-5a406f15-8c5e-49c8-963c-76b0b8cfbf3b service placement] 10.222.0.65 "GET /placement/allocations/e76f78ca-8cd2-4e01-8818-3ea27d95e120" status: 200 len: 19 microversion: 1.28
Jun 11 10:02:53.612904 n-d-780147-9 devstack@placement-api.service[281086]: [pid: 281086|app: 0|req: 102/205] 10.222.0.65 () {60 vars in 1380 bytes} [Fri Jun 11 10:02:53 2021] GET /placement/allocations/e76f78ca-8cd2-4e01-8818-3ea27d95e120 => generated 19 bytes in 17 msecs (HTTP/1.1 200) 8 headers in 295 bytes (1 switches on core 0)
Jun 11 10:02:53.618025 n-d-780147-9 devstack@placement-api.service[281087]: DEBUG placement.requestlog [req-4a4bc282-4de7-4485-949d-98b48723d63f req-5654fbb6-fd93-4b6b-9cf5-5ae77f9097a3 None None] Starting request: 10.222.0.65 "POST /placement/allocations" {{(pid=281087) __call__ /opt/stack/placement/placement/requestlog.py:55}}
Jun 11 10:02:53.787318 n-d-780147-9 devstack@placement-api.service[281087]: DEBUG placement.handlers.allocation [req-4a4bc282-4de7-4485-949d-98b48723d63f req-5654fbb6-fd93-4b6b-9cf5-5ae77f9097a3 service placement] Successfully wrote allocations [, , , , , ] {{(pid=281087) _create_allocations /opt/stack/placement/placement/handlers/allocation.py:524}}
Jun 11 10:02:53.787902 n-d-780147-9 devstack@placement-api.service[281087]: INFO placement.requestlog [req-4a4bc282-4de7-4485-949d-98b48723d63f req-5654fbb6-fd93-4b6b-9cf5-5ae77f9097a3 service placement] 10.222.0.65 "POST /placement/allocations" status: 204 len: 0 microversion: 1.28
Jun 11 10:02:53.789159 n-d-780147-9 devstack@placement-api.service[281087]: [pid: 281087|app: 0|req: 104/206] 10.222.0.65 () {64 vars in 1323 bytes} [Fri Jun 11 10:02:53 2021] POST /placement/allocations => generated 0 bytes in 171 msecs (HTTP/1.1 204) 5 headers in 199 bytes (1 switches on core 0)
Jun 11 10:02:53.879289 n-d-780147-9 devstack@placement-api.service[281086]: DEBUG placement.requestlog [req-4a4bc282-4de7-4485-949d-98b48723d63f req-1bfc03e5-561a-4352-a555-2d867676b630 None None] Starting request: 10.222.0.65 "GET /placement/allocations/aff4e066-658c-4aed-87d6-673aa681d19d" {{(pid=281086) __call__ /opt/stack/placement/placement/requestlog.py:55}}
Jun 11 10:02:53.897230 n-d-780147-9 devstack@placement-api.service[281086]: INFO placement.requestlog [req-4a4bc282-4de7-4485-949d-98b48723d63f req-1bfc03e5-561a-4352-a555-2d867676b630 service placement] 10.222.0.65 "GET /placement/allocations/aff4e066-658c-4aed-87d6-673aa681d19d" status: 200 len: 19 microversion: 1.28
Jun 11 10:02:53.898034 n-d-780147-9 devstack@placement-api.service[281086]: [pid: 281086|app: 0|req: 103/207] 10.222.0.65 () {60 vars in 1380 bytes} [Fri Jun 11 10:02:53 2021] GET /placement/allocations/aff4e066-658c-4aed-87d6-673aa681d19d => generated 19 bytes in 19 msecs (HTTP/1.1 200) 8 headers in 295 bytes (1 switches on core 0)
Jun 11 10:02:53.903315 n-d-780147-9 devstack@placement-api.service[281087]: DEBUG placement.requestlog [req-4a4bc282-4de7-4485-949d-98b48723d63f req-b05b3241-4337-4c2a-ab1a-9a2e3bdf49e7 None None] Starting request: 10.222.0.65 "PUT /placement/allocations/aff4e066-658c-4aed-87d6-673aa681d19d" {{(pid=281087) __call__ /opt/stack/placement/placement/requestlog.py:55}}
Jun 11 10:02:53.995683 n-d-780147-9 devstack@placement-api.service[281087]: DEBUG placement.handlers.allocation [req-4a4bc282-4de7-4485-949d-98b48723d63f req-b05b3241-4337-4c2a-ab1a-9a2e3bdf49e7 service placement] Successfully wrote allocations [, , ] {{(pid=281087) _create_allocations /opt/stack/placement/placement/handlers/allocation.py:435}}
Jun 11 10:02:53.996233 n-d-780147-9 devstack@placement-api.service[281087]: INFO placement.requestlog [req-4a4bc282-4de7-4485-949d-98b48723d63f req-b05b3241-4337-4c2a-ab1a-9a2e3bdf49e7 service placement] 10.222.0.65 "PUT /placement/allocations/aff4e066-658c-4aed-87d6-673aa681d19d" status: 204 len: 0 microversion: 1.28
Jun 11 10:02:53.996490 n-d-780147-9 devstack@placement-api.service[281087]: [pid: 281087|app: 0|req: 105/208] 10.222.0.65 () {64 vars in 1433 bytes} [Fri Jun 11 10:02:53 2021] PUT /placement/allocations/aff4e066-658c-4aed-87d6-673aa681d19d => generated 0 bytes in 94 msecs (HTTP/1.1 204) 5 headers in 199 bytes (2 switches on core 0)
Jun 11 10:02:54.214581 n-d-780147-9 devstack@placement-api.service[281086]: DEBUG placement.requestlog [req-4a4bc282-4de7-4485-949d-98b48723d63f req-032c247c-3d36-47f0-a73b-afb0a8494693 None None] Starting request: 10.222.0.66 "GET /placement/allocations/aff4e066-658c-4aed-87d6-673aa681d19d" {{(pid=281086) __call__ /opt/stack/placement/placement/requestlog.py:55}}
Jun 11 10:02:54.239397 n-d-780147-9 devstack@placement-api.service[281086]: INFO placement.requestlog [req-4a4bc282-4de7-4485-949d-98b48723d63f req-032c247c-3d36-47f0-a73b-afb0a8494693 service placement] 10.222.0.66 "GET /placement/allocations/aff4e066-658c-4aed-87d6-673aa681d19d" status: 200 len: 259 microversion: 1.28
Jun 11 10:02:54.242983 n-d-780147-9 devstack@placement-api.service[281086]: [pid: 281086|app: 0|req: 104/209] 10.222.0.66 () {60 vars in 1378 bytes} [Fri Jun 11 10:02:54 2021] GET /placement/allocations/aff4e066-658c-4aed-87d6-673aa681d19d => generated 259 bytes in 28 msecs (HTTP/1.1 200) 8 headers in 296 bytes (1 switches on core 0)
Jun 11 10:02:57.324311 n-d-780147-9 devstack@placement-api.service[281087]: DEBUG placement.requestlog [req-520f041a-aa7d-470c-beb7-26971631710e req-9f2cbfdb-011c-4ab8-9b62-75ea8697f255 None None] Starting request: 10.222.0.65 "GET /placement/allocation_candidates?limit=1000&resources=DISK_GB%3A1%2CMEMORY_MB%3A1024%2CVCPU%3A1&root_required=%21COMPUTE_STATUS_DISABLED" {{(pid=281087) __call__ /opt/stack/placement/placement/requestlog.py:55}}
Jun 11 10:02:57.370323 n-d-780147-9 devstack@placement-api.service[281087]: DEBUG placement.objects.research_context [req-520f041a-aa7d-470c-beb7-26971631710e req-9f2cbfdb-011c-4ab8-9b62-75ea8697f255 service placement] getting providers with 1 DISK_GB {{(pid=281087) __init__ /opt/stack/placement/placement/objects/research_context.py:126}}
Jun 11 10:02:57.377087 n-d-780147-9 devstack@placement-api.service[281087]: DEBUG placement.objects.research_context [req-520f041a-aa7d-470c-beb7-26971631710e req-9f2cbfdb-011c-4ab8-9b62-75ea8697f255 service placement] getting providers with 1024 MEMORY_MB {{(pid=281087) __init__ /opt/stack/placement/placement/objects/research_context.py:126}}
Jun 11 10:02:57.383325 n-d-780147-9 devstack@placement-api.service[281087]: DEBUG placement.objects.research_context [req-520f041a-aa7d-470c-beb7-26971631710e req-9f2cbfdb-011c-4ab8-9b62-75ea8697f255 service placement] getting providers with 1 VCPU {{(pid=281087) __init__ /opt/stack/placement/placement/objects/research_context.py:126}}
Jun 11 10:02:57.391439 n-d-780147-9 devstack@placement-api.service[281087]: DEBUG placement.objects.research_context [req-520f041a-aa7d-470c-beb7-26971631710e req-9f2cbfdb-011c-4ab8-9b62-75ea8697f255 service placement] found 2 providers with available 1 DISK_GB {{(pid=281087) get_provider_ids_matching /opt/stack/placement/placement/objects/research_context.py:549}}
Jun 11 10:02:57.392027 n-d-780147-9 devstack@placement-api.service[281087]: DEBUG placement.objects.research_context [req-520f041a-aa7d-470c-beb7-26971631710e req-9f2cbfdb-011c-4ab8-9b62-75ea8697f255 service placement] found 2 providers with available 1024 MEMORY_MB {{(pid=281087) get_provider_ids_matching /opt/stack/placement/placement/objects/research_context.py:549}}
Jun 11 10:02:57.392457 n-d-780147-9 devstack@placement-api.service[281087]: DEBUG placement.objects.research_context [req-520f041a-aa7d-470c-beb7-26971631710e req-9f2cbfdb-011c-4ab8-9b62-75ea8697f255 service placement] found 2 providers after filtering by previous result {{(pid=281087) get_provider_ids_matching /opt/stack/placement/placement/objects/research_context.py:580}}
Jun 11 10:02:57.392949 n-d-780147-9 devstack@placement-api.service[281087]: DEBUG placement.objects.research_context [req-520f041a-aa7d-470c-beb7-26971631710e req-9f2cbfdb-011c-4ab8-9b62-75ea8697f255 service placement] found 2 providers with available 1 VCPU {{(pid=281087) get_provider_ids_matching /opt/stack/placement/placement/objects/research_context.py:549}}
Jun 11 10:02:57.393408 n-d-780147-9 devstack@placement-api.service[281087]: DEBUG placement.objects.research_context [req-520f041a-aa7d-470c-beb7-26971631710e req-9f2cbfdb-011c-4ab8-9b62-75ea8697f255 service placement] found 2 providers after filtering by previous result {{(pid=281087) get_provider_ids_matching /opt/stack/placement/placement/objects/research_context.py:580}}
Jun 11 10:02:57.408181 n-d-780147-9 devstack@placement-api.service[281087]: DEBUG placement.objects.allocation_candidate [req-520f041a-aa7d-470c-beb7-26971631710e req-9f2cbfdb-011c-4ab8-9b62-75ea8697f255 service placement] RequestGroup(use_same_provider=False, resources={DISK_GB:1, MEMORY_MB:1024, VCPU:1}, traits=[], aggregates=[]) (suffix '') returned 2 matches {{(pid=281087) _get_by_requests /opt/stack/placement/placement/objects/allocation_candidate.py:145}}
Jun 11 10:02:57.409300 n-d-780147-9 devstack@placement-api.service[281087]: DEBUG placement.objects.allocation_candidate [req-520f041a-aa7d-470c-beb7-26971631710e req-9f2cbfdb-011c-4ab8-9b62-75ea8697f255 service placement] Merging candidates yields 2 allocation requests and 2 provider summaries {{(pid=281087) _merge_candidates /opt/stack/placement/placement/objects/allocation_candidate.py:783}}
Jun 11 10:02:57.411200 n-d-780147-9 devstack@placement-api.service[281087]: INFO placement.requestlog [req-520f041a-aa7d-470c-beb7-26971631710e req-9f2cbfdb-011c-4ab8-9b62-75ea8697f255 service placement] 10.222.0.65 "GET /placement/allocation_candidates?limit=1000&resources=DISK_GB%3A1%2CMEMORY_MB%3A1024%2CVCPU%3A1&root_required=%21COMPUTE_STATUS_DISABLED" status: 200 len: 1309 microversion: 1.35
Jun 11 10:02:57.412011 n-d-780147-9 devstack@placement-api.service[281087]: [pid: 281087|app: 0|req: 106/210] 10.222.0.65 () {60 vars in 1506 bytes} [Fri Jun 11 10:02:57 2021] GET /placement/allocation_candidates?limit=1000&resources=DISK_GB%3A1%2CMEMORY_MB%3A1024%2CVCPU%3A1&root_required=%21COMPUTE_STATUS_DISABLED => generated 1309 bytes in 88 msecs (HTTP/1.1 200) 8 headers in 297 bytes (1 switches on core 0)
Jun 11 10:02:57.515358 n-d-780147-9 devstack@placement-api.service[281086]: DEBUG placement.requestlog [req-520f041a-aa7d-470c-beb7-26971631710e req-8eaa57b4-6d9d-44d4-8d91-072645cc238a None None] Starting request: 10.222.0.65 "GET /placement/allocations/fc0b41ba-dc66-4da7-bf46-7a6e1fcb6aa4" {{(pid=281086) __call__ /opt/stack/placement/placement/requestlog.py:55}}
Jun 11 10:02:57.531216 n-d-780147-9 devstack@placement-api.service[281086]: INFO placement.requestlog [req-520f041a-aa7d-470c-beb7-26971631710e req-8eaa57b4-6d9d-44d4-8d91-072645cc238a service placement] 10.222.0.65 "GET /placement/allocations/fc0b41ba-dc66-4da7-bf46-7a6e1fcb6aa4" status: 200 len: 19 microversion: 1.28
Jun 11 10:02:57.532072 n-d-780147-9 devstack@placement-api.service[281086]: [pid: 281086|app: 0|req: 105/211] 10.222.0.65 () {60 vars in 1380 bytes} [Fri Jun 11 10:02:57 2021] GET /placement/allocations/fc0b41ba-dc66-4da7-bf46-7a6e1fcb6aa4 => generated 19 bytes in 17 msecs (HTTP/1.1 200) 8 headers in 295 bytes (1 switches on core 0)
Jun 11 10:02:57.538952 n-d-780147-9 devstack@placement-api.service[281087]: DEBUG placement.requestlog [req-520f041a-aa7d-470c-beb7-26971631710e req-5f7ee4b7-c62c-44d9-a280-a8fcabc2aad2 None None] Starting request: 10.222.0.65 "PUT /placement/allocations/fc0b41ba-dc66-4da7-bf46-7a6e1fcb6aa4" {{(pid=281087) __call__ /opt/stack/placement/placement/requestlog.py:55}}
Jun 11 10:02:57.634102 n-d-780147-9 devstack@placement-api.service[281087]: DEBUG placement.handlers.allocation [req-520f041a-aa7d-470c-beb7-26971631710e req-5f7ee4b7-c62c-44d9-a280-a8fcabc2aad2 service placement] Successfully wrote allocations [, , ] {{(pid=281087) _create_allocations /opt/stack/placement/placement/handlers/allocation.py:435}}
Jun 11 10:02:57.635157 n-d-780147-9 devstack@placement-api.service[281087]: INFO placement.requestlog [req-520f041a-aa7d-470c-beb7-26971631710e req-5f7ee4b7-c62c-44d9-a280-a8fcabc2aad2 service placement] 10.222.0.65 "PUT /placement/allocations/fc0b41ba-dc66-4da7-bf46-7a6e1fcb6aa4" status: 204 len: 0 microversion: 1.35
Jun 11 10:02:57.650165 n-d-780147-9 devstack@placement-api.service[281087]: [pid: 281087|app: 0|req: 107/212] 10.222.0.65 () {64 vars in 1433 bytes} [Fri Jun 11 10:02:57 2021] PUT /placement/allocations/fc0b41ba-dc66-4da7-bf46-7a6e1fcb6aa4 => generated 0 bytes in 98 msecs (HTTP/1.1 204) 5 headers in 199 bytes (1 switches on core 0)
Jun 11 10:02:58.045999 n-d-780147-9 devstack@placement-api.service[281086]: DEBUG placement.requestlog [req-520f041a-aa7d-470c-beb7-26971631710e req-5d3194d8-b179-4c82-90eb-bc222fb788a8 None None] Starting request: 10.222.0.73 "GET /placement/allocations/fc0b41ba-dc66-4da7-bf46-7a6e1fcb6aa4" {{(pid=281086) __call__ /opt/stack/placement/placement/requestlog.py:55}}
Jun 11 10:02:58.061832 n-d-780147-9 devstack@placement-api.service[281086]: INFO placement.requestlog [req-520f041a-aa7d-470c-beb7-26971631710e req-5d3194d8-b179-4c82-90eb-bc222fb788a8 service placement] 10.222.0.73 "GET /placement/allocations/fc0b41ba-dc66-4da7-bf46-7a6e1fcb6aa4" status: 200 len: 259 microversion: 1.28
Jun 11 10:02:58.062691 n-d-780147-9 devstack@placement-api.service[281086]: [pid: 281086|app: 0|req: 106/213] 10.222.0.73 () {60 vars in 1378 bytes} [Fri Jun 11 10:02:58 2021] GET /placement/allocations/fc0b41ba-dc66-4da7-bf46-7a6e1fcb6aa4 => generated 259 bytes in 16 msecs (HTTP/1.1 200) 8 headers in 296 bytes (1 switches on core 0)
Jun 11 10:03:08.394249 n-d-780147-9 devstack@placement-api.service[281087]: DEBUG placement.requestlog [req-cd6f22a7-7fa2-4073-aa4f-054788317c59 req-fbdf8114-5350-4aa7-8bbc-dde0a8071631 None None] Starting request: 10.222.0.65 "GET /placement/allocation_candidates?resources=DISK_GB%3A1%2CMEMORY_MB%3A1024%2CVCPU%3A1&root_required=%21COMPUTE_STATUS_DISABLED" {{(pid=281087) __call__ /opt/stack/placement/placement/requestlog.py:55}}
Jun 11 10:03:08.454129 n-d-780147-9 devstack@placement-api.service[281087]: DEBUG placement.objects.research_context [req-cd6f22a7-7fa2-4073-aa4f-054788317c59 req-fbdf8114-5350-4aa7-8bbc-dde0a8071631 service placement] getting providers with 1 DISK_GB {{(pid=281087) __init__ /opt/stack/placement/placement/objects/research_context.py:126}}
Jun 11 10:03:08.466063 n-d-780147-9 devstack@placement-api.service[281087]: DEBUG placement.objects.research_context [req-cd6f22a7-7fa2-4073-aa4f-054788317c59 req-fbdf8114-5350-4aa7-8bbc-dde0a8071631 service placement] getting providers with 1024 MEMORY_MB {{(pid=281087) __init__ /opt/stack/placement/placement/objects/research_context.py:126}}
Jun 11 10:03:08.475328 n-d-780147-9 devstack@placement-api.service[281087]: DEBUG placement.objects.research_context [req-cd6f22a7-7fa2-4073-aa4f-054788317c59 req-fbdf8114-5350-4aa7-8bbc-dde0a8071631 service placement] getting providers with 1 VCPU {{(pid=281087) __init__ /opt/stack/placement/placement/objects/research_context.py:126}}
Jun 11 10:03:08.487818 n-d-780147-9 devstack@placement-api.service[281087]: DEBUG placement.objects.research_context [req-cd6f22a7-7fa2-4073-aa4f-054788317c59 req-fbdf8114-5350-4aa7-8bbc-dde0a8071631 service placement] found 2 providers with available 1 DISK_GB {{(pid=281087) get_provider_ids_matching /opt/stack/placement/placement/objects/research_context.py:549}}
Jun 11 10:03:08.489541 n-d-780147-9 devstack@placement-api.service[281087]: DEBUG placement.objects.research_context [req-cd6f22a7-7fa2-4073-aa4f-054788317c59 req-fbdf8114-5350-4aa7-8bbc-dde0a8071631 service placement] found 2 providers with available 1024 MEMORY_MB {{(pid=281087) get_provider_ids_matching /opt/stack/placement/placement/objects/research_context.py:549}}
Jun 11 10:03:08.490102 n-d-780147-9 devstack@placement-api.service[281087]: DEBUG placement.objects.research_context [req-cd6f22a7-7fa2-4073-aa4f-054788317c59 req-fbdf8114-5350-4aa7-8bbc-dde0a8071631 service placement] found 2 providers after filtering by previous result {{(pid=281087) get_provider_ids_matching /opt/stack/placement/placement/objects/research_context.py:580}}
Jun 11 10:03:08.495439 n-d-780147-9 devstack@placement-api.service[281087]: DEBUG placement.objects.research_context [req-cd6f22a7-7fa2-4073-aa4f-054788317c59 req-fbdf8114-5350-4aa7-8bbc-dde0a8071631 service placement] found 2 providers with available 1 VCPU {{(pid=281087) get_provider_ids_matching /opt/stack/placement/placement/objects/research_context.py:549}}
Jun 11 10:03:08.496021 n-d-780147-9 devstack@placement-api.service[281087]: DEBUG placement.objects.research_context [req-cd6f22a7-7fa2-4073-aa4f-054788317c59 req-fbdf8114-5350-4aa7-8bbc-dde0a8071631 service placement] found 2 providers after filtering by previous result {{(pid=281087) get_provider_ids_matching /opt/stack/placement/placement/objects/research_context.py:580}}
Jun 11 10:03:08.522527 n-d-780147-9 devstack@placement-api.service[281087]: DEBUG placement.objects.allocation_candidate [req-cd6f22a7-7fa2-4073-aa4f-054788317c59 req-fbdf8114-5350-4aa7-8bbc-dde0a8071631 service placement] RequestGroup(use_same_provider=False, resources={DISK_GB:1, MEMORY_MB:1024, VCPU:1}, traits=[], aggregates=[]) (suffix '') returned 2 matches {{(pid=281087) _get_by_requests /opt/stack/placement/placement/objects/allocation_candidate.py:145}}
Jun 11 10:03:08.523878 n-d-780147-9 devstack@placement-api.service[281087]: DEBUG placement.objects.allocation_candidate [req-cd6f22a7-7fa2-4073-aa4f-054788317c59 req-fbdf8114-5350-4aa7-8bbc-dde0a8071631 service placement] Merging candidates yields 2 allocation requests and 2 provider summaries {{(pid=281087) _merge_candidates /opt/stack/placement/placement/objects/allocation_candidate.py:783}}
Jun 11 10:03:08.528688 n-d-780147-9 devstack@placement-api.service[281087]: INFO placement.requestlog [req-cd6f22a7-7fa2-4073-aa4f-054788317c59 req-fbdf8114-5350-4aa7-8bbc-dde0a8071631 service placement] 10.222.0.65 "GET /placement/allocation_candidates?resources=DISK_GB%3A1%2CMEMORY_MB%3A1024%2CVCPU%3A1&root_required=%21COMPUTE_STATUS_DISABLED" status: 200 len: 1309 microversion: 1.35
Jun 11 10:03:08.529338 n-d-780147-9 devstack@placement-api.service[281087]: [pid: 281087|app: 0|req: 108/214] 10.222.0.65 () {60 vars in 1484 bytes} [Fri Jun 11 10:03:08 2021] GET /placement/allocation_candidates?resources=DISK_GB%3A1%2CMEMORY_MB%3A1024%2CVCPU%3A1&root_required=%21COMPUTE_STATUS_DISABLED => generated 1309 bytes in 136 msecs (HTTP/1.1 200) 8 headers in 297 bytes (1 switches on core 0)
Jun 11 10:03:08.680632 n-d-780147-9 devstack@placement-api.service[281086]: DEBUG placement.requestlog [req-cd6f22a7-7fa2-4073-aa4f-054788317c59 req-6b943227-096b-412b-ae1a-0e3e2dbdd843 None None] Starting request: 10.222.0.65 "GET /placement/allocations/8a385330-aeb6-4245-9a38-115c858f8163" {{(pid=281086) __call__ /opt/stack/placement/placement/requestlog.py:55}}
Jun 11 10:03:08.702369 n-d-780147-9 devstack@placement-api.service[281086]: INFO placement.requestlog [req-cd6f22a7-7fa2-4073-aa4f-054788317c59 req-6b943227-096b-412b-ae1a-0e3e2dbdd843 service placement] 10.222.0.65 "GET /placement/allocations/8a385330-aeb6-4245-9a38-115c858f8163" status: 200 len: 19 microversion: 1.28
Jun 11 10:03:08.703836 n-d-780147-9 devstack@placement-api.service[281086]: [pid: 281086|app: 0|req: 107/215] 10.222.0.65 () {60 vars in 1380 bytes} [Fri Jun 11 10:03:08 2021] GET /placement/allocations/8a385330-aeb6-4245-9a38-115c858f8163 => generated 19 bytes in 23 msecs (HTTP/1.1 200) 8 headers in 295 bytes (1 switches on core 0)
Jun 11 10:03:08.709524 n-d-780147-9 devstack@placement-api.service[281087]: DEBUG placement.requestlog [req-cd6f22a7-7fa2-4073-aa4f-054788317c59 req-4da3a7ee-366e-47d8-9eb6-a989bb61132c None None] Starting request: 10.222.0.65 "PUT /placement/allocations/8a385330-aeb6-4245-9a38-115c858f8163" {{(pid=281087) __call__ /opt/stack/placement/placement/requestlog.py:55}}
Jun 11 10:03:08.806022 n-d-780147-9 devstack@placement-api.service[281087]: DEBUG placement.handlers.allocation [req-cd6f22a7-7fa2-4073-aa4f-054788317c59 req-4da3a7ee-366e-47d8-9eb6-a989bb61132c service placement] Successfully wrote allocations [, , ] {{(pid=281087) _create_allocations /opt/stack/placement/placement/handlers/allocation.py:435}}
Jun 11 10:03:08.806937 n-d-780147-9 devstack@placement-api.service[281087]: INFO placement.requestlog [req-cd6f22a7-7fa2-4073-aa4f-054788317c59 req-4da3a7ee-366e-47d8-9eb6-a989bb61132c service placement] 10.222.0.65 "PUT /placement/allocations/8a385330-aeb6-4245-9a38-115c858f8163" status: 204 len: 0 microversion: 1.35
Jun 11 10:03:08.807826 n-d-780147-9 devstack@placement-api.service[281087]: [pid: 281087|app: 0|req: 109/216] 10.222.0.65 () {64 vars in 1433 bytes} [Fri Jun 11 10:03:08 2021] PUT /placement/allocations/8a385330-aeb6-4245-9a38-115c858f8163 => generated 0 bytes in 98 msecs (HTTP/1.1 204) 5 headers in 199 bytes (1 switches on core 0)
Jun 11 10:03:08.823561 n-d-780147-9 devstack@placement-api.service[281086]: DEBUG placement.requestlog [req-cd6f22a7-7fa2-4073-aa4f-054788317c59 req-1472d285-d571-4684-8862-277694988061 None None] Starting request: 10.222.0.65 "GET /placement/allocations/ef1f6458-01a6-426b-b4a9-584ce7a1039f" {{(pid=281086) __call__ /opt/stack/placement/placement/requestlog.py:55}}
Jun 11 10:03:08.838778 n-d-780147-9 devstack@placement-api.service[281086]: INFO placement.requestlog [req-cd6f22a7-7fa2-4073-aa4f-054788317c59 req-1472d285-d571-4684-8862-277694988061 service placement] 10.222.0.65 "GET /placement/allocations/ef1f6458-01a6-426b-b4a9-584ce7a1039f" status: 200 len: 19 microversion: 1.28
Jun 11 10:03:08.839210 n-d-780147-9 devstack@placement-api.service[281086]: [pid: 281086|app: 0|req: 108/217] 10.222.0.65 () {60 vars in 1380 bytes} [Fri Jun 11 10:03:08 2021] GET /placement/allocations/ef1f6458-01a6-426b-b4a9-584ce7a1039f => generated 19 bytes in 17 msecs (HTTP/1.1 200) 8 headers in 295 bytes (1 switches on core 0)
Jun 11 10:03:08.846175 n-d-780147-9 devstack@placement-api.service[281087]: DEBUG placement.requestlog [req-cd6f22a7-7fa2-4073-aa4f-054788317c59 req-bbc01e71-4c25-4427-8369-a4e9c7bf9261 None None] Starting request: 10.222.0.65 "PUT /placement/allocations/ef1f6458-01a6-426b-b4a9-584ce7a1039f" {{(pid=281087) __call__ /opt/stack/placement/placement/requestlog.py:55}}
Jun 11 10:03:08.945790 n-d-780147-9 devstack@placement-api.service[281087]: DEBUG placement.handlers.allocation [req-cd6f22a7-7fa2-4073-aa4f-054788317c59 req-bbc01e71-4c25-4427-8369-a4e9c7bf9261 service placement] Successfully wrote allocations [, , ] {{(pid=281087) _create_allocations /opt/stack/placement/placement/handlers/allocation.py:435}}
Jun 11 10:03:08.947064 n-d-780147-9 devstack@placement-api.service[281087]: INFO placement.requestlog [req-cd6f22a7-7fa2-4073-aa4f-054788317c59 req-bbc01e71-4c25-4427-8369-a4e9c7bf9261 service placement] 10.222.0.65 "PUT /placement/allocations/ef1f6458-01a6-426b-b4a9-584ce7a1039f" status: 204 len: 0 microversion: 1.35
Jun 11 10:03:08.948145 n-d-780147-9 devstack@placement-api.service[281087]: [pid: 281087|app: 0|req: 110/218] 10.222.0.65 () {64 vars in 1433 bytes} [Fri Jun 11 10:03:08 2021] PUT /placement/allocations/ef1f6458-01a6-426b-b4a9-584ce7a1039f => generated 0 bytes in 102 msecs (HTTP/1.1 204) 5 headers in 199 bytes (2 switches on core 0)
Jun 11 10:03:09.534946 n-d-780147-9 devstack@placement-api.service[281086]: DEBUG placement.requestlog [req-cd6f22a7-7fa2-4073-aa4f-054788317c59 req-9e40ce75-2abf-41dd-a60d-bbea5d0b4f8a None None] Starting request: 10.222.0.73 "GET /placement/allocations/8a385330-aeb6-4245-9a38-115c858f8163" {{(pid=281086) __call__ /opt/stack/placement/placement/requestlog.py:55}}
Jun 11 10:03:09.549400 n-d-780147-9 devstack@placement-api.service[281087]: DEBUG placement.requestlog [req-cbfd3483-c3cb-4963-a44f-3da8a5f22ff2 req-bd2eb898-d4f0-43be-9f05-cc8e7826f238 None None] Starting request: 10.222.0.65 "GET /placement/allocation_candidates?limit=1000&resources=DISK_GB%3A2%2CMEMORY_MB%3A1024%2CVCPU%3A1&root_required=%21COMPUTE_STATUS_DISABLED" {{(pid=281087) __call__ /opt/stack/placement/placement/requestlog.py:55}}
Jun 11 10:03:09.574282 n-d-780147-9 devstack@placement-api.service[281086]: INFO placement.requestlog [req-cd6f22a7-7fa2-4073-aa4f-054788317c59 req-9e40ce75-2abf-41dd-a60d-bbea5d0b4f8a service placement] 10.222.0.73 "GET /placement/allocations/8a385330-aeb6-4245-9a38-115c858f8163" status: 200 len: 259 microversion: 1.28
Jun 11 10:03:09.576532 n-d-780147-9 devstack@placement-api.service[281086]: [pid: 281086|app: 0|req: 109/219] 10.222.0.73 () {60 vars in 1378 bytes} [Fri Jun 11 10:03:09 2021] GET /placement/allocations/8a385330-aeb6-4245-9a38-115c858f8163 => generated 259 bytes in 42 msecs (HTTP/1.1 200) 8 headers in 296 bytes (1 switches on core 0)
Jun 11 10:03:09.607447 n-d-780147-9 devstack@placement-api.service[281087]: DEBUG placement.objects.research_context [req-cbfd3483-c3cb-4963-a44f-3da8a5f22ff2 req-bd2eb898-d4f0-43be-9f05-cc8e7826f238 service placement] getting providers with 2 DISK_GB {{(pid=281087) __init__ /opt/stack/placement/placement/objects/research_context.py:126}}
Jun 11 10:03:09.627201 n-d-780147-9 devstack@placement-api.service[281087]: DEBUG placement.objects.research_context [req-cbfd3483-c3cb-4963-a44f-3da8a5f22ff2 req-bd2eb898-d4f0-43be-9f05-cc8e7826f238 service placement] getting providers with 1024 MEMORY_MB {{(pid=281087) __init__ /opt/stack/placement/placement/objects/research_context.py:126}}
Jun 11 10:03:09.638100 n-d-780147-9 devstack@placement-api.service[281086]: DEBUG placement.requestlog [req-cd6f22a7-7fa2-4073-aa4f-054788317c59 req-19a1cf9b-9c82-44b3-acfd-77995057790e None None] Starting request: 10.222.0.66 "GET /placement/allocations/ef1f6458-01a6-426b-b4a9-584ce7a1039f" {{(pid=281086) __call__ /opt/stack/placement/placement/requestlog.py:55}}
