Jun 11 10:08:42.453422 n-d-780147-9 devstack@g-api.service[289171]: DEBUG swiftclient [None req-b94d8d73-9ca9-453e-983f-afaa814678ce tempest-AttachSCSIVolumeTestJSON-931332974 tempest-AttachSCSIVolumeTestJSON-931332974-project-admin] RESP HEADERS: {'Content-Type': 'text/html; charset=UTF-8', 'Content-Length': '0', 'Etag': '474c454a7d42aa08dc839c761619c10b', 'Last-Modified': 'Fri, 11 Jun 2021 10:08:39 GMT', 'X-Trans-Id': 'tx27076a7429e14cc2b2b58-0060c33626', 'X-Openstack-Request-Id': 'tx27076a7429e14cc2b2b58-0060c33626', 'Date': 'Fri, 11 Jun 2021 10:08:42 GMT'} {{(pid=289171) http_log /usr/local/lib/python3.8/dist-packages/swiftclient/client.py:189}}
Jun 11 10:08:42.453659 n-d-780147-9 devstack@g-api.service[289171]: DEBUG glance_store._drivers.swift.store [None req-b94d8d73-9ca9-453e-983f-afaa814678ce tempest-AttachSCSIVolumeTestJSON-931332974 tempest-AttachSCSIVolumeTestJSON-931332974-project-admin] Wrote chunk cae5685e-1bfe-486a-a5dc-3cfffbdd7e7e-00003 (3/?) of length 204800000 to Swift returning MD5 of content: 474c454a7d42aa08dc839c761619c10b {{(pid=289171) add /usr/local/lib/python3.8/dist-packages/glance_store/_drivers/swift/store.py:1029}}
Jun 11 10:08:43.074350 n-d-780147-9 devstack@g-api.service[289171]: DEBUG swiftclient [None req-b94d8d73-9ca9-453e-983f-afaa814678ce tempest-AttachSCSIVolumeTestJSON-931332974 tempest-AttachSCSIVolumeTestJSON-931332974-project-admin] REQ: curl -i http://10.222.0.65:8080/v1/AUTH_945e6542e18a486283a180613e97b744/glance/cae5685e-1bfe-486a-a5dc-3cfffbdd7e7e-00004 -X PUT -H "X-Auth-Token: gAAAAABgwzYbQZQ2..." {{(pid=289171) http_log /usr/local/lib/python3.8/dist-packages/swiftclient/client.py:187}}
Jun 11 10:08:43.074774 n-d-780147-9 devstack@g-api.service[289171]: DEBUG swiftclient [None req-b94d8d73-9ca9-453e-983f-afaa814678ce tempest-AttachSCSIVolumeTestJSON-931332974 tempest-AttachSCSIVolumeTestJSON-931332974-project-admin] RESP STATUS: 201 Created {{(pid=289171) http_log /usr/local/lib/python3.8/dist-packages/swiftclient/client.py:188}}
Jun 11 10:08:43.075280 n-d-780147-9 devstack@g-api.service[289171]: DEBUG swiftclient [None req-b94d8d73-9ca9-453e-983f-afaa814678ce tempest-AttachSCSIVolumeTestJSON-931332974 tempest-AttachSCSIVolumeTestJSON-931332974-project-admin] RESP HEADERS: {'Content-Type': 'text/html; charset=UTF-8', 'Content-Length': '0', 'Etag': '0be982c76a84f3b50fdfe738452bdba1', 'Last-Modified': 'Fri, 11 Jun 2021 10:08:43 GMT', 'X-Trans-Id': 'tx1a1209d923854358b5049-0060c3362a', 'X-Openstack-Request-Id': 'tx1a1209d923854358b5049-0060c3362a', 'Date': 'Fri, 11 Jun 2021 10:08:43 GMT'} {{(pid=289171) http_log /usr/local/lib/python3.8/dist-packages/swiftclient/client.py:189}}
Jun 11 10:08:43.075870 n-d-780147-9 devstack@g-api.service[289171]: DEBUG glance_store._drivers.swift.store [None req-b94d8d73-9ca9-453e-983f-afaa814678ce tempest-AttachSCSIVolumeTestJSON-931332974 tempest-AttachSCSIVolumeTestJSON-931332974-project-admin] Wrote chunk cae5685e-1bfe-486a-a5dc-3cfffbdd7e7e-00004 (4/?) of length 31522816 to Swift returning MD5 of content: 0be982c76a84f3b50fdfe738452bdba1 {{(pid=289171) add /usr/local/lib/python3.8/dist-packages/glance_store/_drivers/swift/store.py:1029}}
Jun 11 10:08:43.076466 n-d-780147-9 devstack@g-api.service[289171]: DEBUG glance_store._drivers.swift.store [None req-b94d8d73-9ca9-453e-983f-afaa814678ce tempest-AttachSCSIVolumeTestJSON-931332974 tempest-AttachSCSIVolumeTestJSON-931332974-project-admin] Not writing zero-length chunk. {{(pid=289171) add /usr/local/lib/python3.8/dist-packages/glance_store/_drivers/swift/store.py:998}}
Jun 11 10:08:43.108769 n-d-780147-9 devstack@g-api.service[289170]: DEBUG glance.api.middleware.version_negotiation [None req-7efbd8ba-0fa1-4386-8967-930723e05150 tempest-ServerTagsTestJSON-1416045965 tempest-ServerTagsTestJSON-1416045965-project] Determining version of request: GET /v2/images/f1dfa637-1d9d-4bff-9ea1-1fcf1418ecd0 Accept: */* {{(pid=289170) process_request /opt/stack/glance/glance/api/middleware/version_negotiation.py:44}}
Jun 11 10:08:43.109267 n-d-780147-9 devstack@g-api.service[289171]: DEBUG swiftclient [None req-b94d8d73-9ca9-453e-983f-afaa814678ce tempest-AttachSCSIVolumeTestJSON-931332974 tempest-AttachSCSIVolumeTestJSON-931332974-project-admin] REQ: curl -i http://10.222.0.65:8080/v1/AUTH_945e6542e18a486283a180613e97b744/glance/cae5685e-1bfe-486a-a5dc-3cfffbdd7e7e -X PUT -H "X-Object-Manifest: glance/cae5685e-1bfe-486a-a5dc-3cfffbdd7e7e-" -H "X-Auth-Token: gAAAAABgwzYbQZQ2..." -H "Content-Length: 0" {{(pid=289171) http_log /usr/local/lib/python3.8/dist-packages/swiftclient/client.py:187}}
Jun 11 10:08:43.109772 n-d-780147-9 devstack@g-api.service[289171]: DEBUG swiftclient [None req-b94d8d73-9ca9-453e-983f-afaa814678ce tempest-AttachSCSIVolumeTestJSON-931332974 tempest-AttachSCSIVolumeTestJSON-931332974-project-admin] RESP STATUS: 201 Created {{(pid=289171) http_log /usr/local/lib/python3.8/dist-packages/swiftclient/client.py:188}}
Jun 11 10:08:43.109927 n-d-780147-9 devstack@g-api.service[289170]: DEBUG glance.api.middleware.version_negotiation [None req-7efbd8ba-0fa1-4386-8967-930723e05150 tempest-ServerTagsTestJSON-1416045965 tempest-ServerTagsTestJSON-1416045965-project] Using url versioning {{(pid=289170) process_request /opt/stack/glance/glance/api/middleware/version_negotiation.py:57}}
Jun 11 10:08:43.110246 n-d-780147-9 devstack@g-api.service[289171]: DEBUG swiftclient [None req-b94d8d73-9ca9-453e-983f-afaa814678ce tempest-AttachSCSIVolumeTestJSON-931332974 tempest-AttachSCSIVolumeTestJSON-931332974-project-admin] RESP HEADERS: {'Content-Type': 'text/html; charset=UTF-8', 'Content-Length': '0', 'Etag': 'd41d8cd98f00b204e9800998ecf8427e', 'Last-Modified': 'Fri, 11 Jun 2021 10:08:44 GMT', 'X-Trans-Id': 'tx70943b0d92ef4ab9a4002-0060c3362b', 'X-Openstack-Request-Id': 'tx70943b0d92ef4ab9a4002-0060c3362b', 'Date': 'Fri, 11 Jun 2021 10:08:43 GMT'} {{(pid=289171) http_log /usr/local/lib/python3.8/dist-packages/swiftclient/client.py:189}}
Jun 11 10:08:43.110602 n-d-780147-9 devstack@g-api.service[289170]: DEBUG glance.api.middleware.version_negotiation [None req-7efbd8ba-0fa1-4386-8967-930723e05150 tempest-ServerTagsTestJSON-1416045965 tempest-ServerTagsTestJSON-1416045965-project] Matched version: v2 {{(pid=289170) process_request /opt/stack/glance/glance/api/middleware/version_negotiation.py:69}}
Jun 11 10:08:43.111048 n-d-780147-9 devstack@g-api.service[289171]: INFO glance.location [None req-b94d8d73-9ca9-453e-983f-afaa814678ce tempest-AttachSCSIVolumeTestJSON-931332974 tempest-AttachSCSIVolumeTestJSON-931332974-project-admin] Image format matched and virtual size computed: 734003200
Jun 11 10:08:43.111440 n-d-780147-9 devstack@g-api.service[289170]: DEBUG glance.api.middleware.version_negotiation [None req-7efbd8ba-0fa1-4386-8967-930723e05150 tempest-ServerTagsTestJSON-1416045965 tempest-ServerTagsTestJSON-1416045965-project] new path /v2/images/f1dfa637-1d9d-4bff-9ea1-1fcf1418ecd0 {{(pid=289170) process_request /opt/stack/glance/glance/api/middleware/version_negotiation.py:70}}
Jun 11 10:08:43.142920 n-d-780147-9 devstack@g-api.service[289170]: [pid: 289170|app: 0|req: 213/333] 127.0.0.1 () {42 vars in 1051 bytes} [Fri Jun 11 10:08:43 2021] GET /v2/images/f1dfa637-1d9d-4bff-9ea1-1fcf1418ecd0 => generated 946 bytes in 34 msecs (HTTP/1.1 200) 4 headers in 157 bytes (1 switches on core 0)
Jun 11 10:08:43.144013 n-d-780147-9 devstack@g-api.service[289170]: DEBUG glance.api.middleware.version_negotiation [None req-473a1df4-44ce-496a-ad0b-0b99cc8c255a tempest-ServersTestJSON-349187219 tempest-ServersTestJSON-349187219-project] Determining version of request: GET /v2/schemas/image Accept: */* {{(pid=289170) process_request /opt/stack/glance/glance/api/middleware/version_negotiation.py:44}}
Jun 11 10:08:43.144315 n-d-780147-9 devstack@g-api.service[289170]: DEBUG glance.api.middleware.version_negotiation [None req-473a1df4-44ce-496a-ad0b-0b99cc8c255a tempest-ServersTestJSON-349187219 tempest-ServersTestJSON-349187219-project] Using url versioning {{(pid=289170) process_request /opt/stack/glance/glance/api/middleware/version_negotiation.py:57}}
Jun 11 10:08:43.144863 n-d-780147-9 devstack@g-api.service[289170]: DEBUG glance.api.middleware.version_negotiation [None req-473a1df4-44ce-496a-ad0b-0b99cc8c255a tempest-ServersTestJSON-349187219 tempest-ServersTestJSON-349187219-project] Matched version: v2 {{(pid=289170) process_request /opt/stack/glance/glance/api/middleware/version_negotiation.py:69}}
Jun 11 10:08:43.145301 n-d-780147-9 devstack@g-api.service[289170]: DEBUG glance.api.middleware.version_negotiation [None req-473a1df4-44ce-496a-ad0b-0b99cc8c255a tempest-ServersTestJSON-349187219 tempest-ServersTestJSON-349187219-project] new path /v2/schemas/image {{(pid=289170) process_request /opt/stack/glance/glance/api/middleware/version_negotiation.py:70}}
Jun 11 10:08:43.156876 n-d-780147-9 devstack@g-api.service[289170]: [pid: 289170|app: 0|req: 214/334] 127.0.0.1 () {42 vars in 991 bytes} [Fri Jun 11 10:08:43 2021] GET /v2/schemas/image => generated 6083 bytes in 13 msecs (HTTP/1.1 200) 4 headers in 158 bytes (1 switches on core 0)
Jun 11 10:08:43.171963 n-d-780147-9 devstack@g-api.service[289171]: DEBUG glance_store.backend [None req-b94d8d73-9ca9-453e-983f-afaa814678ce tempest-AttachSCSIVolumeTestJSON-931332974 tempest-AttachSCSIVolumeTestJSON-931332974-project-admin] Attempting to import store swift {{(pid=289171) _load_store /usr/local/lib/python3.8/dist-packages/glance_store/backend.py:217}}
Jun 11 10:08:43.176313 n-d-780147-9 devstack@g-api.service[289171]: DEBUG glance_store.capabilities [None req-b94d8d73-9ca9-453e-983f-afaa814678ce tempest-AttachSCSIVolumeTestJSON-931332974 tempest-AttachSCSIVolumeTestJSON-931332974-project-admin] Store glance_store._drivers.swift.store.SingleTenantStore doesn't support updating dynamic storage capabilities. Please overwrite 'update_capabilities' method of the store to implement updating logics if needed. {{(pid=289171) update_capabilities /usr/local/lib/python3.8/dist-packages/glance_store/capabilities.py:91}}
Jun 11 10:08:43.176313 n-d-780147-9 devstack@g-api.service[289171]: DEBUG glance_store.driver [None req-b94d8d73-9ca9-453e-983f-afaa814678ce tempest-AttachSCSIVolumeTestJSON-931332974 tempest-AttachSCSIVolumeTestJSON-931332974-project-admin] Late loading location class glance_store._drivers.swift.store.StoreLocation {{(pid=289171) get_store_location_class /usr/local/lib/python3.8/dist-packages/glance_store/driver.py:117}}
Jun 11 10:08:43.176313 n-d-780147-9 devstack@g-api.service[289171]: DEBUG glance_store.location [None req-b94d8d73-9ca9-453e-983f-afaa814678ce tempest-AttachSCSIVolumeTestJSON-931332974 tempest-AttachSCSIVolumeTestJSON-931332974-project-admin] Registering scheme swift+https with {'store': , 'location_class': , 'store_entry': 'swift'} {{(pid=289171) register_scheme_map /usr/local/lib/python3.8/dist-packages/glance_store/location.py:146}}
Jun 11 10:08:43.176313 n-d-780147-9 devstack@g-api.service[289171]: DEBUG glance_store.location [None req-b94d8d73-9ca9-453e-983f-afaa814678ce tempest-AttachSCSIVolumeTestJSON-931332974 tempest-AttachSCSIVolumeTestJSON-931332974-project-admin] Registering scheme swift+https with {'store': , 'location_class': , 'store_entry': 'swift'} {{(pid=289171) register_scheme_map /usr/local/lib/python3.8/dist-packages/glance_store/location.py:146}}
Jun 11 10:08:43.176313 n-d-780147-9 devstack@g-api.service[289171]: DEBUG glance_store.location [None req-b94d8d73-9ca9-453e-983f-afaa814678ce tempest-AttachSCSIVolumeTestJSON-931332974 tempest-AttachSCSIVolumeTestJSON-931332974-project-admin] Registering scheme swift with {'store': , 'location_class': , 'store_entry': 'swift'} {{(pid=289171) register_scheme_map /usr/local/lib/python3.8/dist-packages/glance_store/location.py:146}}
Jun 11 10:08:43.176956 n-d-780147-9 devstack@g-api.service[289171]: DEBUG glance_store.location [None req-b94d8d73-9ca9-453e-983f-afaa814678ce tempest-AttachSCSIVolumeTestJSON-931332974 tempest-AttachSCSIVolumeTestJSON-931332974-project-admin] Registering scheme swift+https with {'store': , 'location_class': , 'store_entry': 'swift'} {{(pid=289171) register_scheme_map /usr/local/lib/python3.8/dist-packages/glance_store/location.py:146}}
Jun 11 10:08:43.176956 n-d-780147-9 devstack@g-api.service[289171]: DEBUG glance_store.location [None req-b94d8d73-9ca9-453e-983f-afaa814678ce tempest-AttachSCSIVolumeTestJSON-931332974 tempest-AttachSCSIVolumeTestJSON-931332974-project-admin] Registering scheme swift with {'store': , 'location_class': , 'store_entry': 'swift'} {{(pid=289171) register_scheme_map /usr/local/lib/python3.8/dist-packages/glance_store/location.py:146}}
Jun 11 10:08:43.176956 n-d-780147-9 devstack@g-api.service[289171]: DEBUG glance_store.location [None req-b94d8d73-9ca9-453e-983f-afaa814678ce tempest-AttachSCSIVolumeTestJSON-931332974 tempest-AttachSCSIVolumeTestJSON-931332974-project-admin] Registering scheme swift+http with {'store': , 'location_class': , 'store_entry': 'swift'} {{(pid=289171) register_scheme_map /usr/local/lib/python3.8/dist-packages/glance_store/location.py:146}}
Jun 11 10:08:43.177204 n-d-780147-9 devstack@g-api.service[289171]: DEBUG glance_store.location [None req-b94d8d73-9ca9-453e-983f-afaa814678ce tempest-AttachSCSIVolumeTestJSON-931332974 tempest-AttachSCSIVolumeTestJSON-931332974-project-admin] Registering scheme swift+https with {'store': , 'location_class': , 'store_entry': 'swift'} {{(pid=289171) register_scheme_map /usr/local/lib/python3.8/dist-packages/glance_store/location.py:146}}
Jun 11 10:08:43.177408 n-d-780147-9 devstack@g-api.service[289171]: DEBUG glance_store.location [None req-b94d8d73-9ca9-453e-983f-afaa814678ce tempest-AttachSCSIVolumeTestJSON-931332974 tempest-AttachSCSIVolumeTestJSON-931332974-project-admin] Registering scheme swift with {'store': , 'location_class': , 'store_entry': 'swift'} {{(pid=289171) register_scheme_map /usr/local/lib/python3.8/dist-packages/glance_store/location.py:146}}
Jun 11 10:08:43.177842 n-d-780147-9 devstack@g-api.service[289171]: DEBUG glance_store.location [None req-b94d8d73-9ca9-453e-983f-afaa814678ce tempest-AttachSCSIVolumeTestJSON-931332974 tempest-AttachSCSIVolumeTestJSON-931332974-project-admin] Registering scheme swift+http with {'store': , 'location_class': , 'store_entry': 'swift'} {{(pid=289171) register_scheme_map /usr/local/lib/python3.8/dist-packages/glance_store/location.py:146}}
Jun 11 10:08:43.177842 n-d-780147-9 devstack@g-api.service[289171]: DEBUG glance_store.location [None req-b94d8d73-9ca9-453e-983f-afaa814678ce tempest-AttachSCSIVolumeTestJSON-931332974 tempest-AttachSCSIVolumeTestJSON-931332974-project-admin] Registering scheme swift+config with {'store': , 'location_class': , 'store_entry': 'swift'} {{(pid=289171) register_scheme_map /usr/local/lib/python3.8/dist-packages/glance_store/location.py:146}}
Jun 11 10:08:43.178068 n-d-780147-9 devstack@g-api.service[289171]: DEBUG glance_store.backend [None req-b94d8d73-9ca9-453e-983f-afaa814678ce tempest-AttachSCSIVolumeTestJSON-931332974 tempest-AttachSCSIVolumeTestJSON-931332974-project-admin] Skipping store.set_acls... not implemented. {{(pid=289171) set_acls /usr/local/lib/python3.8/dist-packages/glance_store/backend.py:509}}
Jun 11 10:08:43.184905 n-d-780147-9 devstack@g-api.service[289171]: [pid: 289171|app: 0|req: 121/335] 127.0.0.1 () {38 vars in 795 bytes} [Fri Jun 11 10:08:27 2021] PUT /v2/images/cae5685e-1bfe-486a-a5dc-3cfffbdd7e7e/file => generated 0 bytes in 15769 msecs (HTTP/1.1 204) 4 headers in 171 bytes (1 switches on core 0)
Jun 11 10:08:43.429037 n-d-780147-9 devstack@g-api.service[289170]: DEBUG glance.api.middleware.version_negotiation [None req-473a1df4-44ce-496a-ad0b-0b99cc8c255a tempest-ServersTestJSON-349187219 tempest-ServersTestJSON-349187219-project] Determining version of request: GET /v2/images/cae5685e-1bfe-486a-a5dc-3cfffbdd7e7e Accept: */* {{(pid=289170) process_request /opt/stack/glance/glance/api/middleware/version_negotiation.py:44}}
Jun 11 10:08:43.429398 n-d-780147-9 devstack@g-api.service[289170]: DEBUG glance.api.middleware.version_negotiation [None req-473a1df4-44ce-496a-ad0b-0b99cc8c255a tempest-ServersTestJSON-349187219 tempest-ServersTestJSON-349187219-project] Using url versioning {{(pid=289170) process_request /opt/stack/glance/glance/api/middleware/version_negotiation.py:57}}
Jun 11 10:08:43.429717 n-d-780147-9 devstack@g-api.service[289170]: DEBUG glance.api.middleware.version_negotiation [None req-473a1df4-44ce-496a-ad0b-0b99cc8c255a tempest-ServersTestJSON-349187219 tempest-ServersTestJSON-349187219-project] Matched version: v2 {{(pid=289170) process_request /opt/stack/glance/glance/api/middleware/version_negotiation.py:69}}
Jun 11 10:08:43.430001 n-d-780147-9 devstack@g-api.service[289170]: DEBUG glance.api.middleware.version_negotiation [None req-473a1df4-44ce-496a-ad0b-0b99cc8c255a tempest-ServersTestJSON-349187219 tempest-ServersTestJSON-349187219-project] new path /v2/images/cae5685e-1bfe-486a-a5dc-3cfffbdd7e7e {{(pid=289170) process_request /opt/stack/glance/glance/api/middleware/version_negotiation.py:70}}
Jun 11 10:08:43.454199 n-d-780147-9 devstack@g-api.service[289170]: [pid: 289170|app: 0|req: 215/336] 127.0.0.1 () {42 vars in 1051 bytes} [Fri Jun 11 10:08:43 2021] GET /v2/images/cae5685e-1bfe-486a-a5dc-3cfffbdd7e7e => generated 859 bytes in 26 msecs (HTTP/1.1 200) 4 headers in 157 bytes (1 switches on core 0)
Jun 11 10:08:43.460314 n-d-780147-9 devstack@g-api.service[289171]: DEBUG glance.api.middleware.version_negotiation [None req-b94d8d73-9ca9-453e-983f-afaa814678ce tempest-AttachSCSIVolumeTestJSON-931332974 tempest-AttachSCSIVolumeTestJSON-931332974-project-admin] Determining version of request: GET /v2/schemas/image Accept: */* {{(pid=289171) process_request /opt/stack/glance/glance/api/middleware/version_negotiation.py:44}}
Jun 11 10:08:43.460871 n-d-780147-9 devstack@g-api.service[289171]: DEBUG glance.api.middleware.version_negotiation [None req-b94d8d73-9ca9-453e-983f-afaa814678ce tempest-AttachSCSIVolumeTestJSON-931332974 tempest-AttachSCSIVolumeTestJSON-931332974-project-admin] Using url versioning {{(pid=289171) process_request /opt/stack/glance/glance/api/middleware/version_negotiation.py:57}}
Jun 11 10:08:43.461216 n-d-780147-9 devstack@g-api.service[289171]: DEBUG glance.api.middleware.version_negotiation [None req-b94d8d73-9ca9-453e-983f-afaa814678ce tempest-AttachSCSIVolumeTestJSON-931332974 tempest-AttachSCSIVolumeTestJSON-931332974-project-admin] Matched version: v2 {{(pid=289171) process_request /opt/stack/glance/glance/api/middleware/version_negotiation.py:69}}
Jun 11 10:08:43.461804 n-d-780147-9 devstack@g-api.service[289171]: DEBUG glance.api.middleware.version_negotiation [None req-b94d8d73-9ca9-453e-983f-afaa814678ce tempest-AttachSCSIVolumeTestJSON-931332974 tempest-AttachSCSIVolumeTestJSON-931332974-project-admin] new path /v2/schemas/image {{(pid=289171) process_request /opt/stack/glance/glance/api/middleware/version_negotiation.py:70}}
Jun 11 10:08:43.466756 n-d-780147-9 devstack@g-api.service[289171]: [pid: 289171|app: 0|req: 122/337] 127.0.0.1 () {42 vars in 991 bytes} [Fri Jun 11 10:08:43 2021] GET /v2/schemas/image => generated 6083 bytes in 7 msecs (HTTP/1.1 200) 4 headers in 158 bytes (1 switches on core 0)
Jun 11 10:08:46.939632 n-d-780147-9 devstack@g-api.service[289170]: DEBUG glance.api.middleware.version_negotiation [None req-b3ec2e00-23be-414c-b793-dd5410f13e23 tempest-AttachSCSIVolumeTestJSON-1500847478 tempest-AttachSCSIVolumeTestJSON-1500847478-project] Determining version of request: GET /v2/images/cae5685e-1bfe-486a-a5dc-3cfffbdd7e7e Accept: */* {{(pid=289170) process_request /opt/stack/glance/glance/api/middleware/version_negotiation.py:44}}
Jun 11 10:08:46.940575 n-d-780147-9 devstack@g-api.service[289170]: DEBUG glance.api.middleware.version_negotiation [None req-b3ec2e00-23be-414c-b793-dd5410f13e23 tempest-AttachSCSIVolumeTestJSON-1500847478 tempest-AttachSCSIVolumeTestJSON-1500847478-project] Using url versioning {{(pid=289170) process_request /opt/stack/glance/glance/api/middleware/version_negotiation.py:57}}
Jun 11 10:08:46.941115 n-d-780147-9 devstack@g-api.service[289170]: DEBUG glance.api.middleware.version_negotiation [None req-b3ec2e00-23be-414c-b793-dd5410f13e23 tempest-AttachSCSIVolumeTestJSON-1500847478 tempest-AttachSCSIVolumeTestJSON-1500847478-project] Matched version: v2 {{(pid=289170) process_request /opt/stack/glance/glance/api/middleware/version_negotiation.py:69}}
Jun 11 10:08:46.941586 n-d-780147-9 devstack@g-api.service[289170]: DEBUG glance.api.middleware.version_negotiation [None req-b3ec2e00-23be-414c-b793-dd5410f13e23 tempest-AttachSCSIVolumeTestJSON-1500847478 tempest-AttachSCSIVolumeTestJSON-1500847478-project] new path /v2/images/cae5685e-1bfe-486a-a5dc-3cfffbdd7e7e {{(pid=289170) process_request /opt/stack/glance/glance/api/middleware/version_negotiation.py:70}}
Jun 11 10:08:46.985720 n-d-780147-9 devstack@g-api.service[289170]: [pid: 289170|app: 0|req: 216/338] 127.0.0.1 () {40 vars in 844 bytes} [Fri Jun 11 10:08:46 2021] GET /v2/images/cae5685e-1bfe-486a-a5dc-3cfffbdd7e7e => generated 859 bytes in 45 msecs (HTTP/1.1 200) 4 headers in 157 bytes (1 switches on core 0)
Jun 11 10:08:47.004041 n-d-780147-9 devstack@g-api.service[289171]: DEBUG glance.api.middleware.version_negotiation [None req-b3ec2e00-23be-414c-b793-dd5410f13e23 tempest-AttachSCSIVolumeTestJSON-1500847478 tempest-AttachSCSIVolumeTestJSON-1500847478-project] Determining version of request: GET /v2/images/cae5685e-1bfe-486a-a5dc-3cfffbdd7e7e/file Accept: */* {{(pid=289171) process_request /opt/stack/glance/glance/api/middleware/version_negotiation.py:44}}
Jun 11 10:08:47.004765 n-d-780147-9 devstack@g-api.service[289171]: DEBUG glance.api.middleware.version_negotiation [None req-b3ec2e00-23be-414c-b793-dd5410f13e23 tempest-AttachSCSIVolumeTestJSON-1500847478 tempest-AttachSCSIVolumeTestJSON-1500847478-project] Using url versioning {{(pid=289171) process_request /opt/stack/glance/glance/api/middleware/version_negotiation.py:57}}
Jun 11 10:08:47.004765 n-d-780147-9 devstack@g-api.service[289171]: DEBUG glance.api.middleware.version_negotiation [None req-b3ec2e00-23be-414c-b793-dd5410f13e23 tempest-AttachSCSIVolumeTestJSON-1500847478 tempest-AttachSCSIVolumeTestJSON-1500847478-project] Matched version: v2 {{(pid=289171) process_request /opt/stack/glance/glance/api/middleware/version_negotiation.py:69}}
Jun 11 10:08:47.004977 n-d-780147-9 devstack@g-api.service[289171]: DEBUG glance.api.middleware.version_negotiation [None req-b3ec2e00-23be-414c-b793-dd5410f13e23 tempest-AttachSCSIVolumeTestJSON-1500847478 tempest-AttachSCSIVolumeTestJSON-1500847478-project] new path /v2/images/cae5685e-1bfe-486a-a5dc-3cfffbdd7e7e/file {{(pid=289171) process_request /opt/stack/glance/glance/api/middleware/version_negotiation.py:70}}
Jun 11 10:08:47.029367 n-d-780147-9 devstack@g-api.service[289171]: DEBUG glance_store.backend [None req-b3ec2e00-23be-414c-b793-dd5410f13e23 tempest-AttachSCSIVolumeTestJSON-1500847478 tempest-AttachSCSIVolumeTestJSON-1500847478-project] Attempting to import store swift {{(pid=289171) _load_store /usr/local/lib/python3.8/dist-packages/glance_store/backend.py:217}}
Jun 11 10:08:47.032831 n-d-780147-9 devstack@g-api.service[289171]: DEBUG glance_store.capabilities [None req-b3ec2e00-23be-414c-b793-dd5410f13e23 tempest-AttachSCSIVolumeTestJSON-1500847478 tempest-AttachSCSIVolumeTestJSON-1500847478-project] Store glance_store._drivers.swift.store.SingleTenantStore doesn't support updating dynamic storage capabilities. Please overwrite 'update_capabilities' method of the store to implement updating logics if needed. {{(pid=289171) update_capabilities /usr/local/lib/python3.8/dist-packages/glance_store/capabilities.py:91}}
Jun 11 10:08:47.033382 n-d-780147-9 devstack@g-api.service[289171]: DEBUG glance_store.driver [None req-b3ec2e00-23be-414c-b793-dd5410f13e23 tempest-AttachSCSIVolumeTestJSON-1500847478 tempest-AttachSCSIVolumeTestJSON-1500847478-project] Late loading location class glance_store._drivers.swift.store.StoreLocation {{(pid=289171) get_store_location_class /usr/local/lib/python3.8/dist-packages/glance_store/driver.py:117}}
Jun 11 10:08:47.033871 n-d-780147-9 devstack@g-api.service[289171]: DEBUG glance_store.location [None req-b3ec2e00-23be-414c-b793-dd5410f13e23 tempest-AttachSCSIVolumeTestJSON-1500847478 tempest-AttachSCSIVolumeTestJSON-1500847478-project] Registering scheme swift+https with {'store': , 'location_class': , 'store_entry': 'swift'} {{(pid=289171) register_scheme_map /usr/local/lib/python3.8/dist-packages/glance_store/location.py:146}}
Jun 11 10:08:47.034349 n-d-780147-9 devstack@g-api.service[289171]: DEBUG glance_store.location [None req-b3ec2e00-23be-414c-b793-dd5410f13e23 tempest-AttachSCSIVolumeTestJSON-1500847478 tempest-AttachSCSIVolumeTestJSON-1500847478-project] Registering scheme swift+https with {'store': , 'location_class': , 'store_entry': 'swift'} {{(pid=289171) register_scheme_map /usr/local/lib/python3.8/dist-packages/glance_store/location.py:146}}
Jun 11 10:08:47.034933 n-d-780147-9 devstack@g-api.service[289171]: DEBUG glance_store.location [None req-b3ec2e00-23be-414c-b793-dd5410f13e23 tempest-AttachSCSIVolumeTestJSON-1500847478 tempest-AttachSCSIVolumeTestJSON-1500847478-project] Registering scheme swift with {'store': , 'location_class': , 'store_entry': 'swift'} {{(pid=289171) register_scheme_map /usr/local/lib/python3.8/dist-packages/glance_store/location.py:146}}
Jun 11 10:08:47.035541 n-d-780147-9 devstack@g-api.service[289171]: DEBUG glance_store.location [None req-b3ec2e00-23be-414c-b793-dd5410f13e23 tempest-AttachSCSIVolumeTestJSON-1500847478 tempest-AttachSCSIVolumeTestJSON-1500847478-project] Registering scheme swift+https with {'store': , 'location_class': , 'store_entry': 'swift'} {{(pid=289171) register_scheme_map /usr/local/lib/python3.8/dist-packages/glance_store/location.py:146}}
Jun 11 10:08:47.035898 n-d-780147-9 devstack@g-api.service[289171]: DEBUG glance_store.location [None req-b3ec2e00-23be-414c-b793-dd5410f13e23 tempest-AttachSCSIVolumeTestJSON-1500847478 tempest-AttachSCSIVolumeTestJSON-1500847478-project] Registering scheme swift with {'store': , 'location_class': , 'store_entry': 'swift'} {{(pid=289171) register_scheme_map /usr/local/lib/python3.8/dist-packages/glance_store/location.py:146}}
Jun 11 10:08:47.036254 n-d-780147-9 devstack@g-api.service[289171]: DEBUG glance_store.location [None req-b3ec2e00-23be-414c-b793-dd5410f13e23 tempest-AttachSCSIVolumeTestJSON-1500847478 tempest-AttachSCSIVolumeTestJSON-1500847478-project] Registering scheme swift+http with {'store': , 'location_class': , 'store_entry': 'swift'} {{(pid=289171) register_scheme_map /usr/local/lib/python3.8/dist-packages/glance_store/location.py:146}}
Jun 11 10:08:47.036769 n-d-780147-9 devstack@g-api.service[289171]: DEBUG glance_store.location [None req-b3ec2e00-23be-414c-b793-dd5410f13e23 tempest-AttachSCSIVolumeTestJSON-1500847478 tempest-AttachSCSIVolumeTestJSON-1500847478-project] Registering scheme swift+https with {'store': , 'location_class': , 'store_entry': 'swift'} {{(pid=289171) register_scheme_map /usr/local/lib/python3.8/dist-packages/glance_store/location.py:146}}
Jun 11 10:08:47.037231 n-d-780147-9 devstack@g-api.service[289171]: DEBUG glance_store.location [None req-b3ec2e00-23be-414c-b793-dd5410f13e23 tempest-AttachSCSIVolumeTestJSON-1500847478 tempest-AttachSCSIVolumeTestJSON-1500847478-project] Registering scheme swift with {'store': , 'location_class': , 'store_entry': 'swift'} {{(pid=289171) register_scheme_map /usr/local/lib/python3.8/dist-packages/glance_store/location.py:146}}
Jun 11 10:08:47.037702 n-d-780147-9 devstack@g-api.service[289171]: DEBUG glance_store.location [None req-b3ec2e00-23be-414c-b793-dd5410f13e23 tempest-AttachSCSIVolumeTestJSON-1500847478 tempest-AttachSCSIVolumeTestJSON-1500847478-project] Registering scheme swift+http with {'store': , 'location_class': , 'store_entry': 'swift'} {{(pid=289171) register_scheme_map /usr/local/lib/python3.8/dist-packages/glance_store/location.py:146}}
Jun 11 10:08:47.038178 n-d-780147-9 devstack@g-api.service[289171]: DEBUG glance_store.location [None req-b3ec2e00-23be-414c-b793-dd5410f13e23 tempest-AttachSCSIVolumeTestJSON-1500847478 tempest-AttachSCSIVolumeTestJSON-1500847478-project] Registering scheme swift+config with {'store': , 'location_class': , 'store_entry': 'swift'} {{(pid=289171) register_scheme_map /usr/local/lib/python3.8/dist-packages/glance_store/location.py:146}}
Jun 11 10:08:47.368683 n-d-780147-9 devstack@g-api.service[289171]: DEBUG swiftclient [None req-b3ec2e00-23be-414c-b793-dd5410f13e23 tempest-AttachSCSIVolumeTestJSON-1500847478 tempest-AttachSCSIVolumeTestJSON-1500847478-project] REQ: curl -i http://10.222.0.65:8080/v1/AUTH_945e6542e18a486283a180613e97b744/glance/cae5685e-1bfe-486a-a5dc-3cfffbdd7e7e -X GET -H "X-Auth-Token: gAAAAABgwzYv7rUd..." {{(pid=289171) http_log /usr/local/lib/python3.8/dist-packages/swiftclient/client.py:187}}
Jun 11 10:08:47.368932 n-d-780147-9 devstack@g-api.service[289171]: DEBUG swiftclient [None req-b3ec2e00-23be-414c-b793-dd5410f13e23 tempest-AttachSCSIVolumeTestJSON-1500847478 tempest-AttachSCSIVolumeTestJSON-1500847478-project] RESP STATUS: 200 OK {{(pid=289171) http_log /usr/local/lib/python3.8/dist-packages/swiftclient/client.py:188}}
Jun 11 10:08:47.369498 n-d-780147-9 devstack@g-api.service[289171]: DEBUG swiftclient [None req-b3ec2e00-23be-414c-b793-dd5410f13e23 tempest-AttachSCSIVolumeTestJSON-1500847478 tempest-AttachSCSIVolumeTestJSON-1500847478-project] RESP HEADERS: {'Content-Type': 'application/octet-stream', 'X-Object-Manifest': 'glance/cae5685e-1bfe-486a-a5dc-3cfffbdd7e7e-', 'Last-Modified': 'Fri, 11 Jun 2021 10:08:44 GMT', 'X-Timestamp': '1623406123.08490', 'Accept-Ranges': 'bytes', 'Content-Length': '645922816', 'Etag': '"9226ddb8990fb6831800204290dc2fa9"', 'X-Trans-Id': 'txa95f177223394125a7005-0060c3362f', 'X-Openstack-Request-Id': 'txa95f177223394125a7005-0060c3362f', 'Date': 'Fri, 11 Jun 2021 10:08:47 GMT'} {{(pid=289171) http_log /usr/local/lib/python3.8/dist-packages/swiftclient/client.py:189}}
Jun 11 10:08:47.392295 n-d-780147-9 devstack@g-api.service[289171]: DEBUG glance.image_cache [None req-b3ec2e00-23be-414c-b793-dd5410f13e23 tempest-AttachSCSIVolumeTestJSON-1500847478 tempest-AttachSCSIVolumeTestJSON-1500847478-project] Tee'ing image 'cae5685e-1bfe-486a-a5dc-3cfffbdd7e7e' into cache {{(pid=289171) get_caching_iter /opt/stack/glance/glance/image_cache/__init__.py:343}}
Jun 11 10:08:58.755117 n-d-780147-9 devstack@g-api.service[289171]: DEBUG glance.image_cache.drivers.sqlite [None req-b3ec2e00-23be-414c-b793-dd5410f13e23 tempest-AttachSCSIVolumeTestJSON-1500847478 tempest-AttachSCSIVolumeTestJSON-1500847478-project] Fetch finished, moving '/opt/stack/data/glance/cache/incomplete/cae5685e-1bfe-486a-a5dc-3cfffbdd7e7e' to '/opt/stack/data/glance/cache/cae5685e-1bfe-486a-a5dc-3cfffbdd7e7e' {{(pid=289171) commit /opt/stack/glance/glance/image_cache/drivers/sqlite.py:324}}
Jun 11 10:08:58.758527 n-d-780147-9 devstack@g-api.service[289171]: [pid: 289171|app: 0|req: 123/339] 127.0.0.1 () {40 vars in 854 bytes} [Fri Jun 11 10:08:47 2021] GET /v2/images/cae5685e-1bfe-486a-a5dc-3cfffbdd7e7e/file => generated 645922816 bytes in 11755 msecs (HTTP/1.1 200) 4 headers in 191 bytes (10156 switches on core 0)
Jun 11 10:09:03.962558 n-d-780147-9 devstack@g-api.service[289170]: DEBUG glance.api.middleware.version_negotiation [None req-b3ec2e00-23be-414c-b793-dd5410f13e23 tempest-AttachSCSIVolumeTestJSON-1500847478 tempest-AttachSCSIVolumeTestJSON-1500847478-project] Determining version of request: GET /v2/images/f1dfa637-1d9d-4bff-9ea1-1fcf1418ecd0 Accept: */* {{(pid=289170) process_request /opt/stack/glance/glance/api/middleware/version_negotiation.py:44}}
Jun 11 10:09:03.963156 n-d-780147-9 devstack@g-api.service[289170]: DEBUG glance.api.middleware.version_negotiation [None req-b3ec2e00-23be-414c-b793-dd5410f13e23 tempest-AttachSCSIVolumeTestJSON-1500847478 tempest-AttachSCSIVolumeTestJSON-1500847478-project] Using url versioning {{(pid=289170) process_request /opt/stack/glance/glance/api/middleware/version_negotiation.py:57}}
Jun 11 10:09:03.963430 n-d-780147-9 devstack@g-api.service[289170]: DEBUG glance.api.middleware.version_negotiation [None req-b3ec2e00-23be-414c-b793-dd5410f13e23 tempest-AttachSCSIVolumeTestJSON-1500847478 tempest-AttachSCSIVolumeTestJSON-1500847478-project] Matched version: v2 {{(pid=289170) process_request /opt/stack/glance/glance/api/middleware/version_negotiation.py:69}}
Jun 11 10:09:03.963541 n-d-780147-9 devstack@g-api.service[289170]: DEBUG glance.api.middleware.version_negotiation [None req-b3ec2e00-23be-414c-b793-dd5410f13e23 tempest-AttachSCSIVolumeTestJSON-1500847478 tempest-AttachSCSIVolumeTestJSON-1500847478-project] new path /v2/images/f1dfa637-1d9d-4bff-9ea1-1fcf1418ecd0 {{(pid=289170) process_request /opt/stack/glance/glance/api/middleware/version_negotiation.py:70}}
Jun 11 10:09:04.003972 n-d-780147-9 devstack@g-api.service[289170]: [pid: 289170|app: 0|req: 217/340] 127.0.0.1 () {42 vars in 1051 bytes} [Fri Jun 11 10:09:03 2021] GET /v2/images/f1dfa637-1d9d-4bff-9ea1-1fcf1418ecd0 => generated 946 bytes in 42 msecs (HTTP/1.1 200) 4 headers in 157 bytes (1 switches on core 0)
Jun 11 10:09:04.009969 n-d-780147-9 devstack@g-api.service[289171]: DEBUG glance.api.middleware.version_negotiation [None req-b3ec2e00-23be-414c-b793-dd5410f13e23 tempest-AttachSCSIVolumeTestJSON-1500847478 tempest-AttachSCSIVolumeTestJSON-1500847478-project] Determining version of request: GET /v2/schemas/image Accept: */* {{(pid=289171) process_request /opt/stack/glance/glance/api/middleware/version_negotiation.py:44}}
Jun 11 10:09:04.010533 n-d-780147-9 devstack@g-api.service[289171]: DEBUG glance.api.middleware.version_negotiation [None req-b3ec2e00-23be-414c-b793-dd5410f13e23 tempest-AttachSCSIVolumeTestJSON-1500847478 tempest-AttachSCSIVolumeTestJSON-1500847478-project] Using url versioning {{(pid=289171) process_request /opt/stack/glance/glance/api/middleware/version_negotiation.py:57}}
Jun 11 10:09:04.010647 n-d-780147-9 devstack@g-api.service[289171]: DEBUG glance.api.middleware.version_negotiation [None req-b3ec2e00-23be-414c-b793-dd5410f13e23 tempest-AttachSCSIVolumeTestJSON-1500847478 tempest-AttachSCSIVolumeTestJSON-1500847478-project] Matched version: v2 {{(pid=289171) process_request /opt/stack/glance/glance/api/middleware/version_negotiation.py:69}}
Jun 11 10:09:04.010932 n-d-780147-9 devstack@g-api.service[289171]: DEBUG glance.api.middleware.version_negotiation [None req-b3ec2e00-23be-414c-b793-dd5410f13e23 tempest-AttachSCSIVolumeTestJSON-1500847478 tempest-AttachSCSIVolumeTestJSON-1500847478-project] new path /v2/schemas/image {{(pid=289171) process_request /opt/stack/glance/glance/api/middleware/version_negotiation.py:70}}
Jun 11 10:09:04.017554 n-d-780147-9 devstack@g-api.service[289171]: [pid: 289171|app: 0|req: 124/341] 127.0.0.1 () {42 vars in 991 bytes} [Fri Jun 11 10:09:04 2021] GET /v2/schemas/image => generated 6083 bytes in 8 msecs (HTTP/1.1 200) 4 headers in 158 bytes (1 switches on core 0)
Jun 11 10:09:11.223927 n-d-780147-9 devstack@g-api.service[289170]: DEBUG glance.api.middleware.version_negotiation [None req-d15dc618-eb96-4ee0-96f4-38fd2573b8ae tempest-ServersTestJSON-349187219 tempest-ServersTestJSON-349187219-project] Determining version of request: GET /v2/images/f1dfa637-1d9d-4bff-9ea1-1fcf1418ecd0 Accept: */* {{(pid=289170) process_request /opt/stack/glance/glance/api/middleware/version_negotiation.py:44}}
Jun 11 10:09:11.224627 n-d-780147-9 devstack@g-api.service[289170]: DEBUG glance.api.middleware.version_negotiation [None req-d15dc618-eb96-4ee0-96f4-38fd2573b8ae tempest-ServersTestJSON-349187219 tempest-ServersTestJSON-349187219-project] Using url versioning {{(pid=289170) process_request /opt/stack/glance/glance/api/middleware/version_negotiation.py:57}}
Jun 11 10:09:11.224769 n-d-780147-9 devstack@g-api.service[289170]: DEBUG glance.api.middleware.version_negotiation [None req-d15dc618-eb96-4ee0-96f4-38fd2573b8ae tempest-ServersTestJSON-349187219 tempest-ServersTestJSON-349187219-project] Matched version: v2 {{(pid=289170) process_request /opt/stack/glance/glance/api/middleware/version_negotiation.py:69}}
Jun 11 10:09:11.225243 n-d-780147-9 devstack@g-api.service[289170]: DEBUG glance.api.middleware.version_negotiation [None req-d15dc618-eb96-4ee0-96f4-38fd2573b8ae tempest-ServersTestJSON-349187219 tempest-ServersTestJSON-349187219-project] new path /v2/images/f1dfa637-1d9d-4bff-9ea1-1fcf1418ecd0 {{(pid=289170) process_request /opt/stack/glance/glance/api/middleware/version_negotiation.py:70}}
Jun 11 10:09:11.266963 n-d-780147-9 devstack@g-api.service[289170]: [pid: 289170|app: 0|req: 218/342] 127.0.0.1 () {42 vars in 1051 bytes} [Fri Jun 11 10:09:11 2021] GET /v2/images/f1dfa637-1d9d-4bff-9ea1-1fcf1418ecd0 => generated 946 bytes in 43 msecs (HTTP/1.1 200) 4 headers in 157 bytes (1 switches on core 0)
Jun 11 10:09:11.267799 n-d-780147-9 devstack@g-api.service[289171]: DEBUG glance.api.middleware.version_negotiation [None req-d15dc618-eb96-4ee0-96f4-38fd2573b8ae tempest-ServersTestJSON-349187219 tempest-ServersTestJSON-349187219-project] Determining version of request: GET /v2/schemas/image Accept: */* {{(pid=289171) process_request /opt/stack/glance/glance/api/middleware/version_negotiation.py:44}}
Jun 11 10:09:11.268261 n-d-780147-9 devstack@g-api.service[289171]: DEBUG glance.api.middleware.version_negotiation [None req-d15dc618-eb96-4ee0-96f4-38fd2573b8ae tempest-ServersTestJSON-349187219 tempest-ServersTestJSON-349187219-project] Using url versioning {{(pid=289171) process_request /opt/stack/glance/glance/api/middleware/version_negotiation.py:57}}
Jun 11 10:09:11.268454 n-d-780147-9 devstack@g-api.service[289171]: DEBUG glance.api.middleware.version_negotiation [None req-d15dc618-eb96-4ee0-96f4-38fd2573b8ae tempest-ServersTestJSON-349187219 tempest-ServersTestJSON-349187219-project] Matched version: v2 {{(pid=289171) process_request /opt/stack/glance/glance/api/middleware/version_negotiation.py:69}}
Jun 11 10:09:11.268771 n-d-780147-9 devstack@g-api.service[289171]: DEBUG glance.api.middleware.version_negotiation [None req-d15dc618-eb96-4ee0-96f4-38fd2573b8ae tempest-ServersTestJSON-349187219 tempest-ServersTestJSON-349187219-project] new path /v2/schemas/image {{(pid=289171) process_request /opt/stack/glance/glance/api/middleware/version_negotiation.py:70}}
Jun 11 10:09:11.274347 n-d-780147-9 devstack@g-api.service[289171]: [pid: 289171|app: 0|req: 125/343] 127.0.0.1 () {42 vars in 991 bytes} [Fri Jun 11 10:09:11 2021] GET /v2/schemas/image => generated 6083 bytes in 7 msecs (HTTP/1.1 200) 4 headers in 158 bytes (1 switches on core 0)
Jun 11 10:09:17.543798 n-d-780147-9 devstack@g-api.service[289170]: DEBUG glance.api.middleware.version_negotiation [None req-cdc443ad-3be8-4d49-b5d1-f37541a1d9c4 tempest-ServerPasswordTestJSON-2022557668 tempest-ServerPasswordTestJSON-2022557668-project] Determining version of request: GET /v2/images/f1dfa637-1d9d-4bff-9ea1-1fcf1418ecd0 Accept: */* {{(pid=289170) process_request /opt/stack/glance/glance/api/middleware/version_negotiation.py:44}}
Jun 11 10:09:17.544398 n-d-780147-9 devstack@g-api.service[289170]: DEBUG glance.api.middleware.version_negotiation [None req-cdc443ad-3be8-4d49-b5d1-f37541a1d9c4 tempest-ServerPasswordTestJSON-2022557668 tempest-ServerPasswordTestJSON-2022557668-project] Using url versioning {{(pid=289170) process_request /opt/stack/glance/glance/api/middleware/version_negotiation.py:57}}
Jun 11 10:09:17.544770 n-d-780147-9 devstack@g-api.service[289170]: DEBUG glance.api.middleware.version_negotiation [None req-cdc443ad-3be8-4d49-b5d1-f37541a1d9c4 tempest-ServerPasswordTestJSON-2022557668 tempest-ServerPasswordTestJSON-2022557668-project] Matched version: v2 {{(pid=289170) process_request /opt/stack/glance/glance/api/middleware/version_negotiation.py:69}}
Jun 11 10:09:17.545065 n-d-780147-9 devstack@g-api.service[289170]: DEBUG glance.api.middleware.version_negotiation [None req-cdc443ad-3be8-4d49-b5d1-f37541a1d9c4 tempest-ServerPasswordTestJSON-2022557668 tempest-ServerPasswordTestJSON-2022557668-project] new path /v2/images/f1dfa637-1d9d-4bff-9ea1-1fcf1418ecd0 {{(pid=289170) process_request /opt/stack/glance/glance/api/middleware/version_negotiation.py:70}}
Jun 11 10:09:17.571037 n-d-780147-9 devstack@g-api.service[289171]: DEBUG glance.api.middleware.version_negotiation [None req-cdc443ad-3be8-4d49-b5d1-f37541a1d9c4 tempest-ServerPasswordTestJSON-2022557668 tempest-ServerPasswordTestJSON-2022557668-project] Determining version of request: GET /v2/schemas/image Accept: */* {{(pid=289171) process_request /opt/stack/glance/glance/api/middleware/version_negotiation.py:44}}
Jun 11 10:09:17.571784 n-d-780147-9 devstack@g-api.service[289171]: DEBUG glance.api.middleware.version_negotiation [None req-cdc443ad-3be8-4d49-b5d1-f37541a1d9c4 tempest-ServerPasswordTestJSON-2022557668 tempest-ServerPasswordTestJSON-2022557668-project] Using url versioning {{(pid=289171) process_request /opt/stack/glance/glance/api/middleware/version_negotiation.py:57}}
Jun 11 10:09:17.571784 n-d-780147-9 devstack@g-api.service[289171]: DEBUG glance.api.middleware.version_negotiation [None req-cdc443ad-3be8-4d49-b5d1-f37541a1d9c4 tempest-ServerPasswordTestJSON-2022557668 tempest-ServerPasswordTestJSON-2022557668-project] Matched version: v2 {{(pid=289171) process_request /opt/stack/glance/glance/api/middleware/version_negotiation.py:69}}
Jun 11 10:09:17.572103 n-d-780147-9 devstack@g-api.service[289171]: DEBUG glance.api.middleware.version_negotiation [None req-cdc443ad-3be8-4d49-b5d1-f37541a1d9c4 tempest-ServerPasswordTestJSON-2022557668 tempest-ServerPasswordTestJSON-2022557668-project] new path /v2/schemas/image {{(pid=289171) process_request /opt/stack/glance/glance/api/middleware/version_negotiation.py:70}}
Jun 11 10:09:17.582529 n-d-780147-9 devstack@g-api.service[289171]: [pid: 289171|app: 0|req: 126/344] 127.0.0.1 () {42 vars in 991 bytes} [Fri Jun 11 10:09:17 2021] GET /v2/schemas/image => generated 6083 bytes in 12 msecs (HTTP/1.1 200) 4 headers in 158 bytes (1 switches on core 0)
Jun 11 10:09:17.587690 n-d-780147-9 devstack@g-api.service[289170]: [pid: 289170|app: 0|req: 219/345] 127.0.0.1 () {42 vars in 1051 bytes} [Fri Jun 11 10:09:17 2021] GET /v2/images/f1dfa637-1d9d-4bff-9ea1-1fcf1418ecd0 => generated 946 bytes in 44 msecs (HTTP/1.1 200) 4 headers in 157 bytes (1 switches on core 0)
Jun 11 10:09:25.444543 n-d-780147-9 devstack@g-api.service[289171]: DEBUG glance.api.middleware.version_negotiation [None req-6387e5b4-d70b-4716-acc8-fa02dacf59cf tempest-MigrationsAdminTest-1405809979 tempest-MigrationsAdminTest-1405809979-project] Determining version of request: GET /v2/images/f1dfa637-1d9d-4bff-9ea1-1fcf1418ecd0 Accept: */* {{(pid=289171) process_request /opt/stack/glance/glance/api/middleware/version_negotiation.py:44}}
Jun 11 10:09:25.446753 n-d-780147-9 devstack@g-api.service[289171]: DEBUG glance.api.middleware.version_negotiation [None req-6387e5b4-d70b-4716-acc8-fa02dacf59cf tempest-MigrationsAdminTest-1405809979 tempest-MigrationsAdminTest-1405809979-project] Using url versioning {{(pid=289171) process_request /opt/stack/glance/glance/api/middleware/version_negotiation.py:57}}
Jun 11 10:09:25.447426 n-d-780147-9 devstack@g-api.service[289170]: DEBUG glance.api.middleware.version_negotiation [None req-6387e5b4-d70b-4716-acc8-fa02dacf59cf tempest-MigrationsAdminTest-1405809979 tempest-MigrationsAdminTest-1405809979-project] Determining version of request: GET /v2/images/f1dfa637-1d9d-4bff-9ea1-1fcf1418ecd0 Accept: */* {{(pid=289170) process_request /opt/stack/glance/glance/api/middleware/version_negotiation.py:44}}
Jun 11 10:09:25.447849 n-d-780147-9 devstack@g-api.service[289171]: DEBUG glance.api.middleware.version_negotiation [None req-6387e5b4-d70b-4716-acc8-fa02dacf59cf tempest-MigrationsAdminTest-1405809979 tempest-MigrationsAdminTest-1405809979-project] Matched version: v2 {{(pid=289171) process_request /opt/stack/glance/glance/api/middleware/version_negotiation.py:69}}
Jun 11 10:09:25.447937 n-d-780147-9 devstack@g-api.service[289170]: DEBUG glance.api.middleware.version_negotiation [None req-6387e5b4-d70b-4716-acc8-fa02dacf59cf tempest-MigrationsAdminTest-1405809979 tempest-MigrationsAdminTest-1405809979-project] Using url versioning {{(pid=289170) process_request /opt/stack/glance/glance/api/middleware/version_negotiation.py:57}}
Jun 11 10:09:25.448252 n-d-780147-9 devstack@g-api.service[289170]: DEBUG glance.api.middleware.version_negotiation [None req-6387e5b4-d70b-4716-acc8-fa02dacf59cf tempest-MigrationsAdminTest-1405809979 tempest-MigrationsAdminTest-1405809979-project] Matched version: v2 {{(pid=289170) process_request /opt/stack/glance/glance/api/middleware/version_negotiation.py:69}}
Jun 11 10:09:25.448546 n-d-780147-9 devstack@g-api.service[289170]: DEBUG glance.api.middleware.version_negotiation [None req-6387e5b4-d70b-4716-acc8-fa02dacf59cf tempest-MigrationsAdminTest-1405809979 tempest-MigrationsAdminTest-1405809979-project] new path /v2/images/f1dfa637-1d9d-4bff-9ea1-1fcf1418ecd0 {{(pid=289170) process_request /opt/stack/glance/glance/api/middleware/version_negotiation.py:70}}
Jun 11 10:09:25.448947 n-d-780147-9 devstack@g-api.service[289171]: DEBUG glance.api.middleware.version_negotiation [None req-6387e5b4-d70b-4716-acc8-fa02dacf59cf tempest-MigrationsAdminTest-1405809979 tempest-MigrationsAdminTest-1405809979-project] new path /v2/images/f1dfa637-1d9d-4bff-9ea1-1fcf1418ecd0 {{(pid=289171) process_request /opt/stack/glance/glance/api/middleware/version_negotiation.py:70}}
Jun 11 10:09:25.489801 n-d-780147-9 devstack@g-api.service[289170]: [pid: 289170|app: 0|req: 220/346] 127.0.0.1 () {42 vars in 1051 bytes} [Fri Jun 11 10:09:25 2021] GET /v2/images/f1dfa637-1d9d-4bff-9ea1-1fcf1418ecd0 => generated 946 bytes in 43 msecs (HTTP/1.1 200) 4 headers in 157 bytes (1 switches on core 0)
Jun 11 10:09:25.494663 n-d-780147-9 devstack@g-api.service[289170]: DEBUG glance.api.middleware.version_negotiation [None req-bff76d81-736f-4ef0-a132-4ca4b9a9bc87 tempest-MultipleCreateTestJSON-588228540 tempest-MultipleCreateTestJSON-588228540-project] Determining version of request: GET /v2/schemas/image Accept: */* {{(pid=289170) process_request /opt/stack/glance/glance/api/middleware/version_negotiation.py:44}}
Jun 11 10:09:25.495087 n-d-780147-9 devstack@g-api.service[289170]: DEBUG glance.api.middleware.version_negotiation [None req-bff76d81-736f-4ef0-a132-4ca4b9a9bc87 tempest-MultipleCreateTestJSON-588228540 tempest-MultipleCreateTestJSON-588228540-project] Using url versioning {{(pid=289170) process_request /opt/stack/glance/glance/api/middleware/version_negotiation.py:57}}
Jun 11 10:09:25.495503 n-d-780147-9 devstack@g-api.service[289170]: DEBUG glance.api.middleware.version_negotiation [None req-bff76d81-736f-4ef0-a132-4ca4b9a9bc87 tempest-MultipleCreateTestJSON-588228540 tempest-MultipleCreateTestJSON-588228540-project] Matched version: v2 {{(pid=289170) process_request /opt/stack/glance/glance/api/middleware/version_negotiation.py:69}}
Jun 11 10:09:25.495846 n-d-780147-9 devstack@g-api.service[289170]: DEBUG glance.api.middleware.version_negotiation [None req-bff76d81-736f-4ef0-a132-4ca4b9a9bc87 tempest-MultipleCreateTestJSON-588228540 tempest-MultipleCreateTestJSON-588228540-project] new path /v2/schemas/image {{(pid=289170) process_request /opt/stack/glance/glance/api/middleware/version_negotiation.py:70}}
Jun 11 10:09:25.500982 n-d-780147-9 devstack@g-api.service[289170]: [pid: 289170|app: 0|req: 221/347] 127.0.0.1 () {42 vars in 991 bytes} [Fri Jun 11 10:09:25 2021] GET /v2/schemas/image => generated 6083 bytes in 7 msecs (HTTP/1.1 200) 4 headers in 158 bytes (1 switches on core 0)
Jun 11 10:09:25.501956 n-d-780147-9 devstack@g-api.service[289171]: [pid: 289171|app: 0|req: 127/348] 127.0.0.1 () {42 vars in 1051 bytes} [Fri Jun 11 10:09:25 2021] GET /v2/images/f1dfa637-1d9d-4bff-9ea1-1fcf1418ecd0 => generated 946 bytes in 58 msecs (HTTP/1.1 200) 4 headers in 157 bytes (1 switches on core 0)
Jun 11 10:09:25.502799 n-d-780147-9 devstack@g-api.service[289170]: DEBUG glance.api.middleware.version_negotiation [None req-bff76d81-736f-4ef0-a132-4ca4b9a9bc87 tempest-MultipleCreateTestJSON-588228540 tempest-MultipleCreateTestJSON-588228540-project] Determining version of request: GET /v2/schemas/image Accept: */* {{(pid=289170) process_request /opt/stack/glance/glance/api/middleware/version_negotiation.py:44}}
Jun 11 10:09:25.507144 n-d-780147-9 devstack@g-api.service[289170]: DEBUG glance.api.middleware.version_negotiation [None req-bff76d81-736f-4ef0-a132-4ca4b9a9bc87 tempest-MultipleCreateTestJSON-588228540 tempest-MultipleCreateTestJSON-588228540-project] Using url versioning {{(pid=289170) process_request /opt/stack/glance/glance/api/middleware/version_negotiation.py:57}}
Jun 11 10:09:25.507588 n-d-780147-9 devstack@g-api.service[289170]: DEBUG glance.api.middleware.version_negotiation [None req-bff76d81-736f-4ef0-a132-4ca4b9a9bc87 tempest-MultipleCreateTestJSON-588228540 tempest-MultipleCreateTestJSON-588228540-project] Matched version: v2 {{(pid=289170) process_request /opt/stack/glance/glance/api/middleware/version_negotiation.py:69}}
Jun 11 10:09:25.508106 n-d-780147-9 devstack@g-api.service[289170]: DEBUG glance.api.middleware.version_negotiation [None req-bff76d81-736f-4ef0-a132-4ca4b9a9bc87 tempest-MultipleCreateTestJSON-588228540 tempest-MultipleCreateTestJSON-588228540-project] new path /v2/schemas/image {{(pid=289170) process_request /opt/stack/glance/glance/api/middleware/version_negotiation.py:70}}
