May 20 07:39:34.259607 n-d-780147-4 neutron-server[93102]: INFO neutron.wsgi [req-75a25844-b217-41ab-af66-bfd900337e6c req-0f683b28-103b-4e2e-8eb8-41bfdf08391d tempest-LiveAutoBlockMigrationV225Test-1947903068 tempest-LiveAutoBlockMigrationV225Test-1947903068-project] 10.222.0.79 "GET /v2.0/ports?device_id=e946c042-154e-4cbb-ba1e-e86137911b94 HTTP/1.1" status: 200 len: 944 time: 0.1038914
May 20 07:39:34.321056 n-d-780147-4 neutron-server[93102]: INFO neutron.wsgi [req-75a25844-b217-41ab-af66-bfd900337e6c req-35ac2089-cf59-423e-851d-738a89749c5c tempest-LiveAutoBlockMigrationV225Test-1947903068 tempest-LiveAutoBlockMigrationV225Test-1947903068-project] 10.222.0.79 "GET /v2.0/security-groups?id=ed34d49a-f5fe-4d8b-ba7f-5f778a822c8c&fields=id&fields=name HTTP/1.1" status: 200 len: 286 time: 0.0536497
May 20 07:39:34.333236 n-d-780147-4 neutron-server[93102]: DEBUG neutron_lib.callbacks.manager [None req-f31e078e-590b-4250-8e95-85576f6a2a13 admin admin] Notify callbacks ['neutron.plugins.ml2.ovo_rpc._ObjectChangeHandler.handle_event-637557'] for security_group, after_delete {{(pid=93102) _notify_loop /usr/local/lib/python3.8/dist-packages/neutron_lib/callbacks/manager.py:192}}
May 20 07:39:34.340603 n-d-780147-4 neutron-server[93102]: DEBUG oslo_concurrency.lockutils [-] Lock "event-dispatch" acquired by "neutron.plugins.ml2.ovo_rpc._ObjectChangeHandler.dispatch_events" :: waited 0.000s {{(pid=93102) inner /usr/local/lib/python3.8/dist-packages/oslo_concurrency/lockutils.py:355}}
May 20 07:39:34.372576 n-d-780147-4 neutron-server[93101]: DEBUG neutron.db.quota.driver [None req-d462b3cc-ae12-4468-8e46-e1f932341c74 admin admin] Resources subnetpool have unlimited quota limit. It is not required to calculate headroom {{(pid=93101) make_reservation /opt/stack/neutron/neutron/db/quota/driver.py:219}}
May 20 07:39:34.378678 n-d-780147-4 neutron-server[93102]: DEBUG neutron.api.rpc.handlers.resources_rpc [None req-f31e078e-590b-4250-8e95-85576f6a2a13 admin admin] Pushing event deleted for resources: {'SecurityGroup': ['ID=600fe750-ec54-490f-a87d-69a980e3d9fc,revision_number=None']} {{(pid=93102) push /opt/stack/neutron/neutron/api/rpc/handlers/resources_rpc.py:237}}
May 20 07:39:34.384039 n-d-780147-4 neutron-server[93102]: DEBUG oslo_concurrency.lockutils [None req-f31e078e-590b-4250-8e95-85576f6a2a13 admin admin] Lock "event-dispatch" released by "neutron.plugins.ml2.ovo_rpc._ObjectChangeHandler.dispatch_events" :: held 0.046s {{(pid=93102) inner /usr/local/lib/python3.8/dist-packages/oslo_concurrency/lockutils.py:367}}
May 20 07:39:34.385671 n-d-780147-4 neutron-server[93102]: DEBUG neutron_lib.callbacks.manager [None req-f31e078e-590b-4250-8e95-85576f6a2a13 admin admin] Notify callbacks [] for security_group, before_response {{(pid=93102) _notify_loop /usr/local/lib/python3.8/dist-packages/neutron_lib/callbacks/manager.py:192}}
May 20 07:39:34.390607 n-d-780147-4 neutron-server[93102]: INFO neutron.wsgi [None req-f31e078e-590b-4250-8e95-85576f6a2a13 admin admin] 10.222.0.79 "DELETE /v2.0/security-groups/600fe750-ec54-490f-a87d-69a980e3d9fc HTTP/1.1" status: 204 len: 168 time: 0.3400366
May 20 07:39:34.406028 n-d-780147-4 neutron-server[93101]: DEBUG neutron.db.db_base_plugin_common [req-f8e60804-deff-45f2-9990-6dd4c118079c req-fe77ff88-bf5a-40b0-9e4d-36ecc9736505 tempest-DeleteServersAdminTestJSON-816717372 tempest-DeleteServersAdminTestJSON-816717372-project] Allocated IP 192.168.233.249 (7ca6d320-1e30-434a-8dac-637dbcfb9997/53c0efc5-26e9-4c62-8eee-a581e0633325/ad56149c-46ba-4bed-a5a8-8173bbcfe356) {{(pid=93101) _store_ip_allocation /opt/stack/neutron/neutron/db/db_base_plugin_common.py:131}}
May 20 07:39:34.408646 n-d-780147-4 neutron-server[93101]: DEBUG neutron.quota.resource [None req-d462b3cc-ae12-4468-8e46-e1f932341c74 admin admin] Usage tracker for resource:security_group_rule and tenant:a20a7c1a300b4f33a4f36f13538d518e is out of sync, need to count used quota {{(pid=93101) count_used /opt/stack/neutron/neutron/quota/resource.py:270}}
May 20 07:39:34.415881 n-d-780147-4 neutron-server[93101]: DEBUG neutron.quota.resource [None req-d462b3cc-ae12-4468-8e46-e1f932341c74 admin admin] Quota usage for security_group_rule was recalculated. Used quota:0. {{(pid=93101) count_used /opt/stack/neutron/neutron/quota/resource.py:290}}
May 20 07:39:34.470300 n-d-780147-4 neutron-server[93101]: DEBUG neutron.db.quota.driver [None req-d462b3cc-ae12-4468-8e46-e1f932341c74 admin admin] Attempting to reserve 4 items for resource security_group_rule. Total usage: 0; quota limit: 100; headroom:100 {{(pid=93101) make_reservation /opt/stack/neutron/neutron/db/quota/driver.py:246}}
May 20 07:39:34.635668 n-d-780147-4 neutron-server[93103]: DEBUG neutron.plugins.ml2.rpc [None req-6699f51b-2f45-4ade-b5b7-13222355ca3d None None] Device db9c842c-0044-4080-87be-d9e1ba9f9b80 details requested by agent hyperv_n-h2-780147-4 with host n-h2-780147-4 {{(pid=93103) get_device_details /opt/stack/neutron/neutron/plugins/ml2/rpc.py:88}}
May 20 07:39:34.638172 n-d-780147-4 neutron-server[93103]: DEBUG neutron.plugins.ml2.rpc [None req-6699f51b-2f45-4ade-b5b7-13222355ca3d None None] Device c008ecfb-d752-4a28-9487-9576dda86bb0 up at agent hyperv_n-h2-780147-4 {{(pid=93103) update_device_up /opt/stack/neutron/neutron/plugins/ml2/rpc.py:278}}
May 20 07:39:34.670840 n-d-780147-4 neutron-server[93101]: DEBUG neutron.pecan_wsgi.hooks.policy_enforcement [req-f038bfa7-fa5e-468a-9411-8068da1a2748 req-89f968f4-e2e9-4257-9f4d-0038e71b7ad9 tempest-ServersWithSpecificFlavorTestJSON-1574743217 tempest-ServersWithSpecificFlavorTestJSON-1574743217-project] Attributes excluded by policy engine: ['standard_attr_id', 'binding:profile', 'binding:host_id', 'binding:vif_type', 'binding:vif_details'] {{(pid=93101) _exclude_attributes_by_policy /opt/stack/neutron/neutron/pecan_wsgi/hooks/policy_enforcement.py:255}}
May 20 07:39:34.679415 n-d-780147-4 neutron-server[93101]: INFO neutron.wsgi [req-f038bfa7-fa5e-468a-9411-8068da1a2748 req-89f968f4-e2e9-4257-9f4d-0038e71b7ad9 tempest-ServersWithSpecificFlavorTestJSON-1574743217 tempest-ServersWithSpecificFlavorTestJSON-1574743217-project] 10.222.0.79 "GET /v2.0/ports?device_id=88eec11b-8dee-458a-a3f4-fb5ac0706ef3 HTTP/1.1" status: 200 len: 944 time: 0.2805619
May 20 07:39:34.810020 n-d-780147-4 neutron-server[93101]: INFO neutron.wsgi [req-f038bfa7-fa5e-468a-9411-8068da1a2748 req-7b9c6125-8a26-4fbb-9342-756942ea0b26 tempest-ServersWithSpecificFlavorTestJSON-1574743217 tempest-ServersWithSpecificFlavorTestJSON-1574743217-project] 10.222.0.79 "GET /v2.0/security-groups?id=0812bae2-209d-4267-bc9d-7049c5ec5111&fields=id&fields=name HTTP/1.1" status: 200 len: 313 time: 0.1283441
May 20 07:39:34.826635 n-d-780147-4 neutron-server[93101]: DEBUG neutron_lib.callbacks.manager [None req-d462b3cc-ae12-4468-8e46-e1f932341c74 admin admin] Notify callbacks [] for security_group, precommit_create {{(pid=93101) _notify_loop /usr/local/lib/python3.8/dist-packages/neutron_lib/callbacks/manager.py:192}}
May 20 07:39:34.875867 n-d-780147-4 neutron-server[93103]: DEBUG neutron.plugins.ml2.db [None req-6699f51b-2f45-4ade-b5b7-13222355ca3d None None] For port db9c842c-0044-4080-87be-d9e1ba9f9b80, host n-h2-780147-4, got binding levels [PortBindingLevel(driver='hyperv',host='n-h2-780147-4',level=0,port_id=db9c842c-0044-4080-87be-d9e1ba9f9b80,segment=NetworkSegment(a74f4692-38ff-4b8d-aac2-12e00e5f1b01),segment_id=a74f4692-38ff-4b8d-aac2-12e00e5f1b01)] {{(pid=93103) get_binding_level_objs /opt/stack/neutron/neutron/plugins/ml2/db.py:75}}
May 20 07:39:34.891671 n-d-780147-4 neutron-server[93103]: DEBUG neutron.plugins.ml2.rpc [None req-6699f51b-2f45-4ade-b5b7-13222355ca3d None None] Returning: {'device': 'db9c842c-0044-4080-87be-d9e1ba9f9b80', 'network_id': 'a5b29fa3-d60c-43e6-8a7c-92e64370da5f', 'port_id': 'db9c842c-0044-4080-87be-d9e1ba9f9b80', 'mac_address': 'fa:16:3e:6f:48:3e', 'admin_state_up': True, 'network_type': 'vlan', 'segmentation_id': 748, 'physical_network': 'physnet1', 'mtu': 1500, 'fixed_ips': [{'subnet_id': '67d3f0e8-325f-4904-95a5-f7b131f39682', 'ip_address': '172.20.0.10'}], 'device_owner': 'compute:nova', 'allowed_address_pairs': [], 'port_security_enabled': True, 'qos_policy_id': None, 'network_qos_policy_id': None, 'profile': {}, 'propagate_uplink_status': False} {{(pid=93103) _get_device_details /opt/stack/neutron/neutron/plugins/ml2/rpc.py:168}}
May 20 07:39:34.899006 n-d-780147-4 neutron-server[93101]: DEBUG neutron_lib.callbacks.manager [req-f8e60804-deff-45f2-9990-6dd4c118079c req-fe77ff88-bf5a-40b0-9e4d-36ecc9736505 tempest-DeleteServersAdminTestJSON-816717372 tempest-DeleteServersAdminTestJSON-816717372-project] Notify callbacks [] for port, precommit_create {{(pid=93101) _notify_loop /usr/local/lib/python3.8/dist-packages/neutron_lib/callbacks/manager.py:192}}
May 20 07:39:34.916794 n-d-780147-4 neutron-server[93101]: DEBUG neutron.db.provisioning_blocks [req-f8e60804-deff-45f2-9990-6dd4c118079c req-fe77ff88-bf5a-40b0-9e4d-36ecc9736505 tempest-DeleteServersAdminTestJSON-816717372 tempest-DeleteServersAdminTestJSON-816717372-project] Transition to ACTIVE for port object ad56149c-46ba-4bed-a5a8-8173bbcfe356 will not be triggered until provisioned by entity DHCP. {{(pid=93101) add_provisioning_component /opt/stack/neutron/neutron/db/provisioning_blocks.py:73}}
May 20 07:39:34.959624 n-d-780147-4 neutron-server[93103]: DEBUG neutron_lib.callbacks.manager [None req-6699f51b-2f45-4ade-b5b7-13222355ca3d None None] Notify callbacks ['neutron.plugins.ml2.plugin.SecurityGroupDbMixin._ensure_default_security_group_handler_port-1789513'] for port, before_update {{(pid=93103) _notify_loop /usr/local/lib/python3.8/dist-packages/neutron_lib/callbacks/manager.py:192}}
May 20 07:39:34.970364 n-d-780147-4 neutron-server[93101]: DEBUG neutron_lib.callbacks.manager [None req-d462b3cc-ae12-4468-8e46-e1f932341c74 admin admin] Notify callbacks ['neutron.plugins.ml2.ovo_rpc._ObjectChangeHandler.handle_event-637557'] for security_group, after_create {{(pid=93101) _notify_loop /usr/local/lib/python3.8/dist-packages/neutron_lib/callbacks/manager.py:192}}
May 20 07:39:34.972612 n-d-780147-4 neutron-server[93103]: DEBUG neutron.db.provisioning_blocks [None req-6699f51b-2f45-4ade-b5b7-13222355ca3d None None] Provisioning for port c008ecfb-d752-4a28-9487-9576dda86bb0 completed by entity L2. {{(pid=93103) provisioning_complete /opt/stack/neutron/neutron/db/provisioning_blocks.py:133}}
May 20 07:39:34.979703 n-d-780147-4 neutron-server[93103]: DEBUG neutron.db.provisioning_blocks [None req-6699f51b-2f45-4ade-b5b7-13222355ca3d None None] Provisioning complete for port c008ecfb-d752-4a28-9487-9576dda86bb0 triggered by entity L2. {{(pid=93103) provisioning_complete /opt/stack/neutron/neutron/db/provisioning_blocks.py:139}}
May 20 07:39:34.980086 n-d-780147-4 neutron-server[93103]: DEBUG neutron_lib.callbacks.manager [None req-6699f51b-2f45-4ade-b5b7-13222355ca3d None None] Notify callbacks ['neutron.plugins.ml2.plugin.Ml2Plugin._port_provisioned-1917079'] for port, provisioning_complete {{(pid=93103) _notify_loop /usr/local/lib/python3.8/dist-packages/neutron_lib/callbacks/manager.py:192}}
May 20 07:39:35.001045 n-d-780147-4 neutron-server[93101]: DEBUG oslo_concurrency.lockutils [None req-545e2312-a977-4f49-bf0b-ff5b4b4e0c92 admin admin] Lock "event-dispatch" acquired by "neutron.plugins.ml2.ovo_rpc._ObjectChangeHandler.dispatch_events" :: waited 0.000s {{(pid=93101) inner /usr/local/lib/python3.8/dist-packages/oslo_concurrency/lockutils.py:355}}
May 20 07:39:35.011130 n-d-780147-4 neutron-server[93101]: INFO neutron.wsgi [None req-d462b3cc-ae12-4468-8e46-e1f932341c74 admin admin] 10.222.0.79 "GET /v2.0/security-groups?tenant_id=a20a7c1a300b4f33a4f36f13538d518e&name=default HTTP/1.1" status: 200 len: 2979 time: 1.1082964
May 20 07:39:35.013976 n-d-780147-4 neutron-server[93102]: DEBUG neutron.wsgi [-] (93102) accepted ('10.222.0.79', 39006) {{(pid=93102) server /usr/local/lib/python3.8/dist-packages/eventlet/wsgi.py:992}}
May 20 07:39:35.017711 n-d-780147-4 neutron-server[93103]: DEBUG neutron.notifiers.nova [None req-6699f51b-2f45-4ade-b5b7-13222355ca3d None None] Ignoring state change previous_port_status: DOWN current_port_status: BUILD port_id db9c842c-0044-4080-87be-d9e1ba9f9b80 {{(pid=93103) record_port_status_changed /opt/stack/neutron/neutron/notifiers/nova.py:224}}
May 20 07:39:35.036898 n-d-780147-4 neutron-server[93103]: DEBUG neutron.plugins.ml2.db [None req-6699f51b-2f45-4ade-b5b7-13222355ca3d None None] For port db9c842c-0044-4080-87be-d9e1ba9f9b80, host n-h2-780147-4, got binding levels [PortBindingLevel(driver='hyperv',host='n-h2-780147-4',level=0,port_id=db9c842c-0044-4080-87be-d9e1ba9f9b80,segment=NetworkSegment(a74f4692-38ff-4b8d-aac2-12e00e5f1b01),segment_id=a74f4692-38ff-4b8d-aac2-12e00e5f1b01)] {{(pid=93103) get_binding_level_objs /opt/stack/neutron/neutron/plugins/ml2/db.py:75}}
May 20 07:39:35.040293 n-d-780147-4 neutron-server[93101]: DEBUG neutron.api.rpc.handlers.resources_rpc [None req-d462b3cc-ae12-4468-8e46-e1f932341c74 admin admin] Pushing event updated for resources: {'SecurityGroup': ['ID=a1bb40b5-e7f3-4305-8d94-018d86790451,revision_number=1']} {{(pid=93101) push /opt/stack/neutron/neutron/api/rpc/handlers/resources_rpc.py:237}}
May 20 07:39:35.054492 n-d-780147-4 neutron-server[93101]: DEBUG oslo_concurrency.lockutils [None req-d462b3cc-ae12-4468-8e46-e1f932341c74 admin admin] Lock "event-dispatch" released by "neutron.plugins.ml2.ovo_rpc._ObjectChangeHandler.dispatch_events" :: held 0.052s {{(pid=93101) inner /usr/local/lib/python3.8/dist-packages/oslo_concurrency/lockutils.py:367}}
May 20 07:39:35.056222 n-d-780147-4 neutron-server[93101]: DEBUG neutron_lib.callbacks.manager [req-f8e60804-deff-45f2-9990-6dd4c118079c req-fe77ff88-bf5a-40b0-9e4d-36ecc9736505 tempest-DeleteServersAdminTestJSON-816717372 tempest-DeleteServersAdminTestJSON-816717372-project] Notify callbacks ['neutron.plugins.ml2.plugin.SecurityGroupServerNotifierRpcMixin.notify_sg_on_port_change-1789874', 'neutron.plugins.ml2.ovo_rpc._ObjectChangeHandler.handle_event-387955', 'neutron.api.rpc.agentnotifiers.dhcp_rpc_agent_api.DhcpAgentNotifyAPI._native_event_send_dhcp_notification-604814', 'neutron.db.l3_dvrscheduler_db._notify_l3_agent_new_port-8735355729911'] for port, after_create {{(pid=93101) _notify_loop /usr/local/lib/python3.8/dist-packages/neutron_lib/callbacks/manager.py:192}}
May 20 07:39:35.073541 n-d-780147-4 neutron-server[93101]: DEBUG oslo_concurrency.lockutils [None req-b49a74c5-8ac4-483c-b463-8f8f6d21b393 service neutron] Lock "event-dispatch" acquired by "neutron.plugins.ml2.ovo_rpc._ObjectChangeHandler.dispatch_events" :: waited 0.000s {{(pid=93101) inner /usr/local/lib/python3.8/dist-packages/oslo_concurrency/lockutils.py:355}}
May 20 07:39:35.130518 n-d-780147-4 neutron-server[93103]: DEBUG neutron_lib.callbacks.manager [None req-6699f51b-2f45-4ade-b5b7-13222355ca3d None None] Notify callbacks ['neutron.plugins.ml2.plugin.SecurityGroupServerNotifierRpcMixin.notify_sg_on_port_change-1789874', 'neutron.plugins.ml2.ovo_rpc._ObjectChangeHandler.handle_event-387955', 'neutron.api.rpc.agentnotifiers.dhcp_rpc_agent_api.DhcpAgentNotifyAPI._native_event_send_dhcp_notification-604814', 'neutron.db.l3_db.L3RpcNotifierMixin._notify_gateway_port_ip_changed-8735356162991', 'neutron.db.l3_dvrscheduler_db._notify_l3_agent_port_update-8735355733005', 'neutron.db.l3_hascheduler_db._notify_l3_agent_ha_port_update-8735355733050'] for port, after_update {{(pid=93103) _notify_loop /usr/local/lib/python3.8/dist-packages/neutron_lib/callbacks/manager.py:192}}
May 20 07:39:35.138579 n-d-780147-4 neutron-server[93103]: DEBUG oslo_concurrency.lockutils [None req-6699f51b-2f45-4ade-b5b7-13222355ca3d None None] Lock "event-dispatch" acquired by "neutron.plugins.ml2.ovo_rpc._ObjectChangeHandler.dispatch_events" :: waited 0.000s {{(pid=93103) inner /usr/local/lib/python3.8/dist-packages/oslo_concurrency/lockutils.py:355}}
May 20 07:39:35.215603 n-d-780147-4 neutron-server[93101]: DEBUG neutron.scheduler.dhcp_agent_scheduler [req-f8e60804-deff-45f2-9990-6dd4c118079c req-fe77ff88-bf5a-40b0-9e4d-36ecc9736505 tempest-DeleteServersAdminTestJSON-816717372 tempest-DeleteServersAdminTestJSON-816717372-project] Network 7ca6d320-1e30-434a-8dac-637dbcfb9997 is already hosted by enough agents. {{(pid=93101) _get_dhcp_agents_hosting_network /opt/stack/neutron/neutron/scheduler/dhcp_agent_scheduler.py:275}}
May 20 07:39:35.219123 n-d-780147-4 neutron-server[93101]: DEBUG neutron.scheduler.base_scheduler [req-f8e60804-deff-45f2-9990-6dd4c118079c req-fe77ff88-bf5a-40b0-9e4d-36ecc9736505 tempest-DeleteServersAdminTestJSON-816717372 tempest-DeleteServersAdminTestJSON-816717372-project] Resources bound (agent type, host, resource id): {{(pid=93101) schedule /opt/stack/neutron/neutron/scheduler/base_scheduler.py:57}}
May 20 07:39:35.224620 n-d-780147-4 neutron-server[93101]: DEBUG neutron.db.l3_dvrscheduler_db [req-f8e60804-deff-45f2-9990-6dd4c118079c req-fe77ff88-bf5a-40b0-9e4d-36ecc9736505 tempest-DeleteServersAdminTestJSON-816717372 tempest-DeleteServersAdminTestJSON-816717372-project] Received port after_create {{(pid=93101) _notify_l3_agent_new_port /opt/stack/neutron/neutron/db/l3_dvrscheduler_db.py:537}}
May 20 07:39:35.229359 n-d-780147-4 neutron-server[93103]: DEBUG neutron_lib.callbacks.manager [None req-6699f51b-2f45-4ade-b5b7-13222355ca3d None None] Notify callbacks ['neutron.plugins.ml2.plugin.SecurityGroupDbMixin._ensure_default_security_group_handler_port-1789513'] for port, before_update {{(pid=93103) _notify_loop /usr/local/lib/python3.8/dist-packages/neutron_lib/callbacks/manager.py:192}}
May 20 07:39:35.230306 n-d-780147-4 neutron-server[93101]: DEBUG neutron.pecan_wsgi.hooks.policy_enforcement [req-f8e60804-deff-45f2-9990-6dd4c118079c req-fe77ff88-bf5a-40b0-9e4d-36ecc9736505 tempest-DeleteServersAdminTestJSON-816717372 tempest-DeleteServersAdminTestJSON-816717372-project] Attributes excluded by policy engine: ['standard_attr_id', 'binding:profile', 'binding:host_id', 'binding:vif_type', 'binding:vif_details', 'network'] {{(pid=93101) _exclude_attributes_by_policy /opt/stack/neutron/neutron/pecan_wsgi/hooks/policy_enforcement.py:255}}
May 20 07:39:35.230989 n-d-780147-4 neutron-server[93101]: DEBUG neutron_lib.callbacks.manager [req-f8e60804-deff-45f2-9990-6dd4c118079c req-fe77ff88-bf5a-40b0-9e4d-36ecc9736505 tempest-DeleteServersAdminTestJSON-816717372 tempest-DeleteServersAdminTestJSON-816717372-project] Notify callbacks ['neutron.notifiers.nova.Notifier._send_nova_notification-31954'] for port, before_response {{(pid=93101) _notify_loop /usr/local/lib/python3.8/dist-packages/neutron_lib/callbacks/manager.py:192}}
May 20 07:39:35.262439 n-d-780147-4 neutron-server[93103]: DEBUG neutron.api.rpc.handlers.resources_rpc [None req-6699f51b-2f45-4ade-b5b7-13222355ca3d None None] Pushing event updated for resources: {'Port': ['ID=db9c842c-0044-4080-87be-d9e1ba9f9b80,revision_number=4']} {{(pid=93103) push /opt/stack/neutron/neutron/api/rpc/handlers/resources_rpc.py:237}}
May 20 07:39:35.268189 n-d-780147-4 neutron-server[93101]: DEBUG neutron.api.rpc.handlers.resources_rpc [None req-fe77ff88-bf5a-40b0-9e4d-36ecc9736505 tempest-DeleteServersAdminTestJSON-816717372 tempest-DeleteServersAdminTestJSON-816717372-project] Pushing event updated for resources: {'Port': ['ID=ad56149c-46ba-4bed-a5a8-8173bbcfe356,revision_number=1']} {{(pid=93101) push /opt/stack/neutron/neutron/api/rpc/handlers/resources_rpc.py:237}}
May 20 07:39:35.269309 n-d-780147-4 neutron-server[93103]: DEBUG oslo_concurrency.lockutils [None req-6699f51b-2f45-4ade-b5b7-13222355ca3d None None] Lock "event-dispatch" released by "neutron.plugins.ml2.ovo_rpc._ObjectChangeHandler.dispatch_events" :: held 0.130s {{(pid=93103) inner /usr/local/lib/python3.8/dist-packages/oslo_concurrency/lockutils.py:367}}
May 20 07:39:35.271965 n-d-780147-4 neutron-server[93101]: DEBUG neutron.wsgi [-] (93101) accepted ('10.222.0.79', 39014) {{(pid=93101) server /usr/local/lib/python3.8/dist-packages/eventlet/wsgi.py:992}}
May 20 07:39:35.275180 n-d-780147-4 neutron-server[93101]: DEBUG oslo_concurrency.lockutils [None req-fe77ff88-bf5a-40b0-9e4d-36ecc9736505 tempest-DeleteServersAdminTestJSON-816717372 tempest-DeleteServersAdminTestJSON-816717372-project] Lock "event-dispatch" released by "neutron.plugins.ml2.ovo_rpc._ObjectChangeHandler.dispatch_events" :: held 0.202s {{(pid=93101) inner /usr/local/lib/python3.8/dist-packages/oslo_concurrency/lockutils.py:367}}
May 20 07:39:35.278032 n-d-780147-4 neutron-server[93103]: DEBUG neutron.notifiers.nova [-] Sending events: [{'server_uuid': '88eec11b-8dee-458a-a3f4-fb5ac0706ef3', 'name': 'network-vif-plugged', 'status': 'completed', 'tag': 'c008ecfb-d752-4a28-9487-9576dda86bb0'}] {{(pid=93103) send_events /opt/stack/neutron/neutron/notifiers/nova.py:262}}
May 20 07:39:35.289065 n-d-780147-4 neutron-server[93103]: DEBUG neutron.plugins.ml2.db [None req-6699f51b-2f45-4ade-b5b7-13222355ca3d None None] For port c008ecfb-d752-4a28-9487-9576dda86bb0, host n-h2-780147-4, got binding levels [PortBindingLevel(driver='hyperv',host='n-h2-780147-4',level=0,port_id=c008ecfb-d752-4a28-9487-9576dda86bb0,segment=NetworkSegment(0b887d53-944d-4e88-8093-2d8c99e740d4),segment_id=0b887d53-944d-4e88-8093-2d8c99e740d4)] {{(pid=93103) get_binding_level_objs /opt/stack/neutron/neutron/plugins/ml2/db.py:75}}
May 20 07:39:35.305252 n-d-780147-4 neutron-server[93101]: DEBUG neutron_lib.callbacks.manager [None req-d17d0fea-fc1a-425f-a323-407f2e518186 admin admin] Notify callbacks [] for security_group, before_create {{(pid=93101) _notify_loop /usr/local/lib/python3.8/dist-packages/neutron_lib/callbacks/manager.py:192}}
May 20 07:39:35.325774 n-d-780147-4 neutron-server[93102]: DEBUG neutron_lib.callbacks.manager [None req-fd028a02-767a-481b-a6d4-47518115195b admin admin] Notify callbacks [] for security_group, before_delete {{(pid=93102) _notify_loop /usr/local/lib/python3.8/dist-packages/neutron_lib/callbacks/manager.py:192}}
May 20 07:39:35.325953 n-d-780147-4 neutron-server[93101]: DEBUG neutron.db.quota.driver [None req-d17d0fea-fc1a-425f-a323-407f2e518186 admin admin] Resources subnetpool have unlimited quota limit. It is not required to calculate headroom {{(pid=93101) make_reservation /opt/stack/neutron/neutron/db/quota/driver.py:219}}
May 20 07:39:35.327619 n-d-780147-4 neutron-server[93101]: DEBUG neutron.quota.resource [None req-d17d0fea-fc1a-425f-a323-407f2e518186 admin admin] Usage tracker for resource:security_group_rule and tenant:aa7a2ab30eb04b26abd0bdfb16fec0e6 is out of sync, need to count used quota {{(pid=93101) count_used /opt/stack/neutron/neutron/quota/resource.py:270}}
May 20 07:39:35.330729 n-d-780147-4 neutron-server[93101]: DEBUG neutron.quota.resource [None req-d17d0fea-fc1a-425f-a323-407f2e518186 admin admin] Quota usage for security_group_rule was recalculated. Used quota:0. {{(pid=93101) count_used /opt/stack/neutron/neutron/quota/resource.py:290}}
May 20 07:39:35.338619 n-d-780147-4 neutron-server[93101]: DEBUG neutron.db.quota.driver [None req-d17d0fea-fc1a-425f-a323-407f2e518186 admin admin] Attempting to reserve 4 items for resource security_group_rule. Total usage: 0; quota limit: 100; headroom:100 {{(pid=93101) make_reservation /opt/stack/neutron/neutron/db/quota/driver.py:246}}
May 20 07:39:35.347754 n-d-780147-4 neutron-server[93102]: DEBUG neutron.pecan_wsgi.hooks.policy_enforcement [req-3a033472-d5eb-4d1e-8948-715a4334385b req-2e8f09f6-9906-453d-b90a-597ec21641da tempest-MigrationsAdminTest-1766702452 tempest-MigrationsAdminTest-1766702452-project] Attributes excluded by policy engine: ['standard_attr_id', 'binding:profile', 'binding:host_id', 'binding:vif_type', 'binding:vif_details'] {{(pid=93102) _exclude_attributes_by_policy /opt/stack/neutron/neutron/pecan_wsgi/hooks/policy_enforcement.py:255}}
May 20 07:39:35.359272 n-d-780147-4 neutron-server[93102]: INFO neutron.wsgi [req-3a033472-d5eb-4d1e-8948-715a4334385b req-2e8f09f6-9906-453d-b90a-597ec21641da tempest-MigrationsAdminTest-1766702452 tempest-MigrationsAdminTest-1766702452-project] 10.222.0.79 "GET /v2.0/ports?device_id=4c345e5f-ece7-471b-be66-bbba2785fef8 HTTP/1.1" status: 200 len: 949 time: 0.1712635
May 20 07:39:35.380663 n-d-780147-4 neutron-server[93103]: DEBUG neutron_lib.callbacks.manager [None req-6699f51b-2f45-4ade-b5b7-13222355ca3d None None] Notify callbacks ['neutron.plugins.ml2.plugin.SecurityGroupServerNotifierRpcMixin.notify_sg_on_port_change-1789874', 'neutron.plugins.ml2.ovo_rpc._ObjectChangeHandler.handle_event-387955', 'neutron.api.rpc.agentnotifiers.dhcp_rpc_agent_api.DhcpAgentNotifyAPI._native_event_send_dhcp_notification-604814', 'neutron.db.l3_db.L3RpcNotifierMixin._notify_gateway_port_ip_changed-8735356162991', 'neutron.db.l3_dvrscheduler_db._notify_l3_agent_port_update-8735355733005', 'neutron.db.l3_hascheduler_db._notify_l3_agent_ha_port_update-8735355733050'] for port, after_update {{(pid=93103) _notify_loop /usr/local/lib/python3.8/dist-packages/neutron_lib/callbacks/manager.py:192}}
May 20 07:39:35.382710 n-d-780147-4 neutron-server[93103]: DEBUG oslo_concurrency.lockutils [None req-ca0db25d-fb4a-4a04-9e2f-bca441c9063d None None] Lock "event-dispatch" acquired by "neutron.plugins.ml2.ovo_rpc._ObjectChangeHandler.dispatch_events" :: waited 0.000s {{(pid=93103) inner /usr/local/lib/python3.8/dist-packages/oslo_concurrency/lockutils.py:355}}
May 20 07:39:35.403474 n-d-780147-4 neutron-server[93102]: DEBUG neutron_lib.callbacks.manager [None req-fd028a02-767a-481b-a6d4-47518115195b admin admin] Notify callbacks [] for security_group, precommit_delete {{(pid=93102) _notify_loop /usr/local/lib/python3.8/dist-packages/neutron_lib/callbacks/manager.py:192}}
May 20 07:39:35.480965 n-d-780147-4 neutron-server[93103]: DEBUG neutron.plugins.ml2.db [None req-6699f51b-2f45-4ade-b5b7-13222355ca3d None None] get_ports_and_sgs() called for port_ids ['db9c842c-0044-4080-87be-d9e1ba9f9b80'] {{(pid=93103) get_ports_and_sgs /opt/stack/neutron/neutron/plugins/ml2/db.py:164}}
May 20 07:39:35.488815 n-d-780147-4 neutron-server[93102]: INFO neutron.wsgi [req-3a033472-d5eb-4d1e-8948-715a4334385b req-3db096cf-598b-44a9-93f6-b5111f630daa tempest-MigrationsAdminTest-1766702452 tempest-MigrationsAdminTest-1766702452-project] 10.222.0.79 "GET /v2.0/security-groups?id=f6de2c7d-fb0c-492f-8699-b1e71e2a839d&fields=id&fields=name HTTP/1.1" status: 200 len: 286 time: 0.1285634
May 20 07:39:35.500331 n-d-780147-4 neutron-server[93101]: INFO neutron.wsgi [req-f8e60804-deff-45f2-9990-6dd4c118079c req-fe77ff88-bf5a-40b0-9e4d-36ecc9736505 tempest-DeleteServersAdminTestJSON-816717372 tempest-DeleteServersAdminTestJSON-816717372-project] 10.222.0.81 "POST /v2.0/ports HTTP/1.1" status: 201 len: 938 time: 1.8376737
May 20 07:39:35.560186 n-d-780147-4 neutron-server[93101]: DEBUG neutron.api.v2.base [req-f8e60804-deff-45f2-9990-6dd4c118079c req-36d38f0f-0516-4d2a-a0fe-f1b9d2eca957 service neutron] Request body: {'port': {'device_id': 'e8115c3f-a00e-442d-8f30-53081f1070d8', 'device_owner': 'compute:nova', 'binding:host_id': 'n-h1-780147-4'}} {{(pid=93101) prepare_request_body /opt/stack/neutron/neutron/api/v2/base.py:729}}
May 20 07:39:35.595099 n-d-780147-4 neutron-server[93103]: INFO neutron.notifiers.nova [-] Nova event response: {'server_uuid': '88eec11b-8dee-458a-a3f4-fb5ac0706ef3', 'name': 'network-vif-plugged', 'status': 'completed', 'tag': 'c008ecfb-d752-4a28-9487-9576dda86bb0', 'code': 200}
May 20 07:39:35.635580 n-d-780147-4 neutron-server[93103]: DEBUG neutron.api.rpc.handlers.resources_rpc [None req-6699f51b-2f45-4ade-b5b7-13222355ca3d None None] Pushing event updated for resources: {'Port': ['ID=c008ecfb-d752-4a28-9487-9576dda86bb0,revision_number=5']} {{(pid=93103) push /opt/stack/neutron/neutron/api/rpc/handlers/resources_rpc.py:237}}
May 20 07:39:35.645120 n-d-780147-4 neutron-server[93103]: DEBUG oslo_concurrency.lockutils [None req-6699f51b-2f45-4ade-b5b7-13222355ca3d None None] Lock "event-dispatch" released by "neutron.plugins.ml2.ovo_rpc._ObjectChangeHandler.dispatch_events" :: held 0.260s {{(pid=93103) inner /usr/local/lib/python3.8/dist-packages/oslo_concurrency/lockutils.py:367}}
May 20 07:39:35.665932 n-d-780147-4 neutron-server[93102]: DEBUG neutron_lib.callbacks.manager [None req-fd028a02-767a-481b-a6d4-47518115195b admin admin] Notify callbacks ['neutron.plugins.ml2.ovo_rpc._ObjectChangeHandler.handle_event-637557'] for security_group, after_delete {{(pid=93102) _notify_loop /usr/local/lib/python3.8/dist-packages/neutron_lib/callbacks/manager.py:192}}
May 20 07:39:35.669948 n-d-780147-4 neutron-server[93102]: DEBUG oslo_concurrency.lockutils [-] Lock "event-dispatch" acquired by "neutron.plugins.ml2.ovo_rpc._ObjectChangeHandler.dispatch_events" :: waited 0.000s {{(pid=93102) inner /usr/local/lib/python3.8/dist-packages/oslo_concurrency/lockutils.py:355}}
May 20 07:39:35.701792 n-d-780147-4 neutron-server[93102]: DEBUG neutron_lib.callbacks.manager [None req-fd028a02-767a-481b-a6d4-47518115195b admin admin] Notify callbacks [] for security_group, before_response {{(pid=93102) _notify_loop /usr/local/lib/python3.8/dist-packages/neutron_lib/callbacks/manager.py:192}}
May 20 07:39:35.702908 n-d-780147-4 neutron-server[93102]: INFO neutron.wsgi [None req-fd028a02-767a-481b-a6d4-47518115195b admin admin] 10.222.0.79 "DELETE /v2.0/security-groups/a1bb40b5-e7f3-4305-8d94-018d86790451 HTTP/1.1" status: 204 len: 168 time: 0.6865420
May 20 07:39:35.703815 n-d-780147-4 neutron-server[93102]: DEBUG neutron.api.rpc.handlers.resources_rpc [None req-fd028a02-767a-481b-a6d4-47518115195b admin admin] Pushing event deleted for resources: {'SecurityGroup': ['ID=a1bb40b5-e7f3-4305-8d94-018d86790451,revision_number=None']} {{(pid=93102) push /opt/stack/neutron/neutron/api/rpc/handlers/resources_rpc.py:237}}
May 20 07:39:35.707488 n-d-780147-4 neutron-server[93102]: DEBUG oslo_concurrency.lockutils [None req-fd028a02-767a-481b-a6d4-47518115195b admin admin] Lock "event-dispatch" released by "neutron.plugins.ml2.ovo_rpc._ObjectChangeHandler.dispatch_events" :: held 0.037s {{(pid=93102) inner /usr/local/lib/python3.8/dist-packages/oslo_concurrency/lockutils.py:367}}
May 20 07:39:35.741317 n-d-780147-4 neutron-server[93101]: DEBUG neutron_lib.callbacks.manager [None req-d17d0fea-fc1a-425f-a323-407f2e518186 admin admin] Notify callbacks [] for security_group, precommit_create {{(pid=93101) _notify_loop /usr/local/lib/python3.8/dist-packages/neutron_lib/callbacks/manager.py:192}}
May 20 07:39:35.771891 n-d-780147-4 neutron-server[93103]: DEBUG neutron.db.provisioning_blocks [None req-af25ef84-09ac-4606-a530-ad7f85962a3f None None] Provisioning for port ad56149c-46ba-4bed-a5a8-8173bbcfe356 completed by entity DHCP. {{(pid=93103) provisioning_complete /opt/stack/neutron/neutron/db/provisioning_blocks.py:133}}
May 20 07:39:35.782638 n-d-780147-4 neutron-server[93103]: DEBUG neutron.db.provisioning_blocks [None req-af25ef84-09ac-4606-a530-ad7f85962a3f None None] Provisioning complete for port ad56149c-46ba-4bed-a5a8-8173bbcfe356 triggered by entity DHCP. {{(pid=93103) provisioning_complete /opt/stack/neutron/neutron/db/provisioning_blocks.py:139}}
May 20 07:39:35.782638 n-d-780147-4 neutron-server[93103]: DEBUG neutron_lib.callbacks.manager [None req-af25ef84-09ac-4606-a530-ad7f85962a3f None None] Notify callbacks ['neutron.plugins.ml2.plugin.Ml2Plugin._port_provisioned-1917079'] for port, provisioning_complete {{(pid=93103) _notify_loop /usr/local/lib/python3.8/dist-packages/neutron_lib/callbacks/manager.py:192}}
May 20 07:39:35.869091 n-d-780147-4 neutron-server[93103]: DEBUG neutron.plugins.ml2.plugin [None req-af25ef84-09ac-4606-a530-ad7f85962a3f None None] Port ad56149c-46ba-4bed-a5a8-8173bbcfe356 cannot update to ACTIVE because it is not bound. {{(pid=93103) _port_provisioned /opt/stack/neutron/neutron/plugins/ml2/plugin.py:337}}
May 20 07:39:35.870606 n-d-780147-4 neutron-server[93102]: DEBUG neutron.pecan_wsgi.hooks.policy_enforcement [req-266f53c7-ef0f-4ca0-921d-cae61a008b1c req-ff889005-78a3-4082-9a06-1dee15debd43 tempest-AggregatesAdminTestJSON-1844567799 tempest-AggregatesAdminTestJSON-1844567799-project] Attributes excluded by policy engine: ['standard_attr_id', 'binding:profile', 'binding:host_id', 'binding:vif_type', 'binding:vif_details'] {{(pid=93102) _exclude_attributes_by_policy /opt/stack/neutron/neutron/pecan_wsgi/hooks/policy_enforcement.py:255}}
May 20 07:39:35.875051 n-d-780147-4 neutron-server[93102]: INFO neutron.wsgi [req-266f53c7-ef0f-4ca0-921d-cae61a008b1c req-ff889005-78a3-4082-9a06-1dee15debd43 tempest-AggregatesAdminTestJSON-1844567799 tempest-AggregatesAdminTestJSON-1844567799-project] 10.222.0.79 "GET /v2.0/ports?device_id=7e80ada5-7e76-4224-9c07-aaae304b031c HTTP/1.1" status: 200 len: 971 time: 0.1692204
May 20 07:39:35.963540 n-d-780147-4 neutron-server[93102]: INFO neutron.wsgi [req-266f53c7-ef0f-4ca0-921d-cae61a008b1c req-3707cc10-380a-4383-9fca-3347fb28e0b1 tempest-AggregatesAdminTestJSON-1844567799 tempest-AggregatesAdminTestJSON-1844567799-project] 10.222.0.79 "GET /v2.0/security-groups?id=e809a44e-c68a-48fb-b4e6-c57043043b5d&fields=id&fields=name HTTP/1.1" status: 200 len: 286 time: 0.0804977
May 20 07:39:35.974203 n-d-780147-4 neutron-server[93101]: DEBUG neutron_lib.callbacks.manager [None req-d17d0fea-fc1a-425f-a323-407f2e518186 admin admin] Notify callbacks ['neutron.plugins.ml2.ovo_rpc._ObjectChangeHandler.handle_event-637557'] for security_group, after_create {{(pid=93101) _notify_loop /usr/local/lib/python3.8/dist-packages/neutron_lib/callbacks/manager.py:192}}
May 20 07:39:35.993907 n-d-780147-4 neutron-server[93101]: DEBUG oslo_concurrency.lockutils [None req-0bb0712e-2562-4aef-aa2e-498e42f11746 tempest-ServersWithSpecificFlavorTestJSON-1574743217 tempest-ServersWithSpecificFlavorTestJSON-1574743217-project] Lock "event-dispatch" acquired by "neutron.plugins.ml2.ovo_rpc._ObjectChangeHandler.dispatch_events" :: waited 0.000s {{(pid=93101) inner /usr/local/lib/python3.8/dist-packages/oslo_concurrency/lockutils.py:355}}
May 20 07:39:36.083894 n-d-780147-4 neutron-server[93101]: INFO neutron.wsgi [None req-d17d0fea-fc1a-425f-a323-407f2e518186 admin admin] 10.222.0.79 "GET /v2.0/security-groups?tenant_id=aa7a2ab30eb04b26abd0bdfb16fec0e6&name=default HTTP/1.1" status: 200 len: 2979 time: 0.8102739
May 20 07:39:36.087732 n-d-780147-4 neutron-server[93101]: DEBUG neutron.api.rpc.handlers.resources_rpc [None req-d17d0fea-fc1a-425f-a323-407f2e518186 admin admin] Pushing event updated for resources: {'SecurityGroup': ['ID=0e3defcf-294d-4c95-bf8c-8644acce054c,revision_number=1']} {{(pid=93101) push /opt/stack/neutron/neutron/api/rpc/handlers/resources_rpc.py:237}}
May 20 07:39:36.090819 n-d-780147-4 neutron-server[93101]: DEBUG oslo_concurrency.lockutils [None req-d17d0fea-fc1a-425f-a323-407f2e518186 admin admin] Lock "event-dispatch" released by "neutron.plugins.ml2.ovo_rpc._ObjectChangeHandler.dispatch_events" :: held 0.097s {{(pid=93101) inner /usr/local/lib/python3.8/dist-packages/oslo_concurrency/lockutils.py:367}}
May 20 07:39:36.093243 n-d-780147-4 neutron-server[93101]: DEBUG neutron.pecan_wsgi.hooks.policy_enforcement [req-949f2b12-377f-460f-b635-c7d8f6ef24e6 req-f4b4e4a5-278b-493e-96e8-c756f8c80ee4 service neutron] Attributes excluded by policy engine: ['standard_attr_id'] {{(pid=93101) _exclude_attributes_by_policy /opt/stack/neutron/neutron/pecan_wsgi/hooks/policy_enforcement.py:255}}
May 20 07:39:36.094721 n-d-780147-4 neutron-server[93101]: INFO neutron.wsgi [req-949f2b12-377f-460f-b635-c7d8f6ef24e6 req-f4b4e4a5-278b-493e-96e8-c756f8c80ee4 service neutron] 10.222.0.84 "GET /v2.0/ports?device_id=88eec11b-8dee-458a-a3f4-fb5ac0706ef3 HTTP/1.1" status: 200 len: 1096 time: 0.3501666
May 20 07:39:36.097202 n-d-780147-4 neutron-server[93101]: DEBUG neutron.wsgi [-] (93101) accepted ('10.222.0.79', 39038) {{(pid=93101) server /usr/local/lib/python3.8/dist-packages/eventlet/wsgi.py:992}}
May 20 07:39:36.102568 n-d-780147-4 neutron-server[93101]: DEBUG neutron_lib.callbacks.manager [req-f8e60804-deff-45f2-9990-6dd4c118079c req-36d38f0f-0516-4d2a-a0fe-f1b9d2eca957 service neutron] Notify callbacks ['neutron.plugins.ml2.plugin.SecurityGroupDbMixin._ensure_default_security_group_handler_port-1789513'] for port, before_update {{(pid=93101) _notify_loop /usr/local/lib/python3.8/dist-packages/neutron_lib/callbacks/manager.py:192}}
May 20 07:39:36.156591 n-d-780147-4 neutron-server[93101]: DEBUG neutron.pecan_wsgi.hooks.policy_enforcement [req-a738b44c-d5c8-4977-8497-002fbdf3531d req-de6f145a-3ad6-4e7c-9946-aa9eac4003f2 tempest-DeleteServersAdminTestJSON-816717372 tempest-DeleteServersAdminTestJSON-816717372-project] Attributes excluded by policy engine: ['standard_attr_id', 'binding:profile', 'binding:host_id', 'binding:vif_type', 'binding:vif_details'] {{(pid=93101) _exclude_attributes_by_policy /opt/stack/neutron/neutron/pecan_wsgi/hooks/policy_enforcement.py:255}}
May 20 07:39:36.156591 n-d-780147-4 neutron-server[93101]: DEBUG neutron.quota.resource [req-a738b44c-d5c8-4977-8497-002fbdf3531d req-de6f145a-3ad6-4e7c-9946-aa9eac4003f2 tempest-DeleteServersAdminTestJSON-816717372 tempest-DeleteServersAdminTestJSON-816717372-project] Synchronizing usage tracker for tenant:7a7d5daf0d2d4a9d93ead358aa77c808 on resource:port {{(pid=93101) resync /opt/stack/neutron/neutron/quota/resource.py:241}}
May 20 07:39:36.198592 n-d-780147-4 neutron-server[93102]: DEBUG neutron.pecan_wsgi.hooks.policy_enforcement [req-262674a9-95aa-41e9-b8cc-eee4126cf07c req-8730d728-a81a-4899-8c79-d024a6804724 tempest-LiveAutoBlockMigrationV225Test-1947903068 tempest-LiveAutoBlockMigrationV225Test-1947903068-project] Attributes excluded by policy engine: ['standard_attr_id', 'binding:profile', 'binding:host_id', 'binding:vif_type', 'binding:vif_details'] {{(pid=93102) _exclude_attributes_by_policy /opt/stack/neutron/neutron/pecan_wsgi/hooks/policy_enforcement.py:255}}
May 20 07:39:36.200067 n-d-780147-4 neutron-server[93102]: INFO neutron.wsgi [req-262674a9-95aa-41e9-b8cc-eee4126cf07c req-8730d728-a81a-4899-8c79-d024a6804724 tempest-LiveAutoBlockMigrationV225Test-1947903068 tempest-LiveAutoBlockMigrationV225Test-1947903068-project] 10.222.0.79 "GET /v2.0/ports?device_id=e946c042-154e-4cbb-ba1e-e86137911b94 HTTP/1.1" status: 200 len: 945 time: 0.1176646
May 20 07:39:36.259029 n-d-780147-4 neutron-server[93102]: INFO neutron.wsgi [req-262674a9-95aa-41e9-b8cc-eee4126cf07c req-d33b8023-96da-4796-9d17-c4e4cbdc8299 tempest-LiveAutoBlockMigrationV225Test-1947903068 tempest-LiveAutoBlockMigrationV225Test-1947903068-project] 10.222.0.79 "GET /v2.0/security-groups?id=ed34d49a-f5fe-4d8b-ba7f-5f778a822c8c&fields=id&fields=name HTTP/1.1" status: 200 len: 286 time: 0.0506663
May 20 07:39:36.265232 n-d-780147-4 neutron-server[93101]: INFO neutron.wsgi [req-949f2b12-377f-460f-b635-c7d8f6ef24e6 req-f2c06eba-bc06-426c-abb0-d5ca6ee976b3 service neutron] 10.222.0.84 "GET /v2.0/security-groups?id=0812bae2-209d-4267-bc9d-7049c5ec5111&fields=id&fields=name HTTP/1.1" status: 200 len: 313 time: 0.1392343
May 20 07:39:36.346498 n-d-780147-4 neutron-server[93101]: DEBUG neutron_lib.callbacks.manager [None req-3aad8949-59ad-456f-81ee-09e4dcdefd95 admin admin] Notify callbacks [] for security_group, before_delete {{(pid=93101) _notify_loop /usr/local/lib/python3.8/dist-packages/neutron_lib/callbacks/manager.py:192}}
May 20 07:39:36.365943 n-d-780147-4 neutron-server[93101]: DEBUG neutron.quota.resource [req-a738b44c-d5c8-4977-8497-002fbdf3531d req-de6f145a-3ad6-4e7c-9946-aa9eac4003f2 tempest-DeleteServersAdminTestJSON-816717372 tempest-DeleteServersAdminTestJSON-816717372-project] Unset dirty status for tenant:7a7d5daf0d2d4a9d93ead358aa77c808 on resource:port {{(pid=93101) _resync /opt/stack/neutron/neutron/quota/resource.py:233}}
May 20 07:39:36.367182 n-d-780147-4 neutron-server[93101]: INFO neutron.wsgi [req-a738b44c-d5c8-4977-8497-002fbdf3531d req-de6f145a-3ad6-4e7c-9946-aa9eac4003f2 tempest-DeleteServersAdminTestJSON-816717372 tempest-DeleteServersAdminTestJSON-816717372-project] 10.222.0.79 "GET /v2.0/ports?device_id=e8115c3f-a00e-442d-8f30-53081f1070d8 HTTP/1.1" status: 200 len: 936 time: 0.7437477
May 20 07:39:36.415453 n-d-780147-4 neutron-server[93101]: DEBUG neutron_lib.callbacks.manager [None req-3aad8949-59ad-456f-81ee-09e4dcdefd95 admin admin] Notify callbacks [] for security_group, precommit_delete {{(pid=93101) _notify_loop /usr/local/lib/python3.8/dist-packages/neutron_lib/callbacks/manager.py:192}}
May 20 07:39:36.466916 n-d-780147-4 neutron-server[93102]: DEBUG neutron.pecan_wsgi.hooks.policy_enforcement [req-f26fd2c3-ccf3-430b-9113-dd29bda6c5b3 req-dbf08d01-0670-4767-8c12-44418d8ba0ad tempest-ServersWithSpecificFlavorTestJSON-1574743217 tempest-ServersWithSpecificFlavorTestJSON-1574743217-project] Attributes excluded by policy engine: ['standard_attr_id', 'binding:profile', 'binding:host_id', 'binding:vif_type', 'binding:vif_details'] {{(pid=93102) _exclude_attributes_by_policy /opt/stack/neutron/neutron/pecan_wsgi/hooks/policy_enforcement.py:255}}
May 20 07:39:36.468377 n-d-780147-4 neutron-server[93102]: INFO neutron.wsgi [req-f26fd2c3-ccf3-430b-9113-dd29bda6c5b3 req-dbf08d01-0670-4767-8c12-44418d8ba0ad tempest-ServersWithSpecificFlavorTestJSON-1574743217 tempest-ServersWithSpecificFlavorTestJSON-1574743217-project] 10.222.0.79 "GET /v2.0/ports?device_id=88eec11b-8dee-458a-a3f4-fb5ac0706ef3 HTTP/1.1" status: 200 len: 945 time: 0.0865848
May 20 07:39:36.520173 n-d-780147-4 neutron-server[93102]: INFO neutron.wsgi [req-f26fd2c3-ccf3-430b-9113-dd29bda6c5b3 req-039f6544-2f82-4c9a-b600-9739b13acb9c tempest-ServersWithSpecificFlavorTestJSON-1574743217 tempest-ServersWithSpecificFlavorTestJSON-1574743217-project] 10.222.0.79 "GET /v2.0/security-groups?id=0812bae2-209d-4267-bc9d-7049c5ec5111&fields=id&fields=name HTTP/1.1" status: 200 len: 313 time: 0.0451002
May 20 07:39:36.558018 n-d-780147-4 neutron-server[93101]: INFO neutron.wsgi [req-a738b44c-d5c8-4977-8497-002fbdf3531d req-0b864d08-c32a-4188-8475-0949854cc264 tempest-DeleteServersAdminTestJSON-816717372 tempest-DeleteServersAdminTestJSON-816717372-project] 10.222.0.79 "GET /v2.0/security-groups?id=b6d2c1dd-2eab-42d7-853b-bf3cf077135f&fields=id&fields=name HTTP/1.1" status: 200 len: 286 time: 0.1811602
May 20 07:39:36.666273 n-d-780147-4 neutron-server[93103]: DEBUG neutron.plugins.ml2.rpc [None req-6699f51b-2f45-4ade-b5b7-13222355ca3d None None] Device db9c842c-0044-4080-87be-d9e1ba9f9b80 up at agent hyperv_n-h2-780147-4 {{(pid=93103) update_device_up /opt/stack/neutron/neutron/plugins/ml2/rpc.py:278}}
May 20 07:39:36.681178 n-d-780147-4 neutron-server[93101]: DEBUG neutron.wsgi [-] (93101) accepted ('10.222.0.79', 39048) {{(pid=93101) server /usr/local/lib/python3.8/dist-packages/eventlet/wsgi.py:992}}
May 20 07:39:36.708967 n-d-780147-4 neutron-server[93101]: DEBUG neutron_lib.callbacks.manager [None req-3d21597f-8485-463a-be05-da3fb6017c37 admin admin] Notify callbacks [] for security_group, before_create {{(pid=93101) _notify_loop /usr/local/lib/python3.8/dist-packages/neutron_lib/callbacks/manager.py:192}}
May 20 07:39:36.723449 n-d-780147-4 neutron-server[93101]: DEBUG neutron_lib.callbacks.manager [None req-3aad8949-59ad-456f-81ee-09e4dcdefd95 admin admin] Notify callbacks ['neutron.plugins.ml2.ovo_rpc._ObjectChangeHandler.handle_event-637557'] for security_group, after_delete {{(pid=93101) _notify_loop /usr/local/lib/python3.8/dist-packages/neutron_lib/callbacks/manager.py:192}}
May 20 07:39:36.725434 n-d-780147-4 neutron-server[93102]: DEBUG neutron.pecan_wsgi.hooks.policy_enforcement [req-d22768ac-44b9-4236-9983-e11802ba333e req-93066d12-90ff-4899-a6c5-1a4aeab3a578 tempest-MigrationsAdminTest-1766702452 tempest-MigrationsAdminTest-1766702452-project] Attributes excluded by policy engine: ['standard_attr_id', 'binding:profile', 'binding:host_id', 'binding:vif_type', 'binding:vif_details'] {{(pid=93102) _exclude_attributes_by_policy /opt/stack/neutron/neutron/pecan_wsgi/hooks/policy_enforcement.py:255}}
May 20 07:39:36.727176 n-d-780147-4 neutron-server[93102]: INFO neutron.wsgi [req-d22768ac-44b9-4236-9983-e11802ba333e req-93066d12-90ff-4899-a6c5-1a4aeab3a578 tempest-MigrationsAdminTest-1766702452 tempest-MigrationsAdminTest-1766702452-project] 10.222.0.79 "GET /v2.0/ports?device_id=4c345e5f-ece7-471b-be66-bbba2785fef8 HTTP/1.1" status: 200 len: 949 time: 0.1075561
May 20 07:39:36.731037 n-d-780147-4 neutron-server[93101]: DEBUG oslo_concurrency.lockutils [None req-35cb852a-6e14-4640-b563-27482a095e42 admin admin] Lock "event-dispatch" acquired by "neutron.plugins.ml2.ovo_rpc._ObjectChangeHandler.dispatch_events" :: waited 0.000s {{(pid=93101) inner /usr/local/lib/python3.8/dist-packages/oslo_concurrency/lockutils.py:355}}
May 20 07:39:36.739612 n-d-780147-4 neutron-server[93101]: DEBUG neutron.notifiers.nova [req-f8e60804-deff-45f2-9990-6dd4c118079c req-36d38f0f-0516-4d2a-a0fe-f1b9d2eca957 service neutron] Ignoring state change previous_port_status: DOWN current_port_status: DOWN port_id ad56149c-46ba-4bed-a5a8-8173bbcfe356 {{(pid=93101) record_port_status_changed /opt/stack/neutron/neutron/notifiers/nova.py:224}}
May 20 07:39:36.751690 n-d-780147-4 neutron-server[93101]: DEBUG neutron.db.quota.driver [None req-3d21597f-8485-463a-be05-da3fb6017c37 admin admin] Resources subnetpool have unlimited quota limit. It is not required to calculate headroom {{(pid=93101) make_reservation /opt/stack/neutron/neutron/db/quota/driver.py:219}}
May 20 07:39:36.755587 n-d-780147-4 neutron-server[93101]: DEBUG neutron_lib.callbacks.manager [req-f8e60804-deff-45f2-9990-6dd4c118079c req-36d38f0f-0516-4d2a-a0fe-f1b9d2eca957 service neutron] Notify callbacks [] for port, precommit_update {{(pid=93101) _notify_loop /usr/local/lib/python3.8/dist-packages/neutron_lib/callbacks/manager.py:192}}
May 20 07:39:36.758010 n-d-780147-4 neutron-server[93101]: DEBUG neutron.api.rpc.handlers.resources_rpc [None req-3aad8949-59ad-456f-81ee-09e4dcdefd95 admin admin] Pushing event deleted for resources: {'SecurityGroup': ['ID=0e3defcf-294d-4c95-bf8c-8644acce054c,revision_number=None']} {{(pid=93101) push /opt/stack/neutron/neutron/api/rpc/handlers/resources_rpc.py:237}}
May 20 07:39:36.760835 n-d-780147-4 neutron-server[93101]: DEBUG oslo_concurrency.lockutils [None req-3aad8949-59ad-456f-81ee-09e4dcdefd95 admin admin] Lock "event-dispatch" released by "neutron.plugins.ml2.ovo_rpc._ObjectChangeHandler.dispatch_events" :: held 0.030s {{(pid=93101) inner /usr/local/lib/python3.8/dist-packages/oslo_concurrency/lockutils.py:367}}
May 20 07:39:36.767404 n-d-780147-4 neutron-server[93101]: DEBUG neutron.quota.resource [None req-3d21597f-8485-463a-be05-da3fb6017c37 admin admin] Usage tracker for resource:security_group_rule and tenant:48ce065747c74ffc92e8a251fd9aac90 is out of sync, need to count used quota {{(pid=93101) count_used /opt/stack/neutron/neutron/quota/resource.py:270}}
May 20 07:39:36.774939 n-d-780147-4 neutron-server[93101]: DEBUG neutron.quota.resource [None req-3d21597f-8485-463a-be05-da3fb6017c37 admin admin] Quota usage for security_group_rule was recalculated. Used quota:0. {{(pid=93101) count_used /opt/stack/neutron/neutron/quota/resource.py:290}}
May 20 07:39:36.775942 n-d-780147-4 neutron-server[93102]: INFO neutron.wsgi [req-d22768ac-44b9-4236-9983-e11802ba333e req-5c53914e-5030-40b9-86f2-c4657dd77144 tempest-MigrationsAdminTest-1766702452 tempest-MigrationsAdminTest-1766702452-project] 10.222.0.79 "GET /v2.0/security-groups?id=f6de2c7d-fb0c-492f-8699-b1e71e2a839d&fields=id&fields=name HTTP/1.1" status: 200 len: 286 time: 0.0421035
May 20 07:39:36.788996 n-d-780147-4 neutron-server[93101]: DEBUG neutron.db.quota.driver [None req-3d21597f-8485-463a-be05-da3fb6017c37 admin admin] Attempting to reserve 4 items for resource security_group_rule. Total usage: 0; quota limit: 100; headroom:100 {{(pid=93101) make_reservation /opt/stack/neutron/neutron/db/quota/driver.py:246}}
May 20 07:39:36.791446 n-d-780147-4 neutron-server[93101]: DEBUG neutron_lib.callbacks.manager [None req-3aad8949-59ad-456f-81ee-09e4dcdefd95 admin admin] Notify callbacks [] for security_group, before_response {{(pid=93101) _notify_loop /usr/local/lib/python3.8/dist-packages/neutron_lib/callbacks/manager.py:192}}
May 20 07:39:36.792553 n-d-780147-4 neutron-server[93101]: INFO neutron.wsgi [None req-3aad8949-59ad-456f-81ee-09e4dcdefd95 admin admin] 10.222.0.79 "DELETE /v2.0/security-groups/0e3defcf-294d-4c95-bf8c-8644acce054c HTTP/1.1" status: 204 len: 168 time: 0.6932504
May 20 07:39:36.804866 n-d-780147-4 neutron-server[93103]: DEBUG neutron_lib.callbacks.manager [None req-aa7e908b-4c0d-4341-a0c8-cb2af920a5e3 None None] Notify callbacks ['neutron.services.segments.db._update_segment_host_mapping_for_agent-8735356194012', 'neutron.plugins.ml2.plugin.Ml2Plugin._retry_binding_revived_agents-1917124'] for agent, after_update {{(pid=93103) _notify_loop /usr/local/lib/python3.8/dist-packages/neutron_lib/callbacks/manager.py:192}}
May 20 07:39:36.809792 n-d-780147-4 neutron-server[93101]: DEBUG neutron.db.provisioning_blocks [req-f8e60804-deff-45f2-9990-6dd4c118079c req-36d38f0f-0516-4d2a-a0fe-f1b9d2eca957 service neutron] Transition to ACTIVE for port object ad56149c-46ba-4bed-a5a8-8173bbcfe356 will not be triggered until provisioned by entity L2. {{(pid=93101) add_provisioning_component /opt/stack/neutron/neutron/db/provisioning_blocks.py:73}}
May 20 07:39:36.828225 n-d-780147-4 neutron-server[93103]: DEBUG neutron.db.provisioning_blocks [None req-6699f51b-2f45-4ade-b5b7-13222355ca3d None None] Provisioning for port db9c842c-0044-4080-87be-d9e1ba9f9b80 completed by entity L2. {{(pid=93103) provisioning_complete /opt/stack/neutron/neutron/db/provisioning_blocks.py:133}}
