May 20 07:39:43.107155 n-d-780147-4 neutron-server[93103]: DEBUG oslo_concurrency.lockutils [None req-12957d4d-4309-455b-89eb-eec964eb8f06 None None] Lock "event-dispatch" acquired by "neutron.plugins.ml2.ovo_rpc._ObjectChangeHandler.dispatch_events" :: waited 0.000s {{(pid=93103) inner /usr/local/lib/python3.8/dist-packages/oslo_concurrency/lockutils.py:355}}
May 20 07:39:43.153797 n-d-780147-4 neutron-server[93102]: DEBUG neutron.quota.resource [req-e1465031-5c52-43fa-aeef-1b359216275d req-2ed07f51-3460-4c3a-94eb-e69aae6b4c69 tempest-LiveAutoBlockMigrationV225Test-1354242729 tempest-LiveAutoBlockMigrationV225Test-1354242729-project-admin] Synchronizing usage tracker for tenant:a74ab05ea88c452cb0f5aa78b1e963b4 on resource:security_group {{(pid=93102) resync /opt/stack/neutron/neutron/quota/resource.py:241}}
May 20 07:39:43.163906 n-d-780147-4 neutron-server[93104]: DEBUG neutron.db.l3_hamode_db [None req-61f1d15e-fdf3-415b-a129-bc79503b1153 None None] neutron.services.l3_router.l3_router_plugin.L3RouterPlugin method _process_sync_ha_data called with arguments (, [{'id': '50aaad9e-2890-4b8a-8593-98b7fb648cd4', 'name': 'tempest-ServersWithSpecificFlavorTestJSON-834676824-router', 'tenant_id': 'a8d8acb3848646449b2690ca0e22fda7', 'admin_state_up': True, 'status': 'ACTIVE', 'external_gateway_info': {'network_id': '7443946c-2304-4ae6-9323-48bd6eab68f0', 'external_fixed_ips': [{'subnet_id': 'ace5ca64-0019-4733-a9ba-0a2127481131', 'ip_address': '172.25.8.246'}], 'enable_snat': True}, 'gw_port_id': '73556e2f-9253-4646-88e1-b71a26ca5b5f', 'description': '', 'availability_zones': ['nova'], 'distributed': False, 'ha': False, 'ha_vr_id': 0, 'availability_zone_hints': [], 'routes': [], 'flavor_id': None, 'tags': [], 'created_at': '2021-05-20T07:38:42Z', 'updated_at': '2021-05-20T07:38:48Z', 'revision_number': 4, 'project_id': 'a8d8acb3848646449b2690ca0e22fda7', 'gw_port': {'id': '73556e2f-9253-4646-88e1-b71a26ca5b5f', 'name': '', 'network_id': '7443946c-2304-4ae6-9323-48bd6eab68f0', 'tenant_id': '', 'mac_address': 'fa:16:3e:5a:c0:17', 'admin_state_up': True, 'status': 'ACTIVE', 'device_id': '50aaad9e-2890-4b8a-8593-98b7fb648cd4', 'device_owner': 'network:router_gateway', 'standard_attr_id': 41, 'fixed_ips': [{'subnet_id': 'ace5ca64-0019-4733-a9ba-0a2127481131', 'ip_address': '172.25.8.246', 'prefixlen': 24}], 'allowed_address_pairs': [], 'extra_dhcp_opts': [], 'security_groups': [], 'description': '', 'binding:vnic_type': 'normal', 'binding:profile': {}, 'binding:host_id': 'n-d-780147-4', 'binding:vif_type': 'ovs', 'binding:vif_details': {'connectivity': 'l2', 'port_filter': True, 'ovs_hybrid_plug': False, 'datapath_type': 'system', 'bridge_name': 'br-int'}, 'port_security_enabled': False, 'tags': [], 'created_at': '2021-05-20T07:38:43Z', 'updated_at': '2021-05-20T07:38:50Z', 'revision_number': 4, 'project_id': '', 'subnets': [{'id': 'ace5ca64-0019-4733-a9ba-0a2127481131', 'cidr': '172.25.8.0/24', 'gateway_ip': '172.25.8.1', 'dns_nameservers': [], 'ipv6_ra_mode': None, 'subnetpool_id': None}], 'extra_subnets': [], 'address_scopes': {4: None, 6: None}, 'mtu': 1500}, 'enable_snat': True, 'gw_port_host': 'n-d-780147-4', '_floatingips': [{'id': 'd4272634-2446-4b85-9c06-5a3b2f4a4b37', 'tenant_id': 'a8d8acb3848646449b2690ca0e22fda7', 'floating_ip_address': '172.25.8.124', 'floating_network_id': '7443946c-2304-4ae6-9323-48bd6eab68f0', 'router_id': '50aaad9e-2890-4b8a-8593-98b7fb648cd4', 'port_id': 'c008ecfb-d752-4a28-9487-9576dda86bb0', 'fixed_ip_address': '172.20.0.4', 'status': 'DOWN', 'standard_attr_id': 164, 'description': '', 'qos_policy_id': None, 'port_details': {'name': '', 'network_id': '760817bc-0e09-42a9-8280-29797ea90888', 'mac_address': 'fa:16:3e:9c:8e:8b', 'admin_state_up': True, 'status': 'ACTIVE', 'device_id': '88eec11b-8dee-458a-a3f4-fb5ac0706ef3', 'device_owner': 'compute:nova'}, 'dns_domain': '', 'dns_name': '', 'tags': [], 'created_at': '2021-05-20T07:39:16Z', 'updated_at': '2021-05-20T07:39:39Z', 'revision_number': 1, 'project_id': 'a8d8acb3848646449b2690ca0e22fda7', 'fixed_ip_address_scope': None}], '_interfaces': [{'id': 'e6195fce-d22e-4458-b250-c1798f18c9f2', 'name': '', 'network_id': '760817bc-0e09-42a9-8280-29797ea90888', 'tenant_id': 'a8d8acb3848646449b2690ca0e22fda7', 'mac_address': 'fa:16:3e:00:56:6d', 'admin_state_up': True, 'status': 'ACTIVE', 'device_id': '50aaad9e-2890-4b8a-8593-98b7fb648cd4', 'device_owner': 'network:router_interface', 'standard_attr_id': 47, 'fixed_ips': [{'subnet_id': '3726bd95-55cc-4697-8c6b-5594c0678760', 'ip_address': '172.20.0.1', 'prefixlen': 28}], 'allowed_address_pairs': [], 'extra_dhcp_opts': [], 'security_groups': [], 'description': '', 'binding:vnic_type': 'normal', 'binding:profile': {}, 'binding:host_id': 'n-d-780147-4', 'binding:vif_type': 'ovs', 'binding:vif_details': {'connectivity': 'l2', 'port_filter': True, 'ovs_hybrid_plug': False, 'datapath_type': 'system', 'bridge_name': 'br-int'}, 'port_security_enabled': False, 'tags': [], 'created_at': '2021-05-20T07:38:47Z', 'updated_at': '2021-05-20T07:38:54Z', 'revision_number': 5, 'project_id': 'a8d8acb3848646449b2690ca0e22fda7', 'subnets': [{'id': '3726bd95-55cc-4697-8c6b-5594c0678760', 'cidr': '172.20.0.0/28', 'gateway_ip': '172.20.0.1', 'dns_nameservers': [], 'ipv6_ra_mode': None, 'subnetpool_id': None}], 'extra_subnets': [], 'address_scopes': {4: None, 6: None}, 'mtu': 1500}]}], 'n-d-780147-4', False) {} {{(pid=93104) wrapper /usr/local/lib/python3.8/dist-packages/oslo_log/helpers.py:65}}
May 20 07:39:43.168409 n-d-780147-4 neutron-server[93104]: DEBUG neutron.api.rpc.handlers.l3_rpc [None req-61f1d15e-fdf3-415b-a129-bc79503b1153 None None] The sync data for ids ['50aaad9e-2890-4b8a-8593-98b7fb648cd4'] in n-d-780147-4 is: [{'id': '50aaad9e-2890-4b8a-8593-98b7fb648cd4', 'name': 'tempest-ServersWithSpecificFlavorTestJSON-834676824-router', 'tenant_id': 'a8d8acb3848646449b2690ca0e22fda7', 'admin_state_up': True, 'status': 'ACTIVE', 'external_gateway_info': {'network_id': '7443946c-2304-4ae6-9323-48bd6eab68f0', 'external_fixed_ips': [{'subnet_id': 'ace5ca64-0019-4733-a9ba-0a2127481131', 'ip_address': '172.25.8.246'}], 'enable_snat': True}, 'gw_port_id': '73556e2f-9253-4646-88e1-b71a26ca5b5f', 'description': '', 'availability_zones': ['nova'], 'distributed': False, 'ha': False, 'ha_vr_id': 0, 'availability_zone_hints': [], 'routes': [], 'flavor_id': None, 'tags': [], 'created_at': '2021-05-20T07:38:42Z', 'updated_at': '2021-05-20T07:38:48Z', 'revision_number': 4, 'project_id': 'a8d8acb3848646449b2690ca0e22fda7', 'gw_port': {'id': '73556e2f-9253-4646-88e1-b71a26ca5b5f', 'name': '', 'network_id': '7443946c-2304-4ae6-9323-48bd6eab68f0', 'tenant_id': '', 'mac_address': 'fa:16:3e:5a:c0:17', 'admin_state_up': True, 'status': 'ACTIVE', 'device_id': '50aaad9e-2890-4b8a-8593-98b7fb648cd4', 'device_owner': 'network:router_gateway', 'standard_attr_id': 41, 'fixed_ips': [{'subnet_id': 'ace5ca64-0019-4733-a9ba-0a2127481131', 'ip_address': '172.25.8.246', 'prefixlen': 24}], 'allowed_address_pairs': [], 'extra_dhcp_opts': [], 'security_groups': [], 'description': '', 'binding:vnic_type': 'normal', 'binding:profile': {}, 'binding:host_id': 'n-d-780147-4', 'binding:vif_type': 'ovs', 'binding:vif_details': {'connectivity': 'l2', 'port_filter': True, 'ovs_hybrid_plug': False, 'datapath_type': 'system', 'bridge_name': 'br-int'}, 'port_security_enabled': False, 'tags': [], 'created_at': '2021-05-20T07:38:43Z', 'updated_at': '2021-05-20T07:38:50Z', 'revision_number': 4, 'project_id': '', 'subnets': [{'id': 'ace5ca64-0019-4733-a9ba-0a2127481131', 'cidr': '172.25.8.0/24', 'gateway_ip': '172.25.8.1', 'dns_nameservers': [], 'ipv6_ra_mode': None, 'subnetpool_id': None}], 'extra_subnets': [], 'address_scopes': {4: None, 6: None}, 'mtu': 1500}, 'enable_snat': True, 'gw_port_host': 'n-d-780147-4', '_floatingips': [{'id': 'd4272634-2446-4b85-9c06-5a3b2f4a4b37', 'tenant_id': 'a8d8acb3848646449b2690ca0e22fda7', 'floating_ip_address': '172.25.8.124', 'floating_network_id': '7443946c-2304-4ae6-9323-48bd6eab68f0', 'router_id': '50aaad9e-2890-4b8a-8593-98b7fb648cd4', 'port_id': 'c008ecfb-d752-4a28-9487-9576dda86bb0', 'fixed_ip_address': '172.20.0.4', 'status': 'DOWN', 'standard_attr_id': 164, 'description': '', 'qos_policy_id': None, 'port_details': {'name': '', 'network_id': '760817bc-0e09-42a9-8280-29797ea90888', 'mac_address': 'fa:16:3e:9c:8e:8b', 'admin_state_up': True, 'status': 'ACTIVE', 'device_id': '88eec11b-8dee-458a-a3f4-fb5ac0706ef3', 'device_owner': 'compute:nova'}, 'dns_domain': '', 'dns_name': '', 'tags': [], 'created_at': '2021-05-20T07:39:16Z', 'updated_at': '2021-05-20T07:39:39Z', 'revision_number': 1, 'project_id': 'a8d8acb3848646449b2690ca0e22fda7', 'fixed_ip_address_scope': None}], '_interfaces': [{'id': 'e6195fce-d22e-4458-b250-c1798f18c9f2', 'name': '', 'network_id': '760817bc-0e09-42a9-8280-29797ea90888', 'tenant_id': 'a8d8acb3848646449b2690ca0e22fda7', 'mac_address': 'fa:16:3e:00:56:6d', 'admin_state_up': True, 'status': 'ACTIVE', 'device_id': '50aaad9e-2890-4b8a-8593-98b7fb648cd4', 'device_owner': 'network:router_interface', 'standard_attr_id': 47, 'fixed_ips': [{'subnet_id': '3726bd95-55cc-4697-8c6b-5594c0678760', 'ip_address': '172.20.0.1', 'prefixlen': 28}], 'allowed_address_pairs': [], 'extra_dhcp_opts': [], 'security_groups': [], 'description': '', 'binding:vnic_type': 'normal', 'binding:profile': {}, 'binding:host_id': 'n-d-780147-4', 'binding:vif_type': 'ovs', 'binding:vif_details': {'connectivity': 'l2', 'port_filter': True, 'ovs_hybrid_plug': False, 'datapath_type': 'system', 'bridge_name': 'br-int'}, 'port_security_enabled': False, 'tags': [], 'created_at': '2021-05-20T07:38:47Z', 'updated_at': '2021-05-20T07:38:54Z', 'revision_number': 5, 'project_id': 'a8d8acb3848646449b2690ca0e22fda7', 'subnets': [{'id': '3726bd95-55cc-4697-8c6b-5594c0678760', 'cidr': '172.20.0.0/28', 'gateway_ip': '172.20.0.1', 'dns_nameservers': [], 'ipv6_ra_mode': None, 'subnetpool_id': None}], 'extra_subnets': [], 'address_scopes': {4: None, 6: None}, 'mtu': 1500}]}] {{(pid=93104) sync_routers /opt/stack/neutron/neutron/api/rpc/handlers/l3_rpc.py:137}}
May 20 07:39:43.239331 n-d-780147-4 neutron-server[93101]: INFO neutron.wsgi [req-d774f467-ea77-47c0-98f8-9d29be56495b req-cb465c4e-0a2f-48dd-8c0c-02812449f33c service neutron] 10.222.0.84 "GET /v2.0/networks/760817bc-0e09-42a9-8280-29797ea90888?fields=segments HTTP/1.1" status: 200 len: 212 time: 0.4307935
May 20 07:39:43.250860 n-d-780147-4 neutron-server[93103]: DEBUG neutron.api.rpc.handlers.resources_rpc [None req-ca0db25d-fb4a-4a04-9e2f-bca441c9063d None None] Pushing event updated for resources: {'Port': ['ID=ad56149c-46ba-4bed-a5a8-8173bbcfe356,revision_number=4']} {{(pid=93103) push /opt/stack/neutron/neutron/api/rpc/handlers/resources_rpc.py:237}}
May 20 07:39:43.264101 n-d-780147-4 neutron-server[93102]: INFO neutron.wsgi [None req-e15523cc-0239-4855-a670-8b66dd004184 admin admin] 10.222.0.79 "GET /v2.0/security-groups?tenant_id=808c879512c5491dbe9a1321619fa920&name=default HTTP/1.1" status: 200 len: 2975 time: 0.3522170
May 20 07:39:43.269297 n-d-780147-4 neutron-server[93102]: DEBUG neutron.wsgi [-] (93102) accepted ('10.222.0.79', 39296) {{(pid=93102) server /usr/local/lib/python3.8/dist-packages/eventlet/wsgi.py:992}}
May 20 07:39:43.269413 n-d-780147-4 neutron-server[93103]: DEBUG neutron.api.rpc.callbacks.version_manager [None req-ca0db25d-fb4a-4a04-9e2f-bca441c9063d None None] Version for resource type AddressGroup changed None to 1.2 on consumer Open vSwitch agent@n-d-780147-4 {{(pid=93103) _set_version /opt/stack/neutron/neutron/api/rpc/callbacks/version_manager.py:113}}
May 20 07:39:43.269413 n-d-780147-4 neutron-server[93103]: DEBUG neutron.api.rpc.callbacks.version_manager [None req-ca0db25d-fb4a-4a04-9e2f-bca441c9063d None None] Version for resource type ConntrackHelper changed None to 1.0 on consumer Open vSwitch agent@n-d-780147-4 {{(pid=93103) _set_version /opt/stack/neutron/neutron/api/rpc/callbacks/version_manager.py:113}}
May 20 07:39:43.269413 n-d-780147-4 neutron-server[93103]: DEBUG neutron.api.rpc.callbacks.version_manager [None req-ca0db25d-fb4a-4a04-9e2f-bca441c9063d None None] Version for resource type Log changed None to 1.0 on consumer Open vSwitch agent@n-d-780147-4 {{(pid=93103) _set_version /opt/stack/neutron/neutron/api/rpc/callbacks/version_manager.py:113}}
May 20 07:39:43.269413 n-d-780147-4 neutron-server[93103]: DEBUG neutron.api.rpc.callbacks.version_manager [None req-ca0db25d-fb4a-4a04-9e2f-bca441c9063d None None] Version for resource type Network changed None to 1.1 on consumer Open vSwitch agent@n-d-780147-4 {{(pid=93103) _set_version /opt/stack/neutron/neutron/api/rpc/callbacks/version_manager.py:113}}
May 20 07:39:43.269413 n-d-780147-4 neutron-server[93103]: DEBUG neutron.api.rpc.callbacks.version_manager [None req-ca0db25d-fb4a-4a04-9e2f-bca441c9063d None None] Version for resource type Port changed None to 1.7 on consumer Open vSwitch agent@n-d-780147-4 {{(pid=93103) _set_version /opt/stack/neutron/neutron/api/rpc/callbacks/version_manager.py:113}}
May 20 07:39:43.269413 n-d-780147-4 neutron-server[93103]: DEBUG neutron.api.rpc.callbacks.version_manager [None req-ca0db25d-fb4a-4a04-9e2f-bca441c9063d None None] Version for resource type PortForwarding changed None to 1.2 on consumer Open vSwitch agent@n-d-780147-4 {{(pid=93103) _set_version /opt/stack/neutron/neutron/api/rpc/callbacks/version_manager.py:113}}
May 20 07:39:43.271016 n-d-780147-4 neutron-server[93103]: DEBUG neutron.api.rpc.callbacks.version_manager [None req-ca0db25d-fb4a-4a04-9e2f-bca441c9063d None None] Version for resource type QosPolicy changed None to 1.8 on consumer Open vSwitch agent@n-d-780147-4 {{(pid=93103) _set_version /opt/stack/neutron/neutron/api/rpc/callbacks/version_manager.py:113}}
May 20 07:39:43.271667 n-d-780147-4 neutron-server[93103]: DEBUG neutron.api.rpc.callbacks.version_manager [None req-ca0db25d-fb4a-4a04-9e2f-bca441c9063d None None] Version for resource type SecurityGroup changed None to 1.4 on consumer Open vSwitch agent@n-d-780147-4 {{(pid=93103) _set_version /opt/stack/neutron/neutron/api/rpc/callbacks/version_manager.py:113}}
May 20 07:39:43.272309 n-d-780147-4 neutron-server[93103]: DEBUG neutron.api.rpc.callbacks.version_manager [None req-ca0db25d-fb4a-4a04-9e2f-bca441c9063d None None] Version for resource type SecurityGroupRule changed None to 1.2 on consumer Open vSwitch agent@n-d-780147-4 {{(pid=93103) _set_version /opt/stack/neutron/neutron/api/rpc/callbacks/version_manager.py:113}}
May 20 07:39:43.272784 n-d-780147-4 neutron-server[93103]: DEBUG neutron.api.rpc.callbacks.version_manager [None req-ca0db25d-fb4a-4a04-9e2f-bca441c9063d None None] Version for resource type SubPort changed None to 1.0 on consumer Open vSwitch agent@n-d-780147-4 {{(pid=93103) _set_version /opt/stack/neutron/neutron/api/rpc/callbacks/version_manager.py:113}}
May 20 07:39:43.273360 n-d-780147-4 neutron-server[93103]: DEBUG neutron.api.rpc.callbacks.version_manager [None req-ca0db25d-fb4a-4a04-9e2f-bca441c9063d None None] Version for resource type Subnet changed None to 1.1 on consumer Open vSwitch agent@n-d-780147-4 {{(pid=93103) _set_version /opt/stack/neutron/neutron/api/rpc/callbacks/version_manager.py:113}}
May 20 07:39:43.274033 n-d-780147-4 neutron-server[93103]: DEBUG neutron.api.rpc.callbacks.version_manager [None req-ca0db25d-fb4a-4a04-9e2f-bca441c9063d None None] Version for resource type Trunk changed None to 1.1 on consumer Open vSwitch agent@n-d-780147-4 {{(pid=93103) _set_version /opt/stack/neutron/neutron/api/rpc/callbacks/version_manager.py:113}}
May 20 07:39:43.278705 n-d-780147-4 neutron-server[93103]: DEBUG oslo_concurrency.lockutils [None req-ca0db25d-fb4a-4a04-9e2f-bca441c9063d None None] Lock "event-dispatch" released by "neutron.plugins.ml2.ovo_rpc._ObjectChangeHandler.dispatch_events" :: held 0.171s {{(pid=93103) inner /usr/local/lib/python3.8/dist-packages/oslo_concurrency/lockutils.py:367}}
May 20 07:39:43.300712 n-d-780147-4 neutron-server[93102]: DEBUG neutron.quota.resource [req-e1465031-5c52-43fa-aeef-1b359216275d req-2ed07f51-3460-4c3a-94eb-e69aae6b4c69 tempest-LiveAutoBlockMigrationV225Test-1354242729 tempest-LiveAutoBlockMigrationV225Test-1354242729-project-admin] Unset dirty status for tenant:a74ab05ea88c452cb0f5aa78b1e963b4 on resource:security_group {{(pid=93102) _resync /opt/stack/neutron/neutron/quota/resource.py:233}}
May 20 07:39:43.305723 n-d-780147-4 neutron-server[93102]: INFO neutron.wsgi [req-e1465031-5c52-43fa-aeef-1b359216275d req-2ed07f51-3460-4c3a-94eb-e69aae6b4c69 tempest-LiveAutoBlockMigrationV225Test-1354242729 tempest-LiveAutoBlockMigrationV225Test-1354242729-project-admin] 10.222.0.79 "GET /v2.0/security-groups?id=ed34d49a-f5fe-4d8b-ba7f-5f778a822c8c&fields=id&fields=name HTTP/1.1" status: 200 len: 286 time: 0.2819562
May 20 07:39:43.364731 n-d-780147-4 neutron-server[93102]: DEBUG neutron_lib.callbacks.manager [None req-92665ab0-1e5b-4caa-aafe-c806e5906e0f admin admin] Notify callbacks [] for security_group, before_delete {{(pid=93102) _notify_loop /usr/local/lib/python3.8/dist-packages/neutron_lib/callbacks/manager.py:192}}
May 20 07:39:43.387229 n-d-780147-4 neutron-server[93103]: DEBUG neutron.plugins.ml2.db [None req-ca0db25d-fb4a-4a04-9e2f-bca441c9063d None None] get_ports_and_sgs() called for port_ids ['ad56149c-46ba-4bed-a5a8-8173bbcfe356'] {{(pid=93103) get_ports_and_sgs /opt/stack/neutron/neutron/plugins/ml2/db.py:164}}
May 20 07:39:43.417702 n-d-780147-4 neutron-server[93102]: DEBUG neutron_lib.callbacks.manager [None req-92665ab0-1e5b-4caa-aafe-c806e5906e0f admin admin] Notify callbacks [] for security_group, precommit_delete {{(pid=93102) _notify_loop /usr/local/lib/python3.8/dist-packages/neutron_lib/callbacks/manager.py:192}}
May 20 07:39:43.579649 n-d-780147-4 neutron-server[93101]: INFO neutron.wsgi [req-d774f467-ea77-47c0-98f8-9d29be56495b req-bf39bf10-e302-4261-9554-6a0b620531ea service neutron] 10.222.0.84 "GET /v2.0/networks/760817bc-0e09-42a9-8280-29797ea90888?fields=provider%3Aphysical_network&fields=provider%3Anetwork_type HTTP/1.1" status: 200 len: 281 time: 0.3295069
May 20 07:39:43.604697 n-d-780147-4 neutron-server[93102]: DEBUG neutron_lib.callbacks.manager [None req-92665ab0-1e5b-4caa-aafe-c806e5906e0f admin admin] Notify callbacks ['neutron.plugins.ml2.ovo_rpc._ObjectChangeHandler.handle_event-637557'] for security_group, after_delete {{(pid=93102) _notify_loop /usr/local/lib/python3.8/dist-packages/neutron_lib/callbacks/manager.py:192}}
May 20 07:39:43.609785 n-d-780147-4 neutron-server[93102]: DEBUG oslo_concurrency.lockutils [None req-14de6e18-db58-4f9d-b5f5-dae0cea63a2c admin admin] Lock "event-dispatch" acquired by "neutron.plugins.ml2.ovo_rpc._ObjectChangeHandler.dispatch_events" :: waited 0.000s {{(pid=93102) inner /usr/local/lib/python3.8/dist-packages/oslo_concurrency/lockutils.py:355}}
May 20 07:39:43.620069 n-d-780147-4 neutron-server[93101]: DEBUG neutron.pecan_wsgi.hooks.policy_enforcement [req-7e6d4808-b964-4150-9a5c-339bbdf31da4 req-d4f776e6-4def-43bc-9f87-efbef29ed365 tempest-MigrationsAdminTest-1766702452 tempest-MigrationsAdminTest-1766702452-project] Attributes excluded by policy engine: ['standard_attr_id', 'binding:profile', 'binding:host_id', 'binding:vif_type', 'binding:vif_details'] {{(pid=93101) _exclude_attributes_by_policy /opt/stack/neutron/neutron/pecan_wsgi/hooks/policy_enforcement.py:255}}
May 20 07:39:43.623780 n-d-780147-4 neutron-server[93101]: INFO neutron.wsgi [req-7e6d4808-b964-4150-9a5c-339bbdf31da4 req-d4f776e6-4def-43bc-9f87-efbef29ed365 tempest-MigrationsAdminTest-1766702452 tempest-MigrationsAdminTest-1766702452-project] 10.222.0.79 "GET /v2.0/ports?device_id=4c345e5f-ece7-471b-be66-bbba2785fef8 HTTP/1.1" status: 200 len: 949 time: 0.4873018
May 20 07:39:43.637723 n-d-780147-4 neutron-server[93103]: DEBUG neutron.api.rpc.handlers.l3_rpc [None req-424b4274-93f8-45c5-be4e-4907fbaec215 None None] New status for floating IP d4272634-2446-4b85-9c06-5a3b2f4a4b37: ACTIVE {{(pid=93103) update_floatingip_statuses /opt/stack/neutron/neutron/api/rpc/handlers/l3_rpc.py:270}}
May 20 07:39:43.641002 n-d-780147-4 neutron-server[93102]: DEBUG neutron.api.rpc.handlers.resources_rpc [None req-92665ab0-1e5b-4caa-aafe-c806e5906e0f admin admin] Pushing event deleted for resources: {'SecurityGroup': ['ID=e809a44e-c68a-48fb-b4e6-c57043043b5d,revision_number=None']} {{(pid=93102) push /opt/stack/neutron/neutron/api/rpc/handlers/resources_rpc.py:237}}
May 20 07:39:43.660106 n-d-780147-4 neutron-server[93102]: DEBUG oslo_concurrency.lockutils [None req-92665ab0-1e5b-4caa-aafe-c806e5906e0f admin admin] Lock "event-dispatch" released by "neutron.plugins.ml2.ovo_rpc._ObjectChangeHandler.dispatch_events" :: held 0.050s {{(pid=93102) inner /usr/local/lib/python3.8/dist-packages/oslo_concurrency/lockutils.py:367}}
May 20 07:39:43.721273 n-d-780147-4 neutron-server[93101]: INFO neutron.wsgi [req-7e6d4808-b964-4150-9a5c-339bbdf31da4 req-092f7a38-d173-434f-bd26-c7e54588694f tempest-MigrationsAdminTest-1766702452 tempest-MigrationsAdminTest-1766702452-project] 10.222.0.79 "GET /v2.0/security-groups?id=f6de2c7d-fb0c-492f-8699-b1e71e2a839d&fields=id&fields=name HTTP/1.1" status: 200 len: 286 time: 0.0909734
May 20 07:39:43.732289 n-d-780147-4 neutron-server[93102]: DEBUG neutron_lib.callbacks.manager [None req-92665ab0-1e5b-4caa-aafe-c806e5906e0f admin admin] Notify callbacks [] for security_group, before_response {{(pid=93102) _notify_loop /usr/local/lib/python3.8/dist-packages/neutron_lib/callbacks/manager.py:192}}
May 20 07:39:43.733629 n-d-780147-4 neutron-server[93102]: INFO neutron.wsgi [None req-92665ab0-1e5b-4caa-aafe-c806e5906e0f admin admin] 10.222.0.79 "DELETE /v2.0/security-groups/e809a44e-c68a-48fb-b4e6-c57043043b5d HTTP/1.1" status: 204 len: 168 time: 0.4680262
May 20 07:39:44.045487 n-d-780147-4 neutron-server[93101]: DEBUG neutron.pecan_wsgi.hooks.policy_enforcement [req-4a9ace0b-fb9e-40fc-807a-6cfa549e7a8d req-8a4021d9-8841-499c-8c4b-68bc61149f11 tempest-DeleteServersAdminTestJSON-816717372 tempest-DeleteServersAdminTestJSON-816717372-project] Attributes excluded by policy engine: ['standard_attr_id', 'binding:profile', 'binding:host_id', 'binding:vif_type', 'binding:vif_details'] {{(pid=93101) _exclude_attributes_by_policy /opt/stack/neutron/neutron/pecan_wsgi/hooks/policy_enforcement.py:255}}
May 20 07:39:44.047267 n-d-780147-4 neutron-server[93101]: INFO neutron.wsgi [req-4a9ace0b-fb9e-40fc-807a-6cfa549e7a8d req-8a4021d9-8841-499c-8c4b-68bc61149f11 tempest-DeleteServersAdminTestJSON-816717372 tempest-DeleteServersAdminTestJSON-816717372-project] 10.222.0.79 "GET /v2.0/ports?device_id=e8115c3f-a00e-442d-8f30-53081f1070d8 HTTP/1.1" status: 200 len: 949 time: 0.1243196
May 20 07:39:44.131738 n-d-780147-4 neutron-server[93101]: INFO neutron.wsgi [req-4a9ace0b-fb9e-40fc-807a-6cfa549e7a8d req-588fd8f7-0611-4410-aaad-85459e1bd9bf tempest-DeleteServersAdminTestJSON-816717372 tempest-DeleteServersAdminTestJSON-816717372-project] 10.222.0.79 "GET /v2.0/security-groups?id=b6d2c1dd-2eab-42d7-853b-bf3cf077135f&fields=id&fields=name HTTP/1.1" status: 200 len: 286 time: 0.0646224
May 20 07:39:44.344812 n-d-780147-4 neutron-server[93101]: DEBUG neutron.pecan_wsgi.hooks.policy_enforcement [req-1ca874e7-27b0-4bc2-90b7-b4db2570f83d req-0e61c766-d141-4f9b-aced-49259d3ce580 tempest-LiveAutoBlockMigrationV225Test-1354242729 tempest-LiveAutoBlockMigrationV225Test-1354242729-project-admin] Attributes excluded by policy engine: ['standard_attr_id'] {{(pid=93101) _exclude_attributes_by_policy /opt/stack/neutron/neutron/pecan_wsgi/hooks/policy_enforcement.py:255}}
May 20 07:39:44.346339 n-d-780147-4 neutron-server[93101]: INFO neutron.wsgi [req-1ca874e7-27b0-4bc2-90b7-b4db2570f83d req-0e61c766-d141-4f9b-aced-49259d3ce580 tempest-LiveAutoBlockMigrationV225Test-1354242729 tempest-LiveAutoBlockMigrationV225Test-1354242729-project-admin] 10.222.0.79 "GET /v2.0/ports?device_id=e946c042-154e-4cbb-ba1e-e86137911b94 HTTP/1.1" status: 200 len: 1097 time: 0.1215992
May 20 07:39:44.394580 n-d-780147-4 neutron-server[93101]: INFO neutron.wsgi [req-1ca874e7-27b0-4bc2-90b7-b4db2570f83d req-b3a757cd-deb9-4f0b-82b6-ce5d83ff11d9 tempest-LiveAutoBlockMigrationV225Test-1354242729 tempest-LiveAutoBlockMigrationV225Test-1354242729-project-admin] 10.222.0.79 "GET /v2.0/security-groups?id=ed34d49a-f5fe-4d8b-ba7f-5f778a822c8c&fields=id&fields=name HTTP/1.1" status: 200 len: 286 time: 0.0394638
May 20 07:39:44.558074 n-d-780147-4 neutron-server[93103]: DEBUG neutron.plugins.ml2.rpc [None req-ca0db25d-fb4a-4a04-9e2f-bca441c9063d None None] Device ad56149c-46ba-4bed-a5a8-8173bbcfe356 up at agent hyperv_n-h1-780147-4 {{(pid=93103) update_device_up /opt/stack/neutron/neutron/plugins/ml2/rpc.py:278}}
May 20 07:39:44.747641 n-d-780147-4 neutron-server[93103]: DEBUG neutron.db.provisioning_blocks [None req-ca0db25d-fb4a-4a04-9e2f-bca441c9063d None None] Provisioning for port ad56149c-46ba-4bed-a5a8-8173bbcfe356 completed by entity L2. {{(pid=93103) provisioning_complete /opt/stack/neutron/neutron/db/provisioning_blocks.py:133}}
May 20 07:39:44.754365 n-d-780147-4 neutron-server[93103]: DEBUG neutron.db.provisioning_blocks [None req-ca0db25d-fb4a-4a04-9e2f-bca441c9063d None None] Provisioning complete for port ad56149c-46ba-4bed-a5a8-8173bbcfe356 triggered by entity L2. {{(pid=93103) provisioning_complete /opt/stack/neutron/neutron/db/provisioning_blocks.py:139}}
May 20 07:39:44.754756 n-d-780147-4 neutron-server[93103]: DEBUG neutron_lib.callbacks.manager [None req-ca0db25d-fb4a-4a04-9e2f-bca441c9063d None None] Notify callbacks ['neutron.plugins.ml2.plugin.Ml2Plugin._port_provisioned-1917079'] for port, provisioning_complete {{(pid=93103) _notify_loop /usr/local/lib/python3.8/dist-packages/neutron_lib/callbacks/manager.py:192}}
May 20 07:39:44.811892 n-d-780147-4 neutron-server[93102]: DEBUG neutron.wsgi [-] (93102) accepted ('10.222.0.79', 39360) {{(pid=93102) server /usr/local/lib/python3.8/dist-packages/eventlet/wsgi.py:992}}
May 20 07:39:44.903088 n-d-780147-4 neutron-server[93102]: INFO neutron.wsgi [None req-594dd43a-45cf-4e52-b0e0-112ac6c01219 admin admin] 10.222.0.79 "GET /v2.0/security-groups?tenant_id=58f99b49ebf645a2a801b45252dee1ce&name=default HTTP/1.1" status: 200 len: 2979 time: 0.0893149
May 20 07:39:44.905586 n-d-780147-4 neutron-server[93101]: DEBUG neutron.wsgi [-] (93101) accepted ('10.222.0.79', 39368) {{(pid=93101) server /usr/local/lib/python3.8/dist-packages/eventlet/wsgi.py:992}}
May 20 07:39:44.974532 n-d-780147-4 neutron-server[93101]: DEBUG neutron_lib.callbacks.manager [None req-3e935653-6370-41cc-9f91-8d483fad1678 admin admin] Notify callbacks [] for security_group, before_delete {{(pid=93101) _notify_loop /usr/local/lib/python3.8/dist-packages/neutron_lib/callbacks/manager.py:192}}
May 20 07:39:44.995720 n-d-780147-4 neutron-server[93103]: DEBUG neutron_lib.callbacks.manager [None req-ca0db25d-fb4a-4a04-9e2f-bca441c9063d None None] Notify callbacks ['neutron.plugins.ml2.plugin.SecurityGroupDbMixin._ensure_default_security_group_handler_port-1789513'] for port, before_update {{(pid=93103) _notify_loop /usr/local/lib/python3.8/dist-packages/neutron_lib/callbacks/manager.py:192}}
May 20 07:39:45.009330 n-d-780147-4 neutron-server[93101]: DEBUG neutron_lib.callbacks.manager [None req-3e935653-6370-41cc-9f91-8d483fad1678 admin admin] Notify callbacks [] for security_group, precommit_delete {{(pid=93101) _notify_loop /usr/local/lib/python3.8/dist-packages/neutron_lib/callbacks/manager.py:192}}
May 20 07:39:45.026932 n-d-780147-4 neutron-server[93103]: DEBUG neutron.notifiers.nova [-] Sending events: [{'server_uuid': 'e8115c3f-a00e-442d-8f30-53081f1070d8', 'name': 'network-vif-plugged', 'status': 'completed', 'tag': 'ad56149c-46ba-4bed-a5a8-8173bbcfe356'}] {{(pid=93103) send_events /opt/stack/neutron/neutron/notifiers/nova.py:262}}
May 20 07:39:45.053364 n-d-780147-4 neutron-server[93103]: DEBUG neutron.plugins.ml2.db [None req-ca0db25d-fb4a-4a04-9e2f-bca441c9063d None None] For port ad56149c-46ba-4bed-a5a8-8173bbcfe356, host n-h1-780147-4, got binding levels [PortBindingLevel(driver='hyperv',host='n-h1-780147-4',level=0,port_id=ad56149c-46ba-4bed-a5a8-8173bbcfe356,segment=NetworkSegment(2373709e-2067-4dbd-a829-babba4eb1acb),segment_id=2373709e-2067-4dbd-a829-babba4eb1acb)] {{(pid=93103) get_binding_level_objs /opt/stack/neutron/neutron/plugins/ml2/db.py:75}}
May 20 07:39:45.120462 n-d-780147-4 neutron-server[93103]: DEBUG neutron_lib.callbacks.manager [None req-ca0db25d-fb4a-4a04-9e2f-bca441c9063d None None] Notify callbacks ['neutron.plugins.ml2.plugin.SecurityGroupServerNotifierRpcMixin.notify_sg_on_port_change-1789874', 'neutron.plugins.ml2.ovo_rpc._ObjectChangeHandler.handle_event-387955', 'neutron.api.rpc.agentnotifiers.dhcp_rpc_agent_api.DhcpAgentNotifyAPI._native_event_send_dhcp_notification-604814', 'neutron.db.l3_db.L3RpcNotifierMixin._notify_gateway_port_ip_changed-8735356162991', 'neutron.db.l3_dvrscheduler_db._notify_l3_agent_port_update-8735355733005', 'neutron.db.l3_hascheduler_db._notify_l3_agent_ha_port_update-8735355733050'] for port, after_update {{(pid=93103) _notify_loop /usr/local/lib/python3.8/dist-packages/neutron_lib/callbacks/manager.py:192}}
May 20 07:39:45.128401 n-d-780147-4 neutron-server[93103]: DEBUG oslo_concurrency.lockutils [-] Lock "event-dispatch" acquired by "neutron.plugins.ml2.ovo_rpc._ObjectChangeHandler.dispatch_events" :: waited 0.000s {{(pid=93103) inner /usr/local/lib/python3.8/dist-packages/oslo_concurrency/lockutils.py:355}}
May 20 07:39:45.142126 n-d-780147-4 neutron-server[93102]: DEBUG neutron.pecan_wsgi.hooks.policy_enforcement [req-40e63bf5-03f8-4c1c-b623-c0c8e015b394 req-5e5dd9ab-6f4f-4b69-a55c-2970f7990b33 tempest-MigrationsAdminTest-1766702452 tempest-MigrationsAdminTest-1766702452-project] Attributes excluded by policy engine: ['standard_attr_id', 'binding:profile', 'binding:host_id', 'binding:vif_type', 'binding:vif_details'] {{(pid=93102) _exclude_attributes_by_policy /opt/stack/neutron/neutron/pecan_wsgi/hooks/policy_enforcement.py:255}}
May 20 07:39:45.147431 n-d-780147-4 neutron-server[93101]: DEBUG neutron.pecan_wsgi.hooks.policy_enforcement [req-367f57fd-062d-4501-a528-3882db090296 req-603bb4d6-bee6-464a-b700-5f8c3122c7d3 service neutron] Attributes excluded by policy engine: ['standard_attr_id'] {{(pid=93101) _exclude_attributes_by_policy /opt/stack/neutron/neutron/pecan_wsgi/hooks/policy_enforcement.py:255}}
May 20 07:39:45.151316 n-d-780147-4 neutron-server[93101]: INFO neutron.wsgi [req-367f57fd-062d-4501-a528-3882db090296 req-603bb4d6-bee6-464a-b700-5f8c3122c7d3 service neutron] 10.222.0.84 "GET /v2.0/ports?tenant_id=6d465a5288534f42899806e1c3d9e902&device_id=4c345e5f-ece7-471b-be66-bbba2785fef8 HTTP/1.1" status: 200 len: 1100 time: 0.0928321
May 20 07:39:45.151878 n-d-780147-4 neutron-server[93102]: INFO neutron.wsgi [req-40e63bf5-03f8-4c1c-b623-c0c8e015b394 req-5e5dd9ab-6f4f-4b69-a55c-2970f7990b33 tempest-MigrationsAdminTest-1766702452 tempest-MigrationsAdminTest-1766702452-project] 10.222.0.79 "GET /v2.0/ports?device_id=4c345e5f-ece7-471b-be66-bbba2785fef8 HTTP/1.1" status: 200 len: 949 time: 0.1616547
May 20 07:39:45.203088 n-d-780147-4 neutron-server[93102]: INFO neutron.wsgi [req-40e63bf5-03f8-4c1c-b623-c0c8e015b394 req-d7e121bc-b61c-4974-91f3-d386e32db1e2 tempest-MigrationsAdminTest-1766702452 tempest-MigrationsAdminTest-1766702452-project] 10.222.0.79 "GET /v2.0/security-groups?id=f6de2c7d-fb0c-492f-8699-b1e71e2a839d&fields=id&fields=name HTTP/1.1" status: 200 len: 286 time: 0.0503058
May 20 07:39:45.204428 n-d-780147-4 neutron-server[93101]: DEBUG neutron_lib.callbacks.manager [None req-3e935653-6370-41cc-9f91-8d483fad1678 admin admin] Notify callbacks ['neutron.plugins.ml2.ovo_rpc._ObjectChangeHandler.handle_event-637557'] for security_group, after_delete {{(pid=93101) _notify_loop /usr/local/lib/python3.8/dist-packages/neutron_lib/callbacks/manager.py:192}}
May 20 07:39:45.212434 n-d-780147-4 neutron-server[93101]: DEBUG oslo_concurrency.lockutils [None req-57f2d3a7-52c9-474a-b5ae-8005b8cf5433 service neutron] Lock "event-dispatch" acquired by "neutron.plugins.ml2.ovo_rpc._ObjectChangeHandler.dispatch_events" :: waited 0.000s {{(pid=93101) inner /usr/local/lib/python3.8/dist-packages/oslo_concurrency/lockutils.py:355}}
May 20 07:39:45.224007 n-d-780147-4 neutron-server[93103]: DEBUG neutron.api.rpc.handlers.resources_rpc [None req-ca0db25d-fb4a-4a04-9e2f-bca441c9063d None None] Pushing event updated for resources: {'Port': ['ID=ad56149c-46ba-4bed-a5a8-8173bbcfe356,revision_number=5']} {{(pid=93103) push /opt/stack/neutron/neutron/api/rpc/handlers/resources_rpc.py:237}}
May 20 07:39:45.234068 n-d-780147-4 neutron-server[93103]: DEBUG oslo_concurrency.lockutils [None req-ca0db25d-fb4a-4a04-9e2f-bca441c9063d None None] Lock "event-dispatch" released by "neutron.plugins.ml2.ovo_rpc._ObjectChangeHandler.dispatch_events" :: held 0.108s {{(pid=93103) inner /usr/local/lib/python3.8/dist-packages/oslo_concurrency/lockutils.py:367}}
May 20 07:39:45.281554 n-d-780147-4 neutron-server[93101]: DEBUG neutron.api.rpc.handlers.resources_rpc [None req-3e935653-6370-41cc-9f91-8d483fad1678 admin admin] Pushing event deleted for resources: {'SecurityGroup': ['ID=551956c8-aa05-4d9d-962d-9c8568c6bfc4,revision_number=None']} {{(pid=93101) push /opt/stack/neutron/neutron/api/rpc/handlers/resources_rpc.py:237}}
May 20 07:39:45.292601 n-d-780147-4 neutron-server[93101]: DEBUG oslo_concurrency.lockutils [None req-3e935653-6370-41cc-9f91-8d483fad1678 admin admin] Lock "event-dispatch" released by "neutron.plugins.ml2.ovo_rpc._ObjectChangeHandler.dispatch_events" :: held 0.080s {{(pid=93101) inner /usr/local/lib/python3.8/dist-packages/oslo_concurrency/lockutils.py:367}}
May 20 07:39:45.295588 n-d-780147-4 neutron-server[93101]: DEBUG neutron_lib.callbacks.manager [None req-3e935653-6370-41cc-9f91-8d483fad1678 admin admin] Notify callbacks [] for security_group, before_response {{(pid=93101) _notify_loop /usr/local/lib/python3.8/dist-packages/neutron_lib/callbacks/manager.py:192}}
May 20 07:39:45.296696 n-d-780147-4 neutron-server[93101]: INFO neutron.wsgi [None req-3e935653-6370-41cc-9f91-8d483fad1678 admin admin] 10.222.0.79 "DELETE /v2.0/security-groups/551956c8-aa05-4d9d-962d-9c8568c6bfc4 HTTP/1.1" status: 204 len: 168 time: 0.3899016
May 20 07:39:45.333106 n-d-780147-4 neutron-server[93101]: DEBUG neutron.pecan_wsgi.hooks.policy_enforcement [req-367f57fd-062d-4501-a528-3882db090296 req-bb0fa3d2-6eca-4398-885c-fd4ea8f01b9d service neutron] Attributes excluded by policy engine: ['standard_attr_id', 'vlan_transparent'] {{(pid=93101) _exclude_attributes_by_policy /opt/stack/neutron/neutron/pecan_wsgi/hooks/policy_enforcement.py:255}}
May 20 07:39:45.335119 n-d-780147-4 neutron-server[93101]: INFO neutron.wsgi [req-367f57fd-062d-4501-a528-3882db090296 req-bb0fa3d2-6eca-4398-885c-fd4ea8f01b9d service neutron] 10.222.0.84 "GET /v2.0/networks?id=7ca6d320-1e30-434a-8dac-637dbcfb9997 HTTP/1.1" status: 200 len: 870 time: 0.1783152
May 20 07:39:45.414126 n-d-780147-4 neutron-server[93101]: INFO neutron.wsgi [req-367f57fd-062d-4501-a528-3882db090296 req-6bd0ee02-a2e3-4694-93c3-e532451af0d5 service neutron] 10.222.0.84 "GET /v2.0/floatingips?fixed_ip_address=192.168.233.42&port_id=502db63c-5004-491a-9c60-5c751b7451e3 HTTP/1.1" status: 200 len: 217 time: 0.0710459
May 20 07:39:45.489617 n-d-780147-4 neutron-server[93101]: DEBUG neutron.pecan_wsgi.hooks.policy_enforcement [req-367f57fd-062d-4501-a528-3882db090296 req-0d814a35-e2e3-4144-a91a-fdd76ef89dcd service neutron] Attributes excluded by policy engine: ['standard_attr_id', 'shared'] {{(pid=93101) _exclude_attributes_by_policy /opt/stack/neutron/neutron/pecan_wsgi/hooks/policy_enforcement.py:255}}
May 20 07:39:45.492204 n-d-780147-4 neutron-server[93101]: INFO neutron.wsgi [req-367f57fd-062d-4501-a528-3882db090296 req-0d814a35-e2e3-4144-a91a-fdd76ef89dcd service neutron] 10.222.0.84 "GET /v2.0/subnets?id=53c0efc5-26e9-4c62-8eee-a581e0633325 HTTP/1.1" status: 200 len: 843 time: 0.0685508
May 20 07:39:45.514721 n-d-780147-4 neutron-server[93103]: INFO neutron.notifiers.nova [-] Nova event response: {'server_uuid': 'e8115c3f-a00e-442d-8f30-53081f1070d8', 'name': 'network-vif-plugged', 'status': 'completed', 'tag': 'ad56149c-46ba-4bed-a5a8-8173bbcfe356', 'code': 200}
May 20 07:39:45.575185 n-d-780147-4 neutron-server[93101]: DEBUG neutron.pecan_wsgi.hooks.policy_enforcement [req-367f57fd-062d-4501-a528-3882db090296 req-8910d967-b0b3-4e6e-a7f7-74d30c2fc4e5 service neutron] Attributes excluded by policy engine: ['standard_attr_id'] {{(pid=93101) _exclude_attributes_by_policy /opt/stack/neutron/neutron/pecan_wsgi/hooks/policy_enforcement.py:255}}
May 20 07:39:45.576678 n-d-780147-4 neutron-server[93101]: INFO neutron.wsgi [req-367f57fd-062d-4501-a528-3882db090296 req-8910d967-b0b3-4e6e-a7f7-74d30c2fc4e5 service neutron] 10.222.0.84 "GET /v2.0/ports?network_id=7ca6d320-1e30-434a-8dac-637dbcfb9997&device_owner=network%3Adhcp HTTP/1.1" status: 200 len: 1166 time: 0.0793023
May 20 07:39:45.716675 n-d-780147-4 neutron-server[93102]: DEBUG neutron.pecan_wsgi.hooks.policy_enforcement [req-94eaf459-f6a5-4329-a4d7-6b9510efcf37 req-8d4f3b5c-1e02-4968-9de4-8cb3a6c4472b tempest-DeleteServersAdminTestJSON-816717372 tempest-DeleteServersAdminTestJSON-816717372-project] Attributes excluded by policy engine: ['standard_attr_id', 'binding:profile', 'binding:host_id', 'binding:vif_type', 'binding:vif_details'] {{(pid=93102) _exclude_attributes_by_policy /opt/stack/neutron/neutron/pecan_wsgi/hooks/policy_enforcement.py:255}}
May 20 07:39:45.718192 n-d-780147-4 neutron-server[93102]: INFO neutron.wsgi [req-94eaf459-f6a5-4329-a4d7-6b9510efcf37 req-8d4f3b5c-1e02-4968-9de4-8cb3a6c4472b tempest-DeleteServersAdminTestJSON-816717372 tempest-DeleteServersAdminTestJSON-816717372-project] 10.222.0.79 "GET /v2.0/ports?device_id=e8115c3f-a00e-442d-8f30-53081f1070d8 HTTP/1.1" status: 200 len: 950 time: 0.1101382
May 20 07:39:45.770719 n-d-780147-4 neutron-server[93101]: INFO neutron.wsgi [req-367f57fd-062d-4501-a528-3882db090296 req-cb4ba642-fe3e-4c5a-9413-5b5d4a020466 service neutron] 10.222.0.84 "GET /v2.0/networks/7ca6d320-1e30-434a-8dac-637dbcfb9997?fields=segments HTTP/1.1" status: 200 len: 212 time: 0.1876736
May 20 07:39:45.771532 n-d-780147-4 neutron-server[93102]: INFO neutron.wsgi [req-94eaf459-f6a5-4329-a4d7-6b9510efcf37 req-2defb0ee-8cf9-4e67-b1e8-d2e5e7e7242b tempest-DeleteServersAdminTestJSON-816717372 tempest-DeleteServersAdminTestJSON-816717372-project] 10.222.0.79 "GET /v2.0/security-groups?id=b6d2c1dd-2eab-42d7-853b-bf3cf077135f&fields=id&fields=name HTTP/1.1" status: 200 len: 286 time: 0.0449786
May 20 07:39:45.781041 n-d-780147-4 neutron-server[93101]: DEBUG neutron.pecan_wsgi.hooks.policy_enforcement [req-fa7b8572-ea90-4675-adb1-02ebab01cb3b req-e5fc9083-6244-469f-93e9-5ec5fefb0af4 service neutron] Attributes excluded by policy engine: ['standard_attr_id'] {{(pid=93101) _exclude_attributes_by_policy /opt/stack/neutron/neutron/pecan_wsgi/hooks/policy_enforcement.py:255}}
May 20 07:39:45.781041 n-d-780147-4 neutron-server[93101]: INFO neutron.wsgi [req-fa7b8572-ea90-4675-adb1-02ebab01cb3b req-e5fc9083-6244-469f-93e9-5ec5fefb0af4 service neutron] 10.222.0.81 "GET /v2.0/ports?device_id=e8115c3f-a00e-442d-8f30-53081f1070d8 HTTP/1.1" status: 200 len: 1101 time: 0.1726100
May 20 07:39:45.912165 n-d-780147-4 neutron-server[93101]: INFO neutron.wsgi [req-fa7b8572-ea90-4675-adb1-02ebab01cb3b req-3b022893-2e16-4620-849f-cc213d0fff61 service neutron] 10.222.0.81 "GET /v2.0/security-groups?id=b6d2c1dd-2eab-42d7-853b-bf3cf077135f&fields=id&fields=name HTTP/1.1" status: 200 len: 286 time: 0.1136489
May 20 07:39:45.944500 n-d-780147-4 neutron-server[93101]: INFO neutron.wsgi [req-367f57fd-062d-4501-a528-3882db090296 req-a57a90df-a4e5-4b7f-bac8-d12905083d83 service neutron] 10.222.0.84 "GET /v2.0/networks/7ca6d320-1e30-434a-8dac-637dbcfb9997?fields=provider%3Aphysical_network&fields=provider%3Anetwork_type HTTP/1.1" status: 200 len: 281 time: 0.1641705
May 20 07:39:46.471121 n-d-780147-4 neutron-server[93102]: DEBUG neutron.pecan_wsgi.hooks.policy_enforcement [req-b1f80422-f83e-4d12-9b4b-175a0c2c7f67 req-0618ca1e-3d94-4e41-a882-9e5821303edc tempest-MigrationsAdminTest-1766702452 tempest-MigrationsAdminTest-1766702452-project] Attributes excluded by policy engine: ['standard_attr_id', 'binding:profile', 'binding:host_id', 'binding:vif_type', 'binding:vif_details'] {{(pid=93102) _exclude_attributes_by_policy /opt/stack/neutron/neutron/pecan_wsgi/hooks/policy_enforcement.py:255}}
May 20 07:39:46.472701 n-d-780147-4 neutron-server[93102]: INFO neutron.wsgi [req-b1f80422-f83e-4d12-9b4b-175a0c2c7f67 req-0618ca1e-3d94-4e41-a882-9e5821303edc tempest-MigrationsAdminTest-1766702452 tempest-MigrationsAdminTest-1766702452-project] 10.222.0.79 "GET /v2.0/ports?device_id=4c345e5f-ece7-471b-be66-bbba2785fef8 HTTP/1.1" status: 200 len: 949 time: 0.0954683
May 20 07:39:46.522042 n-d-780147-4 neutron-server[93102]: INFO neutron.wsgi [req-b1f80422-f83e-4d12-9b4b-175a0c2c7f67 req-a3aa5878-543d-41e2-a7e5-40474f9b6e09 tempest-MigrationsAdminTest-1766702452 tempest-MigrationsAdminTest-1766702452-project] 10.222.0.79 "GET /v2.0/security-groups?id=f6de2c7d-fb0c-492f-8699-b1e71e2a839d&fields=id&fields=name HTTP/1.1" status: 200 len: 286 time: 0.0434046
May 20 07:39:47.056413 n-d-780147-4 neutron-server[93102]: DEBUG neutron.pecan_wsgi.hooks.policy_enforcement [req-637b55de-60a7-41f4-b19f-17de846a0973 req-2d0db47e-98c8-42b6-90a2-98ca60da7187 tempest-DeleteServersAdminTestJSON-816717372 tempest-DeleteServersAdminTestJSON-816717372-project] Attributes excluded by policy engine: ['standard_attr_id', 'binding:profile', 'binding:host_id', 'binding:vif_type', 'binding:vif_details'] {{(pid=93102) _exclude_attributes_by_policy /opt/stack/neutron/neutron/pecan_wsgi/hooks/policy_enforcement.py:255}}
May 20 07:39:47.057892 n-d-780147-4 neutron-server[93102]: INFO neutron.wsgi [req-637b55de-60a7-41f4-b19f-17de846a0973 req-2d0db47e-98c8-42b6-90a2-98ca60da7187 tempest-DeleteServersAdminTestJSON-816717372 tempest-DeleteServersAdminTestJSON-816717372-project] 10.222.0.79 "GET /v2.0/ports?device_id=e8115c3f-a00e-442d-8f30-53081f1070d8 HTTP/1.1" status: 200 len: 950 time: 0.0836782
May 20 07:39:47.106071 n-d-780147-4 neutron-server[93102]: INFO neutron.wsgi [req-637b55de-60a7-41f4-b19f-17de846a0973 req-9e8b6a4d-d2ae-4589-a114-a2985e246e6a tempest-DeleteServersAdminTestJSON-816717372 tempest-DeleteServersAdminTestJSON-816717372-project] 10.222.0.79 "GET /v2.0/security-groups?id=b6d2c1dd-2eab-42d7-853b-bf3cf077135f&fields=id&fields=name HTTP/1.1" status: 200 len: 286 time: 0.0422690
May 20 07:39:47.360688 n-d-780147-4 neutron-server[93102]: DEBUG neutron.wsgi [-] (93102) accepted ('10.222.0.79', 39486) {{(pid=93102) server /usr/local/lib/python3.8/dist-packages/eventlet/wsgi.py:992}}
May 20 07:39:47.507789 n-d-780147-4 neutron-server[93102]: DEBUG neutron.wsgi [-] (93102) accepted ('10.222.0.79', 39496) {{(pid=93102) server /usr/local/lib/python3.8/dist-packages/eventlet/wsgi.py:992}}
May 20 07:39:47.539751 n-d-780147-4 neutron-server[93102]: DEBUG neutron_lib.callbacks.manager [None req-6803b07b-b7fe-4e08-872e-a95d9a3d0373 admin admin] Notify callbacks [] for security_group, before_create {{(pid=93102) _notify_loop /usr/local/lib/python3.8/dist-packages/neutron_lib/callbacks/manager.py:192}}
May 20 07:39:47.562432 n-d-780147-4 neutron-server[93102]: DEBUG neutron.db.quota.driver [None req-6803b07b-b7fe-4e08-872e-a95d9a3d0373 admin admin] Resources subnetpool have unlimited quota limit. It is not required to calculate headroom {{(pid=93102) make_reservation /opt/stack/neutron/neutron/db/quota/driver.py:219}}
May 20 07:39:47.567625 n-d-780147-4 neutron-server[93102]: DEBUG neutron.quota.resource [None req-6803b07b-b7fe-4e08-872e-a95d9a3d0373 admin admin] Usage tracker for resource:security_group_rule and tenant:3c356b20a02a46c4a6ce1ecda7af42bd is out of sync, need to count used quota {{(pid=93102) count_used /opt/stack/neutron/neutron/quota/resource.py:270}}
May 20 07:39:47.572335 n-d-780147-4 neutron-server[93102]: DEBUG neutron.quota.resource [None req-6803b07b-b7fe-4e08-872e-a95d9a3d0373 admin admin] Quota usage for security_group_rule was recalculated. Used quota:0. {{(pid=93102) count_used /opt/stack/neutron/neutron/quota/resource.py:290}}
May 20 07:39:47.578433 n-d-780147-4 neutron-server[93102]: DEBUG neutron.wsgi [req-2cc60f2e-09d0-492b-8860-7835d9e3ea2b req-eff9e188-20f4-4916-9cc7-ae8d05851f5a tempest-LiveAutoBlockMigrationV225Test-1354242729 tempest-LiveAutoBlockMigrationV225Test-1354242729-project-admin] http://10.222.0.79:9696/v2.0/extensions returned with HTTP 200 {{(pid=93102) __call__ /opt/stack/neutron/neutron/wsgi.py:729}}
May 20 07:39:47.579487 n-d-780147-4 neutron-server[93102]: INFO neutron.wsgi [req-2cc60f2e-09d0-492b-8860-7835d9e3ea2b req-eff9e188-20f4-4916-9cc7-ae8d05851f5a tempest-LiveAutoBlockMigrationV225Test-1354242729 tempest-LiveAutoBlockMigrationV225Test-1354242729-project-admin] 10.222.0.79 "GET /v2.0/extensions HTTP/1.1" status: 200 len: 13640 time: 0.0700946
May 20 07:39:47.584580 n-d-780147-4 neutron-server[93102]: DEBUG neutron.db.quota.driver [None req-6803b07b-b7fe-4e08-872e-a95d9a3d0373 admin admin] Attempting to reserve 4 items for resource security_group_rule. Total usage: 0; quota limit: 100; headroom:100 {{(pid=93102) make_reservation /opt/stack/neutron/neutron/db/quota/driver.py:246}}
May 20 07:39:47.676458 n-d-780147-4 neutron-server[93102]: DEBUG neutron_lib.callbacks.manager [None req-6803b07b-b7fe-4e08-872e-a95d9a3d0373 admin admin] Notify callbacks [] for security_group, precommit_create {{(pid=93102) _notify_loop /usr/local/lib/python3.8/dist-packages/neutron_lib/callbacks/manager.py:192}}
May 20 07:39:47.741981 n-d-780147-4 neutron-server[93102]: DEBUG neutron.api.v2.base [req-2cc60f2e-09d0-492b-8860-7835d9e3ea2b req-745547b8-0c27-43c8-92f2-e9f22dfe87ca service neutron] Request body: {'binding': {'host': 'n-h1-780147-4', 'vnic_type': 'normal', 'profile': {}}} {{(pid=93102) prepare_request_body /opt/stack/neutron/neutron/api/v2/base.py:729}}
May 20 07:39:47.742518 n-d-780147-4 neutron-server[93102]: DEBUG neutron.api.v2.base [req-2cc60f2e-09d0-492b-8860-7835d9e3ea2b req-745547b8-0c27-43c8-92f2-e9f22dfe87ca service neutron] Unknown quota resources ['binding']. {{(pid=93102) _create /opt/stack/neutron/neutron/api/v2/base.py:495}}
May 20 07:39:47.876082 n-d-780147-4 neutron-server[93102]: DEBUG neutron_lib.callbacks.manager [None req-6803b07b-b7fe-4e08-872e-a95d9a3d0373 admin admin] Notify callbacks ['neutron.plugins.ml2.ovo_rpc._ObjectChangeHandler.handle_event-637557'] for security_group, after_create {{(pid=93102) _notify_loop /usr/local/lib/python3.8/dist-packages/neutron_lib/callbacks/manager.py:192}}
May 20 07:39:47.887968 n-d-780147-4 neutron-server[93102]: DEBUG oslo_concurrency.lockutils [None req-597403a6-538d-46d9-824f-a6abb03dd080 admin admin] Lock "event-dispatch" acquired by "neutron.plugins.ml2.ovo_rpc._ObjectChangeHandler.dispatch_events" :: waited 0.000s {{(pid=93102) inner /usr/local/lib/python3.8/dist-packages/oslo_concurrency/lockutils.py:355}}
May 20 07:39:47.987952 n-d-780147-4 neutron-server[93102]: INFO neutron.wsgi [None req-6803b07b-b7fe-4e08-872e-a95d9a3d0373 admin admin] 10.222.0.79 "GET /v2.0/security-groups?tenant_id=3c356b20a02a46c4a6ce1ecda7af42bd&name=default HTTP/1.1" status: 200 len: 2979 time: 0.6252685
May 20 07:39:47.990881 n-d-780147-4 neutron-server[93101]: DEBUG neutron.wsgi [-] (93101) accepted ('10.222.0.79', 39518) {{(pid=93101) server /usr/local/lib/python3.8/dist-packages/eventlet/wsgi.py:992}}
May 20 07:39:47.997295 n-d-780147-4 neutron-server[93102]: DEBUG neutron.api.rpc.handlers.resources_rpc [None req-6803b07b-b7fe-4e08-872e-a95d9a3d0373 admin admin] Pushing event updated for resources: {'SecurityGroup': ['ID=447328a6-e29a-4cb8-95af-0bc8260ff45d,revision_number=1']} {{(pid=93102) push /opt/stack/neutron/neutron/api/rpc/handlers/resources_rpc.py:237}}
May 20 07:39:48.009769 n-d-780147-4 neutron-server[93102]: DEBUG oslo_concurrency.lockutils [None req-6803b07b-b7fe-4e08-872e-a95d9a3d0373 admin admin] Lock "event-dispatch" released by "neutron.plugins.ml2.ovo_rpc._ObjectChangeHandler.dispatch_events" :: held 0.122s {{(pid=93102) inner /usr/local/lib/python3.8/dist-packages/oslo_concurrency/lockutils.py:367}}
May 20 07:39:48.053828 n-d-780147-4 neutron-server[93101]: DEBUG neutron_lib.callbacks.manager [None req-397ff13b-581c-41cd-b27c-bd559783d4d5 admin admin] Notify callbacks [] for security_group, before_delete {{(pid=93101) _notify_loop /usr/local/lib/python3.8/dist-packages/neutron_lib/callbacks/manager.py:192}}
May 20 07:39:48.056991 n-d-780147-4 neutron-server[93102]: DEBUG neutron.plugins.ml2.managers [req-2cc60f2e-09d0-492b-8860-7835d9e3ea2b req-745547b8-0c27-43c8-92f2-e9f22dfe87ca service neutron] Attempting to bind port db9c842c-0044-4080-87be-d9e1ba9f9b80 on host n-h1-780147-4 for vnic_type normal with profile None {{(pid=93102) bind_port /opt/stack/neutron/neutron/plugins/ml2/managers.py:790}}
May 20 07:39:48.057331 n-d-780147-4 neutron-server[93102]: DEBUG neutron.plugins.ml2.managers [req-2cc60f2e-09d0-492b-8860-7835d9e3ea2b req-745547b8-0c27-43c8-92f2-e9f22dfe87ca service neutron] Attempting to bind port db9c842c-0044-4080-87be-d9e1ba9f9b80 by drivers openvswitch,hyperv on host n-h1-780147-4 at level 0 using segments [{'id': 'a74f4692-38ff-4b8d-aac2-12e00e5f1b01', 'network_type': 'vlan', 'physical_network': 'physnet1', 'segmentation_id': 748, 'network_id': 'a5b29fa3-d60c-43e6-8a7c-92e64370da5f'}] {{(pid=93102) _bind_port_level /opt/stack/neutron/neutron/plugins/ml2/managers.py:815}}
