May 20 07:41:37.461373 n-d-780147-4 devstack@placement-api.service[93586]: INFO placement.requestlog [req-f3e6ff33-e2f6-4f34-b12b-adfa2db90b36 req-bd5380a3-eb0f-42a5-9599-c21fa80bda18 service placement] 10.222.0.84 "GET /placement/allocations/5b2a6a82-41ef-42b9-9273-fa6810e9de22" status: 200 len: 259 microversion: 1.28
May 20 07:41:37.462158 n-d-780147-4 devstack@placement-api.service[93586]: [pid: 93586|app: 0|req: 109/221] 10.222.0.84 () {60 vars in 1378 bytes} [Thu May 20 07:41:37 2021] GET /placement/allocations/5b2a6a82-41ef-42b9-9273-fa6810e9de22 => generated 259 bytes in 21 msecs (HTTP/1.1 200) 8 headers in 296 bytes (1 switches on core 0)
May 20 07:41:37.472981 n-d-780147-4 devstack@placement-api.service[93585]: DEBUG placement.requestlog [req-f3e6ff33-e2f6-4f34-b12b-adfa2db90b36 req-02e3cc46-a74e-4d42-9cf0-fce336a5cebf None None] Starting request: 10.222.0.84 "PUT /placement/allocations/5b2a6a82-41ef-42b9-9273-fa6810e9de22" {{(pid=93585) __call__ /opt/stack/placement/placement/requestlog.py:55}}
May 20 07:41:37.596452 n-d-780147-4 devstack@placement-api.service[93585]: DEBUG placement.handlers.allocation [req-f3e6ff33-e2f6-4f34-b12b-adfa2db90b36 req-02e3cc46-a74e-4d42-9cf0-fce336a5cebf service placement] Successfully wrote allocations [, , ] {{(pid=93585) _create_allocations /opt/stack/placement/placement/handlers/allocation.py:435}}
May 20 07:41:37.597460 n-d-780147-4 devstack@placement-api.service[93585]: INFO placement.requestlog [req-f3e6ff33-e2f6-4f34-b12b-adfa2db90b36 req-02e3cc46-a74e-4d42-9cf0-fce336a5cebf service placement] 10.222.0.84 "PUT /placement/allocations/5b2a6a82-41ef-42b9-9273-fa6810e9de22" status: 204 len: 0 microversion: 1.28
May 20 07:41:37.598638 n-d-780147-4 devstack@placement-api.service[93585]: [pid: 93585|app: 0|req: 113/222] 10.222.0.84 () {64 vars in 1431 bytes} [Thu May 20 07:41:37 2021] PUT /placement/allocations/5b2a6a82-41ef-42b9-9273-fa6810e9de22 => generated 0 bytes in 126 msecs (HTTP/1.1 204) 5 headers in 199 bytes (2 switches on core 0)
May 20 07:41:38.537815 n-d-780147-4 devstack@placement-api.service[93586]: DEBUG placement.requestlog [None req-707aad87-f399-47de-b260-bf685d8357b0 None None] Starting request: 10.222.0.79 "GET /placement/" {{(pid=93586) __call__ /opt/stack/placement/placement/requestlog.py:55}}
May 20 07:41:38.539091 n-d-780147-4 devstack@placement-api.service[93586]: INFO placement.requestlog [None req-707aad87-f399-47de-b260-bf685d8357b0 None None] 10.222.0.79 "GET /placement/" status: 200 len: 136 microversion: 1.0
May 20 07:41:38.539596 n-d-780147-4 devstack@placement-api.service[93586]: [pid: 93586|app: 0|req: 110/223] 10.222.0.79 () {54 vars in 915 bytes} [Thu May 20 07:41:38 2021] GET /placement => generated 136 bytes in 2 msecs (HTTP/1.1 200) 6 headers in 224 bytes (1 switches on core 0)
May 20 07:41:38.550968 n-d-780147-4 devstack@placement-api.service[93585]: DEBUG placement.requestlog [req-242f6430-6948-4432-b045-5b0cf704a5bf req-bc465ef2-7d40-4337-b804-48995fad41a1 None None] Starting request: 10.222.0.79 "GET /placement/allocations/b7d6c300-0f7e-4273-824a-341976dd9b79" {{(pid=93585) __call__ /opt/stack/placement/placement/requestlog.py:55}}
May 20 07:41:38.629641 n-d-780147-4 devstack@placement-api.service[93585]: INFO placement.requestlog [req-242f6430-6948-4432-b045-5b0cf704a5bf req-bc465ef2-7d40-4337-b804-48995fad41a1 service placement] 10.222.0.79 "GET /placement/allocations/b7d6c300-0f7e-4273-824a-341976dd9b79" status: 200 len: 259 microversion: 1.28
May 20 07:41:38.637271 n-d-780147-4 devstack@placement-api.service[93586]: DEBUG placement.requestlog [req-242f6430-6948-4432-b045-5b0cf704a5bf req-4ee88d98-20fd-46ae-a6ef-fc3d92591f65 None None] Starting request: 10.222.0.79 "GET /placement/allocations/b7d6c300-0f7e-4273-824a-341976dd9b79" {{(pid=93586) __call__ /opt/stack/placement/placement/requestlog.py:55}}
May 20 07:41:38.649622 n-d-780147-4 devstack@placement-api.service[93585]: [pid: 93585|app: 0|req: 114/224] 10.222.0.79 () {60 vars in 1380 bytes} [Thu May 20 07:41:38 2021] GET /placement/allocations/b7d6c300-0f7e-4273-824a-341976dd9b79 => generated 259 bytes in 99 msecs (HTTP/1.1 200) 8 headers in 296 bytes (1 switches on core 0)
May 20 07:41:38.656865 n-d-780147-4 devstack@placement-api.service[93586]: INFO placement.requestlog [req-242f6430-6948-4432-b045-5b0cf704a5bf req-4ee88d98-20fd-46ae-a6ef-fc3d92591f65 service placement] 10.222.0.79 "GET /placement/allocations/b7d6c300-0f7e-4273-824a-341976dd9b79" status: 200 len: 259 microversion: 1.28
May 20 07:41:38.663138 n-d-780147-4 devstack@placement-api.service[93585]: DEBUG placement.requestlog [req-242f6430-6948-4432-b045-5b0cf704a5bf req-30efefa2-619c-407b-8adc-81eabcc1947c None None] Starting request: 10.222.0.79 "GET /placement/allocations/127ce8fb-4524-401d-bea6-2aff2f3a870c" {{(pid=93585) __call__ /opt/stack/placement/placement/requestlog.py:55}}
May 20 07:41:38.668455 n-d-780147-4 devstack@placement-api.service[93586]: [pid: 93586|app: 0|req: 111/225] 10.222.0.79 () {60 vars in 1380 bytes} [Thu May 20 07:41:38 2021] GET /placement/allocations/b7d6c300-0f7e-4273-824a-341976dd9b79 => generated 259 bytes in 31 msecs (HTTP/1.1 200) 8 headers in 296 bytes (1 switches on core 0)
May 20 07:41:38.677051 n-d-780147-4 devstack@placement-api.service[93585]: INFO placement.requestlog [req-242f6430-6948-4432-b045-5b0cf704a5bf req-30efefa2-619c-407b-8adc-81eabcc1947c service placement] 10.222.0.79 "GET /placement/allocations/127ce8fb-4524-401d-bea6-2aff2f3a870c" status: 200 len: 19 microversion: 1.28
May 20 07:41:38.677812 n-d-780147-4 devstack@placement-api.service[93585]: [pid: 93585|app: 0|req: 115/226] 10.222.0.79 () {60 vars in 1380 bytes} [Thu May 20 07:41:38 2021] GET /placement/allocations/127ce8fb-4524-401d-bea6-2aff2f3a870c => generated 19 bytes in 15 msecs (HTTP/1.1 200) 8 headers in 295 bytes (1 switches on core 0)
May 20 07:41:38.683546 n-d-780147-4 devstack@placement-api.service[93586]: DEBUG placement.requestlog [req-242f6430-6948-4432-b045-5b0cf704a5bf req-d20bb4c7-2823-4719-a2fc-f1c28a471b4a None None] Starting request: 10.222.0.79 "POST /placement/allocations" {{(pid=93586) __call__ /opt/stack/placement/placement/requestlog.py:55}}
May 20 07:41:39.001781 n-d-780147-4 devstack@placement-api.service[93586]: DEBUG placement.handlers.allocation [req-242f6430-6948-4432-b045-5b0cf704a5bf req-d20bb4c7-2823-4719-a2fc-f1c28a471b4a service placement] Successfully wrote allocations [, , , , , ] {{(pid=93586) _create_allocations /opt/stack/placement/placement/handlers/allocation.py:524}}
May 20 07:41:39.002684 n-d-780147-4 devstack@placement-api.service[93586]: INFO placement.requestlog [req-242f6430-6948-4432-b045-5b0cf704a5bf req-d20bb4c7-2823-4719-a2fc-f1c28a471b4a service placement] 10.222.0.79 "POST /placement/allocations" status: 204 len: 0 microversion: 1.28
May 20 07:41:39.003472 n-d-780147-4 devstack@placement-api.service[93586]: [pid: 93586|app: 0|req: 112/227] 10.222.0.79 () {64 vars in 1323 bytes} [Thu May 20 07:41:38 2021] POST /placement/allocations => generated 0 bytes in 320 msecs (HTTP/1.1 204) 5 headers in 199 bytes (1 switches on core 0)
May 20 07:41:39.055112 n-d-780147-4 devstack@placement-api.service[93585]: DEBUG placement.requestlog [req-242f6430-6948-4432-b045-5b0cf704a5bf req-bbd4c335-fb36-4245-848f-9d2505edadf4 None None] Starting request: 10.222.0.79 "GET /placement/allocations/b7d6c300-0f7e-4273-824a-341976dd9b79" {{(pid=93585) __call__ /opt/stack/placement/placement/requestlog.py:55}}
May 20 07:41:39.068933 n-d-780147-4 devstack@placement-api.service[93585]: INFO placement.requestlog [req-242f6430-6948-4432-b045-5b0cf704a5bf req-bbd4c335-fb36-4245-848f-9d2505edadf4 service placement] 10.222.0.79 "GET /placement/allocations/b7d6c300-0f7e-4273-824a-341976dd9b79" status: 200 len: 19 microversion: 1.28
May 20 07:41:39.069820 n-d-780147-4 devstack@placement-api.service[93585]: [pid: 93585|app: 0|req: 116/228] 10.222.0.79 () {60 vars in 1380 bytes} [Thu May 20 07:41:39 2021] GET /placement/allocations/b7d6c300-0f7e-4273-824a-341976dd9b79 => generated 19 bytes in 15 msecs (HTTP/1.1 200) 8 headers in 295 bytes (1 switches on core 0)
May 20 07:41:39.076736 n-d-780147-4 devstack@placement-api.service[93586]: DEBUG placement.requestlog [req-242f6430-6948-4432-b045-5b0cf704a5bf req-44ff45d5-7fb4-4f11-a3e6-04f14117d916 None None] Starting request: 10.222.0.79 "PUT /placement/allocations/b7d6c300-0f7e-4273-824a-341976dd9b79" {{(pid=93586) __call__ /opt/stack/placement/placement/requestlog.py:55}}
May 20 07:41:39.272150 n-d-780147-4 devstack@placement-api.service[93586]: DEBUG placement.handlers.allocation [req-242f6430-6948-4432-b045-5b0cf704a5bf req-44ff45d5-7fb4-4f11-a3e6-04f14117d916 service placement] Successfully wrote allocations [, , ] {{(pid=93586) _create_allocations /opt/stack/placement/placement/handlers/allocation.py:435}}
May 20 07:41:39.273354 n-d-780147-4 devstack@placement-api.service[93586]: INFO placement.requestlog [req-242f6430-6948-4432-b045-5b0cf704a5bf req-44ff45d5-7fb4-4f11-a3e6-04f14117d916 service placement] 10.222.0.79 "PUT /placement/allocations/b7d6c300-0f7e-4273-824a-341976dd9b79" status: 204 len: 0 microversion: 1.28
May 20 07:41:39.274116 n-d-780147-4 devstack@placement-api.service[93586]: [pid: 93586|app: 0|req: 113/229] 10.222.0.79 () {64 vars in 1433 bytes} [Thu May 20 07:41:39 2021] PUT /placement/allocations/b7d6c300-0f7e-4273-824a-341976dd9b79 => generated 0 bytes in 198 msecs (HTTP/1.1 204) 5 headers in 199 bytes (1 switches on core 0)
May 20 07:41:39.507909 n-d-780147-4 devstack@placement-api.service[93585]: DEBUG placement.requestlog [req-242f6430-6948-4432-b045-5b0cf704a5bf req-f480f715-710e-48a7-b8ab-a4057c694962 None None] Starting request: 10.222.0.84 "GET /placement/allocations/b7d6c300-0f7e-4273-824a-341976dd9b79" {{(pid=93585) __call__ /opt/stack/placement/placement/requestlog.py:55}}
May 20 07:41:39.529395 n-d-780147-4 devstack@placement-api.service[93585]: INFO placement.requestlog [req-242f6430-6948-4432-b045-5b0cf704a5bf req-f480f715-710e-48a7-b8ab-a4057c694962 service placement] 10.222.0.84 "GET /placement/allocations/b7d6c300-0f7e-4273-824a-341976dd9b79" status: 200 len: 259 microversion: 1.28
May 20 07:41:39.530135 n-d-780147-4 devstack@placement-api.service[93585]: [pid: 93585|app: 0|req: 117/230] 10.222.0.84 () {60 vars in 1378 bytes} [Thu May 20 07:41:39 2021] GET /placement/allocations/b7d6c300-0f7e-4273-824a-341976dd9b79 => generated 259 bytes in 22 msecs (HTTP/1.1 200) 8 headers in 296 bytes (1 switches on core 0)
May 20 07:41:39.985841 n-d-780147-4 devstack@placement-api.service[93586]: DEBUG placement.requestlog [req-394cdbc5-498f-47df-84fd-6f4f12f70753 req-e35bd259-6c62-4325-a523-1b4a6bb2e032 None None] Starting request: 10.222.0.81 "GET /placement/allocations/b8b7246d-13a5-4aab-878a-ce21d26e51c0" {{(pid=93586) __call__ /opt/stack/placement/placement/requestlog.py:55}}
May 20 07:41:40.011764 n-d-780147-4 devstack@placement-api.service[93586]: INFO placement.requestlog [req-394cdbc5-498f-47df-84fd-6f4f12f70753 req-e35bd259-6c62-4325-a523-1b4a6bb2e032 service placement] 10.222.0.81 "GET /placement/allocations/b8b7246d-13a5-4aab-878a-ce21d26e51c0" status: 200 len: 259 microversion: 1.28
May 20 07:41:40.012515 n-d-780147-4 devstack@placement-api.service[93586]: [pid: 93586|app: 0|req: 114/231] 10.222.0.81 () {60 vars in 1378 bytes} [Thu May 20 07:41:39 2021] GET /placement/allocations/b8b7246d-13a5-4aab-878a-ce21d26e51c0 => generated 259 bytes in 27 msecs (HTTP/1.1 200) 8 headers in 296 bytes (1 switches on core 0)
May 20 07:41:40.026364 n-d-780147-4 devstack@placement-api.service[93585]: DEBUG placement.requestlog [req-394cdbc5-498f-47df-84fd-6f4f12f70753 req-7d748a40-e7e9-43d2-a0ab-e2e238f8033c None None] Starting request: 10.222.0.81 "PUT /placement/allocations/b8b7246d-13a5-4aab-878a-ce21d26e51c0" {{(pid=93585) __call__ /opt/stack/placement/placement/requestlog.py:55}}
May 20 07:41:40.159976 n-d-780147-4 devstack@placement-api.service[93585]: DEBUG placement.handlers.allocation [req-394cdbc5-498f-47df-84fd-6f4f12f70753 req-7d748a40-e7e9-43d2-a0ab-e2e238f8033c service placement] Successfully wrote allocations [, , ] {{(pid=93585) _create_allocations /opt/stack/placement/placement/handlers/allocation.py:435}}
May 20 07:41:40.160553 n-d-780147-4 devstack@placement-api.service[93585]: INFO placement.requestlog [req-394cdbc5-498f-47df-84fd-6f4f12f70753 req-7d748a40-e7e9-43d2-a0ab-e2e238f8033c service placement] 10.222.0.81 "PUT /placement/allocations/b8b7246d-13a5-4aab-878a-ce21d26e51c0" status: 204 len: 0 microversion: 1.28
May 20 07:41:40.160813 n-d-780147-4 devstack@placement-api.service[93585]: [pid: 93585|app: 0|req: 118/232] 10.222.0.81 () {64 vars in 1431 bytes} [Thu May 20 07:41:40 2021] PUT /placement/allocations/b8b7246d-13a5-4aab-878a-ce21d26e51c0 => generated 0 bytes in 135 msecs (HTTP/1.1 204) 5 headers in 199 bytes (1 switches on core 0)
May 20 07:41:42.277607 n-d-780147-4 devstack@placement-api.service[93586]: DEBUG placement.requestlog [None req-c7148cbe-30a3-4dad-973b-46a4e7410c98 None None] Starting request: 10.222.0.79 "GET /placement/" {{(pid=93586) __call__ /opt/stack/placement/placement/requestlog.py:55}}
May 20 07:41:42.280861 n-d-780147-4 devstack@placement-api.service[93586]: INFO placement.requestlog [None req-c7148cbe-30a3-4dad-973b-46a4e7410c98 None None] 10.222.0.79 "GET /placement/" status: 200 len: 136 microversion: 1.0
May 20 07:41:42.280861 n-d-780147-4 devstack@placement-api.service[93586]: [pid: 93586|app: 0|req: 115/233] 10.222.0.79 () {54 vars in 915 bytes} [Thu May 20 07:41:42 2021] GET /placement => generated 136 bytes in 2 msecs (HTTP/1.1 200) 6 headers in 224 bytes (1 switches on core 0)
May 20 07:41:42.291096 n-d-780147-4 devstack@placement-api.service[93585]: DEBUG placement.requestlog [req-96f9e0d9-3dac-4078-9f87-19b3066d9f12 req-97b4eb39-3c12-43c2-836a-b9388d6b08dd None None] Starting request: 10.222.0.79 "GET /placement/allocations/6429c6fd-3e08-45d4-abdb-3bc4ae1addd8" {{(pid=93585) __call__ /opt/stack/placement/placement/requestlog.py:55}}
May 20 07:41:42.362493 n-d-780147-4 devstack@placement-api.service[93585]: INFO placement.requestlog [req-96f9e0d9-3dac-4078-9f87-19b3066d9f12 req-97b4eb39-3c12-43c2-836a-b9388d6b08dd service placement] 10.222.0.79 "GET /placement/allocations/6429c6fd-3e08-45d4-abdb-3bc4ae1addd8" status: 200 len: 259 microversion: 1.28
May 20 07:41:42.363235 n-d-780147-4 devstack@placement-api.service[93585]: [pid: 93585|app: 0|req: 119/234] 10.222.0.79 () {60 vars in 1380 bytes} [Thu May 20 07:41:42 2021] GET /placement/allocations/6429c6fd-3e08-45d4-abdb-3bc4ae1addd8 => generated 259 bytes in 72 msecs (HTTP/1.1 200) 8 headers in 296 bytes (1 switches on core 0)
May 20 07:41:42.369382 n-d-780147-4 devstack@placement-api.service[93586]: DEBUG placement.requestlog [req-96f9e0d9-3dac-4078-9f87-19b3066d9f12 req-5bcddec9-1ae3-47c7-91a0-52d08dc05dd4 None None] Starting request: 10.222.0.79 "GET /placement/allocations/6429c6fd-3e08-45d4-abdb-3bc4ae1addd8" {{(pid=93586) __call__ /opt/stack/placement/placement/requestlog.py:55}}
May 20 07:41:42.398296 n-d-780147-4 devstack@placement-api.service[93586]: INFO placement.requestlog [req-96f9e0d9-3dac-4078-9f87-19b3066d9f12 req-5bcddec9-1ae3-47c7-91a0-52d08dc05dd4 service placement] 10.222.0.79 "GET /placement/allocations/6429c6fd-3e08-45d4-abdb-3bc4ae1addd8" status: 200 len: 259 microversion: 1.28
May 20 07:41:42.405288 n-d-780147-4 devstack@placement-api.service[93585]: DEBUG placement.requestlog [req-96f9e0d9-3dac-4078-9f87-19b3066d9f12 req-8fde46bc-e334-453f-9095-355ac49beb20 None None] Starting request: 10.222.0.79 "GET /placement/allocations/269310bd-3a05-4a26-bb5c-51151f6f3835" {{(pid=93585) __call__ /opt/stack/placement/placement/requestlog.py:55}}
May 20 07:41:42.436792 n-d-780147-4 devstack@placement-api.service[93586]: [pid: 93586|app: 0|req: 116/235] 10.222.0.79 () {60 vars in 1380 bytes} [Thu May 20 07:41:42 2021] GET /placement/allocations/6429c6fd-3e08-45d4-abdb-3bc4ae1addd8 => generated 259 bytes in 67 msecs (HTTP/1.1 200) 8 headers in 296 bytes (2 switches on core 0)
May 20 07:41:42.450298 n-d-780147-4 devstack@placement-api.service[93585]: INFO placement.requestlog [req-96f9e0d9-3dac-4078-9f87-19b3066d9f12 req-8fde46bc-e334-453f-9095-355ac49beb20 service placement] 10.222.0.79 "GET /placement/allocations/269310bd-3a05-4a26-bb5c-51151f6f3835" status: 200 len: 19 microversion: 1.28
May 20 07:41:42.458574 n-d-780147-4 devstack@placement-api.service[93586]: DEBUG placement.requestlog [req-96f9e0d9-3dac-4078-9f87-19b3066d9f12 req-a3fb3a43-6051-4c06-94ba-4c491429b380 None None] Starting request: 10.222.0.79 "POST /placement/allocations" {{(pid=93586) __call__ /opt/stack/placement/placement/requestlog.py:55}}
May 20 07:41:42.465672 n-d-780147-4 devstack@placement-api.service[93585]: [pid: 93585|app: 0|req: 120/236] 10.222.0.79 () {60 vars in 1380 bytes} [Thu May 20 07:41:42 2021] GET /placement/allocations/269310bd-3a05-4a26-bb5c-51151f6f3835 => generated 19 bytes in 61 msecs (HTTP/1.1 200) 8 headers in 295 bytes (2 switches on core 0)
May 20 07:41:42.699109 n-d-780147-4 devstack@placement-api.service[93586]: DEBUG placement.handlers.allocation [req-96f9e0d9-3dac-4078-9f87-19b3066d9f12 req-a3fb3a43-6051-4c06-94ba-4c491429b380 service placement] Successfully wrote allocations [, , , , , ] {{(pid=93586) _create_allocations /opt/stack/placement/placement/handlers/allocation.py:524}}
May 20 07:41:42.702375 n-d-780147-4 devstack@placement-api.service[93586]: INFO placement.requestlog [req-96f9e0d9-3dac-4078-9f87-19b3066d9f12 req-a3fb3a43-6051-4c06-94ba-4c491429b380 service placement] 10.222.0.79 "POST /placement/allocations" status: 204 len: 0 microversion: 1.28
May 20 07:41:42.702375 n-d-780147-4 devstack@placement-api.service[93586]: [pid: 93586|app: 0|req: 117/237] 10.222.0.79 () {64 vars in 1323 bytes} [Thu May 20 07:41:42 2021] POST /placement/allocations => generated 0 bytes in 242 msecs (HTTP/1.1 204) 5 headers in 199 bytes (1 switches on core 0)
May 20 07:41:42.726112 n-d-780147-4 devstack@placement-api.service[93585]: DEBUG placement.requestlog [req-96f9e0d9-3dac-4078-9f87-19b3066d9f12 req-5637548b-12d2-434b-b01c-2527f812ee2f None None] Starting request: 10.222.0.79 "GET /placement/allocation_candidates?limit=1000&resources=DISK_GB%3A1%2CMEMORY_MB%3A512%2CVCPU%3A1&root_required=%21COMPUTE_STATUS_DISABLED" {{(pid=93585) __call__ /opt/stack/placement/placement/requestlog.py:55}}
May 20 07:41:42.759131 n-d-780147-4 devstack@placement-api.service[93585]: DEBUG placement.objects.research_context [req-96f9e0d9-3dac-4078-9f87-19b3066d9f12 req-5637548b-12d2-434b-b01c-2527f812ee2f service placement] getting providers with 1 DISK_GB {{(pid=93585) __init__ /opt/stack/placement/placement/objects/research_context.py:126}}
May 20 07:41:42.766786 n-d-780147-4 devstack@placement-api.service[93585]: DEBUG placement.objects.research_context [req-96f9e0d9-3dac-4078-9f87-19b3066d9f12 req-5637548b-12d2-434b-b01c-2527f812ee2f service placement] getting providers with 512 MEMORY_MB {{(pid=93585) __init__ /opt/stack/placement/placement/objects/research_context.py:126}}
May 20 07:41:42.775228 n-d-780147-4 devstack@placement-api.service[93585]: DEBUG placement.objects.research_context [req-96f9e0d9-3dac-4078-9f87-19b3066d9f12 req-5637548b-12d2-434b-b01c-2527f812ee2f service placement] getting providers with 1 VCPU {{(pid=93585) __init__ /opt/stack/placement/placement/objects/research_context.py:126}}
May 20 07:41:42.785209 n-d-780147-4 devstack@placement-api.service[93585]: DEBUG placement.objects.research_context [req-96f9e0d9-3dac-4078-9f87-19b3066d9f12 req-5637548b-12d2-434b-b01c-2527f812ee2f service placement] found 2 providers with available 1 DISK_GB {{(pid=93585) get_provider_ids_matching /opt/stack/placement/placement/objects/research_context.py:549}}
May 20 07:41:42.785853 n-d-780147-4 devstack@placement-api.service[93585]: DEBUG placement.objects.research_context [req-96f9e0d9-3dac-4078-9f87-19b3066d9f12 req-5637548b-12d2-434b-b01c-2527f812ee2f service placement] found 2 providers with available 512 MEMORY_MB {{(pid=93585) get_provider_ids_matching /opt/stack/placement/placement/objects/research_context.py:549}}
May 20 07:41:42.786343 n-d-780147-4 devstack@placement-api.service[93585]: DEBUG placement.objects.research_context [req-96f9e0d9-3dac-4078-9f87-19b3066d9f12 req-5637548b-12d2-434b-b01c-2527f812ee2f service placement] found 2 providers after filtering by previous result {{(pid=93585) get_provider_ids_matching /opt/stack/placement/placement/objects/research_context.py:580}}
May 20 07:41:42.786793 n-d-780147-4 devstack@placement-api.service[93585]: DEBUG placement.objects.research_context [req-96f9e0d9-3dac-4078-9f87-19b3066d9f12 req-5637548b-12d2-434b-b01c-2527f812ee2f service placement] found 2 providers with available 1 VCPU {{(pid=93585) get_provider_ids_matching /opt/stack/placement/placement/objects/research_context.py:549}}
May 20 07:41:42.787236 n-d-780147-4 devstack@placement-api.service[93585]: DEBUG placement.objects.research_context [req-96f9e0d9-3dac-4078-9f87-19b3066d9f12 req-5637548b-12d2-434b-b01c-2527f812ee2f service placement] found 2 providers after filtering by previous result {{(pid=93585) get_provider_ids_matching /opt/stack/placement/placement/objects/research_context.py:580}}
May 20 07:41:42.804704 n-d-780147-4 devstack@placement-api.service[93585]: DEBUG placement.objects.allocation_candidate [req-96f9e0d9-3dac-4078-9f87-19b3066d9f12 req-5637548b-12d2-434b-b01c-2527f812ee2f service placement] RequestGroup(use_same_provider=False, resources={DISK_GB:1, MEMORY_MB:512, VCPU:1}, traits=[], aggregates=[]) (suffix '') returned 2 matches {{(pid=93585) _get_by_requests /opt/stack/placement/placement/objects/allocation_candidate.py:145}}
May 20 07:41:42.805380 n-d-780147-4 devstack@placement-api.service[93585]: DEBUG placement.objects.allocation_candidate [req-96f9e0d9-3dac-4078-9f87-19b3066d9f12 req-5637548b-12d2-434b-b01c-2527f812ee2f service placement] Merging candidates yields 2 allocation requests and 2 provider summaries {{(pid=93585) _merge_candidates /opt/stack/placement/placement/objects/allocation_candidate.py:783}}
May 20 07:41:42.811565 n-d-780147-4 devstack@placement-api.service[93585]: INFO placement.requestlog [req-96f9e0d9-3dac-4078-9f87-19b3066d9f12 req-5637548b-12d2-434b-b01c-2527f812ee2f service placement] 10.222.0.79 "GET /placement/allocation_candidates?limit=1000&resources=DISK_GB%3A1%2CMEMORY_MB%3A512%2CVCPU%3A1&root_required=%21COMPUTE_STATUS_DISABLED" status: 200 len: 1307 microversion: 1.35
May 20 07:41:42.824156 n-d-780147-4 devstack@placement-api.service[93585]: [pid: 93585|app: 0|req: 121/238] 10.222.0.79 () {60 vars in 1504 bytes} [Thu May 20 07:41:42 2021] GET /placement/allocation_candidates?limit=1000&resources=DISK_GB%3A1%2CMEMORY_MB%3A512%2CVCPU%3A1&root_required=%21COMPUTE_STATUS_DISABLED => generated 1307 bytes in 90 msecs (HTTP/1.1 200) 8 headers in 297 bytes (1 switches on core 0)
May 20 07:41:42.880634 n-d-780147-4 devstack@placement-api.service[93586]: DEBUG placement.requestlog [req-96f9e0d9-3dac-4078-9f87-19b3066d9f12 req-317712e5-d9e5-42c7-aedc-747f2c7c9c67 None None] Starting request: 10.222.0.79 "GET /placement/allocations/6429c6fd-3e08-45d4-abdb-3bc4ae1addd8" {{(pid=93586) __call__ /opt/stack/placement/placement/requestlog.py:55}}
May 20 07:41:42.894220 n-d-780147-4 devstack@placement-api.service[93586]: INFO placement.requestlog [req-96f9e0d9-3dac-4078-9f87-19b3066d9f12 req-317712e5-d9e5-42c7-aedc-747f2c7c9c67 service placement] 10.222.0.79 "GET /placement/allocations/6429c6fd-3e08-45d4-abdb-3bc4ae1addd8" status: 200 len: 19 microversion: 1.28
May 20 07:41:42.899734 n-d-780147-4 devstack@placement-api.service[93586]: [pid: 93586|app: 0|req: 118/239] 10.222.0.79 () {60 vars in 1380 bytes} [Thu May 20 07:41:42 2021] GET /placement/allocations/6429c6fd-3e08-45d4-abdb-3bc4ae1addd8 => generated 19 bytes in 19 msecs (HTTP/1.1 200) 8 headers in 295 bytes (1 switches on core 0)
May 20 07:41:42.901549 n-d-780147-4 devstack@placement-api.service[93585]: DEBUG placement.requestlog [req-96f9e0d9-3dac-4078-9f87-19b3066d9f12 req-93c428bf-6db5-4337-a2e8-819fa39248aa None None] Starting request: 10.222.0.79 "PUT /placement/allocations/6429c6fd-3e08-45d4-abdb-3bc4ae1addd8" {{(pid=93585) __call__ /opt/stack/placement/placement/requestlog.py:55}}
May 20 07:41:43.185135 n-d-780147-4 devstack@placement-api.service[93585]: DEBUG placement.handlers.allocation [req-96f9e0d9-3dac-4078-9f87-19b3066d9f12 req-93c428bf-6db5-4337-a2e8-819fa39248aa service placement] Successfully wrote allocations [, , ] {{(pid=93585) _create_allocations /opt/stack/placement/placement/handlers/allocation.py:435}}
May 20 07:41:43.187444 n-d-780147-4 devstack@placement-api.service[93585]: INFO placement.requestlog [req-96f9e0d9-3dac-4078-9f87-19b3066d9f12 req-93c428bf-6db5-4337-a2e8-819fa39248aa service placement] 10.222.0.79 "PUT /placement/allocations/6429c6fd-3e08-45d4-abdb-3bc4ae1addd8" status: 204 len: 0 microversion: 1.35
May 20 07:41:43.189330 n-d-780147-4 devstack@placement-api.service[93585]: [pid: 93585|app: 0|req: 122/240] 10.222.0.79 () {64 vars in 1433 bytes} [Thu May 20 07:41:42 2021] PUT /placement/allocations/6429c6fd-3e08-45d4-abdb-3bc4ae1addd8 => generated 0 bytes in 288 msecs (HTTP/1.1 204) 5 headers in 199 bytes (2 switches on core 0)
May 20 07:41:43.248878 n-d-780147-4 devstack@placement-api.service[93586]: DEBUG placement.requestlog [req-cf24414f-241c-4ca4-b780-870d7dc2e6cb req-c7b1fa93-af1a-4b68-833a-23552343a75a None None] Starting request: 10.222.0.79 "GET /placement/allocation_candidates?limit=1000&resources=DISK_GB%3A1%2CMEMORY_MB%3A1024%2CVCPU%3A1&root_required=%21COMPUTE_STATUS_DISABLED" {{(pid=93586) __call__ /opt/stack/placement/placement/requestlog.py:55}}
May 20 07:41:43.285605 n-d-780147-4 devstack@placement-api.service[93586]: DEBUG placement.objects.research_context [req-cf24414f-241c-4ca4-b780-870d7dc2e6cb req-c7b1fa93-af1a-4b68-833a-23552343a75a service placement] getting providers with 1 DISK_GB {{(pid=93586) __init__ /opt/stack/placement/placement/objects/research_context.py:126}}
May 20 07:41:43.293340 n-d-780147-4 devstack@placement-api.service[93586]: DEBUG placement.objects.research_context [req-cf24414f-241c-4ca4-b780-870d7dc2e6cb req-c7b1fa93-af1a-4b68-833a-23552343a75a service placement] getting providers with 1024 MEMORY_MB {{(pid=93586) __init__ /opt/stack/placement/placement/objects/research_context.py:126}}
May 20 07:41:43.301941 n-d-780147-4 devstack@placement-api.service[93586]: DEBUG placement.objects.research_context [req-cf24414f-241c-4ca4-b780-870d7dc2e6cb req-c7b1fa93-af1a-4b68-833a-23552343a75a service placement] getting providers with 1 VCPU {{(pid=93586) __init__ /opt/stack/placement/placement/objects/research_context.py:126}}
May 20 07:41:43.307919 n-d-780147-4 devstack@placement-api.service[93586]: DEBUG placement.objects.research_context [req-cf24414f-241c-4ca4-b780-870d7dc2e6cb req-c7b1fa93-af1a-4b68-833a-23552343a75a service placement] found 2 providers with available 1 DISK_GB {{(pid=93586) get_provider_ids_matching /opt/stack/placement/placement/objects/research_context.py:549}}
May 20 07:41:43.308263 n-d-780147-4 devstack@placement-api.service[93586]: DEBUG placement.objects.research_context [req-cf24414f-241c-4ca4-b780-870d7dc2e6cb req-c7b1fa93-af1a-4b68-833a-23552343a75a service placement] found 2 providers with available 1024 MEMORY_MB {{(pid=93586) get_provider_ids_matching /opt/stack/placement/placement/objects/research_context.py:549}}
May 20 07:41:43.308546 n-d-780147-4 devstack@placement-api.service[93586]: DEBUG placement.objects.research_context [req-cf24414f-241c-4ca4-b780-870d7dc2e6cb req-c7b1fa93-af1a-4b68-833a-23552343a75a service placement] found 2 providers after filtering by previous result {{(pid=93586) get_provider_ids_matching /opt/stack/placement/placement/objects/research_context.py:580}}
May 20 07:41:43.308807 n-d-780147-4 devstack@placement-api.service[93586]: DEBUG placement.objects.research_context [req-cf24414f-241c-4ca4-b780-870d7dc2e6cb req-c7b1fa93-af1a-4b68-833a-23552343a75a service placement] found 2 providers with available 1 VCPU {{(pid=93586) get_provider_ids_matching /opt/stack/placement/placement/objects/research_context.py:549}}
May 20 07:41:43.309153 n-d-780147-4 devstack@placement-api.service[93586]: DEBUG placement.objects.research_context [req-cf24414f-241c-4ca4-b780-870d7dc2e6cb req-c7b1fa93-af1a-4b68-833a-23552343a75a service placement] found 2 providers after filtering by previous result {{(pid=93586) get_provider_ids_matching /opt/stack/placement/placement/objects/research_context.py:580}}
May 20 07:41:43.335881 n-d-780147-4 devstack@placement-api.service[93586]: DEBUG placement.objects.allocation_candidate [req-cf24414f-241c-4ca4-b780-870d7dc2e6cb req-c7b1fa93-af1a-4b68-833a-23552343a75a service placement] RequestGroup(use_same_provider=False, resources={DISK_GB:1, MEMORY_MB:1024, VCPU:1}, traits=[], aggregates=[]) (suffix '') returned 2 matches {{(pid=93586) _get_by_requests /opt/stack/placement/placement/objects/allocation_candidate.py:145}}
May 20 07:41:43.337856 n-d-780147-4 devstack@placement-api.service[93586]: DEBUG placement.objects.allocation_candidate [req-cf24414f-241c-4ca4-b780-870d7dc2e6cb req-c7b1fa93-af1a-4b68-833a-23552343a75a service placement] Merging candidates yields 2 allocation requests and 2 provider summaries {{(pid=93586) _merge_candidates /opt/stack/placement/placement/objects/allocation_candidate.py:783}}
May 20 07:41:43.340653 n-d-780147-4 devstack@placement-api.service[93586]: INFO placement.requestlog [req-cf24414f-241c-4ca4-b780-870d7dc2e6cb req-c7b1fa93-af1a-4b68-833a-23552343a75a service placement] 10.222.0.79 "GET /placement/allocation_candidates?limit=1000&resources=DISK_GB%3A1%2CMEMORY_MB%3A1024%2CVCPU%3A1&root_required=%21COMPUTE_STATUS_DISABLED" status: 200 len: 1309 microversion: 1.35
May 20 07:41:43.344238 n-d-780147-4 devstack@placement-api.service[93586]: [pid: 93586|app: 0|req: 119/241] 10.222.0.79 () {60 vars in 1506 bytes} [Thu May 20 07:41:43 2021] GET /placement/allocation_candidates?limit=1000&resources=DISK_GB%3A1%2CMEMORY_MB%3A1024%2CVCPU%3A1&root_required=%21COMPUTE_STATUS_DISABLED => generated 1309 bytes in 95 msecs (HTTP/1.1 200) 8 headers in 297 bytes (1 switches on core 0)
May 20 07:41:43.467829 n-d-780147-4 devstack@placement-api.service[93585]: DEBUG placement.requestlog [req-cf24414f-241c-4ca4-b780-870d7dc2e6cb req-081abe43-f763-4d1c-9ef8-6745483d69b8 None None] Starting request: 10.222.0.79 "GET /placement/allocations/6aff954b-6c35-4833-a6a4-14c44ad099ba" {{(pid=93585) __call__ /opt/stack/placement/placement/requestlog.py:55}}
May 20 07:41:43.491444 n-d-780147-4 devstack@placement-api.service[93585]: INFO placement.requestlog [req-cf24414f-241c-4ca4-b780-870d7dc2e6cb req-081abe43-f763-4d1c-9ef8-6745483d69b8 service placement] 10.222.0.79 "GET /placement/allocations/6aff954b-6c35-4833-a6a4-14c44ad099ba" status: 200 len: 19 microversion: 1.28
May 20 07:41:43.493342 n-d-780147-4 devstack@placement-api.service[93585]: [pid: 93585|app: 0|req: 123/242] 10.222.0.79 () {60 vars in 1380 bytes} [Thu May 20 07:41:43 2021] GET /placement/allocations/6aff954b-6c35-4833-a6a4-14c44ad099ba => generated 19 bytes in 26 msecs (HTTP/1.1 200) 8 headers in 295 bytes (1 switches on core 0)
May 20 07:41:43.498174 n-d-780147-4 devstack@placement-api.service[93586]: DEBUG placement.requestlog [req-cf24414f-241c-4ca4-b780-870d7dc2e6cb req-e028f680-177e-41c4-b17e-95ff83fddc07 None None] Starting request: 10.222.0.79 "PUT /placement/allocations/6aff954b-6c35-4833-a6a4-14c44ad099ba" {{(pid=93586) __call__ /opt/stack/placement/placement/requestlog.py:55}}
May 20 07:41:43.791498 n-d-780147-4 devstack@placement-api.service[93585]: DEBUG placement.requestlog [req-96f9e0d9-3dac-4078-9f87-19b3066d9f12 req-ab4a94f4-4433-45a4-8d75-3b5564ee0a8f None None] Starting request: 10.222.0.81 "GET /placement/allocations/6429c6fd-3e08-45d4-abdb-3bc4ae1addd8" {{(pid=93585) __call__ /opt/stack/placement/placement/requestlog.py:55}}
May 20 07:41:43.867604 n-d-780147-4 devstack@placement-api.service[93585]: INFO placement.requestlog [req-96f9e0d9-3dac-4078-9f87-19b3066d9f12 req-ab4a94f4-4433-45a4-8d75-3b5564ee0a8f service placement] 10.222.0.81 "GET /placement/allocations/6429c6fd-3e08-45d4-abdb-3bc4ae1addd8" status: 200 len: 258 microversion: 1.28
May 20 07:41:43.870404 n-d-780147-4 devstack@placement-api.service[93585]: [pid: 93585|app: 0|req: 124/243] 10.222.0.81 () {60 vars in 1378 bytes} [Thu May 20 07:41:43 2021] GET /placement/allocations/6429c6fd-3e08-45d4-abdb-3bc4ae1addd8 => generated 258 bytes in 79 msecs (HTTP/1.1 200) 8 headers in 296 bytes (2 switches on core 0)
May 20 07:41:44.019031 n-d-780147-4 devstack@placement-api.service[93586]: DEBUG placement.handlers.allocation [req-cf24414f-241c-4ca4-b780-870d7dc2e6cb req-e028f680-177e-41c4-b17e-95ff83fddc07 service placement] Successfully wrote allocations [, , ] {{(pid=93586) _create_allocations /opt/stack/placement/placement/handlers/allocation.py:435}}
May 20 07:41:44.019805 n-d-780147-4 devstack@placement-api.service[93586]: INFO placement.requestlog [req-cf24414f-241c-4ca4-b780-870d7dc2e6cb req-e028f680-177e-41c4-b17e-95ff83fddc07 service placement] 10.222.0.79 "PUT /placement/allocations/6aff954b-6c35-4833-a6a4-14c44ad099ba" status: 204 len: 0 microversion: 1.35
May 20 07:41:44.028153 n-d-780147-4 devstack@placement-api.service[93586]: [pid: 93586|app: 0|req: 120/244] 10.222.0.79 () {64 vars in 1433 bytes} [Thu May 20 07:41:43 2021] PUT /placement/allocations/6aff954b-6c35-4833-a6a4-14c44ad099ba => generated 0 bytes in 522 msecs (HTTP/1.1 204) 5 headers in 199 bytes (2 switches on core 0)
May 20 07:41:45.276165 n-d-780147-4 devstack@placement-api.service[93585]: DEBUG placement.requestlog [req-cf24414f-241c-4ca4-b780-870d7dc2e6cb req-369dd8d8-ebe9-4f22-91af-de5bc2a49792 None None] Starting request: 10.222.0.81 "GET /placement/allocations/6aff954b-6c35-4833-a6a4-14c44ad099ba" {{(pid=93585) __call__ /opt/stack/placement/placement/requestlog.py:55}}
May 20 07:41:45.309332 n-d-780147-4 devstack@placement-api.service[93585]: INFO placement.requestlog [req-cf24414f-241c-4ca4-b780-870d7dc2e6cb req-369dd8d8-ebe9-4f22-91af-de5bc2a49792 service placement] 10.222.0.81 "GET /placement/allocations/6aff954b-6c35-4833-a6a4-14c44ad099ba" status: 200 len: 259 microversion: 1.28
May 20 07:41:45.309991 n-d-780147-4 devstack@placement-api.service[93585]: [pid: 93585|app: 0|req: 125/245] 10.222.0.81 () {60 vars in 1378 bytes} [Thu May 20 07:41:45 2021] GET /placement/allocations/6aff954b-6c35-4833-a6a4-14c44ad099ba => generated 259 bytes in 34 msecs (HTTP/1.1 200) 8 headers in 296 bytes (1 switches on core 0)
May 20 07:41:46.354684 n-d-780147-4 devstack@placement-api.service[93586]: DEBUG placement.requestlog [req-06e42b3a-716b-4176-b207-07109117f095 req-3e861bbb-5f3c-4b63-8f94-afa78dcaa27e None None] Starting request: 10.222.0.84 "GET /placement/allocations/bf9c1779-46a2-4429-8e20-0a8468af51a4" {{(pid=93586) __call__ /opt/stack/placement/placement/requestlog.py:55}}
May 20 07:41:46.404903 n-d-780147-4 devstack@placement-api.service[93586]: INFO placement.requestlog [req-06e42b3a-716b-4176-b207-07109117f095 req-3e861bbb-5f3c-4b63-8f94-afa78dcaa27e service placement] 10.222.0.84 "GET /placement/allocations/bf9c1779-46a2-4429-8e20-0a8468af51a4" status: 200 len: 259 microversion: 1.28
May 20 07:41:46.405746 n-d-780147-4 devstack@placement-api.service[93586]: [pid: 93586|app: 0|req: 121/246] 10.222.0.84 () {60 vars in 1378 bytes} [Thu May 20 07:41:46 2021] GET /placement/allocations/bf9c1779-46a2-4429-8e20-0a8468af51a4 => generated 259 bytes in 51 msecs (HTTP/1.1 200) 8 headers in 296 bytes (1 switches on core 0)
May 20 07:41:46.415728 n-d-780147-4 devstack@placement-api.service[93585]: DEBUG placement.requestlog [req-06e42b3a-716b-4176-b207-07109117f095 req-93e2869a-0888-4d64-85e0-a93138a65af2 None None] Starting request: 10.222.0.84 "PUT /placement/allocations/bf9c1779-46a2-4429-8e20-0a8468af51a4" {{(pid=93585) __call__ /opt/stack/placement/placement/requestlog.py:55}}
May 20 07:41:46.567758 n-d-780147-4 devstack@placement-api.service[93585]: DEBUG placement.handlers.allocation [req-06e42b3a-716b-4176-b207-07109117f095 req-93e2869a-0888-4d64-85e0-a93138a65af2 service placement] Successfully wrote allocations [, , ] {{(pid=93585) _create_allocations /opt/stack/placement/placement/handlers/allocation.py:435}}
May 20 07:41:46.568637 n-d-780147-4 devstack@placement-api.service[93585]: INFO placement.requestlog [req-06e42b3a-716b-4176-b207-07109117f095 req-93e2869a-0888-4d64-85e0-a93138a65af2 service placement] 10.222.0.84 "PUT /placement/allocations/bf9c1779-46a2-4429-8e20-0a8468af51a4" status: 204 len: 0 microversion: 1.28
May 20 07:41:46.568885 n-d-780147-4 devstack@placement-api.service[93585]: [pid: 93585|app: 0|req: 126/247] 10.222.0.84 () {64 vars in 1431 bytes} [Thu May 20 07:41:46 2021] PUT /placement/allocations/bf9c1779-46a2-4429-8e20-0a8468af51a4 => generated 0 bytes in 153 msecs (HTTP/1.1 204) 5 headers in 199 bytes (1 switches on core 0)
May 20 07:42:02.079108 n-d-780147-4 devstack@placement-api.service[93586]: DEBUG placement.requestlog [req-cc887987-2608-4c49-8444-5c5c9c12c0f2 req-0cdb6eed-ff6c-4f21-8104-c830af179f3e None None] Starting request: 10.222.0.79 "GET /placement/allocation_candidates?limit=1000&resources=DISK_GB%3A1%2CMEMORY_MB%3A1024%2CVCPU%3A1&root_required=%21COMPUTE_STATUS_DISABLED" {{(pid=93586) __call__ /opt/stack/placement/placement/requestlog.py:55}}
May 20 07:42:02.131933 n-d-780147-4 devstack@placement-api.service[93586]: DEBUG placement.objects.research_context [req-cc887987-2608-4c49-8444-5c5c9c12c0f2 req-0cdb6eed-ff6c-4f21-8104-c830af179f3e service placement] getting providers with 1 DISK_GB {{(pid=93586) __init__ /opt/stack/placement/placement/objects/research_context.py:126}}
May 20 07:42:02.159818 n-d-780147-4 devstack@placement-api.service[93586]: DEBUG placement.objects.research_context [req-cc887987-2608-4c49-8444-5c5c9c12c0f2 req-0cdb6eed-ff6c-4f21-8104-c830af179f3e service placement] getting providers with 1024 MEMORY_MB {{(pid=93586) __init__ /opt/stack/placement/placement/objects/research_context.py:126}}
May 20 07:42:02.188127 n-d-780147-4 devstack@placement-api.service[93586]: DEBUG placement.objects.research_context [req-cc887987-2608-4c49-8444-5c5c9c12c0f2 req-0cdb6eed-ff6c-4f21-8104-c830af179f3e service placement] getting providers with 1 VCPU {{(pid=93586) __init__ /opt/stack/placement/placement/objects/research_context.py:126}}
May 20 07:42:02.214905 n-d-780147-4 devstack@placement-api.service[93586]: DEBUG placement.objects.research_context [req-cc887987-2608-4c49-8444-5c5c9c12c0f2 req-0cdb6eed-ff6c-4f21-8104-c830af179f3e service placement] found 2 providers with available 1 DISK_GB {{(pid=93586) get_provider_ids_matching /opt/stack/placement/placement/objects/research_context.py:549}}
May 20 07:42:02.214905 n-d-780147-4 devstack@placement-api.service[93586]: DEBUG placement.objects.research_context [req-cc887987-2608-4c49-8444-5c5c9c12c0f2 req-0cdb6eed-ff6c-4f21-8104-c830af179f3e service placement] found 2 providers with available 1024 MEMORY_MB {{(pid=93586) get_provider_ids_matching /opt/stack/placement/placement/objects/research_context.py:549}}
May 20 07:42:02.214905 n-d-780147-4 devstack@placement-api.service[93586]: DEBUG placement.objects.research_context [req-cc887987-2608-4c49-8444-5c5c9c12c0f2 req-0cdb6eed-ff6c-4f21-8104-c830af179f3e service placement] found 2 providers after filtering by previous result {{(pid=93586) get_provider_ids_matching /opt/stack/placement/placement/objects/research_context.py:580}}
May 20 07:42:02.214905 n-d-780147-4 devstack@placement-api.service[93586]: DEBUG placement.objects.research_context [req-cc887987-2608-4c49-8444-5c5c9c12c0f2 req-0cdb6eed-ff6c-4f21-8104-c830af179f3e service placement] found 2 providers with available 1 VCPU {{(pid=93586) get_provider_ids_matching /opt/stack/placement/placement/objects/research_context.py:549}}
May 20 07:42:02.214905 n-d-780147-4 devstack@placement-api.service[93586]: DEBUG placement.objects.research_context [req-cc887987-2608-4c49-8444-5c5c9c12c0f2 req-0cdb6eed-ff6c-4f21-8104-c830af179f3e service placement] found 2 providers after filtering by previous result {{(pid=93586) get_provider_ids_matching /opt/stack/placement/placement/objects/research_context.py:580}}
May 20 07:42:02.247352 n-d-780147-4 devstack@placement-api.service[93586]: DEBUG placement.objects.allocation_candidate [req-cc887987-2608-4c49-8444-5c5c9c12c0f2 req-0cdb6eed-ff6c-4f21-8104-c830af179f3e service placement] RequestGroup(use_same_provider=False, resources={DISK_GB:1, MEMORY_MB:1024, VCPU:1}, traits=[], aggregates=[]) (suffix '') returned 2 matches {{(pid=93586) _get_by_requests /opt/stack/placement/placement/objects/allocation_candidate.py:145}}
May 20 07:42:02.247838 n-d-780147-4 devstack@placement-api.service[93586]: DEBUG placement.objects.allocation_candidate [req-cc887987-2608-4c49-8444-5c5c9c12c0f2 req-0cdb6eed-ff6c-4f21-8104-c830af179f3e service placement] Merging candidates yields 2 allocation requests and 2 provider summaries {{(pid=93586) _merge_candidates /opt/stack/placement/placement/objects/allocation_candidate.py:783}}
May 20 07:42:02.250416 n-d-780147-4 devstack@placement-api.service[93586]: INFO placement.requestlog [req-cc887987-2608-4c49-8444-5c5c9c12c0f2 req-0cdb6eed-ff6c-4f21-8104-c830af179f3e service placement] 10.222.0.79 "GET /placement/allocation_candidates?limit=1000&resources=DISK_GB%3A1%2CMEMORY_MB%3A1024%2CVCPU%3A1&root_required=%21COMPUTE_STATUS_DISABLED" status: 200 len: 1309 microversion: 1.35
May 20 07:42:02.253532 n-d-780147-4 devstack@placement-api.service[93586]: [pid: 93586|app: 0|req: 122/248] 10.222.0.79 () {60 vars in 1506 bytes} [Thu May 20 07:42:02 2021] GET /placement/allocation_candidates?limit=1000&resources=DISK_GB%3A1%2CMEMORY_MB%3A1024%2CVCPU%3A1&root_required=%21COMPUTE_STATUS_DISABLED => generated 1309 bytes in 175 msecs (HTTP/1.1 200) 8 headers in 297 bytes (1 switches on core 0)
May 20 07:42:02.335792 n-d-780147-4 devstack@placement-api.service[93585]: DEBUG placement.requestlog [req-cc887987-2608-4c49-8444-5c5c9c12c0f2 req-7365e3bc-e8c3-4c54-b4da-1a74f22c56c1 None None] Starting request: 10.222.0.79 "GET /placement/allocations/7bd515c0-12db-4964-9dd7-33beed27ba5b" {{(pid=93585) __call__ /opt/stack/placement/placement/requestlog.py:55}}
May 20 07:42:02.364963 n-d-780147-4 devstack@placement-api.service[93585]: INFO placement.requestlog [req-cc887987-2608-4c49-8444-5c5c9c12c0f2 req-7365e3bc-e8c3-4c54-b4da-1a74f22c56c1 service placement] 10.222.0.79 "GET /placement/allocations/7bd515c0-12db-4964-9dd7-33beed27ba5b" status: 200 len: 19 microversion: 1.28
May 20 07:42:02.372038 n-d-780147-4 devstack@placement-api.service[93585]: [pid: 93585|app: 0|req: 127/249] 10.222.0.79 () {60 vars in 1380 bytes} [Thu May 20 07:42:02 2021] GET /placement/allocations/7bd515c0-12db-4964-9dd7-33beed27ba5b => generated 19 bytes in 37 msecs (HTTP/1.1 200) 8 headers in 295 bytes (1 switches on core 0)
May 20 07:42:02.374012 n-d-780147-4 devstack@placement-api.service[93586]: DEBUG placement.requestlog [req-cc887987-2608-4c49-8444-5c5c9c12c0f2 req-691e1d5e-7e96-4c45-96a9-70f84da65d05 None None] Starting request: 10.222.0.79 "PUT /placement/allocations/7bd515c0-12db-4964-9dd7-33beed27ba5b" {{(pid=93586) __call__ /opt/stack/placement/placement/requestlog.py:55}}
May 20 07:42:02.775840 n-d-780147-4 devstack@placement-api.service[93585]: DEBUG placement.requestlog [req-840b8c4f-1eb9-450b-967e-c0d55fba4434 req-167fa3ce-100d-46f5-ba90-7a623a261d4a None None] Starting request: 10.222.0.84 "GET /placement/allocations/e61901ed-3e44-4ff3-b70b-7a1ffc61275e" {{(pid=93585) __call__ /opt/stack/placement/placement/requestlog.py:55}}
May 20 07:42:02.804465 n-d-780147-4 devstack@placement-api.service[93585]: INFO placement.requestlog [req-840b8c4f-1eb9-450b-967e-c0d55fba4434 req-167fa3ce-100d-46f5-ba90-7a623a261d4a service placement] 10.222.0.84 "GET /placement/allocations/e61901ed-3e44-4ff3-b70b-7a1ffc61275e" status: 200 len: 259 microversion: 1.28
May 20 07:42:02.805207 n-d-780147-4 devstack@placement-api.service[93585]: [pid: 93585|app: 0|req: 128/250] 10.222.0.84 () {60 vars in 1378 bytes} [Thu May 20 07:42:02 2021] GET /placement/allocations/e61901ed-3e44-4ff3-b70b-7a1ffc61275e => generated 259 bytes in 29 msecs (HTTP/1.1 200) 8 headers in 296 bytes (1 switches on core 0)
May 20 07:42:02.813870 n-d-780147-4 devstack@placement-api.service[93585]: DEBUG placement.requestlog [req-840b8c4f-1eb9-450b-967e-c0d55fba4434 req-c23f3dc3-971e-406b-8533-a8737a006b61 None None] Starting request: 10.222.0.84 "PUT /placement/allocations/e61901ed-3e44-4ff3-b70b-7a1ffc61275e" {{(pid=93585) __call__ /opt/stack/placement/placement/requestlog.py:55}}
May 20 07:42:02.860280 n-d-780147-4 devstack@placement-api.service[93586]: DEBUG placement.handlers.allocation [req-cc887987-2608-4c49-8444-5c5c9c12c0f2 req-691e1d5e-7e96-4c45-96a9-70f84da65d05 service placement] Successfully wrote allocations [, , ] {{(pid=93586) _create_allocations /opt/stack/placement/placement/handlers/allocation.py:435}}
May 20 07:42:02.861331 n-d-780147-4 devstack@placement-api.service[93586]: INFO placement.requestlog [req-cc887987-2608-4c49-8444-5c5c9c12c0f2 req-691e1d5e-7e96-4c45-96a9-70f84da65d05 service placement] 10.222.0.79 "PUT /placement/allocations/7bd515c0-12db-4964-9dd7-33beed27ba5b" status: 204 len: 0 microversion: 1.35
May 20 07:42:02.861770 n-d-780147-4 devstack@placement-api.service[93586]: [pid: 93586|app: 0|req: 123/251] 10.222.0.79 () {64 vars in 1433 bytes} [Thu May 20 07:42:02 2021] PUT /placement/allocations/7bd515c0-12db-4964-9dd7-33beed27ba5b => generated 0 bytes in 489 msecs (HTTP/1.1 204) 5 headers in 199 bytes (1 switches on core 0)
May 20 07:42:02.933111 n-d-780147-4 devstack@placement-api.service[93585]: DEBUG placement.handlers.allocation [req-840b8c4f-1eb9-450b-967e-c0d55fba4434 req-c23f3dc3-971e-406b-8533-a8737a006b61 service placement] Successfully wrote allocations [, , ] {{(pid=93585) _create_allocations /opt/stack/placement/placement/handlers/allocation.py:435}}
May 20 07:42:02.933693 n-d-780147-4 devstack@placement-api.service[93585]: INFO placement.requestlog [req-840b8c4f-1eb9-450b-967e-c0d55fba4434 req-c23f3dc3-971e-406b-8533-a8737a006b61 service placement] 10.222.0.84 "PUT /placement/allocations/e61901ed-3e44-4ff3-b70b-7a1ffc61275e" status: 204 len: 0 microversion: 1.28
May 20 07:42:02.933959 n-d-780147-4 devstack@placement-api.service[93585]: [pid: 93585|app: 0|req: 129/252] 10.222.0.84 () {64 vars in 1431 bytes} [Thu May 20 07:42:02 2021] PUT /placement/allocations/e61901ed-3e44-4ff3-b70b-7a1ffc61275e => generated 0 bytes in 120 msecs (HTTP/1.1 204) 5 headers in 199 bytes (1 switches on core 0)
May 20 07:42:04.117166 n-d-780147-4 devstack@placement-api.service[93586]: DEBUG placement.requestlog [req-cc887987-2608-4c49-8444-5c5c9c12c0f2 req-85a0bf7d-41c1-4e49-a20d-29e34dd8a810 None None] Starting request: 10.222.0.81 "GET /placement/allocations/7bd515c0-12db-4964-9dd7-33beed27ba5b" {{(pid=93586) __call__ /opt/stack/placement/placement/requestlog.py:55}}
May 20 07:42:04.134117 n-d-780147-4 devstack@placement-api.service[93586]: INFO placement.requestlog [req-cc887987-2608-4c49-8444-5c5c9c12c0f2 req-85a0bf7d-41c1-4e49-a20d-29e34dd8a810 service placement] 10.222.0.81 "GET /placement/allocations/7bd515c0-12db-4964-9dd7-33beed27ba5b" status: 200 len: 259 microversion: 1.28
May 20 07:42:04.134117 n-d-780147-4 devstack@placement-api.service[93586]: [pid: 93586|app: 0|req: 124/253] 10.222.0.81 () {60 vars in 1378 bytes} [Thu May 20 07:42:04 2021] GET /placement/allocations/7bd515c0-12db-4964-9dd7-33beed27ba5b => generated 259 bytes in 16 msecs (HTTP/1.1 200) 8 headers in 296 bytes (1 switches on core 0)
May 20 07:42:09.021922 n-d-780147-4 devstack@placement-api.service[93585]: DEBUG placement.requestlog [req-70dcd00b-0c3a-49a9-a9e5-a27c4724ba15 req-3d8bb598-dd0c-450f-9acd-f4ce063edf86 None None] Starting request: 10.222.0.79 "GET /placement/allocation_candidates?limit=1000&resources=DISK_GB%3A1%2CMEMORY_MB%3A1024%2CVCPU%3A1&root_required=%21COMPUTE_STATUS_DISABLED" {{(pid=93585) __call__ /opt/stack/placement/placement/requestlog.py:55}}
May 20 07:42:09.054486 n-d-780147-4 devstack@placement-api.service[93585]: DEBUG placement.objects.research_context [req-70dcd00b-0c3a-49a9-a9e5-a27c4724ba15 req-3d8bb598-dd0c-450f-9acd-f4ce063edf86 service placement] getting providers with 1 DISK_GB {{(pid=93585) __init__ /opt/stack/placement/placement/objects/research_context.py:126}}
May 20 07:42:09.068835 n-d-780147-4 devstack@placement-api.service[93585]: DEBUG placement.objects.research_context [req-70dcd00b-0c3a-49a9-a9e5-a27c4724ba15 req-3d8bb598-dd0c-450f-9acd-f4ce063edf86 service placement] getting providers with 1024 MEMORY_MB {{(pid=93585) __init__ /opt/stack/placement/placement/objects/research_context.py:126}}
May 20 07:42:09.077244 n-d-780147-4 devstack@placement-api.service[93585]: DEBUG placement.objects.research_context [req-70dcd00b-0c3a-49a9-a9e5-a27c4724ba15 req-3d8bb598-dd0c-450f-9acd-f4ce063edf86 service placement] getting providers with 1 VCPU {{(pid=93585) __init__ /opt/stack/placement/placement/objects/research_context.py:126}}
May 20 07:42:09.092968 n-d-780147-4 devstack@placement-api.service[93585]: DEBUG placement.objects.research_context [req-70dcd00b-0c3a-49a9-a9e5-a27c4724ba15 req-3d8bb598-dd0c-450f-9acd-f4ce063edf86 service placement] found 2 providers with available 1 DISK_GB {{(pid=93585) get_provider_ids_matching /opt/stack/placement/placement/objects/research_context.py:549}}
