May 20 07:28:30.017220 n-d-780147-4 devstack@placement-api.service[93586]: DEBUG placement.objects.trait [-] Synced traits from os_traits into API DB: {'COMPUTE_GRAPHICS_MODEL_NONE', 'HW_NIC_OFFLOAD_TCS', 'HW_CPU_AARCH64_ASIMDRDM', 'HW_GPU_API_DIRECT2D', 'COMPUTE_NET_ATTACH_INTERFACE', 'HW_CPU_X86_SGX', 'COMPUTE_VOLUME_ATTACH_WITH_TAG', 'HW_GPU_RESOLUTION_W2560H1600', 'HW_NIC_OFFLOAD_LSO', 'HW_GPU_API_OPENGL_V1_3', 'HW_CPU_X86_AMD_SVM', 'HW_NIC_SRIOV', 'HW_GPU_RESOLUTION_W3840H2160', 'HW_GPU_MAX_DISPLAY_HEADS_1', 'HW_NIC_OFFLOAD_RXHASH', 'HW_GPU_API_DIRECT3D_V8_1', 'HW_NIC_SRIOV_TRUSTED', 'HW_CPU_X86_SSE42', 'COMPUTE_NET_VIF_MODEL_LAN9118', 'HW_NIC_OFFLOAD_RDMA', 'HW_CPU_X86_AMD_VIRT_SSBD', 'HW_CPU_X86_ABM', 'HW_CPU_X86_AVX512F', 'HW_CPU_X86_INTEL_MD_CLEAR', 'HW_GPU_RESOLUTION_W1920H1200', 'HW_GPU_API_DIRECT3D_V12_0', 'HW_GPU_MAX_DISPLAY_HEADS_6', 'HW_NIC_ACCEL_RSA', 'COMPUTE_NET_VIF_MODEL_VIRTIO', 'HW_CPU_X86_ASF', 'COMPUTE_IMAGE_TYPE_ISO', 'HW_GPU_API_OPENGL_V2_1', 'HW_GPU_API_DIRECT3D_V7_0', 'HW_CPU_AARCH64_DCPOP', 'HW_CPU_AARCH64_PMULL', 'HW_GPU_API_OPENGL_V1_4', 'COMPUTE_STATUS_DISABLED', 'COMPUTE_SECURITY_TPM_2_0', 'COMPUTE_MIGRATE_AUTO_CONVERGE', 'HW_CPU_X86_INTEL_VMX', 'HW_NIC_OFFLOAD_TSO', 'HW_CPU_X86_AVX512PF', 'HW_GPU_CUDA_COMPUTE_CAPABILITY_V1_0', 'HW_NIC_OFFLOAD_UCS', 'HW_CPU_AARCH64_JSCVT', 'HW_GPU_API_OPENGL_V4_3', 'HW_NIC_VMDQ', 'COMPUTE_NET_VIF_MODEL_E1000E', 'HW_CPU_X86_SSE2', 'HW_GPU_API_OPENCL_V1_1', 'HW_CPU_X86_MPX', 'HW_GPU_CUDA_COMPUTE_CAPABILITY_V1_1', 'HW_NIC_ACCEL_DIFFIEH', 'HW_NIC_OFFLOAD_RX', 'HW_CPU_AARCH64_FPHP', 'HW_NIC_ACCEL_LZS', 'COMPUTE_IMAGE_TYPE_VHDX', 'HW_NIC_SRIOV_MULTIQUEUE', 'HW_NIC_ACCEL_DEFLATE', 'COMPUTE_GRAPHICS_MODEL_XEN', 'HW_GPU_API_OPENGL_V4_0', 'COMPUTE_MIGRATE_POST_COPY', 'HW_GPU_API_DIRECT3D_V6_0', 'HW_GPU_MAX_DISPLAY_HEADS_4', 'MISC_SHARES_VIA_AGGREGATE', 'HW_CPU_AARCH64_LRCPC', 'HW_GPU_API_DIRECT3D_V11_3', 'HW_GPU_RESOLUTION_W1280H1024', 'COMPUTE_GRAPHICS_MODEL_CIRRUS', 'COMPUTE_STORAGE_BUS_LXC', 'HW_GPU_CUDA_COMPUTE_CAPABILITY_V5_2', 'HW_NIC_OFFLOAD_GRO', 'HW_CPU_X86_MMX', 'HW_CPU_X86_AVX512BW', 'HW_GPU_API_VULKAN', 'COMPUTE_IMAGE_TYPE_QCOW2', 'HW_NIC_SRIOV_QOS_TX', 'HW_GPU_API_OPENGL_V4_2', 'HW_GPU_CUDA_COMPUTE_CAPABILITY_V6_0', 'COMPUTE_SECURITY_UEFI_SECURE_BOOT', 'COMPUTE_EPHEMERAL_ENCRYPTION_LUKSV2', 'HW_CPU_AARCH64_SHA2', 'HW_GPU_CUDA_SDK_V8_0', 'HW_NIC_OFFLOAD_GSO', 'COMPUTE_STORAGE_BUS_IDE', 'HW_CPU_AARCH64_CRC32', 'HW_GPU_CUDA_COMPUTE_CAPABILITY_V3_5', 'COMPUTE_NET_VIF_MODEL_PCNET', 'HW_GPU_API_OPENGL_V4_1', 'COMPUTE_STORAGE_BUS_UML', 'HW_GPU_CUDA_COMPUTE_CAPABILITY_V3_7', 'COMPUTE_NET_VIF_MODEL_VMXNET3', 'COMPUTE_IMAGE_TYPE_RAW', 'HW_CPU_AARCH64_SM4', 'HW_CPU_X86_SSSE3', 'HW_NIC_OFFLOAD_LRO', 'COMPUTE_STORAGE_BUS_USB', 'HW_CPU_X86_CLMUL', 'COMPUTE_GRAPHICS_MODEL_GOP', 'HW_CPU_AARCH64_AES', 'HW_CPU_X86_STIBP', 'HW_CPU_AMD_SEV', 'HW_CPU_X86_AVX512VPOPCNTDQ', 'COMPUTE_NET_VIF_MODEL_VMXNET', 'HW_CPU_X86_AVX512GFNI', 'HW_GPU_API_OPENCL_V2_1', 'HW_GPU_API_OPENGL_V3_3', 'HW_GPU_CUDA_COMPUTE_CAPABILITY_V1_2', 'HW_GPU_RESOLUTION_W640H480', 'HW_GPU_RESOLUTION_W1280H720', 'HW_GPU_API_DIRECT3D_V10_0', 'HW_NIC_ACCEL_TLS', 'HW_GPU_API_OPENCL_V2_0', 'HW_GPU_CUDA_SDK_V6_5', 'COMPUTE_GRAPHICS_MODEL_VGA', 'COMPUTE_NET_VIF_MODEL_E1000', 'HW_GPU_API_DIRECT3D_V9_0L', 'COMPUTE_VOLUME_EXTEND', 'HW_GPU_CUDA_SDK_V9_0', 'HW_CPU_AARCH64_CPUID', 'HW_GPU_RESOLUTION_W1280H768', 'HW_GPU_API_DIRECT3D_V10_1', 'COMPUTE_SECURITY_TPM_1_2', 'HW_GPU_API_OPENCL_V1_2', 'COMPUTE_VOLUME_MULTI_ATTACH', 'HW_GPU_API_OPENCL_V1_0', 'HW_NIC_OFFLOAD_RXVLAN', 'HW_NIC_DCB_ETS', 'HW_CPU_X86_TBM', 'HW_NIC_OFFLOAD_SWITCHDEV', 'HW_GPU_RESOLUTION_W1024H600', 'HW_GPU_RESOLUTION_W1440H900', 'HW_CPU_X86_AVX512IFMA', 'HW_GPU_RESOLUTION_W1600H1200', 'HW_NIC_OFFLOAD_SG', 'HW_NIC_ACCEL_ECC', 'HW_NIC_MULTIQUEUE', 'HW_GPU_RESOLUTION_W7680H4320', 'HW_GPU_API_OPENGL_V1_5', 'HW_GPU_CUDA_SDK_V9_2', 'COMPUTE_STORAGE_BUS_SCSI', 'HW_GPU_CUDA_COMPUTE_CAPABILITY_V2_1', 'HW_NIC_OFFLOAD_GRE', 'COMPUTE_IMAGE_TYPE_VDI', 'COMPUTE_GRAPHICS_MODEL_VMVGA', 'COMPUTE_ACCELERATORS', 'HW_GPU_API_DIRECT3D_V11_1', 'HW_NIC_OFFLOAD_UFO', 'HW_NIC_OFFLOAD_QINQ', 'HW_GPU_CUDA_COMPUTE_CAPABILITY_V2_0', 'HW_GPU_RESOLUTION_W1920H1080', 'HW_CPU_AARCH64_ATOMICS', 'HW_CPU_AARCH64_FP', 'HW_CPU_X86_VMX', 'COMPUTE_DEVICE_TAGGING', 'COMPUTE_SOCKET_PCI_NUMA_AFFINITY', 'HW_CPU_AARCH64_SHA512', 'HW_CPU_X86_AMD_IBPB', 'HW_GPU_API_OPENGL_V3_1', 'HW_NIC_DCB_PFC', 'HW_GPU_API_DIRECT3D_V8_0', 'HW_CPU_X86_AESNI', 'COMPUTE_EPHEMERAL_ENCRYPTION_PLAIN', 'HW_NIC_OFFLOAD_TXUDP', 'HW_CPU_X86_SSE3', 'HW_GPU_API_DIRECT3D_V9_0C', 'COMPUTE_NET_VIF_MODEL_NETFRONT', 'HW_NIC_OFFLOAD_TX', 'HW_GPU_CUDA_SDK_V7_5', 'COMPUTE_RESCUE_BFV', 'HW_CPU_X86_BMI', 'HW_CPU_X86_BMI2', 'HW_NIC_OFFLOAD_L2CRC', 'COMPUTE_IMAGE_TYPE_PLOOP', 'HW_GPU_CUDA_COMPUTE_CAPABILITY_V3_2', 'HW_CPU_PPC64LE_POWER9', 'COMPUTE_STORAGE_BUS_XEN', 'HW_CPU_X86_PDPE1GB', 'HW_GPU_CUDA_SDK_V9_1', 'HW_NIC_OFFLOAD_FDF', 'COMPUTE_NET_ATTACH_INTERFACE_WITH_TAG', 'HW_CPU_X86_TSX', 'HW_GPU_RESOLUTION_W320H240', 'HW_CPU_HYPERTHREADING', 'HW_GPU_RESOLUTION_W1280H800', 'HW_GPU_RESOLUTION_W1360H768', 'COMPUTE_IMAGE_TYPE_VHD', 'HW_CPU_X86_AVX2', 'HW_GPU_CUDA_COMPUTE_CAPABILITY_V1_3', 'HW_GPU_MAX_DISPLAY_HEADS_2', 'HW_CPU_AARCH64_SVE', 'HW_CPU_AARCH64_ASIMD', 'HW_CPU_AARCH64_ASIMDDP', 'HW_CPU_X86_SSE41', 'HW_GPU_CUDA_COMPUTE_CAPABILITY_V6_2', 'STORAGE_DISK_SSD', 'HW_NIC_SRIOV_QOS_RX', 'HW_CPU_AARCH64_SHA1', 'HW_NIC_PROGRAMMABLE_PIPELINE', 'COMPUTE_EPHEMERAL_ENCRYPTION_LUKS', 'HW_GPU_API_OPENGL_V1_2', 'HW_GPU_RESOLUTION_W2560H1440', 'HW_GPU_API_DIRECTX_V12', 'HW_GPU_API_DIRECTX_V11', 'HW_GPU_API_DIRECT3D_V11_2', 'HW_GPU_CUDA_COMPUTE_CAPABILITY_V3_0', 'HW_NIC_OFFLOAD_VXLAN', 'HW_CPU_X86_SVM', 'HW_CPU_PPC64LE_POWER8', 'HW_NIC_ACCEL_IPSEC', 'HW_CPU_X86_AMD_SEV', 'HW_GPU_API_DIRECTX_V10', 'HW_NIC_DCB_QCN', 'HW_GPU_RESOLUTION_W1024H768', 'HW_NIC_OFFLOAD_GENEVE', 'HW_CPU_X86_FMA4', 'COMPUTE_EPHEMERAL_ENCRYPTION', 'HW_GPU_API_OPENGL_V4_4', 'HW_CPU_X86_SSE', 'HW_CPU_X86_AVX512VPCLMULQDQ', 'HW_CPU_X86_AMD_SSBD', 'HW_GPU_RESOLUTION_W1680H1050', 'COMPUTE_SAME_HOST_COLD_MIGRATE', 'HW_GPU_API_OPENGL_V2_0', 'HW_NIC_OFFLOAD_SCS', 'HW_CPU_X86_AVX512DQ', 'HW_GPU_API_OPENGL_V1_1', 'HW_NUMA_ROOT', 'HW_GPU_CUDA_COMPUTE_CAPABILITY_V7_1', 'HW_GPU_RESOLUTION_W800H600', 'HW_CPU_AARCH64_SHA3', 'HW_GPU_API_DIRECT3D_V9_0B', 'HW_CPU_X86_AVX512ER', 'HW_CPU_X86_SHA', 'COMPUTE_NET_VIF_MODEL_SPAPR_VLAN', 'HW_CPU_X86_AVX512VL', 'COMPUTE_STORAGE_BUS_FDC', 'HW_GPU_RESOLUTION_W1366H768', 'HW_GPU_CUDA_COMPUTE_CAPABILITY_V5_0', 'COMPUTE_STORAGE_BUS_VIRTIO', 'HW_GPU_RESOLUTION_W1600H900', 'HW_CPU_X86_INTEL_SPEC_CTRL', 'COMPUTE_GRAPHICS_MODEL_VIRTIO', 'HW_GPU_API_OPENGL_V3_2', 'HW_GPU_CUDA_COMPUTE_CAPABILITY_V7_2', 'HW_GPU_API_DIRECT3D_V11_0', 'HW_CPU_X86_AMD_NO_SSB', 'HW_NIC_ACCEL_SSL', 'HW_CPU_AARCH64_ASIMDHP', 'HW_CPU_X86_AVX512CD', 'COMPUTE_IMAGE_TYPE_VMDK', 'COMPUTE_STORAGE_BUS_SATA', 'STORAGE_DISK_HDD', 'COMPUTE_NET_VIF_MODEL_NE2K_PCI', 'COMPUTE_VOLUME_ATTACH', 'HW_GPU_MAX_DISPLAY_HEADS_8', 'HW_GPU_API_OPENGL_V4_5', 'COMPUTE_TRUSTED_CERTS', 'HW_CPU_X86_AVX512VBMI', 'HW_CPU_X86_3DNOW', 'HW_CPU_X86_AVX512VAES', 'HW_CPU_X86_SSE4A', 'HW_GPU_API_OPENCL_V2_2', 'HW_CPU_X86_AVX512VNNI', 'HW_CPU_AARCH64_FCMA', 'HW_GPU_CUDA_SDK_V10_0', 'HW_CPU_X86_AVX512BITALG', 'HW_CPU_X86_AVX', 'HW_CPU_X86_INTEL_PCID', 'HW_CPU_X86_INTEL_SSBD', 'COMPUTE_IMAGE_TYPE_AMI', 'HW_GPU_API_DIRECT3D_V9_0', 'HW_CPU_AARCH64_SM3', 'HW_CPU_AARCH64_EVTSTRM', 'HW_CPU_X86_FMA3', 'COMPUTE_IMAGE_TYPE_AKI', 'HW_NIC_OFFLOAD_TXVLAN', 'HW_GPU_API_DXVA', 'COMPUTE_IMAGE_TYPE_ARI', 'HW_GPU_API_OPENGL_V3_0', 'COMPUTE_NET_VIF_MODEL_RTL8139', 'HW_GPU_CUDA_COMPUTE_CAPABILITY_V7_0', 'HW_GPU_RESOLUTION_W1152H864', 'COMPUTE_GRAPHICS_MODEL_QXL', 'HW_GPU_CUDA_COMPUTE_CAPABILITY_V6_1', 'HW_GPU_CUDA_COMPUTE_CAPABILITY_V5_3', 'HW_CPU_X86_F16C', 'HW_CPU_X86_AVX512VBMI2', 'HW_CPU_X86_XOP', 'COMPUTE_NODE', 'COMPUTE_NET_VIF_MODEL_SRIOV'} {{(pid=93586) _trait_sync /opt/stack/placement/placement/objects/trait.py:286}}
May 20 07:28:30.075637 n-d-780147-4 devstack@placement-api.service[93585]: DEBUG oslo_db.api [-] DB error: (pymysql.err.OperationalError) (1213, 'Deadlock found when trying to get lock; try restarting transaction')
May 20 07:28:30.075637 n-d-780147-4 devstack@placement-api.service[93585]: [SQL: INSERT INTO traits (created_at, name) VALUES (%(created_at)s, %(name)s)]
May 20 07:28:30.075637 n-d-780147-4 devstack@placement-api.service[93585]: [parameters: ({'created_at': datetime.datetime(2021, 5, 20, 7, 28, 29, 996571), 'name': 'COMPUTE_GRAPHICS_MODEL_NONE'}, {'created_at': datetime.datetime(2021, 5, 20, 7, 28, 29, 996579), 'name': 'HW_NIC_OFFLOAD_TCS'}, {'created_at': datetime.datetime(2021, 5, 20, 7, 28, 29, 996582), 'name': 'HW_CPU_AARCH64_ASIMDRDM'}, {'created_at': datetime.datetime(2021, 5, 20, 7, 28, 29, 996586), 'name': 'HW_GPU_API_DIRECT2D'}, {'created_at': datetime.datetime(2021, 5, 20, 7, 28, 29, 996589), 'name': 'COMPUTE_NET_ATTACH_INTERFACE'}, {'created_at': datetime.datetime(2021, 5, 20, 7, 28, 29, 996592), 'name': 'HW_CPU_X86_SGX'}, {'created_at': datetime.datetime(2021, 5, 20, 7, 28, 29, 996596), 'name': 'COMPUTE_VOLUME_ATTACH_WITH_TAG'}, {'created_at': datetime.datetime(2021, 5, 20, 7, 28, 29, 996673), 'name': 'HW_GPU_RESOLUTION_W2560H1600'} ... displaying 10 of 291 total bound parameter sets ... {'created_at': datetime.datetime(2021, 5, 20, 7, 28, 29, 997709), 'name': 'COMPUTE_NODE'}, {'created_at': datetime.datetime(2021, 5, 20, 7, 28, 29, 997712), 'name': 'COMPUTE_NET_VIF_MODEL_SRIOV'})]
May 20 07:28:30.075637 n-d-780147-4 devstack@placement-api.service[93585]: (Background on this error at: http://sqlalche.me/e/13/e3q8) {{(pid=93585) _is_exception_expected /usr/local/lib/python3.8/dist-packages/oslo_db/api.py:184}}
May 20 07:28:30.076047 n-d-780147-4 devstack@placement-api.service[93585]: DEBUG oslo_db.api [-] Performing DB retry for function placement.objects.trait._trait_sync {{(pid=93585) wrapper /usr/local/lib/python3.8/dist-packages/oslo_db/api.py:155}}
May 20 07:28:30.111134 n-d-780147-4 devstack@placement-api.service[93586]: DEBUG oslo_concurrency.lockutils [-] Releasing lock "trait_sync" {{(pid=93586) lock /usr/local/lib/python3.8/dist-packages/oslo_concurrency/lockutils.py:282}}
May 20 07:28:30.111394 n-d-780147-4 devstack@placement-api.service[93586]: DEBUG oslo_concurrency.lockutils [-] Acquired lock "resource_classes_sync" {{(pid=93586) lock /usr/local/lib/python3.8/dist-packages/oslo_concurrency/lockutils.py:266}}
May 20 07:28:30.114819 n-d-780147-4 devstack@placement-api.service[93586]: DEBUG placement.objects.resource_class [-] Found existing resource classes in db: [] {{(pid=93586) _resource_classes_sync /opt/stack/placement/placement/objects/resource_class.py:228}}
May 20 07:28:30.117623 n-d-780147-4 devstack@placement-api.service[93586]: DEBUG placement.objects.resource_class [-] Synced resource_classes from os_resource_classes: [{'name': 'VCPU', 'id': 0}, {'name': 'MEMORY_MB', 'id': 1}, {'name': 'DISK_GB', 'id': 2}, {'name': 'PCI_DEVICE', 'id': 3}, {'name': 'SRIOV_NET_VF', 'id': 4}, {'name': 'NUMA_SOCKET', 'id': 5}, {'name': 'NUMA_CORE', 'id': 6}, {'name': 'NUMA_THREAD', 'id': 7}, {'name': 'NUMA_MEMORY_MB', 'id': 8}, {'name': 'IPV4_ADDRESS', 'id': 9}, {'name': 'VGPU', 'id': 10}, {'name': 'VGPU_DISPLAY_HEAD', 'id': 11}, {'name': 'NET_BW_EGR_KILOBIT_PER_SEC', 'id': 12}, {'name': 'NET_BW_IGR_KILOBIT_PER_SEC', 'id': 13}, {'name': 'PCPU', 'id': 14}, {'name': 'MEM_ENCRYPTION_CONTEXT', 'id': 15}, {'name': 'FPGA', 'id': 16}, {'name': 'PGPU', 'id': 17}] {{(pid=93586) _resource_classes_sync /opt/stack/placement/placement/objects/resource_class.py:245}}
May 20 07:28:30.219976 n-d-780147-4 devstack@placement-api.service[93586]: DEBUG oslo_concurrency.lockutils [-] Releasing lock "resource_classes_sync" {{(pid=93586) lock /usr/local/lib/python3.8/dist-packages/oslo_concurrency/lockutils.py:282}}
May 20 07:28:30.220140 n-d-780147-4 devstack@placement-api.service[93586]: WSGI app 0 (mountpoint='') ready in 3 seconds on interpreter 0x55b5f60ae9c0 pid: 93586 (default app)
May 20 07:28:30.221540 n-d-780147-4 devstack@placement-api.service[93586]: DEBUG placement.requestlog [None req-74733095-edfc-4928-b482-095321048637 None None] Starting request: 10.222.0.79 "GET /placement/" {{(pid=93586) __call__ /opt/stack/placement/placement/requestlog.py:55}}
May 20 07:28:30.236436 n-d-780147-4 devstack@placement-api.service[93586]: INFO placement.requestlog [None req-74733095-edfc-4928-b482-095321048637 None None] 10.222.0.79 "GET /placement/" status: 200 len: 136 microversion: 1.0
May 20 07:28:30.240169 n-d-780147-4 devstack@placement-api.service[93586]: [pid: 93586|app: 0|req: 1/1] 10.222.0.79 () {50 vars in 776 bytes} [Thu May 20 07:28:30 2021] GET /placement => generated 136 bytes in 16 msecs (HTTP/1.1 200) 6 headers in 224 bytes (1 switches on core 0)
May 20 07:28:31.086109 n-d-780147-4 devstack@placement-api.service[93585]: DEBUG oslo_concurrency.lockutils [-] Releasing lock "trait_sync" {{(pid=93585) lock /usr/local/lib/python3.8/dist-packages/oslo_concurrency/lockutils.py:282}}
May 20 07:28:31.086611 n-d-780147-4 devstack@placement-api.service[93585]: DEBUG oslo_concurrency.lockutils [-] Acquired lock "resource_classes_sync" {{(pid=93585) lock /usr/local/lib/python3.8/dist-packages/oslo_concurrency/lockutils.py:266}}
May 20 07:28:31.088937 n-d-780147-4 devstack@placement-api.service[93585]: DEBUG placement.objects.resource_class [-] Found existing resource classes in db: ['DISK_GB', 'FPGA', 'IPV4_ADDRESS', 'MEMORY_MB', 'MEM_ENCRYPTION_CONTEXT', 'NET_BW_EGR_KILOBIT_PER_SEC', 'NET_BW_IGR_KILOBIT_PER_SEC', 'NUMA_CORE', 'NUMA_MEMORY_MB', 'NUMA_SOCKET', 'NUMA_THREAD', 'PCI_DEVICE', 'PCPU', 'PGPU', 'SRIOV_NET_VF', 'VCPU', 'VGPU', 'VGPU_DISPLAY_HEAD'] {{(pid=93585) _resource_classes_sync /opt/stack/placement/placement/objects/resource_class.py:228}}
May 20 07:28:31.089759 n-d-780147-4 devstack@placement-api.service[93585]: DEBUG oslo_concurrency.lockutils [-] Releasing lock "resource_classes_sync" {{(pid=93585) lock /usr/local/lib/python3.8/dist-packages/oslo_concurrency/lockutils.py:282}}
May 20 07:28:31.089928 n-d-780147-4 devstack@placement-api.service[93585]: WSGI app 0 (mountpoint='') ready in 4 seconds on interpreter 0x55b5f60ae9c0 pid: 93585 (default app)
May 20 07:29:32.409262 n-d-780147-4 devstack@placement-api.service[93586]: DEBUG placement.requestlog [None req-ca9d90bd-dad9-4f39-8ec2-d47b1db2abce None None] Starting request: 10.222.0.79 "GET /placement/" {{(pid=93586) __call__ /opt/stack/placement/placement/requestlog.py:55}}
May 20 07:29:32.410249 n-d-780147-4 devstack@placement-api.service[93586]: INFO placement.requestlog [None req-ca9d90bd-dad9-4f39-8ec2-d47b1db2abce None None] 10.222.0.79 "GET /placement/" status: 200 len: 136 microversion: 1.0
May 20 07:29:32.415189 n-d-780147-4 devstack@placement-api.service[93586]: [pid: 93586|app: 0|req: 2/2] 10.222.0.79 () {54 vars in 915 bytes} [Thu May 20 07:29:32 2021] GET /placement => generated 136 bytes in 6 msecs (HTTP/1.1 200) 6 headers in 224 bytes (1 switches on core 0)
May 20 07:29:32.821660 n-d-780147-4 devstack@placement-api.service[93585]: DEBUG placement.requestlog [None req-d291f07d-bfda-4b06-a315-a24a680d0522 None None] Starting request: 10.222.0.79 "GET /placement/" {{(pid=93585) __call__ /opt/stack/placement/placement/requestlog.py:55}}
May 20 07:29:32.839777 n-d-780147-4 devstack@placement-api.service[93585]: INFO placement.requestlog [None req-d291f07d-bfda-4b06-a315-a24a680d0522 None None] 10.222.0.79 "GET /placement/" status: 200 len: 136 microversion: 1.0
May 20 07:29:32.852172 n-d-780147-4 devstack@placement-api.service[93585]: [pid: 93585|app: 0|req: 1/3] 10.222.0.79 () {54 vars in 915 bytes} [Thu May 20 07:29:32 2021] GET /placement => generated 136 bytes in 31 msecs (HTTP/1.1 200) 6 headers in 224 bytes (1 switches on core 0)
May 20 07:29:36.936947 n-d-780147-4 devstack@placement-api.service[93586]: DEBUG placement.requestlog [None req-5b0573cb-0148-49a1-bd07-28e0f7d5a98e None None] Starting request: 10.222.0.79 "GET /placement/" {{(pid=93586) __call__ /opt/stack/placement/placement/requestlog.py:55}}
May 20 07:29:36.938504 n-d-780147-4 devstack@placement-api.service[93586]: INFO placement.requestlog [None req-5b0573cb-0148-49a1-bd07-28e0f7d5a98e None None] 10.222.0.79 "GET /placement/" status: 200 len: 136 microversion: 1.0
May 20 07:29:36.938846 n-d-780147-4 devstack@placement-api.service[93586]: [pid: 93586|app: 0|req: 3/4] 10.222.0.79 () {54 vars in 915 bytes} [Thu May 20 07:29:36 2021] GET /placement => generated 136 bytes in 2 msecs (HTTP/1.1 200) 6 headers in 224 bytes (1 switches on core 0)
May 20 07:29:38.333269 n-d-780147-4 devstack@placement-api.service[93585]: DEBUG placement.requestlog [None req-caaa982f-4f24-4690-bf40-551437300a59 None None] Starting request: 10.222.0.79 "GET /placement/" {{(pid=93585) __call__ /opt/stack/placement/placement/requestlog.py:55}}
May 20 07:29:38.334284 n-d-780147-4 devstack@placement-api.service[93585]: INFO placement.requestlog [None req-caaa982f-4f24-4690-bf40-551437300a59 None None] 10.222.0.79 "GET /placement/" status: 200 len: 136 microversion: 1.0
May 20 07:29:38.334485 n-d-780147-4 devstack@placement-api.service[93585]: [pid: 93585|app: 0|req: 2/5] 10.222.0.79 () {54 vars in 915 bytes} [Thu May 20 07:29:38 2021] GET /placement => generated 136 bytes in 1 msecs (HTTP/1.1 200) 6 headers in 224 bytes (1 switches on core 0)
May 20 07:30:51.117413 n-d-780147-4 devstack@placement-api.service[93586]: DEBUG placement.requestlog [None req-dd5cf867-2aef-4516-8b35-d61931d0ef2d None None] Starting request: 10.222.0.79 "GET /placement//" {{(pid=93586) __call__ /opt/stack/placement/placement/requestlog.py:55}}
May 20 07:30:51.118428 n-d-780147-4 devstack@placement-api.service[93586]: INFO placement.requestlog [None req-dd5cf867-2aef-4516-8b35-d61931d0ef2d None None] 10.222.0.79 "GET /placement//" status: 200 len: 136 microversion: 1.0
May 20 07:30:51.118605 n-d-780147-4 devstack@placement-api.service[93586]: [pid: 93586|app: 0|req: 4/6] 10.222.0.79 () {56 vars in 1106 bytes} [Thu May 20 07:30:51 2021] GET /placement/ => generated 136 bytes in 1 msecs (HTTP/1.1 200) 6 headers in 224 bytes (1 switches on core 0)
May 20 07:36:24.529952 n-d-780147-4 devstack@placement-api.service[93585]: DEBUG placement.requestlog [None req-e5b41219-b4ca-446e-a8ce-b7fd9f051a2a None None] Starting request: 10.222.0.81 "GET /placement/" {{(pid=93585) __call__ /opt/stack/placement/placement/requestlog.py:55}}
May 20 07:36:24.530922 n-d-780147-4 devstack@placement-api.service[93585]: INFO placement.requestlog [None req-e5b41219-b4ca-446e-a8ce-b7fd9f051a2a None None] 10.222.0.81 "GET /placement/" status: 200 len: 136 microversion: 1.0
May 20 07:36:24.531100 n-d-780147-4 devstack@placement-api.service[93585]: [pid: 93585|app: 0|req: 3/7] 10.222.0.81 () {54 vars in 913 bytes} [Thu May 20 07:36:24 2021] GET /placement => generated 136 bytes in 1 msecs (HTTP/1.1 200) 6 headers in 224 bytes (1 switches on core 0)
May 20 07:36:26.901105 n-d-780147-4 devstack@placement-api.service[93586]: DEBUG placement.requestlog [None req-82d895dd-a9ad-41de-b76a-5ae48cce6ca9 None None] Starting request: 10.222.0.84 "GET /placement/" {{(pid=93586) __call__ /opt/stack/placement/placement/requestlog.py:55}}
May 20 07:36:26.902277 n-d-780147-4 devstack@placement-api.service[93586]: INFO placement.requestlog [None req-82d895dd-a9ad-41de-b76a-5ae48cce6ca9 None None] 10.222.0.84 "GET /placement/" status: 200 len: 136 microversion: 1.0
May 20 07:36:26.902492 n-d-780147-4 devstack@placement-api.service[93586]: [pid: 93586|app: 0|req: 5/8] 10.222.0.84 () {54 vars in 913 bytes} [Thu May 20 07:36:26 2021] GET /placement => generated 136 bytes in 2 msecs (HTTP/1.1 200) 6 headers in 224 bytes (1 switches on core 0)
May 20 07:36:27.867400 n-d-780147-4 devstack@placement-api.service[93585]: DEBUG placement.requestlog [req-c4e9bc4e-fae8-40c2-902c-3b0d292f5e66 req-084659a9-d1c7-4ea6-8e70-da07625f3dab None None] Starting request: 10.222.0.81 "GET /placement/resource_providers?in_tree=b36aa22a-b373-4259-bdf8-d0f6d35a56ac" {{(pid=93585) __call__ /opt/stack/placement/placement/requestlog.py:55}}
May 20 07:36:27.982646 n-d-780147-4 devstack@placement-api.service[93585]: INFO placement.requestlog [req-c4e9bc4e-fae8-40c2-902c-3b0d292f5e66 req-084659a9-d1c7-4ea6-8e70-da07625f3dab service placement] 10.222.0.81 "GET /placement/resource_providers?in_tree=b36aa22a-b373-4259-bdf8-d0f6d35a56ac" status: 200 len: 26 microversion: 1.14
May 20 07:36:27.982863 n-d-780147-4 devstack@placement-api.service[93585]: [pid: 93585|app: 0|req: 4/9] 10.222.0.81 () {60 vars in 1377 bytes} [Thu May 20 07:36:27 2021] GET /placement/resource_providers?in_tree=b36aa22a-b373-4259-bdf8-d0f6d35a56ac => generated 26 bytes in 116 msecs (HTTP/1.1 200) 6 headers in 224 bytes (1 switches on core 0)
May 20 07:36:27.989961 n-d-780147-4 devstack@placement-api.service[93586]: DEBUG placement.requestlog [req-c4e9bc4e-fae8-40c2-902c-3b0d292f5e66 req-903cf467-194b-41be-a688-b4989f2b8100 None None] Starting request: 10.222.0.81 "POST /placement/resource_providers" {{(pid=93586) __call__ /opt/stack/placement/placement/requestlog.py:55}}
May 20 07:36:28.079645 n-d-780147-4 devstack@placement-api.service[93586]: INFO placement.requestlog [req-c4e9bc4e-fae8-40c2-902c-3b0d292f5e66 req-903cf467-194b-41be-a688-b4989f2b8100 service placement] 10.222.0.81 "POST /placement/resource_providers" status: 200 len: 836 microversion: 1.20
May 20 07:36:28.079879 n-d-780147-4 devstack@placement-api.service[93586]: [pid: 93586|app: 0|req: 6/10] 10.222.0.81 () {64 vars in 1341 bytes} [Thu May 20 07:36:27 2021] POST /placement/resource_providers => generated 836 bytes in 90 msecs (HTTP/1.1 200) 9 headers in 392 bytes (1 switches on core 0)
May 20 07:36:28.290635 n-d-780147-4 devstack@placement-api.service[93585]: DEBUG placement.requestlog [req-c4e9bc4e-fae8-40c2-902c-3b0d292f5e66 req-51688472-2a7b-4546-86c8-b410435e4c55 None None] Starting request: 10.222.0.81 "PUT /placement/resource_providers/b36aa22a-b373-4259-bdf8-d0f6d35a56ac/inventories" {{(pid=93585) __call__ /opt/stack/placement/placement/requestlog.py:55}}
May 20 07:36:28.399596 n-d-780147-4 devstack@placement-api.service[93585]: INFO placement.requestlog [req-c4e9bc4e-fae8-40c2-902c-3b0d292f5e66 req-51688472-2a7b-4546-86c8-b410435e4c55 service placement] 10.222.0.81 "PUT /placement/resource_providers/b36aa22a-b373-4259-bdf8-d0f6d35a56ac/inventories" status: 200 len: 397 microversion: 1.26
May 20 07:36:28.399845 n-d-780147-4 devstack@placement-api.service[93585]: [pid: 93585|app: 0|req: 5/11] 10.222.0.81 () {64 vars in 1488 bytes} [Thu May 20 07:36:28 2021] PUT /placement/resource_providers/b36aa22a-b373-4259-bdf8-d0f6d35a56ac/inventories => generated 397 bytes in 109 msecs (HTTP/1.1 200) 8 headers in 296 bytes (2 switches on core 0)
May 20 07:36:28.409624 n-d-780147-4 devstack@placement-api.service[93586]: DEBUG placement.requestlog [req-c4e9bc4e-fae8-40c2-902c-3b0d292f5e66 req-c93670a5-c7f7-4b4a-bc71-e210847e6fac None None] Starting request: 10.222.0.81 "GET /placement/traits?name=in:COMPUTE_NET_ATTACH_INTERFACE,COMPUTE_IMAGE_TYPE_VHDX,COMPUTE_NODE,COMPUTE_DEVICE_TAGGING,COMPUTE_SECURITY_UEFI_SECURE_BOOT,COMPUTE_IMAGE_TYPE_VHD" {{(pid=93586) __call__ /opt/stack/placement/placement/requestlog.py:55}}
May 20 07:36:28.420603 n-d-780147-4 devstack@placement-api.service[93586]: INFO placement.requestlog [req-c4e9bc4e-fae8-40c2-902c-3b0d292f5e66 req-c93670a5-c7f7-4b4a-bc71-e210847e6fac service placement] 10.222.0.81 "GET /placement/traits?name=in:COMPUTE_NET_ATTACH_INTERFACE,COMPUTE_IMAGE_TYPE_VHDX,COMPUTE_NODE,COMPUTE_DEVICE_TAGGING,COMPUTE_SECURITY_UEFI_SECURE_BOOT,COMPUTE_IMAGE_TYPE_VHD" status: 200 len: 176 microversion: 1.6
May 20 07:36:28.420800 n-d-780147-4 devstack@placement-api.service[93586]: [pid: 93586|app: 0|req: 7/12] 10.222.0.81 () {60 vars in 1558 bytes} [Thu May 20 07:36:28 2021] GET /placement/traits?name=in:COMPUTE_NET_ATTACH_INTERFACE,COMPUTE_IMAGE_TYPE_VHDX,COMPUTE_NODE,COMPUTE_DEVICE_TAGGING,COMPUTE_SECURITY_UEFI_SECURE_BOOT,COMPUTE_IMAGE_TYPE_VHD => generated 176 bytes in 11 msecs (HTTP/1.1 200) 6 headers in 224 bytes (1 switches on core 0)
May 20 07:36:28.427311 n-d-780147-4 devstack@placement-api.service[93585]: DEBUG placement.requestlog [req-c4e9bc4e-fae8-40c2-902c-3b0d292f5e66 req-ad557de5-31e1-4e86-b78c-9610982c8311 None None] Starting request: 10.222.0.81 "PUT /placement/resource_providers/b36aa22a-b373-4259-bdf8-d0f6d35a56ac/traits" {{(pid=93585) __call__ /opt/stack/placement/placement/requestlog.py:55}}
May 20 07:36:28.519686 n-d-780147-4 devstack@placement-api.service[93585]: INFO placement.requestlog [req-c4e9bc4e-fae8-40c2-902c-3b0d292f5e66 req-ad557de5-31e1-4e86-b78c-9610982c8311 service placement] 10.222.0.81 "PUT /placement/resource_providers/b36aa22a-b373-4259-bdf8-d0f6d35a56ac/traits" status: 200 len: 211 microversion: 1.6
May 20 07:36:28.519971 n-d-780147-4 devstack@placement-api.service[93585]: [pid: 93585|app: 0|req: 6/13] 10.222.0.81 () {64 vars in 1472 bytes} [Thu May 20 07:36:28 2021] PUT /placement/resource_providers/b36aa22a-b373-4259-bdf8-d0f6d35a56ac/traits => generated 211 bytes in 93 msecs (HTTP/1.1 200) 6 headers in 224 bytes (1 switches on core 0)
May 20 07:36:30.385570 n-d-780147-4 devstack@placement-api.service[93586]: DEBUG placement.requestlog [req-0fabf1bb-b350-47fd-8225-4c44eb36818f req-2a39173c-0f51-41cc-8950-8cf548c5f47a None None] Starting request: 10.222.0.84 "GET /placement/resource_providers?in_tree=6cbc4ba1-b3d3-4ef5-90fb-7d38e64a1f96" {{(pid=93586) __call__ /opt/stack/placement/placement/requestlog.py:55}}
May 20 07:36:30.495422 n-d-780147-4 devstack@placement-api.service[93586]: INFO placement.requestlog [req-0fabf1bb-b350-47fd-8225-4c44eb36818f req-2a39173c-0f51-41cc-8950-8cf548c5f47a service placement] 10.222.0.84 "GET /placement/resource_providers?in_tree=6cbc4ba1-b3d3-4ef5-90fb-7d38e64a1f96" status: 200 len: 26 microversion: 1.14
May 20 07:36:30.495624 n-d-780147-4 devstack@placement-api.service[93586]: [pid: 93586|app: 0|req: 8/14] 10.222.0.84 () {60 vars in 1377 bytes} [Thu May 20 07:36:30 2021] GET /placement/resource_providers?in_tree=6cbc4ba1-b3d3-4ef5-90fb-7d38e64a1f96 => generated 26 bytes in 110 msecs (HTTP/1.1 200) 6 headers in 224 bytes (1 switches on core 0)
May 20 07:36:30.506592 n-d-780147-4 devstack@placement-api.service[93585]: DEBUG placement.requestlog [req-0fabf1bb-b350-47fd-8225-4c44eb36818f req-6738bcb2-f9ea-48c4-9b4f-058cba65aa52 None None] Starting request: 10.222.0.84 "POST /placement/resource_providers" {{(pid=93585) __call__ /opt/stack/placement/placement/requestlog.py:55}}
May 20 07:36:30.576743 n-d-780147-4 devstack@placement-api.service[93585]: INFO placement.requestlog [req-0fabf1bb-b350-47fd-8225-4c44eb36818f req-6738bcb2-f9ea-48c4-9b4f-058cba65aa52 service placement] 10.222.0.84 "POST /placement/resource_providers" status: 200 len: 836 microversion: 1.20
May 20 07:36:30.577087 n-d-780147-4 devstack@placement-api.service[93585]: [pid: 93585|app: 0|req: 7/15] 10.222.0.84 () {64 vars in 1341 bytes} [Thu May 20 07:36:30 2021] POST /placement/resource_providers => generated 836 bytes in 71 msecs (HTTP/1.1 200) 9 headers in 392 bytes (2 switches on core 0)
May 20 07:36:30.854071 n-d-780147-4 devstack@placement-api.service[93586]: DEBUG placement.requestlog [req-0fabf1bb-b350-47fd-8225-4c44eb36818f req-d629bb75-0ea2-441e-87a2-08838545f75f None None] Starting request: 10.222.0.84 "PUT /placement/resource_providers/6cbc4ba1-b3d3-4ef5-90fb-7d38e64a1f96/inventories" {{(pid=93586) __call__ /opt/stack/placement/placement/requestlog.py:55}}
May 20 07:36:30.951065 n-d-780147-4 devstack@placement-api.service[93586]: INFO placement.requestlog [req-0fabf1bb-b350-47fd-8225-4c44eb36818f req-d629bb75-0ea2-441e-87a2-08838545f75f service placement] 10.222.0.84 "PUT /placement/resource_providers/6cbc4ba1-b3d3-4ef5-90fb-7d38e64a1f96/inventories" status: 200 len: 397 microversion: 1.26
May 20 07:36:30.951293 n-d-780147-4 devstack@placement-api.service[93586]: [pid: 93586|app: 0|req: 9/16] 10.222.0.84 () {64 vars in 1488 bytes} [Thu May 20 07:36:30 2021] PUT /placement/resource_providers/6cbc4ba1-b3d3-4ef5-90fb-7d38e64a1f96/inventories => generated 397 bytes in 98 msecs (HTTP/1.1 200) 8 headers in 296 bytes (2 switches on core 0)
May 20 07:36:30.979202 n-d-780147-4 devstack@placement-api.service[93585]: DEBUG placement.requestlog [req-0fabf1bb-b350-47fd-8225-4c44eb36818f req-5a3202fe-834b-4d54-823b-a2344960c953 None None] Starting request: 10.222.0.84 "GET /placement/traits?name=in:COMPUTE_IMAGE_TYPE_VHDX,COMPUTE_NET_ATTACH_INTERFACE,COMPUTE_NODE,COMPUTE_IMAGE_TYPE_VHD,COMPUTE_DEVICE_TAGGING,COMPUTE_SECURITY_UEFI_SECURE_BOOT" {{(pid=93585) __call__ /opt/stack/placement/placement/requestlog.py:55}}
May 20 07:36:30.989534 n-d-780147-4 devstack@placement-api.service[93585]: INFO placement.requestlog [req-0fabf1bb-b350-47fd-8225-4c44eb36818f req-5a3202fe-834b-4d54-823b-a2344960c953 service placement] 10.222.0.84 "GET /placement/traits?name=in:COMPUTE_IMAGE_TYPE_VHDX,COMPUTE_NET_ATTACH_INTERFACE,COMPUTE_NODE,COMPUTE_IMAGE_TYPE_VHD,COMPUTE_DEVICE_TAGGING,COMPUTE_SECURITY_UEFI_SECURE_BOOT" status: 200 len: 176 microversion: 1.6
May 20 07:36:30.989751 n-d-780147-4 devstack@placement-api.service[93585]: [pid: 93585|app: 0|req: 8/17] 10.222.0.84 () {60 vars in 1558 bytes} [Thu May 20 07:36:30 2021] GET /placement/traits?name=in:COMPUTE_IMAGE_TYPE_VHDX,COMPUTE_NET_ATTACH_INTERFACE,COMPUTE_NODE,COMPUTE_IMAGE_TYPE_VHD,COMPUTE_DEVICE_TAGGING,COMPUTE_SECURITY_UEFI_SECURE_BOOT => generated 176 bytes in 11 msecs (HTTP/1.1 200) 6 headers in 224 bytes (1 switches on core 0)
May 20 07:36:31.001146 n-d-780147-4 devstack@placement-api.service[93586]: DEBUG placement.requestlog [req-0fabf1bb-b350-47fd-8225-4c44eb36818f req-4242712d-e453-4593-a527-918afe5397b2 None None] Starting request: 10.222.0.84 "PUT /placement/resource_providers/6cbc4ba1-b3d3-4ef5-90fb-7d38e64a1f96/traits" {{(pid=93586) __call__ /opt/stack/placement/placement/requestlog.py:55}}
May 20 07:36:31.087668 n-d-780147-4 devstack@placement-api.service[93586]: INFO placement.requestlog [req-0fabf1bb-b350-47fd-8225-4c44eb36818f req-4242712d-e453-4593-a527-918afe5397b2 service placement] 10.222.0.84 "PUT /placement/resource_providers/6cbc4ba1-b3d3-4ef5-90fb-7d38e64a1f96/traits" status: 200 len: 211 microversion: 1.6
May 20 07:36:31.088020 n-d-780147-4 devstack@placement-api.service[93586]: [pid: 93586|app: 0|req: 10/18] 10.222.0.84 () {64 vars in 1472 bytes} [Thu May 20 07:36:31 2021] PUT /placement/resource_providers/6cbc4ba1-b3d3-4ef5-90fb-7d38e64a1f96/traits => generated 211 bytes in 87 msecs (HTTP/1.1 200) 6 headers in 224 bytes (2 switches on core 0)
May 20 07:37:24.800709 n-d-780147-4 devstack@placement-api.service[93585]: DEBUG placement.requestlog [req-2af4bd1b-1b18-4250-b38b-a04857c12afa req-4c795f03-11b4-4e13-9116-d7158ca1fa50 None None] Starting request: 10.222.0.81 "GET /placement/resource_providers/b36aa22a-b373-4259-bdf8-d0f6d35a56ac/allocations" {{(pid=93585) __call__ /opt/stack/placement/placement/requestlog.py:55}}
May 20 07:37:24.820945 n-d-780147-4 devstack@placement-api.service[93585]: INFO placement.requestlog [req-2af4bd1b-1b18-4250-b38b-a04857c12afa req-4c795f03-11b4-4e13-9116-d7158ca1fa50 service placement] 10.222.0.81 "GET /placement/resource_providers/b36aa22a-b373-4259-bdf8-d0f6d35a56ac/allocations" status: 200 len: 54 microversion: 1.0
May 20 07:37:24.821288 n-d-780147-4 devstack@placement-api.service[93585]: [pid: 93585|app: 0|req: 9/19] 10.222.0.81 () {58 vars in 1391 bytes} [Thu May 20 07:37:24 2021] GET /placement/resource_providers/b36aa22a-b373-4259-bdf8-d0f6d35a56ac/allocations => generated 54 bytes in 21 msecs (HTTP/1.1 200) 6 headers in 223 bytes (1 switches on core 0)
May 20 07:37:27.275029 n-d-780147-4 devstack@placement-api.service[93586]: DEBUG placement.requestlog [req-fa3a31fe-712c-4dcf-9ccc-d5bea11e0938 req-30a31952-24e2-42f5-b77b-3cbdc80c8592 None None] Starting request: 10.222.0.84 "GET /placement/resource_providers/6cbc4ba1-b3d3-4ef5-90fb-7d38e64a1f96/allocations" {{(pid=93586) __call__ /opt/stack/placement/placement/requestlog.py:55}}
May 20 07:37:27.298482 n-d-780147-4 devstack@placement-api.service[93586]: INFO placement.requestlog [req-fa3a31fe-712c-4dcf-9ccc-d5bea11e0938 req-30a31952-24e2-42f5-b77b-3cbdc80c8592 service placement] 10.222.0.84 "GET /placement/resource_providers/6cbc4ba1-b3d3-4ef5-90fb-7d38e64a1f96/allocations" status: 200 len: 54 microversion: 1.0
May 20 07:37:27.298681 n-d-780147-4 devstack@placement-api.service[93586]: [pid: 93586|app: 0|req: 11/20] 10.222.0.84 () {58 vars in 1391 bytes} [Thu May 20 07:37:27 2021] GET /placement/resource_providers/6cbc4ba1-b3d3-4ef5-90fb-7d38e64a1f96/allocations => generated 54 bytes in 24 msecs (HTTP/1.1 200) 6 headers in 223 bytes (1 switches on core 0)
May 20 07:38:09.333814 n-d-780147-4 devstack@placement-api.service[93585]: DEBUG placement.requestlog [None req-0e5751e7-2057-402b-891b-078d23c9b74d None None] Starting request: 10.222.0.79 "GET /placement/" {{(pid=93585) __call__ /opt/stack/placement/placement/requestlog.py:55}}
May 20 07:38:09.334835 n-d-780147-4 devstack@placement-api.service[93585]: INFO placement.requestlog [None req-0e5751e7-2057-402b-891b-078d23c9b74d None None] 10.222.0.79 "GET /placement/" status: 200 len: 136 microversion: 1.0
May 20 07:38:09.335049 n-d-780147-4 devstack@placement-api.service[93585]: [pid: 93585|app: 0|req: 10/21] 10.222.0.79 () {54 vars in 915 bytes} [Thu May 20 07:38:09 2021] GET /placement => generated 136 bytes in 3 msecs (HTTP/1.1 200) 6 headers in 224 bytes (1 switches on core 0)
May 20 07:38:25.512068 n-d-780147-4 devstack@placement-api.service[93586]: DEBUG placement.requestlog [req-75935f22-770d-41ee-b661-83c2c96ac10a req-aa84d2d8-6d9a-4ca8-86a3-a1bd112367f9 None None] Starting request: 10.222.0.81 "GET /placement/resource_providers/b36aa22a-b373-4259-bdf8-d0f6d35a56ac/allocations" {{(pid=93586) __call__ /opt/stack/placement/placement/requestlog.py:55}}
May 20 07:38:25.528173 n-d-780147-4 devstack@placement-api.service[93586]: INFO placement.requestlog [req-75935f22-770d-41ee-b661-83c2c96ac10a req-aa84d2d8-6d9a-4ca8-86a3-a1bd112367f9 service placement] 10.222.0.81 "GET /placement/resource_providers/b36aa22a-b373-4259-bdf8-d0f6d35a56ac/allocations" status: 200 len: 54 microversion: 1.0
May 20 07:38:25.528521 n-d-780147-4 devstack@placement-api.service[93586]: [pid: 93586|app: 0|req: 12/22] 10.222.0.81 () {58 vars in 1391 bytes} [Thu May 20 07:38:25 2021] GET /placement/resource_providers/b36aa22a-b373-4259-bdf8-d0f6d35a56ac/allocations => generated 54 bytes in 17 msecs (HTTP/1.1 200) 6 headers in 223 bytes (1 switches on core 0)
May 20 07:38:28.132743 n-d-780147-4 devstack@placement-api.service[93585]: DEBUG placement.requestlog [req-b05f7c80-6e81-42a7-bbd2-c7d0c5eab4b5 req-63c824ed-5318-4e78-840b-103e3826a9de None None] Starting request: 10.222.0.84 "GET /placement/resource_providers/6cbc4ba1-b3d3-4ef5-90fb-7d38e64a1f96/allocations" {{(pid=93585) __call__ /opt/stack/placement/placement/requestlog.py:55}}
May 20 07:38:28.148034 n-d-780147-4 devstack@placement-api.service[93585]: INFO placement.requestlog [req-b05f7c80-6e81-42a7-bbd2-c7d0c5eab4b5 req-63c824ed-5318-4e78-840b-103e3826a9de service placement] 10.222.0.84 "GET /placement/resource_providers/6cbc4ba1-b3d3-4ef5-90fb-7d38e64a1f96/allocations" status: 200 len: 54 microversion: 1.0
May 20 07:38:28.148361 n-d-780147-4 devstack@placement-api.service[93585]: [pid: 93585|app: 0|req: 11/23] 10.222.0.84 () {58 vars in 1391 bytes} [Thu May 20 07:38:28 2021] GET /placement/resource_providers/6cbc4ba1-b3d3-4ef5-90fb-7d38e64a1f96/allocations => generated 54 bytes in 16 msecs (HTTP/1.1 200) 6 headers in 223 bytes (2 switches on core 0)
May 20 07:38:47.537826 n-d-780147-4 devstack@placement-api.service[93586]: DEBUG placement.requestlog [req-bd8cdc49-8b2d-42c3-a0b5-81559892b5a4 req-23fde5aa-d749-4b93-ae33-ef9c5846562e None None] Starting request: 10.222.0.79 "GET /placement/allocation_candidates?limit=1000&resources=DISK_GB%3A1%2CMEMORY_MB%3A1024%2CVCPU%3A1&root_required=%21COMPUTE_STATUS_DISABLED" {{(pid=93586) __call__ /opt/stack/placement/placement/requestlog.py:55}}
May 20 07:38:47.953005 n-d-780147-4 devstack@placement-api.service[93586]: DEBUG placement.objects.research_context [req-bd8cdc49-8b2d-42c3-a0b5-81559892b5a4 req-23fde5aa-d749-4b93-ae33-ef9c5846562e service placement] getting providers with 1 DISK_GB {{(pid=93586) __init__ /opt/stack/placement/placement/objects/research_context.py:126}}
May 20 07:38:47.963953 n-d-780147-4 devstack@placement-api.service[93586]: DEBUG placement.objects.research_context [req-bd8cdc49-8b2d-42c3-a0b5-81559892b5a4 req-23fde5aa-d749-4b93-ae33-ef9c5846562e service placement] getting providers with 1024 MEMORY_MB {{(pid=93586) __init__ /opt/stack/placement/placement/objects/research_context.py:126}}
May 20 07:38:47.975447 n-d-780147-4 devstack@placement-api.service[93586]: DEBUG placement.objects.research_context [req-bd8cdc49-8b2d-42c3-a0b5-81559892b5a4 req-23fde5aa-d749-4b93-ae33-ef9c5846562e service placement] getting providers with 1 VCPU {{(pid=93586) __init__ /opt/stack/placement/placement/objects/research_context.py:126}}
May 20 07:38:47.986747 n-d-780147-4 devstack@placement-api.service[93585]: DEBUG placement.requestlog [None req-fe169ffb-7249-4959-8c24-c2d80293fa6f None None] Starting request: 10.222.0.79 "GET /placement/" {{(pid=93585) __call__ /opt/stack/placement/placement/requestlog.py:55}}
May 20 07:38:47.988949 n-d-780147-4 devstack@placement-api.service[93585]: INFO placement.requestlog [None req-fe169ffb-7249-4959-8c24-c2d80293fa6f None None] 10.222.0.79 "GET /placement/" status: 200 len: 136 microversion: 1.0
May 20 07:38:47.989540 n-d-780147-4 devstack@placement-api.service[93585]: [pid: 93585|app: 0|req: 12/24] 10.222.0.79 () {54 vars in 906 bytes} [Thu May 20 07:38:47 2021] GET /placement => generated 136 bytes in 3 msecs (HTTP/1.1 200) 6 headers in 224 bytes (2 switches on core 0)
May 20 07:38:48.004758 n-d-780147-4 devstack@placement-api.service[93586]: DEBUG placement.objects.research_context [req-bd8cdc49-8b2d-42c3-a0b5-81559892b5a4 req-23fde5aa-d749-4b93-ae33-ef9c5846562e service placement] found 2 providers with available 1 DISK_GB {{(pid=93586) get_provider_ids_matching /opt/stack/placement/placement/objects/research_context.py:549}}
May 20 07:38:48.009216 n-d-780147-4 devstack@placement-api.service[93586]: DEBUG placement.objects.research_context [req-bd8cdc49-8b2d-42c3-a0b5-81559892b5a4 req-23fde5aa-d749-4b93-ae33-ef9c5846562e service placement] found 2 providers with available 1024 MEMORY_MB {{(pid=93586) get_provider_ids_matching /opt/stack/placement/placement/objects/research_context.py:549}}
May 20 07:38:48.009216 n-d-780147-4 devstack@placement-api.service[93586]: DEBUG placement.objects.research_context [req-bd8cdc49-8b2d-42c3-a0b5-81559892b5a4 req-23fde5aa-d749-4b93-ae33-ef9c5846562e service placement] found 2 providers after filtering by previous result {{(pid=93586) get_provider_ids_matching /opt/stack/placement/placement/objects/research_context.py:580}}
May 20 07:38:48.009216 n-d-780147-4 devstack@placement-api.service[93586]: DEBUG placement.objects.research_context [req-bd8cdc49-8b2d-42c3-a0b5-81559892b5a4 req-23fde5aa-d749-4b93-ae33-ef9c5846562e service placement] found 2 providers with available 1 VCPU {{(pid=93586) get_provider_ids_matching /opt/stack/placement/placement/objects/research_context.py:549}}
May 20 07:38:48.009216 n-d-780147-4 devstack@placement-api.service[93586]: DEBUG placement.objects.research_context [req-bd8cdc49-8b2d-42c3-a0b5-81559892b5a4 req-23fde5aa-d749-4b93-ae33-ef9c5846562e service placement] found 2 providers after filtering by previous result {{(pid=93586) get_provider_ids_matching /opt/stack/placement/placement/objects/research_context.py:580}}
May 20 07:38:48.024294 n-d-780147-4 devstack@placement-api.service[93585]: DEBUG placement.requestlog [req-cc262df6-c59e-42e6-b52b-73bf757fe629 req-667e4022-da11-4d46-8cd6-3325588cc3f3 None None] Starting request: 10.222.0.79 "GET /placement/resource_providers?name=n-h1-780147-4" {{(pid=93585) __call__ /opt/stack/placement/placement/requestlog.py:55}}
May 20 07:38:48.037660 n-d-780147-4 devstack@placement-api.service[93586]: DEBUG placement.objects.allocation_candidate [req-bd8cdc49-8b2d-42c3-a0b5-81559892b5a4 req-23fde5aa-d749-4b93-ae33-ef9c5846562e service placement] RequestGroup(use_same_provider=False, resources={DISK_GB:1, MEMORY_MB:1024, VCPU:1}, traits=[], aggregates=[]) (suffix '') returned 2 matches {{(pid=93586) _get_by_requests /opt/stack/placement/placement/objects/allocation_candidate.py:145}}
May 20 07:38:48.038124 n-d-780147-4 devstack@placement-api.service[93586]: DEBUG placement.objects.allocation_candidate [req-bd8cdc49-8b2d-42c3-a0b5-81559892b5a4 req-23fde5aa-d749-4b93-ae33-ef9c5846562e service placement] Merging candidates yields 2 allocation requests and 2 provider summaries {{(pid=93586) _merge_candidates /opt/stack/placement/placement/objects/allocation_candidate.py:783}}
May 20 07:38:48.040696 n-d-780147-4 devstack@placement-api.service[93586]: INFO placement.requestlog [req-bd8cdc49-8b2d-42c3-a0b5-81559892b5a4 req-23fde5aa-d749-4b93-ae33-ef9c5846562e service placement] 10.222.0.79 "GET /placement/allocation_candidates?limit=1000&resources=DISK_GB%3A1%2CMEMORY_MB%3A1024%2CVCPU%3A1&root_required=%21COMPUTE_STATUS_DISABLED" status: 200 len: 1303 microversion: 1.35
May 20 07:38:48.041248 n-d-780147-4 devstack@placement-api.service[93586]: [pid: 93586|app: 0|req: 13/25] 10.222.0.79 () {60 vars in 1506 bytes} [Thu May 20 07:38:47 2021] GET /placement/allocation_candidates?limit=1000&resources=DISK_GB%3A1%2CMEMORY_MB%3A1024%2CVCPU%3A1&root_required=%21COMPUTE_STATUS_DISABLED => generated 1303 bytes in 504 msecs (HTTP/1.1 200) 8 headers in 297 bytes (1 switches on core 0)
May 20 07:38:48.135740 n-d-780147-4 devstack@placement-api.service[93585]: INFO placement.requestlog [req-cc262df6-c59e-42e6-b52b-73bf757fe629 req-667e4022-da11-4d46-8cd6-3325588cc3f3 service placement] 10.222.0.79 "GET /placement/resource_providers?name=n-h1-780147-4" status: 200 len: 440 microversion: 1.0
May 20 07:38:48.135740 n-d-780147-4 devstack@placement-api.service[93585]: [pid: 93585|app: 0|req: 13/26] 10.222.0.79 () {58 vars in 1274 bytes} [Thu May 20 07:38:48 2021] GET /placement/resource_providers?name=n-h1-780147-4 => generated 440 bytes in 109 msecs (HTTP/1.1 200) 6 headers in 224 bytes (1 switches on core 0)
May 20 07:38:48.141184 n-d-780147-4 devstack@placement-api.service[93586]: DEBUG placement.requestlog [req-cc262df6-c59e-42e6-b52b-73bf757fe629 req-85e909c5-7296-4fb8-8ecc-09fc1b7e014d None None] Starting request: 10.222.0.79 "GET /placement/resource_providers/b36aa22a-b373-4259-bdf8-d0f6d35a56ac/aggregates" {{(pid=93586) __call__ /opt/stack/placement/placement/requestlog.py:55}}
May 20 07:38:48.169822 n-d-780147-4 devstack@placement-api.service[93586]: INFO placement.requestlog [req-cc262df6-c59e-42e6-b52b-73bf757fe629 req-85e909c5-7296-4fb8-8ecc-09fc1b7e014d service placement] 10.222.0.79 "GET /placement/resource_providers/b36aa22a-b373-4259-bdf8-d0f6d35a56ac/aggregates" status: 200 len: 53 microversion: 1.19
May 20 07:38:48.170300 n-d-780147-4 devstack@placement-api.service[93586]: [pid: 93586|app: 0|req: 14/27] 10.222.0.79 () {60 vars in 1425 bytes} [Thu May 20 07:38:48 2021] GET /placement/resource_providers/b36aa22a-b373-4259-bdf8-d0f6d35a56ac/aggregates => generated 53 bytes in 29 msecs (HTTP/1.1 200) 8 headers in 295 bytes (1 switches on core 0)
May 20 07:38:48.179302 n-d-780147-4 devstack@placement-api.service[93585]: DEBUG placement.requestlog [req-cc262df6-c59e-42e6-b52b-73bf757fe629 req-c247245b-f630-4e61-b2e4-ccd6065dbdc8 None None] Starting request: 10.222.0.79 "PUT /placement/resource_providers/b36aa22a-b373-4259-bdf8-d0f6d35a56ac/aggregates" {{(pid=93585) __call__ /opt/stack/placement/placement/requestlog.py:55}}
May 20 07:38:48.200002 n-d-780147-4 devstack@placement-api.service[93585]: DEBUG placement.objects.resource_provider [req-cc262df6-c59e-42e6-b52b-73bf757fe629 req-c247245b-f630-4e61-b2e4-ccd6065dbdc8 service placement] _ensure_aggregate() did not find aggregate 8f081d9e-a5f7-4825-885d-5d3d9e4981f4. Attempting to create it. {{(pid=93585) _ensure_aggregate /opt/stack/placement/placement/objects/resource_provider.py:319}}
May 20 07:38:48.202063 n-d-780147-4 devstack@placement-api.service[93585]: DEBUG placement.objects.resource_provider [req-cc262df6-c59e-42e6-b52b-73bf757fe629 req-c247245b-f630-4e61-b2e4-ccd6065dbdc8 service placement] _ensure_aggregate() created new aggregate 8f081d9e-a5f7-4825-885d-5d3d9e4981f4 (id=1). {{(pid=93585) _ensure_aggregate /opt/stack/placement/placement/objects/resource_provider.py:325}}
May 20 07:38:48.208086 n-d-780147-4 devstack@placement-api.service[93585]: DEBUG placement.objects.resource_provider [req-cc262df6-c59e-42e6-b52b-73bf757fe629 req-c247245b-f630-4e61-b2e4-ccd6065dbdc8 service placement] Setting aggregates for provider b36aa22a-b373-4259-bdf8-d0f6d35a56ac. Successfully associated aggregate 8f081d9e-a5f7-4825-885d-5d3d9e4981f4. {{(pid=93585) _set_aggregates /opt/stack/placement/placement/objects/resource_provider.py:387}}
May 20 07:38:48.269040 n-d-780147-4 devstack@placement-api.service[93586]: DEBUG placement.requestlog [req-bd8cdc49-8b2d-42c3-a0b5-81559892b5a4 req-b46cd000-4d6d-479a-a680-a97ec00eb2ee None None] Starting request: 10.222.0.79 "GET /placement/allocations/d84c8630-b8d4-4e23-83e0-75a5d6ebc0ff" {{(pid=93586) __call__ /opt/stack/placement/placement/requestlog.py:55}}
May 20 07:38:48.283688 n-d-780147-4 devstack@placement-api.service[93585]: INFO placement.requestlog [req-cc262df6-c59e-42e6-b52b-73bf757fe629 req-c247245b-f630-4e61-b2e4-ccd6065dbdc8 service placement] 10.222.0.79 "PUT /placement/resource_providers/b36aa22a-b373-4259-bdf8-d0f6d35a56ac/aggregates" status: 200 len: 91 microversion: 1.19
May 20 07:38:48.288486 n-d-780147-4 devstack@placement-api.service[93585]: [pid: 93585|app: 0|req: 14/28] 10.222.0.79 () {64 vars in 1477 bytes} [Thu May 20 07:38:48 2021] PUT /placement/resource_providers/b36aa22a-b373-4259-bdf8-d0f6d35a56ac/aggregates => generated 91 bytes in 107 msecs (HTTP/1.1 200) 8 headers in 295 bytes (2 switches on core 0)
May 20 07:38:48.683767 n-d-780147-4 devstack@placement-api.service[93586]: INFO placement.requestlog [req-bd8cdc49-8b2d-42c3-a0b5-81559892b5a4 req-b46cd000-4d6d-479a-a680-a97ec00eb2ee service placement] 10.222.0.79 "GET /placement/allocations/d84c8630-b8d4-4e23-83e0-75a5d6ebc0ff" status: 200 len: 19 microversion: 1.28
May 20 07:38:48.688803 n-d-780147-4 devstack@placement-api.service[93586]: [pid: 93586|app: 0|req: 15/29] 10.222.0.79 () {60 vars in 1380 bytes} [Thu May 20 07:38:48 2021] GET /placement/allocations/d84c8630-b8d4-4e23-83e0-75a5d6ebc0ff => generated 19 bytes in 416 msecs (HTTP/1.1 200) 8 headers in 295 bytes (2 switches on core 0)
May 20 07:38:48.693613 n-d-780147-4 devstack@placement-api.service[93585]: DEBUG placement.requestlog [req-bd8cdc49-8b2d-42c3-a0b5-81559892b5a4 req-21f9d278-fd14-48ca-984a-8180902ec675 None None] Starting request: 10.222.0.79 "PUT /placement/allocations/d84c8630-b8d4-4e23-83e0-75a5d6ebc0ff" {{(pid=93585) __call__ /opt/stack/placement/placement/requestlog.py:55}}
May 20 07:38:49.183321 n-d-780147-4 devstack@placement-api.service[93585]: DEBUG placement.handlers.allocation [req-bd8cdc49-8b2d-42c3-a0b5-81559892b5a4 req-21f9d278-fd14-48ca-984a-8180902ec675 service placement] Successfully wrote allocations [, , ] {{(pid=93585) _create_allocations /opt/stack/placement/placement/handlers/allocation.py:435}}
May 20 07:38:49.191743 n-d-780147-4 devstack@placement-api.service[93585]: INFO placement.requestlog [req-bd8cdc49-8b2d-42c3-a0b5-81559892b5a4 req-21f9d278-fd14-48ca-984a-8180902ec675 service placement] 10.222.0.79 "PUT /placement/allocations/d84c8630-b8d4-4e23-83e0-75a5d6ebc0ff" status: 204 len: 0 microversion: 1.35
May 20 07:38:49.192578 n-d-780147-4 devstack@placement-api.service[93585]: [pid: 93585|app: 0|req: 15/30] 10.222.0.79 () {64 vars in 1433 bytes} [Thu May 20 07:38:48 2021] PUT /placement/allocations/d84c8630-b8d4-4e23-83e0-75a5d6ebc0ff => generated 0 bytes in 498 msecs (HTTP/1.1 204) 5 headers in 199 bytes (1 switches on core 0)
May 20 07:38:50.713387 n-d-780147-4 devstack@placement-api.service[93586]: DEBUG placement.requestlog [req-bd8cdc49-8b2d-42c3-a0b5-81559892b5a4 req-54dc0f36-92b1-4656-87e7-010d2b1c3bab None None] Starting request: 10.222.0.81 "GET /placement/allocations/d84c8630-b8d4-4e23-83e0-75a5d6ebc0ff" {{(pid=93586) __call__ /opt/stack/placement/placement/requestlog.py:55}}
May 20 07:38:50.740566 n-d-780147-4 devstack@placement-api.service[93586]: INFO placement.requestlog [req-bd8cdc49-8b2d-42c3-a0b5-81559892b5a4 req-54dc0f36-92b1-4656-87e7-010d2b1c3bab service placement] 10.222.0.81 "GET /placement/allocations/d84c8630-b8d4-4e23-83e0-75a5d6ebc0ff" status: 200 len: 258 microversion: 1.28
May 20 07:38:50.740824 n-d-780147-4 devstack@placement-api.service[93586]: [pid: 93586|app: 0|req: 16/31] 10.222.0.81 () {60 vars in 1378 bytes} [Thu May 20 07:38:50 2021] GET /placement/allocations/d84c8630-b8d4-4e23-83e0-75a5d6ebc0ff => generated 258 bytes in 28 msecs (HTTP/1.1 200) 8 headers in 296 bytes (1 switches on core 0)
May 20 07:38:51.486978 n-d-780147-4 devstack@placement-api.service[93585]: DEBUG placement.requestlog [req-0151c901-6096-4c1f-8611-715b4bbced5a req-33f9eda0-21f3-4b29-a5ac-75052b3598b3 None None] Starting request: 10.222.0.79 "GET /placement/allocation_candidates?limit=1000&resources=DISK_GB%3A1%2CMEMORY_MB%3A1024%2CVCPU%3A1&root_required=%21COMPUTE_STATUS_DISABLED" {{(pid=93585) __call__ /opt/stack/placement/placement/requestlog.py:55}}
