Jul 15 13:15:50.720700 n-d-780147-27 devstack@placement-api.service[94511]: DEBUG placement.objects.research_context [req-bb8ca69c-044c-4c07-83a5-1109b0198296 req-c5618354-4cb9-4e94-81ba-acb2f5a910e4 service placement] getting providers with 1 VCPU {{(pid=94511) __init__ /opt/stack/placement/placement/objects/research_context.py:126}}
Jul 15 13:15:50.730563 n-d-780147-27 devstack@placement-api.service[94511]: DEBUG placement.objects.research_context [req-bb8ca69c-044c-4c07-83a5-1109b0198296 req-c5618354-4cb9-4e94-81ba-acb2f5a910e4 service placement] found 2 providers with available 1 DISK_GB {{(pid=94511) get_provider_ids_matching /opt/stack/placement/placement/objects/research_context.py:549}}
Jul 15 13:15:50.731117 n-d-780147-27 devstack@placement-api.service[94511]: DEBUG placement.objects.research_context [req-bb8ca69c-044c-4c07-83a5-1109b0198296 req-c5618354-4cb9-4e94-81ba-acb2f5a910e4 service placement] found 2 providers with available 1024 MEMORY_MB {{(pid=94511) get_provider_ids_matching /opt/stack/placement/placement/objects/research_context.py:549}}
Jul 15 13:15:50.731565 n-d-780147-27 devstack@placement-api.service[94511]: DEBUG placement.objects.research_context [req-bb8ca69c-044c-4c07-83a5-1109b0198296 req-c5618354-4cb9-4e94-81ba-acb2f5a910e4 service placement] found 2 providers after filtering by previous result {{(pid=94511) get_provider_ids_matching /opt/stack/placement/placement/objects/research_context.py:580}}
Jul 15 13:15:50.732050 n-d-780147-27 devstack@placement-api.service[94511]: DEBUG placement.objects.research_context [req-bb8ca69c-044c-4c07-83a5-1109b0198296 req-c5618354-4cb9-4e94-81ba-acb2f5a910e4 service placement] found 2 providers with available 1 VCPU {{(pid=94511) get_provider_ids_matching /opt/stack/placement/placement/objects/research_context.py:549}}
Jul 15 13:15:50.733044 n-d-780147-27 devstack@placement-api.service[94511]: DEBUG placement.objects.research_context [req-bb8ca69c-044c-4c07-83a5-1109b0198296 req-c5618354-4cb9-4e94-81ba-acb2f5a910e4 service placement] found 2 providers after filtering by previous result {{(pid=94511) get_provider_ids_matching /opt/stack/placement/placement/objects/research_context.py:580}}
Jul 15 13:15:50.751155 n-d-780147-27 devstack@placement-api.service[94511]: DEBUG placement.objects.allocation_candidate [req-bb8ca69c-044c-4c07-83a5-1109b0198296 req-c5618354-4cb9-4e94-81ba-acb2f5a910e4 service placement] RequestGroup(use_same_provider=False, resources={DISK_GB:1, MEMORY_MB:1024, VCPU:1}, traits=[], aggregates=[]) (suffix '') returned 2 matches {{(pid=94511) _get_by_requests /opt/stack/placement/placement/objects/allocation_candidate.py:145}}
Jul 15 13:15:50.751782 n-d-780147-27 devstack@placement-api.service[94511]: DEBUG placement.objects.allocation_candidate [req-bb8ca69c-044c-4c07-83a5-1109b0198296 req-c5618354-4cb9-4e94-81ba-acb2f5a910e4 service placement] Merging candidates yields 2 allocation requests and 2 provider summaries {{(pid=94511) _merge_candidates /opt/stack/placement/placement/objects/allocation_candidate.py:783}}
Jul 15 13:15:50.754466 n-d-780147-27 devstack@placement-api.service[94511]: INFO placement.requestlog [req-bb8ca69c-044c-4c07-83a5-1109b0198296 req-c5618354-4cb9-4e94-81ba-acb2f5a910e4 service placement] 10.222.0.60 "GET /placement/allocation_candidates?limit=1000&resources=DISK_GB%3A1%2CMEMORY_MB%3A1024%2CVCPU%3A1&root_required=%21COMPUTE_STATUS_DISABLED" status: 200 len: 1309 microversion: 1.35
Jul 15 13:15:50.754993 n-d-780147-27 devstack@placement-api.service[94511]: [pid: 94511|app: 0|req: 92/187] 10.222.0.60 () {60 vars in 1507 bytes} [Thu Jul 15 13:15:50 2021] GET /placement/allocation_candidates?limit=1000&resources=DISK_GB%3A1%2CMEMORY_MB%3A1024%2CVCPU%3A1&root_required=%21COMPUTE_STATUS_DISABLED => generated 1309 bytes in 131 msecs (HTTP/1.1 200) 8 headers in 297 bytes (2 switches on core 0)
Jul 15 13:15:50.897087 n-d-780147-27 devstack@placement-api.service[94510]: DEBUG placement.requestlog [req-bb8ca69c-044c-4c07-83a5-1109b0198296 req-58a103b8-260c-4216-a9b6-20699ebe8b4a None None] Starting request: 10.222.0.60 "GET /placement/allocations/a23c2bfb-5511-4628-a8e0-d7cc5cb0b2bf" {{(pid=94510) __call__ /opt/stack/placement/placement/requestlog.py:55}}
Jul 15 13:15:50.911995 n-d-780147-27 devstack@placement-api.service[94510]: INFO placement.requestlog [req-bb8ca69c-044c-4c07-83a5-1109b0198296 req-58a103b8-260c-4216-a9b6-20699ebe8b4a service placement] 10.222.0.60 "GET /placement/allocations/a23c2bfb-5511-4628-a8e0-d7cc5cb0b2bf" status: 200 len: 19 microversion: 1.28
Jul 15 13:15:50.918167 n-d-780147-27 devstack@placement-api.service[94510]: [pid: 94510|app: 0|req: 96/188] 10.222.0.60 () {60 vars in 1381 bytes} [Thu Jul 15 13:15:50 2021] GET /placement/allocations/a23c2bfb-5511-4628-a8e0-d7cc5cb0b2bf => generated 19 bytes in 21 msecs (HTTP/1.1 200) 8 headers in 295 bytes (1 switches on core 0)
Jul 15 13:15:50.929101 n-d-780147-27 devstack@placement-api.service[94511]: DEBUG placement.requestlog [req-bb8ca69c-044c-4c07-83a5-1109b0198296 req-faa05e5c-b896-4202-a1bc-1515ef4a4db3 None None] Starting request: 10.222.0.60 "PUT /placement/allocations/a23c2bfb-5511-4628-a8e0-d7cc5cb0b2bf" {{(pid=94511) __call__ /opt/stack/placement/placement/requestlog.py:55}}
Jul 15 13:15:51.078265 n-d-780147-27 devstack@placement-api.service[94511]: DEBUG placement.handlers.allocation [req-bb8ca69c-044c-4c07-83a5-1109b0198296 req-faa05e5c-b896-4202-a1bc-1515ef4a4db3 service placement] Successfully wrote allocations [, , ] {{(pid=94511) _create_allocations /opt/stack/placement/placement/handlers/allocation.py:435}}
Jul 15 13:15:51.078945 n-d-780147-27 devstack@placement-api.service[94511]: INFO placement.requestlog [req-bb8ca69c-044c-4c07-83a5-1109b0198296 req-faa05e5c-b896-4202-a1bc-1515ef4a4db3 service placement] 10.222.0.60 "PUT /placement/allocations/a23c2bfb-5511-4628-a8e0-d7cc5cb0b2bf" status: 204 len: 0 microversion: 1.35
Jul 15 13:15:51.079479 n-d-780147-27 devstack@placement-api.service[94511]: [pid: 94511|app: 0|req: 93/189] 10.222.0.60 () {64 vars in 1434 bytes} [Thu Jul 15 13:15:50 2021] PUT /placement/allocations/a23c2bfb-5511-4628-a8e0-d7cc5cb0b2bf => generated 0 bytes in 150 msecs (HTTP/1.1 204) 5 headers in 199 bytes (1 switches on core 0)
Jul 15 13:15:51.331358 n-d-780147-27 devstack@placement-api.service[94510]: DEBUG placement.requestlog [req-fdfd50dd-a746-445e-9bbd-eeee63cbb9f3 req-8c237ad2-9643-49fc-a7fd-28328970ff84 None None] Starting request: 10.222.0.69 "GET /placement/allocations/7c4dd120-2a51-4f93-a8fc-890ce592ec46" {{(pid=94510) __call__ /opt/stack/placement/placement/requestlog.py:55}}
Jul 15 13:15:51.362925 n-d-780147-27 devstack@placement-api.service[94510]: INFO placement.requestlog [req-fdfd50dd-a746-445e-9bbd-eeee63cbb9f3 req-8c237ad2-9643-49fc-a7fd-28328970ff84 service placement] 10.222.0.69 "GET /placement/allocations/7c4dd120-2a51-4f93-a8fc-890ce592ec46" status: 200 len: 259 microversion: 1.28
Jul 15 13:15:51.363736 n-d-780147-27 devstack@placement-api.service[94510]: [pid: 94510|app: 0|req: 97/190] 10.222.0.69 () {60 vars in 1378 bytes} [Thu Jul 15 13:15:51 2021] GET /placement/allocations/7c4dd120-2a51-4f93-a8fc-890ce592ec46 => generated 259 bytes in 32 msecs (HTTP/1.1 200) 8 headers in 296 bytes (1 switches on core 0)
Jul 15 13:15:51.373619 n-d-780147-27 devstack@placement-api.service[94511]: DEBUG placement.requestlog [req-fdfd50dd-a746-445e-9bbd-eeee63cbb9f3 req-ab808bb1-274b-47cd-9497-a4aacaf8f4ca None None] Starting request: 10.222.0.69 "PUT /placement/allocations/7c4dd120-2a51-4f93-a8fc-890ce592ec46" {{(pid=94511) __call__ /opt/stack/placement/placement/requestlog.py:55}}
Jul 15 13:15:51.475503 n-d-780147-27 devstack@placement-api.service[94511]: DEBUG placement.handlers.allocation [req-fdfd50dd-a746-445e-9bbd-eeee63cbb9f3 req-ab808bb1-274b-47cd-9497-a4aacaf8f4ca service placement] Successfully wrote allocations [, , ] {{(pid=94511) _create_allocations /opt/stack/placement/placement/handlers/allocation.py:435}}
Jul 15 13:15:51.475503 n-d-780147-27 devstack@placement-api.service[94511]: INFO placement.requestlog [req-fdfd50dd-a746-445e-9bbd-eeee63cbb9f3 req-ab808bb1-274b-47cd-9497-a4aacaf8f4ca service placement] 10.222.0.69 "PUT /placement/allocations/7c4dd120-2a51-4f93-a8fc-890ce592ec46" status: 204 len: 0 microversion: 1.28
Jul 15 13:15:51.475503 n-d-780147-27 devstack@placement-api.service[94511]: [pid: 94511|app: 0|req: 94/191] 10.222.0.69 () {64 vars in 1431 bytes} [Thu Jul 15 13:15:51 2021] PUT /placement/allocations/7c4dd120-2a51-4f93-a8fc-890ce592ec46 => generated 0 bytes in 101 msecs (HTTP/1.1 204) 5 headers in 199 bytes (1 switches on core 0)
Jul 15 13:15:51.790948 n-d-780147-27 devstack@placement-api.service[94510]: DEBUG placement.requestlog [req-bb8ca69c-044c-4c07-83a5-1109b0198296 req-c9fe3201-fc53-469e-a533-5ecacc90fc44 None None] Starting request: 10.222.0.55 "GET /placement/allocations/a23c2bfb-5511-4628-a8e0-d7cc5cb0b2bf" {{(pid=94510) __call__ /opt/stack/placement/placement/requestlog.py:55}}
Jul 15 13:15:51.815810 n-d-780147-27 devstack@placement-api.service[94510]: INFO placement.requestlog [req-bb8ca69c-044c-4c07-83a5-1109b0198296 req-c9fe3201-fc53-469e-a533-5ecacc90fc44 service placement] 10.222.0.55 "GET /placement/allocations/a23c2bfb-5511-4628-a8e0-d7cc5cb0b2bf" status: 200 len: 259 microversion: 1.28
Jul 15 13:15:51.816374 n-d-780147-27 devstack@placement-api.service[94510]: [pid: 94510|app: 0|req: 98/192] 10.222.0.55 () {60 vars in 1378 bytes} [Thu Jul 15 13:15:51 2021] GET /placement/allocations/a23c2bfb-5511-4628-a8e0-d7cc5cb0b2bf => generated 259 bytes in 26 msecs (HTTP/1.1 200) 8 headers in 296 bytes (1 switches on core 0)
Jul 15 13:15:53.882039 n-d-780147-27 devstack@placement-api.service[94511]: DEBUG placement.requestlog [req-378caaf4-ff48-47f7-9d2f-2720055ac91c req-90739f0d-5906-49a9-a755-79e314e1ea4d None None] Starting request: 10.222.0.60 "GET /placement/allocation_candidates?limit=1000&resources=DISK_GB%3A1%2CMEMORY_MB%3A1024%2CVCPU%3A1&root_required=%21COMPUTE_STATUS_DISABLED" {{(pid=94511) __call__ /opt/stack/placement/placement/requestlog.py:55}}
Jul 15 13:15:53.943833 n-d-780147-27 devstack@placement-api.service[94511]: DEBUG placement.objects.research_context [req-378caaf4-ff48-47f7-9d2f-2720055ac91c req-90739f0d-5906-49a9-a755-79e314e1ea4d service placement] getting providers with 1 DISK_GB {{(pid=94511) __init__ /opt/stack/placement/placement/objects/research_context.py:126}}
Jul 15 13:15:53.961441 n-d-780147-27 devstack@placement-api.service[94511]: DEBUG placement.objects.research_context [req-378caaf4-ff48-47f7-9d2f-2720055ac91c req-90739f0d-5906-49a9-a755-79e314e1ea4d service placement] getting providers with 1024 MEMORY_MB {{(pid=94511) __init__ /opt/stack/placement/placement/objects/research_context.py:126}}
Jul 15 13:15:53.986639 n-d-780147-27 devstack@placement-api.service[94511]: DEBUG placement.objects.research_context [req-378caaf4-ff48-47f7-9d2f-2720055ac91c req-90739f0d-5906-49a9-a755-79e314e1ea4d service placement] getting providers with 1 VCPU {{(pid=94511) __init__ /opt/stack/placement/placement/objects/research_context.py:126}}
Jul 15 13:15:53.999769 n-d-780147-27 devstack@placement-api.service[94511]: DEBUG placement.objects.research_context [req-378caaf4-ff48-47f7-9d2f-2720055ac91c req-90739f0d-5906-49a9-a755-79e314e1ea4d service placement] found 2 providers with available 1 DISK_GB {{(pid=94511) get_provider_ids_matching /opt/stack/placement/placement/objects/research_context.py:549}}
Jul 15 13:15:54.000801 n-d-780147-27 devstack@placement-api.service[94511]: DEBUG placement.objects.research_context [req-378caaf4-ff48-47f7-9d2f-2720055ac91c req-90739f0d-5906-49a9-a755-79e314e1ea4d service placement] found 2 providers with available 1024 MEMORY_MB {{(pid=94511) get_provider_ids_matching /opt/stack/placement/placement/objects/research_context.py:549}}
Jul 15 13:15:54.002881 n-d-780147-27 devstack@placement-api.service[94511]: DEBUG placement.objects.research_context [req-378caaf4-ff48-47f7-9d2f-2720055ac91c req-90739f0d-5906-49a9-a755-79e314e1ea4d service placement] found 2 providers after filtering by previous result {{(pid=94511) get_provider_ids_matching /opt/stack/placement/placement/objects/research_context.py:580}}
Jul 15 13:15:54.003524 n-d-780147-27 devstack@placement-api.service[94511]: DEBUG placement.objects.research_context [req-378caaf4-ff48-47f7-9d2f-2720055ac91c req-90739f0d-5906-49a9-a755-79e314e1ea4d service placement] found 2 providers with available 1 VCPU {{(pid=94511) get_provider_ids_matching /opt/stack/placement/placement/objects/research_context.py:549}}
Jul 15 13:15:54.004097 n-d-780147-27 devstack@placement-api.service[94511]: DEBUG placement.objects.research_context [req-378caaf4-ff48-47f7-9d2f-2720055ac91c req-90739f0d-5906-49a9-a755-79e314e1ea4d service placement] found 2 providers after filtering by previous result {{(pid=94511) get_provider_ids_matching /opt/stack/placement/placement/objects/research_context.py:580}}
Jul 15 13:15:54.031503 n-d-780147-27 devstack@placement-api.service[94511]: DEBUG placement.objects.allocation_candidate [req-378caaf4-ff48-47f7-9d2f-2720055ac91c req-90739f0d-5906-49a9-a755-79e314e1ea4d service placement] RequestGroup(use_same_provider=False, resources={DISK_GB:1, MEMORY_MB:1024, VCPU:1}, traits=[], aggregates=[]) (suffix '') returned 2 matches {{(pid=94511) _get_by_requests /opt/stack/placement/placement/objects/allocation_candidate.py:145}}
Jul 15 13:15:54.032914 n-d-780147-27 devstack@placement-api.service[94511]: DEBUG placement.objects.allocation_candidate [req-378caaf4-ff48-47f7-9d2f-2720055ac91c req-90739f0d-5906-49a9-a755-79e314e1ea4d service placement] Merging candidates yields 2 allocation requests and 2 provider summaries {{(pid=94511) _merge_candidates /opt/stack/placement/placement/objects/allocation_candidate.py:783}}
Jul 15 13:15:54.035468 n-d-780147-27 devstack@placement-api.service[94511]: INFO placement.requestlog [req-378caaf4-ff48-47f7-9d2f-2720055ac91c req-90739f0d-5906-49a9-a755-79e314e1ea4d service placement] 10.222.0.60 "GET /placement/allocation_candidates?limit=1000&resources=DISK_GB%3A1%2CMEMORY_MB%3A1024%2CVCPU%3A1&root_required=%21COMPUTE_STATUS_DISABLED" status: 200 len: 1309 microversion: 1.35
Jul 15 13:15:54.038538 n-d-780147-27 devstack@placement-api.service[94511]: [pid: 94511|app: 0|req: 95/193] 10.222.0.60 () {60 vars in 1507 bytes} [Thu Jul 15 13:15:53 2021] GET /placement/allocation_candidates?limit=1000&resources=DISK_GB%3A1%2CMEMORY_MB%3A1024%2CVCPU%3A1&root_required=%21COMPUTE_STATUS_DISABLED => generated 1309 bytes in 157 msecs (HTTP/1.1 200) 8 headers in 297 bytes (1 switches on core 0)
Jul 15 13:15:54.189860 n-d-780147-27 devstack@placement-api.service[94510]: DEBUG placement.requestlog [req-378caaf4-ff48-47f7-9d2f-2720055ac91c req-77510a42-c41f-4d44-86c3-a8defa0bdc5b None None] Starting request: 10.222.0.60 "GET /placement/allocations/3d3ea57c-71a9-4c56-9583-2b8bb58104a2" {{(pid=94510) __call__ /opt/stack/placement/placement/requestlog.py:55}}
Jul 15 13:15:54.208429 n-d-780147-27 devstack@placement-api.service[94510]: INFO placement.requestlog [req-378caaf4-ff48-47f7-9d2f-2720055ac91c req-77510a42-c41f-4d44-86c3-a8defa0bdc5b service placement] 10.222.0.60 "GET /placement/allocations/3d3ea57c-71a9-4c56-9583-2b8bb58104a2" status: 200 len: 19 microversion: 1.28
Jul 15 13:15:54.214768 n-d-780147-27 devstack@placement-api.service[94511]: DEBUG placement.requestlog [req-378caaf4-ff48-47f7-9d2f-2720055ac91c req-c9d061b2-308b-4bf7-a47b-75dc3a885a05 None None] Starting request: 10.222.0.60 "PUT /placement/allocations/3d3ea57c-71a9-4c56-9583-2b8bb58104a2" {{(pid=94511) __call__ /opt/stack/placement/placement/requestlog.py:55}}
Jul 15 13:15:54.232833 n-d-780147-27 devstack@placement-api.service[94510]: [pid: 94510|app: 0|req: 99/194] 10.222.0.60 () {60 vars in 1381 bytes} [Thu Jul 15 13:15:54 2021] GET /placement/allocations/3d3ea57c-71a9-4c56-9583-2b8bb58104a2 => generated 19 bytes in 44 msecs (HTTP/1.1 200) 8 headers in 295 bytes (1 switches on core 0)
Jul 15 13:15:54.327962 n-d-780147-27 devstack@placement-api.service[94511]: DEBUG placement.handlers.allocation [req-378caaf4-ff48-47f7-9d2f-2720055ac91c req-c9d061b2-308b-4bf7-a47b-75dc3a885a05 service placement] Successfully wrote allocations [, , ] {{(pid=94511) _create_allocations /opt/stack/placement/placement/handlers/allocation.py:435}}
Jul 15 13:15:54.329652 n-d-780147-27 devstack@placement-api.service[94511]: INFO placement.requestlog [req-378caaf4-ff48-47f7-9d2f-2720055ac91c req-c9d061b2-308b-4bf7-a47b-75dc3a885a05 service placement] 10.222.0.60 "PUT /placement/allocations/3d3ea57c-71a9-4c56-9583-2b8bb58104a2" status: 204 len: 0 microversion: 1.35
Jul 15 13:15:54.339015 n-d-780147-27 devstack@placement-api.service[94511]: [pid: 94511|app: 0|req: 96/195] 10.222.0.60 () {64 vars in 1434 bytes} [Thu Jul 15 13:15:54 2021] PUT /placement/allocations/3d3ea57c-71a9-4c56-9583-2b8bb58104a2 => generated 0 bytes in 116 msecs (HTTP/1.1 204) 5 headers in 199 bytes (2 switches on core 0)
Jul 15 13:15:54.808580 n-d-780147-27 devstack@placement-api.service[94510]: DEBUG placement.requestlog [None req-d1c85035-0dd0-4c15-9ad3-86e5b9351b10 None None] Starting request: 10.222.0.60 "GET /placement/" {{(pid=94510) __call__ /opt/stack/placement/placement/requestlog.py:55}}
Jul 15 13:15:54.809953 n-d-780147-27 devstack@placement-api.service[94510]: INFO placement.requestlog [None req-d1c85035-0dd0-4c15-9ad3-86e5b9351b10 None None] 10.222.0.60 "GET /placement/" status: 200 len: 136 microversion: 1.0
Jul 15 13:15:54.810381 n-d-780147-27 devstack@placement-api.service[94510]: [pid: 94510|app: 0|req: 100/196] 10.222.0.60 () {54 vars in 916 bytes} [Thu Jul 15 13:15:54 2021] GET /placement => generated 136 bytes in 2 msecs (HTTP/1.1 200) 6 headers in 224 bytes (1 switches on core 0)
Jul 15 13:15:54.831063 n-d-780147-27 devstack@placement-api.service[94511]: DEBUG placement.requestlog [req-ad68fd36-679f-4a39-99e2-9044ccf9ba03 req-891b40bf-1940-4f42-95b3-0d1877798080 None None] Starting request: 10.222.0.60 "GET /placement/allocations/12e3f0ed-958e-49ce-9fd1-fe5c58593206" {{(pid=94511) __call__ /opt/stack/placement/placement/requestlog.py:55}}
Jul 15 13:15:54.981344 n-d-780147-27 devstack@placement-api.service[94511]: INFO placement.requestlog [req-ad68fd36-679f-4a39-99e2-9044ccf9ba03 req-891b40bf-1940-4f42-95b3-0d1877798080 service placement] 10.222.0.60 "GET /placement/allocations/12e3f0ed-958e-49ce-9fd1-fe5c58593206" status: 200 len: 259 microversion: 1.28
Jul 15 13:15:54.983328 n-d-780147-27 devstack@placement-api.service[94511]: [pid: 94511|app: 0|req: 97/197] 10.222.0.60 () {60 vars in 1381 bytes} [Thu Jul 15 13:15:54 2021] GET /placement/allocations/12e3f0ed-958e-49ce-9fd1-fe5c58593206 => generated 259 bytes in 152 msecs (HTTP/1.1 200) 8 headers in 296 bytes (1 switches on core 0)
Jul 15 13:15:54.990053 n-d-780147-27 devstack@placement-api.service[94510]: DEBUG placement.requestlog [req-ad68fd36-679f-4a39-99e2-9044ccf9ba03 req-5f42a512-c811-410a-a8c5-c42ede41d7e9 None None] Starting request: 10.222.0.60 "GET /placement/allocations/12e3f0ed-958e-49ce-9fd1-fe5c58593206" {{(pid=94510) __call__ /opt/stack/placement/placement/requestlog.py:55}}
Jul 15 13:15:55.015614 n-d-780147-27 devstack@placement-api.service[94510]: INFO placement.requestlog [req-ad68fd36-679f-4a39-99e2-9044ccf9ba03 req-5f42a512-c811-410a-a8c5-c42ede41d7e9 service placement] 10.222.0.60 "GET /placement/allocations/12e3f0ed-958e-49ce-9fd1-fe5c58593206" status: 200 len: 259 microversion: 1.28
Jul 15 13:15:55.016226 n-d-780147-27 devstack@placement-api.service[94510]: [pid: 94510|app: 0|req: 101/198] 10.222.0.60 () {60 vars in 1381 bytes} [Thu Jul 15 13:15:54 2021] GET /placement/allocations/12e3f0ed-958e-49ce-9fd1-fe5c58593206 => generated 259 bytes in 26 msecs (HTTP/1.1 200) 8 headers in 296 bytes (1 switches on core 0)
Jul 15 13:15:55.018641 n-d-780147-27 devstack@placement-api.service[94511]: DEBUG placement.requestlog [req-378caaf4-ff48-47f7-9d2f-2720055ac91c req-dcf80f70-e8e8-4961-8f18-a07d80e16901 None None] Starting request: 10.222.0.69 "GET /placement/allocations/3d3ea57c-71a9-4c56-9583-2b8bb58104a2" {{(pid=94511) __call__ /opt/stack/placement/placement/requestlog.py:55}}
Jul 15 13:15:55.035910 n-d-780147-27 devstack@placement-api.service[94510]: DEBUG placement.requestlog [req-ad68fd36-679f-4a39-99e2-9044ccf9ba03 req-c68f74c2-9e61-4736-b076-c0c7efd456a0 None None] Starting request: 10.222.0.60 "GET /placement/allocations/498711be-4b57-4263-a2ce-277618508085" {{(pid=94510) __call__ /opt/stack/placement/placement/requestlog.py:55}}
Jul 15 13:15:55.061570 n-d-780147-27 devstack@placement-api.service[94511]: INFO placement.requestlog [req-378caaf4-ff48-47f7-9d2f-2720055ac91c req-dcf80f70-e8e8-4961-8f18-a07d80e16901 service placement] 10.222.0.69 "GET /placement/allocations/3d3ea57c-71a9-4c56-9583-2b8bb58104a2" status: 200 len: 259 microversion: 1.28
Jul 15 13:15:55.063006 n-d-780147-27 devstack@placement-api.service[94510]: INFO placement.requestlog [req-ad68fd36-679f-4a39-99e2-9044ccf9ba03 req-c68f74c2-9e61-4736-b076-c0c7efd456a0 service placement] 10.222.0.60 "GET /placement/allocations/498711be-4b57-4263-a2ce-277618508085" status: 200 len: 19 microversion: 1.28
Jul 15 13:15:55.063503 n-d-780147-27 devstack@placement-api.service[94510]: [pid: 94510|app: 0|req: 102/199] 10.222.0.60 () {60 vars in 1381 bytes} [Thu Jul 15 13:15:55 2021] GET /placement/allocations/498711be-4b57-4263-a2ce-277618508085 => generated 19 bytes in 28 msecs (HTTP/1.1 200) 8 headers in 295 bytes (1 switches on core 0)
Jul 15 13:15:55.064192 n-d-780147-27 devstack@placement-api.service[94511]: [pid: 94511|app: 0|req: 98/200] 10.222.0.69 () {60 vars in 1378 bytes} [Thu Jul 15 13:15:55 2021] GET /placement/allocations/3d3ea57c-71a9-4c56-9583-2b8bb58104a2 => generated 259 bytes in 46 msecs (HTTP/1.1 200) 8 headers in 296 bytes (2 switches on core 0)
Jul 15 13:15:55.074841 n-d-780147-27 devstack@placement-api.service[94510]: DEBUG placement.requestlog [req-ad68fd36-679f-4a39-99e2-9044ccf9ba03 req-91dc040b-6751-4344-b77b-770ce6366e07 None None] Starting request: 10.222.0.60 "POST /placement/allocations" {{(pid=94510) __call__ /opt/stack/placement/placement/requestlog.py:55}}
Jul 15 13:15:55.314494 n-d-780147-27 devstack@placement-api.service[94510]: DEBUG placement.handlers.allocation [req-ad68fd36-679f-4a39-99e2-9044ccf9ba03 req-91dc040b-6751-4344-b77b-770ce6366e07 service placement] Successfully wrote allocations [, , , , , ] {{(pid=94510) _create_allocations /opt/stack/placement/placement/handlers/allocation.py:524}}
Jul 15 13:15:55.315099 n-d-780147-27 devstack@placement-api.service[94510]: INFO placement.requestlog [req-ad68fd36-679f-4a39-99e2-9044ccf9ba03 req-91dc040b-6751-4344-b77b-770ce6366e07 service placement] 10.222.0.60 "POST /placement/allocations" status: 204 len: 0 microversion: 1.28
Jul 15 13:15:55.315833 n-d-780147-27 devstack@placement-api.service[94510]: [pid: 94510|app: 0|req: 103/201] 10.222.0.60 () {64 vars in 1324 bytes} [Thu Jul 15 13:15:55 2021] POST /placement/allocations => generated 0 bytes in 242 msecs (HTTP/1.1 204) 5 headers in 199 bytes (1 switches on core 0)
Jul 15 13:15:55.395673 n-d-780147-27 devstack@placement-api.service[94511]: DEBUG placement.requestlog [req-ad68fd36-679f-4a39-99e2-9044ccf9ba03 req-b38cda39-bae2-4171-ab8e-55041bd71979 None None] Starting request: 10.222.0.60 "GET /placement/allocations/12e3f0ed-958e-49ce-9fd1-fe5c58593206" {{(pid=94511) __call__ /opt/stack/placement/placement/requestlog.py:55}}
Jul 15 13:15:55.409394 n-d-780147-27 devstack@placement-api.service[94511]: INFO placement.requestlog [req-ad68fd36-679f-4a39-99e2-9044ccf9ba03 req-b38cda39-bae2-4171-ab8e-55041bd71979 service placement] 10.222.0.60 "GET /placement/allocations/12e3f0ed-958e-49ce-9fd1-fe5c58593206" status: 200 len: 19 microversion: 1.28
Jul 15 13:15:55.414929 n-d-780147-27 devstack@placement-api.service[94511]: [pid: 94511|app: 0|req: 99/202] 10.222.0.60 () {60 vars in 1381 bytes} [Thu Jul 15 13:15:55 2021] GET /placement/allocations/12e3f0ed-958e-49ce-9fd1-fe5c58593206 => generated 19 bytes in 19 msecs (HTTP/1.1 200) 8 headers in 295 bytes (1 switches on core 0)
Jul 15 13:15:55.417845 n-d-780147-27 devstack@placement-api.service[94510]: DEBUG placement.requestlog [req-ad68fd36-679f-4a39-99e2-9044ccf9ba03 req-5fc907b5-f483-426d-915b-32d95b9712ca None None] Starting request: 10.222.0.60 "PUT /placement/allocations/12e3f0ed-958e-49ce-9fd1-fe5c58593206" {{(pid=94510) __call__ /opt/stack/placement/placement/requestlog.py:55}}
Jul 15 13:15:55.516514 n-d-780147-27 devstack@placement-api.service[94510]: DEBUG placement.handlers.allocation [req-ad68fd36-679f-4a39-99e2-9044ccf9ba03 req-5fc907b5-f483-426d-915b-32d95b9712ca service placement] Successfully wrote allocations [, , ] {{(pid=94510) _create_allocations /opt/stack/placement/placement/handlers/allocation.py:435}}
Jul 15 13:15:55.517619 n-d-780147-27 devstack@placement-api.service[94510]: INFO placement.requestlog [req-ad68fd36-679f-4a39-99e2-9044ccf9ba03 req-5fc907b5-f483-426d-915b-32d95b9712ca service placement] 10.222.0.60 "PUT /placement/allocations/12e3f0ed-958e-49ce-9fd1-fe5c58593206" status: 204 len: 0 microversion: 1.28
Jul 15 13:15:55.518613 n-d-780147-27 devstack@placement-api.service[94510]: [pid: 94510|app: 0|req: 104/203] 10.222.0.60 () {64 vars in 1434 bytes} [Thu Jul 15 13:15:55 2021] PUT /placement/allocations/12e3f0ed-958e-49ce-9fd1-fe5c58593206 => generated 0 bytes in 101 msecs (HTTP/1.1 204) 5 headers in 199 bytes (2 switches on core 0)
Jul 15 13:15:55.715459 n-d-780147-27 devstack@placement-api.service[94511]: DEBUG placement.requestlog [req-ad68fd36-679f-4a39-99e2-9044ccf9ba03 req-522908cb-d489-4a84-8571-b90a7736074c None None] Starting request: 10.222.0.69 "GET /placement/allocations/12e3f0ed-958e-49ce-9fd1-fe5c58593206" {{(pid=94511) __call__ /opt/stack/placement/placement/requestlog.py:55}}
Jul 15 13:15:55.740106 n-d-780147-27 devstack@placement-api.service[94511]: INFO placement.requestlog [req-ad68fd36-679f-4a39-99e2-9044ccf9ba03 req-522908cb-d489-4a84-8571-b90a7736074c service placement] 10.222.0.69 "GET /placement/allocations/12e3f0ed-958e-49ce-9fd1-fe5c58593206" status: 200 len: 259 microversion: 1.28
Jul 15 13:15:55.740537 n-d-780147-27 devstack@placement-api.service[94511]: [pid: 94511|app: 0|req: 100/204] 10.222.0.69 () {60 vars in 1378 bytes} [Thu Jul 15 13:15:55 2021] GET /placement/allocations/12e3f0ed-958e-49ce-9fd1-fe5c58593206 => generated 259 bytes in 25 msecs (HTTP/1.1 200) 8 headers in 296 bytes (1 switches on core 0)
Jul 15 13:15:56.151819 n-d-780147-27 devstack@placement-api.service[94510]: DEBUG placement.requestlog [req-d341acf2-0065-4805-8592-a0c1fdb3060b req-0fe81a64-c94d-4359-958d-0e4abdf4fafe None None] Starting request: 10.222.0.60 "GET /placement/allocation_candidates?resources=DISK_GB%3A1%2CMEMORY_MB%3A1024%2CVCPU%3A1&root_required=%21COMPUTE_STATUS_DISABLED" {{(pid=94510) __call__ /opt/stack/placement/placement/requestlog.py:55}}
Jul 15 13:15:56.220582 n-d-780147-27 devstack@placement-api.service[94510]: DEBUG placement.objects.research_context [req-d341acf2-0065-4805-8592-a0c1fdb3060b req-0fe81a64-c94d-4359-958d-0e4abdf4fafe service placement] getting providers with 1 DISK_GB {{(pid=94510) __init__ /opt/stack/placement/placement/objects/research_context.py:126}}
Jul 15 13:15:56.234061 n-d-780147-27 devstack@placement-api.service[94510]: DEBUG placement.objects.research_context [req-d341acf2-0065-4805-8592-a0c1fdb3060b req-0fe81a64-c94d-4359-958d-0e4abdf4fafe service placement] getting providers with 1024 MEMORY_MB {{(pid=94510) __init__ /opt/stack/placement/placement/objects/research_context.py:126}}
Jul 15 13:15:56.243688 n-d-780147-27 devstack@placement-api.service[94510]: DEBUG placement.objects.research_context [req-d341acf2-0065-4805-8592-a0c1fdb3060b req-0fe81a64-c94d-4359-958d-0e4abdf4fafe service placement] getting providers with 1 VCPU {{(pid=94510) __init__ /opt/stack/placement/placement/objects/research_context.py:126}}
Jul 15 13:15:56.252546 n-d-780147-27 devstack@placement-api.service[94510]: DEBUG placement.objects.research_context [req-d341acf2-0065-4805-8592-a0c1fdb3060b req-0fe81a64-c94d-4359-958d-0e4abdf4fafe service placement] found 2 providers with available 1 DISK_GB {{(pid=94510) get_provider_ids_matching /opt/stack/placement/placement/objects/research_context.py:549}}
Jul 15 13:15:56.253088 n-d-780147-27 devstack@placement-api.service[94510]: DEBUG placement.objects.research_context [req-d341acf2-0065-4805-8592-a0c1fdb3060b req-0fe81a64-c94d-4359-958d-0e4abdf4fafe service placement] found 2 providers with available 1024 MEMORY_MB {{(pid=94510) get_provider_ids_matching /opt/stack/placement/placement/objects/research_context.py:549}}
Jul 15 13:15:56.253592 n-d-780147-27 devstack@placement-api.service[94510]: DEBUG placement.objects.research_context [req-d341acf2-0065-4805-8592-a0c1fdb3060b req-0fe81a64-c94d-4359-958d-0e4abdf4fafe service placement] found 2 providers after filtering by previous result {{(pid=94510) get_provider_ids_matching /opt/stack/placement/placement/objects/research_context.py:580}}
Jul 15 13:15:56.254679 n-d-780147-27 devstack@placement-api.service[94510]: DEBUG placement.objects.research_context [req-d341acf2-0065-4805-8592-a0c1fdb3060b req-0fe81a64-c94d-4359-958d-0e4abdf4fafe service placement] found 2 providers with available 1 VCPU {{(pid=94510) get_provider_ids_matching /opt/stack/placement/placement/objects/research_context.py:549}}
Jul 15 13:15:56.255188 n-d-780147-27 devstack@placement-api.service[94510]: DEBUG placement.objects.research_context [req-d341acf2-0065-4805-8592-a0c1fdb3060b req-0fe81a64-c94d-4359-958d-0e4abdf4fafe service placement] found 2 providers after filtering by previous result {{(pid=94510) get_provider_ids_matching /opt/stack/placement/placement/objects/research_context.py:580}}
Jul 15 13:15:56.268735 n-d-780147-27 devstack@placement-api.service[94510]: DEBUG placement.objects.allocation_candidate [req-d341acf2-0065-4805-8592-a0c1fdb3060b req-0fe81a64-c94d-4359-958d-0e4abdf4fafe service placement] RequestGroup(use_same_provider=False, resources={DISK_GB:1, MEMORY_MB:1024, VCPU:1}, traits=[], aggregates=[]) (suffix '') returned 2 matches {{(pid=94510) _get_by_requests /opt/stack/placement/placement/objects/allocation_candidate.py:145}}
Jul 15 13:15:56.269466 n-d-780147-27 devstack@placement-api.service[94510]: DEBUG placement.objects.allocation_candidate [req-d341acf2-0065-4805-8592-a0c1fdb3060b req-0fe81a64-c94d-4359-958d-0e4abdf4fafe service placement] Merging candidates yields 2 allocation requests and 2 provider summaries {{(pid=94510) _merge_candidates /opt/stack/placement/placement/objects/allocation_candidate.py:783}}
Jul 15 13:15:56.272014 n-d-780147-27 devstack@placement-api.service[94510]: INFO placement.requestlog [req-d341acf2-0065-4805-8592-a0c1fdb3060b req-0fe81a64-c94d-4359-958d-0e4abdf4fafe service placement] 10.222.0.60 "GET /placement/allocation_candidates?resources=DISK_GB%3A1%2CMEMORY_MB%3A1024%2CVCPU%3A1&root_required=%21COMPUTE_STATUS_DISABLED" status: 200 len: 1309 microversion: 1.35
Jul 15 13:15:56.277145 n-d-780147-27 devstack@placement-api.service[94510]: [pid: 94510|app: 0|req: 105/205] 10.222.0.60 () {60 vars in 1485 bytes} [Thu Jul 15 13:15:56 2021] GET /placement/allocation_candidates?resources=DISK_GB%3A1%2CMEMORY_MB%3A1024%2CVCPU%3A1&root_required=%21COMPUTE_STATUS_DISABLED => generated 1309 bytes in 125 msecs (HTTP/1.1 200) 8 headers in 297 bytes (1 switches on core 0)
Jul 15 13:15:56.392530 n-d-780147-27 devstack@placement-api.service[94511]: DEBUG placement.requestlog [req-d341acf2-0065-4805-8592-a0c1fdb3060b req-44344b06-2dd4-443a-ab99-127df8742237 None None] Starting request: 10.222.0.60 "GET /placement/allocations/24d7f72a-81d5-4626-82ca-00ca830df792" {{(pid=94511) __call__ /opt/stack/placement/placement/requestlog.py:55}}
Jul 15 13:15:56.413348 n-d-780147-27 devstack@placement-api.service[94511]: INFO placement.requestlog [req-d341acf2-0065-4805-8592-a0c1fdb3060b req-44344b06-2dd4-443a-ab99-127df8742237 service placement] 10.222.0.60 "GET /placement/allocations/24d7f72a-81d5-4626-82ca-00ca830df792" status: 200 len: 19 microversion: 1.28
Jul 15 13:15:56.419465 n-d-780147-27 devstack@placement-api.service[94510]: DEBUG placement.requestlog [req-d341acf2-0065-4805-8592-a0c1fdb3060b req-39bafd28-18f6-47e7-96cf-3b326fd1ba1b None None] Starting request: 10.222.0.60 "PUT /placement/allocations/24d7f72a-81d5-4626-82ca-00ca830df792" {{(pid=94510) __call__ /opt/stack/placement/placement/requestlog.py:55}}
Jul 15 13:15:56.421420 n-d-780147-27 devstack@placement-api.service[94511]: [pid: 94511|app: 0|req: 101/206] 10.222.0.60 () {60 vars in 1381 bytes} [Thu Jul 15 13:15:56 2021] GET /placement/allocations/24d7f72a-81d5-4626-82ca-00ca830df792 => generated 19 bytes in 28 msecs (HTTP/1.1 200) 8 headers in 295 bytes (1 switches on core 0)
Jul 15 13:15:56.537568 n-d-780147-27 devstack@placement-api.service[94510]: DEBUG placement.handlers.allocation [req-d341acf2-0065-4805-8592-a0c1fdb3060b req-39bafd28-18f6-47e7-96cf-3b326fd1ba1b service placement] Successfully wrote allocations [, , ] {{(pid=94510) _create_allocations /opt/stack/placement/placement/handlers/allocation.py:435}}
Jul 15 13:15:56.538121 n-d-780147-27 devstack@placement-api.service[94510]: INFO placement.requestlog [req-d341acf2-0065-4805-8592-a0c1fdb3060b req-39bafd28-18f6-47e7-96cf-3b326fd1ba1b service placement] 10.222.0.60 "PUT /placement/allocations/24d7f72a-81d5-4626-82ca-00ca830df792" status: 204 len: 0 microversion: 1.35
Jul 15 13:15:56.538575 n-d-780147-27 devstack@placement-api.service[94510]: [pid: 94510|app: 0|req: 106/207] 10.222.0.60 () {64 vars in 1434 bytes} [Thu Jul 15 13:15:56 2021] PUT /placement/allocations/24d7f72a-81d5-4626-82ca-00ca830df792 => generated 0 bytes in 119 msecs (HTTP/1.1 204) 5 headers in 199 bytes (1 switches on core 0)
Jul 15 13:15:56.553647 n-d-780147-27 devstack@placement-api.service[94511]: DEBUG placement.requestlog [req-d341acf2-0065-4805-8592-a0c1fdb3060b req-2184d7c0-8fb1-4d16-87ff-653ba02dba74 None None] Starting request: 10.222.0.60 "GET /placement/allocations/48d25606-2109-47c7-9200-73a1e42be006" {{(pid=94511) __call__ /opt/stack/placement/placement/requestlog.py:55}}
Jul 15 13:15:56.565366 n-d-780147-27 devstack@placement-api.service[94511]: INFO placement.requestlog [req-d341acf2-0065-4805-8592-a0c1fdb3060b req-2184d7c0-8fb1-4d16-87ff-653ba02dba74 service placement] 10.222.0.60 "GET /placement/allocations/48d25606-2109-47c7-9200-73a1e42be006" status: 200 len: 19 microversion: 1.28
Jul 15 13:15:56.566422 n-d-780147-27 devstack@placement-api.service[94511]: [pid: 94511|app: 0|req: 102/208] 10.222.0.60 () {60 vars in 1381 bytes} [Thu Jul 15 13:15:56 2021] GET /placement/allocations/48d25606-2109-47c7-9200-73a1e42be006 => generated 19 bytes in 13 msecs (HTTP/1.1 200) 8 headers in 295 bytes (1 switches on core 0)
Jul 15 13:15:56.572523 n-d-780147-27 devstack@placement-api.service[94510]: DEBUG placement.requestlog [req-d341acf2-0065-4805-8592-a0c1fdb3060b req-c07dd1f5-88f1-484a-b8eb-e507cde65321 None None] Starting request: 10.222.0.60 "PUT /placement/allocations/48d25606-2109-47c7-9200-73a1e42be006" {{(pid=94510) __call__ /opt/stack/placement/placement/requestlog.py:55}}
Jul 15 13:15:56.663058 n-d-780147-27 devstack@placement-api.service[94510]: DEBUG placement.handlers.allocation [req-d341acf2-0065-4805-8592-a0c1fdb3060b req-c07dd1f5-88f1-484a-b8eb-e507cde65321 service placement] Successfully wrote allocations [, , ] {{(pid=94510) _create_allocations /opt/stack/placement/placement/handlers/allocation.py:435}}
Jul 15 13:15:56.663844 n-d-780147-27 devstack@placement-api.service[94510]: INFO placement.requestlog [req-d341acf2-0065-4805-8592-a0c1fdb3060b req-c07dd1f5-88f1-484a-b8eb-e507cde65321 service placement] 10.222.0.60 "PUT /placement/allocations/48d25606-2109-47c7-9200-73a1e42be006" status: 204 len: 0 microversion: 1.35
Jul 15 13:15:56.664264 n-d-780147-27 devstack@placement-api.service[94510]: [pid: 94510|app: 0|req: 107/209] 10.222.0.60 () {64 vars in 1434 bytes} [Thu Jul 15 13:15:56 2021] PUT /placement/allocations/48d25606-2109-47c7-9200-73a1e42be006 => generated 0 bytes in 92 msecs (HTTP/1.1 204) 5 headers in 199 bytes (1 switches on core 0)
Jul 15 13:15:57.509928 n-d-780147-27 devstack@placement-api.service[94511]: DEBUG placement.requestlog [req-d341acf2-0065-4805-8592-a0c1fdb3060b req-96b43884-cd22-455e-acb0-9db4f6f6888d None None] Starting request: 10.222.0.55 "GET /placement/allocations/24d7f72a-81d5-4626-82ca-00ca830df792" {{(pid=94511) __call__ /opt/stack/placement/placement/requestlog.py:55}}
Jul 15 13:15:57.546302 n-d-780147-27 devstack@placement-api.service[94511]: INFO placement.requestlog [req-d341acf2-0065-4805-8592-a0c1fdb3060b req-96b43884-cd22-455e-acb0-9db4f6f6888d service placement] 10.222.0.55 "GET /placement/allocations/24d7f72a-81d5-4626-82ca-00ca830df792" status: 200 len: 259 microversion: 1.28
Jul 15 13:15:57.548817 n-d-780147-27 devstack@placement-api.service[94511]: [pid: 94511|app: 0|req: 103/210] 10.222.0.55 () {60 vars in 1378 bytes} [Thu Jul 15 13:15:57 2021] GET /placement/allocations/24d7f72a-81d5-4626-82ca-00ca830df792 => generated 259 bytes in 39 msecs (HTTP/1.1 200) 8 headers in 296 bytes (2 switches on core 0)
Jul 15 13:15:57.958098 n-d-780147-27 devstack@placement-api.service[94510]: DEBUG placement.requestlog [req-d341acf2-0065-4805-8592-a0c1fdb3060b req-9277003c-4e6b-40eb-8684-38571db35c38 None None] Starting request: 10.222.0.69 "GET /placement/allocations/48d25606-2109-47c7-9200-73a1e42be006" {{(pid=94510) __call__ /opt/stack/placement/placement/requestlog.py:55}}
Jul 15 13:15:58.003037 n-d-780147-27 devstack@placement-api.service[94510]: INFO placement.requestlog [req-d341acf2-0065-4805-8592-a0c1fdb3060b req-9277003c-4e6b-40eb-8684-38571db35c38 service placement] 10.222.0.69 "GET /placement/allocations/48d25606-2109-47c7-9200-73a1e42be006" status: 200 len: 259 microversion: 1.28
Jul 15 13:15:58.003838 n-d-780147-27 devstack@placement-api.service[94510]: [pid: 94510|app: 0|req: 108/211] 10.222.0.69 () {60 vars in 1378 bytes} [Thu Jul 15 13:15:57 2021] GET /placement/allocations/48d25606-2109-47c7-9200-73a1e42be006 => generated 259 bytes in 46 msecs (HTTP/1.1 200) 8 headers in 296 bytes (2 switches on core 0)
Jul 15 13:16:05.466790 n-d-780147-27 devstack@placement-api.service[94511]: DEBUG placement.requestlog [req-1ee4da4f-feac-4342-bc32-46d9a064fc15 req-a932e5dc-dca2-45df-a81d-b8558ed43c4a None None] Starting request: 10.222.0.60 "GET /placement/allocation_candidates?limit=1000&resources=DISK_GB%3A1%2CMEMORY_MB%3A1024%2CVCPU%3A1&root_required=%21COMPUTE_STATUS_DISABLED" {{(pid=94511) __call__ /opt/stack/placement/placement/requestlog.py:55}}
Jul 15 13:16:05.518290 n-d-780147-27 devstack@placement-api.service[94511]: DEBUG placement.objects.research_context [req-1ee4da4f-feac-4342-bc32-46d9a064fc15 req-a932e5dc-dca2-45df-a81d-b8558ed43c4a service placement] getting providers with 1 DISK_GB {{(pid=94511) __init__ /opt/stack/placement/placement/objects/research_context.py:126}}
Jul 15 13:16:05.528095 n-d-780147-27 devstack@placement-api.service[94511]: DEBUG placement.objects.research_context [req-1ee4da4f-feac-4342-bc32-46d9a064fc15 req-a932e5dc-dca2-45df-a81d-b8558ed43c4a service placement] getting providers with 1024 MEMORY_MB {{(pid=94511) __init__ /opt/stack/placement/placement/objects/research_context.py:126}}
Jul 15 13:16:05.539983 n-d-780147-27 devstack@placement-api.service[94511]: DEBUG placement.objects.research_context [req-1ee4da4f-feac-4342-bc32-46d9a064fc15 req-a932e5dc-dca2-45df-a81d-b8558ed43c4a service placement] getting providers with 1 VCPU {{(pid=94511) __init__ /opt/stack/placement/placement/objects/research_context.py:126}}
Jul 15 13:16:05.552840 n-d-780147-27 devstack@placement-api.service[94511]: DEBUG placement.objects.research_context [req-1ee4da4f-feac-4342-bc32-46d9a064fc15 req-a932e5dc-dca2-45df-a81d-b8558ed43c4a service placement] found 2 providers with available 1 DISK_GB {{(pid=94511) get_provider_ids_matching /opt/stack/placement/placement/objects/research_context.py:549}}
Jul 15 13:16:05.553441 n-d-780147-27 devstack@placement-api.service[94511]: DEBUG placement.objects.research_context [req-1ee4da4f-feac-4342-bc32-46d9a064fc15 req-a932e5dc-dca2-45df-a81d-b8558ed43c4a service placement] found 2 providers with available 1024 MEMORY_MB {{(pid=94511) get_provider_ids_matching /opt/stack/placement/placement/objects/research_context.py:549}}
Jul 15 13:16:05.553593 n-d-780147-27 devstack@placement-api.service[94511]: DEBUG placement.objects.research_context [req-1ee4da4f-feac-4342-bc32-46d9a064fc15 req-a932e5dc-dca2-45df-a81d-b8558ed43c4a service placement] found 2 providers after filtering by previous result {{(pid=94511) get_provider_ids_matching /opt/stack/placement/placement/objects/research_context.py:580}}
Jul 15 13:16:05.553721 n-d-780147-27 devstack@placement-api.service[94511]: DEBUG placement.objects.research_context [req-1ee4da4f-feac-4342-bc32-46d9a064fc15 req-a932e5dc-dca2-45df-a81d-b8558ed43c4a service placement] found 2 providers with available 1 VCPU {{(pid=94511) get_provider_ids_matching /opt/stack/placement/placement/objects/research_context.py:549}}
Jul 15 13:16:05.556424 n-d-780147-27 devstack@placement-api.service[94511]: DEBUG placement.objects.research_context [req-1ee4da4f-feac-4342-bc32-46d9a064fc15 req-a932e5dc-dca2-45df-a81d-b8558ed43c4a service placement] found 2 providers after filtering by previous result {{(pid=94511) get_provider_ids_matching /opt/stack/placement/placement/objects/research_context.py:580}}
Jul 15 13:16:05.585124 n-d-780147-27 devstack@placement-api.service[94511]: DEBUG placement.objects.allocation_candidate [req-1ee4da4f-feac-4342-bc32-46d9a064fc15 req-a932e5dc-dca2-45df-a81d-b8558ed43c4a service placement] RequestGroup(use_same_provider=False, resources={DISK_GB:1, MEMORY_MB:1024, VCPU:1}, traits=[], aggregates=[]) (suffix '') returned 2 matches {{(pid=94511) _get_by_requests /opt/stack/placement/placement/objects/allocation_candidate.py:145}}
Jul 15 13:16:05.585556 n-d-780147-27 devstack@placement-api.service[94511]: DEBUG placement.objects.allocation_candidate [req-1ee4da4f-feac-4342-bc32-46d9a064fc15 req-a932e5dc-dca2-45df-a81d-b8558ed43c4a service placement] Merging candidates yields 2 allocation requests and 2 provider summaries {{(pid=94511) _merge_candidates /opt/stack/placement/placement/objects/allocation_candidate.py:783}}
Jul 15 13:16:05.587693 n-d-780147-27 devstack@placement-api.service[94511]: INFO placement.requestlog [req-1ee4da4f-feac-4342-bc32-46d9a064fc15 req-a932e5dc-dca2-45df-a81d-b8558ed43c4a service placement] 10.222.0.60 "GET /placement/allocation_candidates?limit=1000&resources=DISK_GB%3A1%2CMEMORY_MB%3A1024%2CVCPU%3A1&root_required=%21COMPUTE_STATUS_DISABLED" status: 200 len: 1309 microversion: 1.35
Jul 15 13:16:05.593071 n-d-780147-27 devstack@placement-api.service[94511]: [pid: 94511|app: 0|req: 104/212] 10.222.0.60 () {60 vars in 1507 bytes} [Thu Jul 15 13:16:05 2021] GET /placement/allocation_candidates?limit=1000&resources=DISK_GB%3A1%2CMEMORY_MB%3A1024%2CVCPU%3A1&root_required=%21COMPUTE_STATUS_DISABLED => generated 1309 bytes in 126 msecs (HTTP/1.1 200) 8 headers in 297 bytes (2 switches on core 0)
Jul 15 13:16:05.688494 n-d-780147-27 devstack@placement-api.service[94510]: DEBUG placement.requestlog [req-1ee4da4f-feac-4342-bc32-46d9a064fc15 req-af64f2c1-ff28-4614-8d15-0c40c5a19a06 None None] Starting request: 10.222.0.60 "GET /placement/allocations/849ee9c5-b95d-4964-9f35-8d3cd5ba2a89" {{(pid=94510) __call__ /opt/stack/placement/placement/requestlog.py:55}}
Jul 15 13:16:05.703679 n-d-780147-27 devstack@placement-api.service[94510]: INFO placement.requestlog [req-1ee4da4f-feac-4342-bc32-46d9a064fc15 req-af64f2c1-ff28-4614-8d15-0c40c5a19a06 service placement] 10.222.0.60 "GET /placement/allocations/849ee9c5-b95d-4964-9f35-8d3cd5ba2a89" status: 200 len: 19 microversion: 1.28
Jul 15 13:16:05.708623 n-d-780147-27 devstack@placement-api.service[94510]: [pid: 94510|app: 0|req: 109/213] 10.222.0.60 () {60 vars in 1381 bytes} [Thu Jul 15 13:16:05 2021] GET /placement/allocations/849ee9c5-b95d-4964-9f35-8d3cd5ba2a89 => generated 19 bytes in 20 msecs (HTTP/1.1 200) 8 headers in 295 bytes (1 switches on core 0)
Jul 15 13:16:05.710962 n-d-780147-27 devstack@placement-api.service[94511]: DEBUG placement.requestlog [req-1ee4da4f-feac-4342-bc32-46d9a064fc15 req-642fabf8-b288-4fbe-b2db-36661edfd2f9 None None] Starting request: 10.222.0.60 "PUT /placement/allocations/849ee9c5-b95d-4964-9f35-8d3cd5ba2a89" {{(pid=94511) __call__ /opt/stack/placement/placement/requestlog.py:55}}
Jul 15 13:16:05.832199 n-d-780147-27 devstack@placement-api.service[94511]: DEBUG placement.handlers.allocation [req-1ee4da4f-feac-4342-bc32-46d9a064fc15 req-642fabf8-b288-4fbe-b2db-36661edfd2f9 service placement] Successfully wrote allocations [, , ] {{(pid=94511) _create_allocations /opt/stack/placement/placement/handlers/allocation.py:435}}
Jul 15 13:16:05.833755 n-d-780147-27 devstack@placement-api.service[94511]: INFO placement.requestlog [req-1ee4da4f-feac-4342-bc32-46d9a064fc15 req-642fabf8-b288-4fbe-b2db-36661edfd2f9 service placement] 10.222.0.60 "PUT /placement/allocations/849ee9c5-b95d-4964-9f35-8d3cd5ba2a89" status: 204 len: 0 microversion: 1.35
Jul 15 13:16:05.834527 n-d-780147-27 devstack@placement-api.service[94511]: [pid: 94511|app: 0|req: 105/214] 10.222.0.60 () {64 vars in 1434 bytes} [Thu Jul 15 13:16:05 2021] PUT /placement/allocations/849ee9c5-b95d-4964-9f35-8d3cd5ba2a89 => generated 0 bytes in 124 msecs (HTTP/1.1 204) 5 headers in 199 bytes (1 switches on core 0)
Jul 15 13:16:06.615755 n-d-780147-27 devstack@placement-api.service[94510]: DEBUG placement.requestlog [req-1ee4da4f-feac-4342-bc32-46d9a064fc15 req-607bb07c-b7f4-4a6e-b2f5-28b44e9f8b66 None None] Starting request: 10.222.0.55 "GET /placement/allocations/849ee9c5-b95d-4964-9f35-8d3cd5ba2a89" {{(pid=94510) __call__ /opt/stack/placement/placement/requestlog.py:55}}
Jul 15 13:16:06.650586 n-d-780147-27 devstack@placement-api.service[94510]: INFO placement.requestlog [req-1ee4da4f-feac-4342-bc32-46d9a064fc15 req-607bb07c-b7f4-4a6e-b2f5-28b44e9f8b66 service placement] 10.222.0.55 "GET /placement/allocations/849ee9c5-b95d-4964-9f35-8d3cd5ba2a89" status: 200 len: 259 microversion: 1.28
Jul 15 13:16:06.651790 n-d-780147-27 devstack@placement-api.service[94510]: [pid: 94510|app: 0|req: 110/215] 10.222.0.55 () {60 vars in 1378 bytes} [Thu Jul 15 13:16:06 2021] GET /placement/allocations/849ee9c5-b95d-4964-9f35-8d3cd5ba2a89 => generated 259 bytes in 36 msecs (HTTP/1.1 200) 8 headers in 296 bytes (1 switches on core 0)
Jul 15 13:16:07.320092 n-d-780147-27 devstack@placement-api.service[94511]: DEBUG placement.requestlog [req-f8b17018-3f7b-4614-a55a-21c1e48be678 req-799d4f2e-1d30-4b5e-855f-7039a1df1142 None None] Starting request: 10.222.0.69 "GET /placement/allocations/2997c0da-08f0-4ab2-bcb5-994cab12197f" {{(pid=94511) __call__ /opt/stack/placement/placement/requestlog.py:55}}
Jul 15 13:16:07.376306 n-d-780147-27 devstack@placement-api.service[94511]: INFO placement.requestlog [req-f8b17018-3f7b-4614-a55a-21c1e48be678 req-799d4f2e-1d30-4b5e-855f-7039a1df1142 service placement] 10.222.0.69 "GET /placement/allocations/2997c0da-08f0-4ab2-bcb5-994cab12197f" status: 200 len: 259 microversion: 1.28
Jul 15 13:16:07.378611 n-d-780147-27 devstack@placement-api.service[94511]: [pid: 94511|app: 0|req: 106/216] 10.222.0.69 () {60 vars in 1378 bytes} [Thu Jul 15 13:16:07 2021] GET /placement/allocations/2997c0da-08f0-4ab2-bcb5-994cab12197f => generated 259 bytes in 59 msecs (HTTP/1.1 200) 8 headers in 296 bytes (1 switches on core 0)
Jul 15 13:16:07.394599 n-d-780147-27 devstack@placement-api.service[94510]: DEBUG placement.requestlog [req-f8b17018-3f7b-4614-a55a-21c1e48be678 req-4cb5f6ba-78b1-46c5-a1db-a055f15feded None None] Starting request: 10.222.0.69 "PUT /placement/allocations/2997c0da-08f0-4ab2-bcb5-994cab12197f" {{(pid=94510) __call__ /opt/stack/placement/placement/requestlog.py:55}}
Jul 15 13:16:07.486119 n-d-780147-27 devstack@placement-api.service[94510]: DEBUG placement.handlers.allocation [req-f8b17018-3f7b-4614-a55a-21c1e48be678 req-4cb5f6ba-78b1-46c5-a1db-a055f15feded service placement] Successfully wrote allocations [, , ] {{(pid=94510) _create_allocations /opt/stack/placement/placement/handlers/allocation.py:435}}
Jul 15 13:16:07.486640 n-d-780147-27 devstack@placement-api.service[94510]: INFO placement.requestlog [req-f8b17018-3f7b-4614-a55a-21c1e48be678 req-4cb5f6ba-78b1-46c5-a1db-a055f15feded service placement] 10.222.0.69 "PUT /placement/allocations/2997c0da-08f0-4ab2-bcb5-994cab12197f" status: 204 len: 0 microversion: 1.28
Jul 15 13:16:07.487072 n-d-780147-27 devstack@placement-api.service[94510]: [pid: 94510|app: 0|req: 111/217] 10.222.0.69 () {64 vars in 1431 bytes} [Thu Jul 15 13:16:07 2021] PUT /placement/allocations/2997c0da-08f0-4ab2-bcb5-994cab12197f => generated 0 bytes in 93 msecs (HTTP/1.1 204) 5 headers in 199 bytes (1 switches on core 0)
Jul 15 13:16:09.042164 n-d-780147-27 devstack@placement-api.service[94511]: DEBUG placement.requestlog [req-6e77015f-a368-4e8c-8c06-d5faa39612a0 req-136c8548-1ce8-4e55-80cf-459e57b20f33 None None] Starting request: 10.222.0.60 "GET /placement/allocation_candidates?limit=1000&resources=DISK_GB%3A2%2CMEMORY_MB%3A1024%2CVCPU%3A1&root_required=%21COMPUTE_STATUS_DISABLED" {{(pid=94511) __call__ /opt/stack/placement/placement/requestlog.py:55}}
Jul 15 13:16:09.112921 n-d-780147-27 devstack@placement-api.service[94511]: DEBUG placement.objects.research_context [req-6e77015f-a368-4e8c-8c06-d5faa39612a0 req-136c8548-1ce8-4e55-80cf-459e57b20f33 service placement] getting providers with 2 DISK_GB {{(pid=94511) __init__ /opt/stack/placement/placement/objects/research_context.py:126}}
