Jun 28 07:08:48.616393 n-d-780147-19 devstack@n-api.service[108862]: INFO nova.api.openstack.requestlog [None req-2b6d2643-c8ad-4d72-8340-68dc48789909 tempest-FlavorsAccessNegativeTestJSON-1198366008 tempest-FlavorsAccessNegativeTestJSON-1198366008-project-admin] 10.222.0.41 "POST /compute/v2.1/flavors" status: 200 len: 435 microversion: 2.1 time: 0.069407
Jun 28 07:08:48.616393 n-d-780147-19 devstack@n-api.service[108862]: [pid: 108862|app: 0|req: 48/100] 10.222.0.41 () {60 vars in 1147 bytes} [Mon Jun 28 07:08:48 2021] POST /compute/v2.1/flavors => generated 435 bytes in 71 msecs (HTTP/1.1 200) 9 headers in 357 bytes (2 switches on core 0)
Jun 28 07:08:48.626926 n-d-780147-19 devstack@n-api.service[108861]: DEBUG nova.api.openstack.wsgi [None req-157c8154-f8c9-46d3-9810-42efb9e54c83 tempest-FlavorsAdminTestJSON-1137758685 tempest-FlavorsAdminTestJSON-1137758685-project-admin] Calling method '>' {{(pid=108861) _process_stack /opt/stack/nova/nova/api/openstack/wsgi.py:513}}
Jun 28 07:08:48.630713 n-d-780147-19 devstack@n-api.service[108862]: DEBUG nova.api.openstack.wsgi [None req-9258562e-50f1-4a5e-b951-c7ca3b6d23be tempest-FlavorsAccessNegativeTestJSON-1198366008 tempest-FlavorsAccessNegativeTestJSON-1198366008-project-admin] Action: 'action', calling method: >, body: {"removeTenantAccess": {"tenant": "300842f2ba0c4b57b6df3581fc4cf4cd"}} {{(pid=108862) _process_stack /opt/stack/nova/nova/api/openstack/wsgi.py:511}}
Jun 28 07:08:48.650047 n-d-780147-19 devstack@n-api.service[108861]: INFO nova.api.openstack.requestlog [None req-157c8154-f8c9-46d3-9810-42efb9e54c83 tempest-FlavorsAdminTestJSON-1137758685 tempest-FlavorsAdminTestJSON-1137758685-project-admin] 10.222.0.41 "GET /compute/v2.1/flavors/1399784881" status: 200 len: 412 microversion: 2.1 time: 0.027599
Jun 28 07:08:48.651035 n-d-780147-19 devstack@n-api.service[108861]: [pid: 108861|app: 0|req: 53/101] 10.222.0.41 () {58 vars in 1158 bytes} [Mon Jun 28 07:08:48 2021] GET /compute/v2.1/flavors/1399784881 => generated 412 bytes in 33 msecs (HTTP/1.1 200) 9 headers in 357 bytes (1 switches on core 0)
Jun 28 07:08:48.735282 n-d-780147-19 devstack@n-api.service[108862]: INFO nova.api.openstack.wsgi [None req-9258562e-50f1-4a5e-b951-c7ca3b6d23be tempest-FlavorsAccessNegativeTestJSON-1198366008 tempest-FlavorsAccessNegativeTestJSON-1198366008-project-admin] HTTP exception thrown: Flavor access not found for 25 / 300842f2ba0c4b57b6df3581fc4cf4cd combination.
Jun 28 07:08:48.736545 n-d-780147-19 devstack@n-api.service[108862]: DEBUG nova.api.openstack.wsgi [None req-9258562e-50f1-4a5e-b951-c7ca3b6d23be tempest-FlavorsAccessNegativeTestJSON-1198366008 tempest-FlavorsAccessNegativeTestJSON-1198366008-project-admin] Returning 404 to user: Flavor access not found for 25 / 300842f2ba0c4b57b6df3581fc4cf4cd combination. {{(pid=108862) __call__ /opt/stack/nova/nova/api/openstack/wsgi.py:927}}
Jun 28 07:08:48.737939 n-d-780147-19 devstack@n-api.service[108862]: INFO nova.api.openstack.requestlog [None req-9258562e-50f1-4a5e-b951-c7ca3b6d23be tempest-FlavorsAccessNegativeTestJSON-1198366008 tempest-FlavorsAccessNegativeTestJSON-1198366008-project-admin] 10.222.0.41 "POST /compute/v2.1/flavors/306596146/action" status: 404 len: 124 microversion: 2.1 time: 0.119069
Jun 28 07:08:48.739926 n-d-780147-19 devstack@n-api.service[108862]: [pid: 108862|app: 0|req: 49/102] 10.222.0.41 () {60 vars in 1197 bytes} [Mon Jun 28 07:08:48 2021] POST /compute/v2.1/flavors/306596146/action => generated 124 bytes in 121 msecs (HTTP/1.1 404) 9 headers in 379 bytes (1 switches on core 0)
Jun 28 07:08:48.769705 n-d-780147-19 devstack@n-api.service[108862]: DEBUG nova.api.openstack.wsgi [None req-ccc84b6c-b463-4ac1-ade5-33d0ea4143e5 tempest-FlavorsAccessNegativeTestJSON-1198366008 tempest-FlavorsAccessNegativeTestJSON-1198366008-project-admin] Calling method '>' {{(pid=108862) _process_stack /opt/stack/nova/nova/api/openstack/wsgi.py:513}}
Jun 28 07:08:48.826515 n-d-780147-19 devstack@n-api.service[108862]: INFO nova.api.openstack.requestlog [None req-ccc84b6c-b463-4ac1-ade5-33d0ea4143e5 tempest-FlavorsAccessNegativeTestJSON-1198366008 tempest-FlavorsAccessNegativeTestJSON-1198366008-project-admin] 10.222.0.41 "DELETE /compute/v2.1/flavors/306596146" status: 202 len: 0 microversion: 2.1 time: 0.079803
Jun 28 07:08:48.827513 n-d-780147-19 devstack@n-api.service[108862]: [pid: 108862|app: 0|req: 50/103] 10.222.0.41 () {58 vars in 1158 bytes} [Mon Jun 28 07:08:48 2021] DELETE /compute/v2.1/flavors/306596146 => generated 0 bytes in 84 msecs (HTTP/1.1 202) 9 headers in 361 bytes (1 switches on core 0)
Jun 28 07:08:48.843412 n-d-780147-19 devstack@n-api.service[108862]: DEBUG nova.api.openstack.wsgi [None req-add7b059-69c0-4ecd-8416-0e0c031690b9 tempest-FlavorsAccessNegativeTestJSON-1198366008 tempest-FlavorsAccessNegativeTestJSON-1198366008-project-admin] Calling method '>' {{(pid=108862) _process_stack /opt/stack/nova/nova/api/openstack/wsgi.py:513}}
Jun 28 07:08:48.881440 n-d-780147-19 devstack@n-api.service[108862]: INFO nova.api.openstack.requestlog [None req-add7b059-69c0-4ecd-8416-0e0c031690b9 tempest-FlavorsAccessNegativeTestJSON-1198366008 tempest-FlavorsAccessNegativeTestJSON-1198366008-project-admin] 10.222.0.41 "GET /compute/v2.1/flavors/detail" status: 200 len: 5393 microversion: 2.1 time: 0.046093
Jun 28 07:08:48.882548 n-d-780147-19 devstack@n-api.service[108862]: [pid: 108862|app: 0|req: 51/104] 10.222.0.41 () {58 vars in 1146 bytes} [Mon Jun 28 07:08:48 2021] GET /compute/v2.1/flavors/detail => generated 5393 bytes in 52 msecs (HTTP/1.1 200) 9 headers in 358 bytes (2 switches on core 0)
Jun 28 07:08:48.983216 n-d-780147-19 devstack@n-api.service[108861]: DEBUG nova.api.openstack.wsgi [None req-6573409b-a703-4db5-993f-f6f4834e2195 tempest-FlavorsAdminTestJSON-667690331 tempest-FlavorsAdminTestJSON-667690331-project] Calling method '>' {{(pid=108861) _process_stack /opt/stack/nova/nova/api/openstack/wsgi.py:513}}
Jun 28 07:08:49.018663 n-d-780147-19 devstack@n-api.service[108862]: DEBUG nova.api.openstack.wsgi [None req-57f761de-5431-4a07-a8fc-613cfe67e5f4 tempest-AggregatesAdminTestJSON-857469273 tempest-AggregatesAdminTestJSON-857469273-project] Calling method '>' {{(pid=108862) _process_stack /opt/stack/nova/nova/api/openstack/wsgi.py:513}}
Jun 28 07:08:49.019798 n-d-780147-19 devstack@n-api.service[108862]: DEBUG nova.compute.api [None req-57f761de-5431-4a07-a8fc-613cfe67e5f4 tempest-AggregatesAdminTestJSON-857469273 tempest-AggregatesAdminTestJSON-857469273-project] [instance: f139376c-075f-4e0d-8450-22e5b3740a95] Fetching instance by UUID {{(pid=108862) get /opt/stack/nova/nova/compute/api.py:2795}}
Jun 28 07:08:49.049462 n-d-780147-19 devstack@n-api.service[108861]: INFO nova.api.openstack.requestlog [None req-6573409b-a703-4db5-993f-f6f4834e2195 tempest-FlavorsAdminTestJSON-667690331 tempest-FlavorsAdminTestJSON-667690331-project] 10.222.0.41 "GET /compute/v2.1/flavors/detail" status: 200 len: 5393 microversion: 2.1 time: 0.388684
Jun 28 07:08:49.050851 n-d-780147-19 devstack@n-api.service[108861]: [pid: 108861|app: 0|req: 54/105] 10.222.0.41 () {58 vars in 1146 bytes} [Mon Jun 28 07:08:48 2021] GET /compute/v2.1/flavors/detail => generated 5393 bytes in 391 msecs (HTTP/1.1 200) 9 headers in 358 bytes (1 switches on core 0)
Jun 28 07:08:49.053521 n-d-780147-19 devstack@n-api.service[108862]: DEBUG oslo_concurrency.lockutils [None req-57f761de-5431-4a07-a8fc-613cfe67e5f4 tempest-AggregatesAdminTestJSON-857469273 tempest-AggregatesAdminTestJSON-857469273-project] Lock "7fd7b68e-7164-4d1f-a62c-a33c162b48ba" acquired by "nova.context.set_target_cell..get_or_set_cached_cell_and_set_connections" :: waited 0.000s {{(pid=108862) inner /usr/local/lib/python3.8/dist-packages/oslo_concurrency/lockutils.py:355}}
Jun 28 07:08:49.054562 n-d-780147-19 devstack@n-api.service[108862]: DEBUG oslo_concurrency.lockutils [None req-57f761de-5431-4a07-a8fc-613cfe67e5f4 tempest-AggregatesAdminTestJSON-857469273 tempest-AggregatesAdminTestJSON-857469273-project] Lock "7fd7b68e-7164-4d1f-a62c-a33c162b48ba" released by "nova.context.set_target_cell..get_or_set_cached_cell_and_set_connections" :: held 0.005s {{(pid=108862) inner /usr/local/lib/python3.8/dist-packages/oslo_concurrency/lockutils.py:367}}
Jun 28 07:08:49.057980 n-d-780147-19 devstack@n-api.service[108862]: DEBUG oslo_concurrency.lockutils [None req-57f761de-5431-4a07-a8fc-613cfe67e5f4 tempest-AggregatesAdminTestJSON-857469273 tempest-AggregatesAdminTestJSON-857469273-project] Lock "7fd7b68e-7164-4d1f-a62c-a33c162b48ba" acquired by "nova.context.set_target_cell..get_or_set_cached_cell_and_set_connections" :: waited 0.000s {{(pid=108862) inner /usr/local/lib/python3.8/dist-packages/oslo_concurrency/lockutils.py:355}}
Jun 28 07:08:49.059689 n-d-780147-19 devstack@n-api.service[108862]: DEBUG oslo_concurrency.lockutils [None req-57f761de-5431-4a07-a8fc-613cfe67e5f4 tempest-AggregatesAdminTestJSON-857469273 tempest-AggregatesAdminTestJSON-857469273-project] Lock "7fd7b68e-7164-4d1f-a62c-a33c162b48ba" released by "nova.context.set_target_cell..get_or_set_cached_cell_and_set_connections" :: held 0.002s {{(pid=108862) inner /usr/local/lib/python3.8/dist-packages/oslo_concurrency/lockutils.py:367}}
Jun 28 07:08:49.065921 n-d-780147-19 devstack@n-api.service[108861]: DEBUG nova.api.openstack.wsgi [None req-768e3b2e-c9bd-4cbe-830e-598e8595c54e tempest-FlavorsAdminTestJSON-1137758685 tempest-FlavorsAdminTestJSON-1137758685-project-admin] Calling method '>' {{(pid=108861) _process_stack /opt/stack/nova/nova/api/openstack/wsgi.py:513}}
Jun 28 07:08:49.079779 n-d-780147-19 devstack@n-api.service[108862]: /opt/stack/nova/nova/db/sqlalchemy/api.py:1217: SAWarning: TypeDecorator SoftDeleteInteger() will not produce a cache key because the ``cache_ok`` flag is not set to True. Set this flag to True if this type object's state is safe to use in a cache key, or False to disable this warning.
Jun 28 07:08:49.079779 n-d-780147-19 devstack@n-api.service[108862]: result = _build_instance_get(context, columns_to_join=columns_to_join).\
Jun 28 07:08:49.133707 n-d-780147-19 devstack@n-api.service[108861]: INFO nova.api.openstack.requestlog [None req-768e3b2e-c9bd-4cbe-830e-598e8595c54e tempest-FlavorsAdminTestJSON-1137758685 tempest-FlavorsAdminTestJSON-1137758685-project-admin] 10.222.0.41 "DELETE /compute/v2.1/flavors/1399784881" status: 202 len: 0 microversion: 2.1 time: 0.071584
Jun 28 07:08:49.139702 n-d-780147-19 devstack@n-api.service[108861]: [pid: 108861|app: 0|req: 55/106] 10.222.0.41 () {58 vars in 1161 bytes} [Mon Jun 28 07:08:49 2021] DELETE /compute/v2.1/flavors/1399784881 => generated 0 bytes in 78 msecs (HTTP/1.1 202) 9 headers in 361 bytes (1 switches on core 0)
Jun 28 07:08:49.152507 n-d-780147-19 devstack@n-api.service[108861]: DEBUG nova.api.openstack.wsgi [None req-8bccf716-f739-4f61-8c4e-f8b8333d423f tempest-FlavorsAdminTestJSON-1137758685 tempest-FlavorsAdminTestJSON-1137758685-project-admin] Calling method '>' {{(pid=108861) _process_stack /opt/stack/nova/nova/api/openstack/wsgi.py:513}}
Jun 28 07:08:49.246805 n-d-780147-19 devstack@n-api.service[108861]: INFO nova.api.openstack.requestlog [None req-8bccf716-f739-4f61-8c4e-f8b8333d423f tempest-FlavorsAdminTestJSON-1137758685 tempest-FlavorsAdminTestJSON-1137758685-project-admin] 10.222.0.41 "GET /compute/v2.1/flavors/detail" status: 200 len: 4991 microversion: 2.1 time: 0.105303
Jun 28 07:08:49.252846 n-d-780147-19 devstack@n-api.service[108861]: [pid: 108861|app: 0|req: 56/107] 10.222.0.41 () {58 vars in 1146 bytes} [Mon Jun 28 07:08:49 2021] GET /compute/v2.1/flavors/detail => generated 4991 bytes in 112 msecs (HTTP/1.1 200) 9 headers in 358 bytes (1 switches on core 0)
Jun 28 07:08:49.270267 n-d-780147-19 devstack@n-api.service[108861]: DEBUG nova.api.openstack.wsgi [None req-7b22dec2-84d0-45b5-b532-a259ff5b4710 tempest-FlavorsAdminTestJSON-1137758685 tempest-FlavorsAdminTestJSON-1137758685-project-admin] Action: 'create', calling method: >, body: {"flavor": {"ram": 512, "vcpus": 1, "disk": 10, "name": "tempest-FlavorsAdminTestJSON-flavor-2139742401", "id": 2055729771, "os-flavor-access:is_public": "False"}} {{(pid=108861) _process_stack /opt/stack/nova/nova/api/openstack/wsgi.py:511}}
Jun 28 07:08:49.299891 n-d-780147-19 devstack@n-api.service[108861]: INFO nova.api.openstack.requestlog [None req-7b22dec2-84d0-45b5-b532-a259ff5b4710 tempest-FlavorsAdminTestJSON-1137758685 tempest-FlavorsAdminTestJSON-1137758685-project-admin] 10.222.0.41 "POST /compute/v2.1/flavors" status: 200 len: 430 microversion: 2.1 time: 0.033334
Jun 28 07:08:49.300854 n-d-780147-19 devstack@n-api.service[108861]: [pid: 108861|app: 0|req: 57/108] 10.222.0.41 () {60 vars in 1147 bytes} [Mon Jun 28 07:08:49 2021] POST /compute/v2.1/flavors => generated 430 bytes in 35 msecs (HTTP/1.1 200) 9 headers in 357 bytes (1 switches on core 0)
Jun 28 07:08:49.311677 n-d-780147-19 devstack@n-api.service[108861]: DEBUG nova.api.openstack.wsgi [None req-81ec388a-f7aa-4317-a55d-3805b8efa469 tempest-FlavorsAdminTestJSON-667690331 tempest-FlavorsAdminTestJSON-667690331-project] Action: 'create', calling method: >, body: {"server": {"name": "test", "imageRef": "799ad93a-9382-4230-9076-dcd9163241d3", "flavorRef": "2055729771"}} {{(pid=108861) _process_stack /opt/stack/nova/nova/api/openstack/wsgi.py:511}}
Jun 28 07:08:49.330650 n-d-780147-19 devstack@n-api.service[108861]: INFO nova.api.openstack.wsgi [None req-81ec388a-f7aa-4317-a55d-3805b8efa469 tempest-FlavorsAdminTestJSON-667690331 tempest-FlavorsAdminTestJSON-667690331-project] HTTP exception thrown: Flavor 2055729771 could not be found.
Jun 28 07:08:49.331283 n-d-780147-19 devstack@n-api.service[108861]: DEBUG nova.api.openstack.wsgi [None req-81ec388a-f7aa-4317-a55d-3805b8efa469 tempest-FlavorsAdminTestJSON-667690331 tempest-FlavorsAdminTestJSON-667690331-project] Returning 400 to user: Flavor 2055729771 could not be found. {{(pid=108861) __call__ /opt/stack/nova/nova/api/openstack/wsgi.py:927}}
Jun 28 07:08:49.332334 n-d-780147-19 devstack@n-api.service[108861]: INFO nova.api.openstack.requestlog [None req-81ec388a-f7aa-4317-a55d-3805b8efa469 tempest-FlavorsAdminTestJSON-667690331 tempest-FlavorsAdminTestJSON-667690331-project] 10.222.0.41 "POST /compute/v2.1/servers" status: 400 len: 81 microversion: 2.1 time: 0.024431
Jun 28 07:08:49.332925 n-d-780147-19 devstack@n-api.service[108861]: [pid: 108861|app: 0|req: 58/109] 10.222.0.41 () {60 vars in 1147 bytes} [Mon Jun 28 07:08:49 2021] POST /compute/v2.1/servers => generated 81 bytes in 26 msecs (HTTP/1.1 400) 9 headers in 380 bytes (2 switches on core 0)
Jun 28 07:08:49.345560 n-d-780147-19 devstack@n-api.service[108861]: DEBUG nova.api.openstack.wsgi [None req-4e6ed95c-15cb-40a8-a961-3e55a863e288 tempest-DeleteServersAdminTestJSON-1955103476 tempest-DeleteServersAdminTestJSON-1955103476-project] Calling method '>' {{(pid=108861) _process_stack /opt/stack/nova/nova/api/openstack/wsgi.py:513}}
Jun 28 07:08:49.348203 n-d-780147-19 devstack@n-api.service[108861]: DEBUG nova.compute.api [None req-4e6ed95c-15cb-40a8-a961-3e55a863e288 tempest-DeleteServersAdminTestJSON-1955103476 tempest-DeleteServersAdminTestJSON-1955103476-project] [instance: 3dc05d5d-eeb2-44a9-8159-f68300011fd3] Fetching instance by UUID {{(pid=108861) get /opt/stack/nova/nova/compute/api.py:2795}}
Jun 28 07:08:49.399383 n-d-780147-19 devstack@n-api.service[108862]: DEBUG nova.policy [None req-57f761de-5431-4a07-a8fc-613cfe67e5f4 tempest-AggregatesAdminTestJSON-857469273 tempest-AggregatesAdminTestJSON-857469273-project] Policy check for os_compute_api:os-extended-server-attributes failed with credentials {'is_admin': False, 'user_id': 'f7921f056f584938899602060fd12884', 'user_domain_id': 'default', 'system_scope': None, 'domain_id': None, 'project_id': '1f346fda33f14164b5f15dcdc5d518e1', 'project_domain_id': 'default', 'roles': ['reader', 'member'], 'is_admin_project': True, 'service_user_id': None, 'service_user_domain_id': None, 'service_project_id': None, 'service_project_domain_id': None, 'service_roles': []} {{(pid=108862) authorize /opt/stack/nova/nova/policy.py:199}}
Jun 28 07:08:49.402759 n-d-780147-19 devstack@n-api.service[108862]: /opt/stack/nova/nova/db/sqlalchemy/api.py:2775: SAWarning: TypeDecorator SoftDeleteInteger() will not produce a cache key because the ``cache_ok`` flag is not set to True. Set this flag to True if this type object's state is safe to use in a cache key, or False to disable this warning.
Jun 28 07:08:49.402759 n-d-780147-19 devstack@n-api.service[108862]: return _block_device_mapping_get_query(context).filter(
Jun 28 07:08:49.419410 n-d-780147-19 devstack@n-api.service[108862]: INFO nova.api.openstack.requestlog [None req-57f761de-5431-4a07-a8fc-613cfe67e5f4 tempest-AggregatesAdminTestJSON-857469273 tempest-AggregatesAdminTestJSON-857469273-project] 10.222.0.41 "GET /compute/v2.1/servers/f139376c-075f-4e0d-8450-22e5b3740a95" status: 200 len: 1296 microversion: 2.1 time: 0.418110
Jun 28 07:08:49.421429 n-d-780147-19 devstack@n-api.service[108862]: [pid: 108862|app: 0|req: 52/110] 10.222.0.41 () {58 vars in 1236 bytes} [Mon Jun 28 07:08:48 2021] GET /compute/v2.1/servers/f139376c-075f-4e0d-8450-22e5b3740a95 => generated 1296 bytes in 421 msecs (HTTP/1.1 200) 9 headers in 358 bytes (1 switches on core 0)
Jun 28 07:08:49.436394 n-d-780147-19 devstack@n-api.service[108862]: DEBUG nova.api.openstack.wsgi [None req-01bff2f6-4896-481c-a83a-d4c86f4c3b97 tempest-FlavorsAdminTestJSON-1137758685 tempest-FlavorsAdminTestJSON-1137758685-project-admin] Calling method '>' {{(pid=108862) _process_stack /opt/stack/nova/nova/api/openstack/wsgi.py:513}}
Jun 28 07:08:49.437372 n-d-780147-19 devstack@n-api.service[108862]: /usr/local/lib/python3.8/dist-packages/oslo_policy/policy.py:1064: UserWarning: Policy os_compute_api:os-flavor-manage:delete failed scope check. The token used to make the request was project scoped but the policy requires ['system'] scope. This behavior may change in the future where using the intended scope is required
Jun 28 07:08:49.437372 n-d-780147-19 devstack@n-api.service[108862]: warnings.warn(msg)
Jun 28 07:08:49.476774 n-d-780147-19 devstack@n-api.service[108862]: INFO nova.api.openstack.requestlog [None req-01bff2f6-4896-481c-a83a-d4c86f4c3b97 tempest-FlavorsAdminTestJSON-1137758685 tempest-FlavorsAdminTestJSON-1137758685-project-admin] 10.222.0.41 "DELETE /compute/v2.1/flavors/2055729771" status: 202 len: 0 microversion: 2.1 time: 0.053773
Jun 28 07:08:49.477943 n-d-780147-19 devstack@n-api.service[108862]: [pid: 108862|app: 0|req: 53/111] 10.222.0.41 () {58 vars in 1161 bytes} [Mon Jun 28 07:08:49 2021] DELETE /compute/v2.1/flavors/2055729771 => generated 0 bytes in 56 msecs (HTTP/1.1 202) 9 headers in 361 bytes (1 switches on core 0)
Jun 28 07:08:49.486993 n-d-780147-19 devstack@n-api.service[108862]: DEBUG nova.api.openstack.wsgi [None req-ae4944f4-1888-418e-98c4-8f8cfb72a0e4 tempest-FlavorsAdminTestJSON-1137758685 tempest-FlavorsAdminTestJSON-1137758685-project-admin] Calling method '>' {{(pid=108862) _process_stack /opt/stack/nova/nova/api/openstack/wsgi.py:513}}
Jun 28 07:08:49.501419 n-d-780147-19 devstack@n-api.service[108861]: DEBUG nova.policy [None req-4e6ed95c-15cb-40a8-a961-3e55a863e288 tempest-DeleteServersAdminTestJSON-1955103476 tempest-DeleteServersAdminTestJSON-1955103476-project] Policy check for os_compute_api:os-extended-server-attributes failed with credentials {'is_admin': False, 'user_id': '7f4623f2b0a340e1ad096088ed4dcad8', 'user_domain_id': 'default', 'system_scope': None, 'domain_id': None, 'project_id': '02623bf461f946c9bfda3fd1e55a3ea4', 'project_domain_id': 'default', 'roles': ['reader', 'member'], 'is_admin_project': True, 'service_user_id': None, 'service_user_domain_id': None, 'service_project_id': None, 'service_project_domain_id': None, 'service_roles': []} {{(pid=108861) authorize /opt/stack/nova/nova/policy.py:199}}
Jun 28 07:08:49.504908 n-d-780147-19 devstack@n-api.service[108861]: /opt/stack/nova/nova/db/sqlalchemy/api.py:2775: SAWarning: TypeDecorator SoftDeleteInteger() will not produce a cache key because the ``cache_ok`` flag is not set to True. Set this flag to True if this type object's state is safe to use in a cache key, or False to disable this warning.
Jun 28 07:08:49.504908 n-d-780147-19 devstack@n-api.service[108861]: return _block_device_mapping_get_query(context).filter(
Jun 28 07:08:49.524834 n-d-780147-19 devstack@n-api.service[108861]: INFO nova.api.openstack.requestlog [None req-4e6ed95c-15cb-40a8-a961-3e55a863e288 tempest-DeleteServersAdminTestJSON-1955103476 tempest-DeleteServersAdminTestJSON-1955103476-project] 10.222.0.41 "GET /compute/v2.1/servers/3dc05d5d-eeb2-44a9-8159-f68300011fd3" status: 200 len: 1219 microversion: 2.1 time: 0.187641
Jun 28 07:08:49.526915 n-d-780147-19 devstack@n-api.service[108862]: INFO nova.api.openstack.requestlog [None req-ae4944f4-1888-418e-98c4-8f8cfb72a0e4 tempest-FlavorsAdminTestJSON-1137758685 tempest-FlavorsAdminTestJSON-1137758685-project-admin] 10.222.0.41 "GET /compute/v2.1/flavors/detail" status: 200 len: 4991 microversion: 2.1 time: 0.044283
Jun 28 07:08:49.532316 n-d-780147-19 devstack@n-api.service[108862]: [pid: 108862|app: 0|req: 54/112] 10.222.0.41 () {58 vars in 1146 bytes} [Mon Jun 28 07:08:49 2021] GET /compute/v2.1/flavors/detail => generated 4991 bytes in 50 msecs (HTTP/1.1 200) 9 headers in 358 bytes (1 switches on core 0)
Jun 28 07:08:49.563357 n-d-780147-19 devstack@n-api.service[108862]: DEBUG nova.api.openstack.wsgi [None req-7e50b626-7070-4e02-9bb0-a3e292f4fcaf tempest-FlavorsAdminTestJSON-1137758685 tempest-FlavorsAdminTestJSON-1137758685-project-admin] Action: 'create', calling method: >, body: {"flavor": {"ram": 512, "vcpus": 1, "disk": 10, "name": "tempest-test_flavor_-1000719007", "id": 2037251540, "os-flavor-access:is_public": "False"}} {{(pid=108862) _process_stack /opt/stack/nova/nova/api/openstack/wsgi.py:511}}
Jun 28 07:08:49.565140 n-d-780147-19 devstack@n-api.service[108862]: /usr/local/lib/python3.8/dist-packages/oslo_policy/policy.py:1064: UserWarning: Policy os_compute_api:os-flavor-manage:create failed scope check. The token used to make the request was project scoped but the policy requires ['system'] scope. This behavior may change in the future where using the intended scope is required
Jun 28 07:08:49.565140 n-d-780147-19 devstack@n-api.service[108862]: warnings.warn(msg)
Jun 28 07:08:49.569140 n-d-780147-19 devstack@n-api.service[108861]: [pid: 108861|app: 0|req: 59/113] 10.222.0.41 () {58 vars in 1236 bytes} [Mon Jun 28 07:08:49 2021] GET /compute/v2.1/servers/3dc05d5d-eeb2-44a9-8159-f68300011fd3 => generated 1219 bytes in 211 msecs (HTTP/1.1 200) 9 headers in 358 bytes (1 switches on core 0)
Jun 28 07:08:49.610187 n-d-780147-19 devstack@n-api.service[108862]: INFO nova.api.openstack.requestlog [None req-7e50b626-7070-4e02-9bb0-a3e292f4fcaf tempest-FlavorsAdminTestJSON-1137758685 tempest-FlavorsAdminTestJSON-1137758685-project-admin] 10.222.0.41 "POST /compute/v2.1/flavors" status: 200 len: 415 microversion: 2.1 time: 0.047791
Jun 28 07:08:49.612579 n-d-780147-19 devstack@n-api.service[108862]: [pid: 108862|app: 0|req: 55/114] 10.222.0.41 () {60 vars in 1147 bytes} [Mon Jun 28 07:08:49 2021] POST /compute/v2.1/flavors => generated 415 bytes in 55 msecs (HTTP/1.1 200) 9 headers in 357 bytes (2 switches on core 0)
Jun 28 07:08:49.625232 n-d-780147-19 devstack@n-api.service[108862]: DEBUG nova.api.openstack.wsgi [None req-a0812fc6-d0f4-4c83-8f78-be45ccd99862 tempest-FlavorsAdminTestJSON-1137758685 tempest-FlavorsAdminTestJSON-1137758685-project-admin] Action: 'create', calling method: >, body: {"flavor": {"ram": 512, "vcpus": 1, "disk": 10, "name": "tempest-test_flavor_-1885537221", "id": 1874828676, "os-flavor-access:is_public": "True"}} {{(pid=108862) _process_stack /opt/stack/nova/nova/api/openstack/wsgi.py:511}}
Jun 28 07:08:49.663885 n-d-780147-19 devstack@n-api.service[108862]: INFO nova.api.openstack.requestlog [None req-a0812fc6-d0f4-4c83-8f78-be45ccd99862 tempest-FlavorsAdminTestJSON-1137758685 tempest-FlavorsAdminTestJSON-1137758685-project-admin] 10.222.0.41 "POST /compute/v2.1/flavors" status: 200 len: 414 microversion: 2.1 time: 0.043581
Jun 28 07:08:49.664364 n-d-780147-19 devstack@n-api.service[108862]: [pid: 108862|app: 0|req: 56/115] 10.222.0.41 () {60 vars in 1147 bytes} [Mon Jun 28 07:08:49 2021] POST /compute/v2.1/flavors => generated 414 bytes in 45 msecs (HTTP/1.1 200) 9 headers in 357 bytes (2 switches on core 0)
Jun 28 07:08:49.676151 n-d-780147-19 devstack@n-api.service[108862]: DEBUG nova.api.openstack.wsgi [None req-b43f37c2-678b-472a-b0df-622e431840bc tempest-FlavorsAdminTestJSON-1137758685 tempest-FlavorsAdminTestJSON-1137758685-project-admin] Calling method '>' {{(pid=108862) _process_stack /opt/stack/nova/nova/api/openstack/wsgi.py:513}}
Jun 28 07:08:49.721521 n-d-780147-19 devstack@n-api.service[108862]: INFO nova.api.openstack.requestlog [None req-b43f37c2-678b-472a-b0df-622e431840bc tempest-FlavorsAdminTestJSON-1137758685 tempest-FlavorsAdminTestJSON-1137758685-project-admin] 10.222.0.41 "GET /compute/v2.1/flavors/detail?is_public=f" status: 200 len: 418 microversion: 2.1 time: 0.049857
Jun 28 07:08:49.722488 n-d-780147-19 devstack@n-api.service[108862]: [pid: 108862|app: 0|req: 57/116] 10.222.0.41 () {58 vars in 1169 bytes} [Mon Jun 28 07:08:49 2021] GET /compute/v2.1/flavors/detail?is_public=f => generated 418 bytes in 51 msecs (HTTP/1.1 200) 9 headers in 357 bytes (2 switches on core 0)
Jun 28 07:08:49.734355 n-d-780147-19 devstack@n-api.service[108862]: DEBUG nova.api.openstack.wsgi [None req-6c73be1c-37c8-45f2-b9d2-f333d390416e tempest-FlavorsAdminTestJSON-1137758685 tempest-FlavorsAdminTestJSON-1137758685-project-admin] Calling method '>' {{(pid=108862) _process_stack /opt/stack/nova/nova/api/openstack/wsgi.py:513}}
Jun 28 07:08:49.753814 n-d-780147-19 devstack@n-api.service[108862]: INFO nova.api.openstack.requestlog [None req-6c73be1c-37c8-45f2-b9d2-f333d390416e tempest-FlavorsAdminTestJSON-1137758685 tempest-FlavorsAdminTestJSON-1137758685-project-admin] 10.222.0.41 "GET /compute/v2.1/flavors/detail?is_public=false" status: 200 len: 418 microversion: 2.1 time: 0.024283
Jun 28 07:08:49.760055 n-d-780147-19 devstack@n-api.service[108862]: [pid: 108862|app: 0|req: 58/117] 10.222.0.41 () {58 vars in 1177 bytes} [Mon Jun 28 07:08:49 2021] GET /compute/v2.1/flavors/detail?is_public=false => generated 418 bytes in 31 msecs (HTTP/1.1 200) 9 headers in 357 bytes (2 switches on core 0)
Jun 28 07:08:49.772492 n-d-780147-19 devstack@n-api.service[108862]: DEBUG nova.api.openstack.wsgi [None req-97fcdbfa-e3b1-48b1-818d-f082531ab665 tempest-FlavorsAdminTestJSON-1137758685 tempest-FlavorsAdminTestJSON-1137758685-project-admin] Calling method '>' {{(pid=108862) _process_stack /opt/stack/nova/nova/api/openstack/wsgi.py:513}}
Jun 28 07:08:49.816894 n-d-780147-19 devstack@n-api.service[108862]: INFO nova.api.openstack.requestlog [None req-97fcdbfa-e3b1-48b1-818d-f082531ab665 tempest-FlavorsAdminTestJSON-1137758685 tempest-FlavorsAdminTestJSON-1137758685-project-admin] 10.222.0.41 "GET /compute/v2.1/flavors/detail?is_public=no" status: 200 len: 418 microversion: 2.1 time: 0.048113
Jun 28 07:08:49.820001 n-d-780147-19 devstack@n-api.service[108862]: [pid: 108862|app: 0|req: 59/118] 10.222.0.41 () {58 vars in 1171 bytes} [Mon Jun 28 07:08:49 2021] GET /compute/v2.1/flavors/detail?is_public=no => generated 418 bytes in 53 msecs (HTTP/1.1 200) 9 headers in 357 bytes (1 switches on core 0)
Jun 28 07:08:49.849329 n-d-780147-19 devstack@n-api.service[108862]: DEBUG nova.api.openstack.wsgi [None req-b216561c-1fe3-46e9-b142-30aecc19b29a tempest-FlavorsAdminTestJSON-1137758685 tempest-FlavorsAdminTestJSON-1137758685-project-admin] Calling method '>' {{(pid=108862) _process_stack /opt/stack/nova/nova/api/openstack/wsgi.py:513}}
Jun 28 07:08:49.904195 n-d-780147-19 devstack@n-api.service[108862]: INFO nova.api.openstack.requestlog [None req-b216561c-1fe3-46e9-b142-30aecc19b29a tempest-FlavorsAdminTestJSON-1137758685 tempest-FlavorsAdminTestJSON-1137758685-project-admin] 10.222.0.41 "GET /compute/v2.1/flavors/detail?is_public=0" status: 200 len: 418 microversion: 2.1 time: 0.077682
Jun 28 07:08:49.923272 n-d-780147-19 devstack@n-api.service[108862]: [pid: 108862|app: 0|req: 60/119] 10.222.0.41 () {58 vars in 1169 bytes} [Mon Jun 28 07:08:49 2021] GET /compute/v2.1/flavors/detail?is_public=0 => generated 418 bytes in 95 msecs (HTTP/1.1 200) 9 headers in 357 bytes (1 switches on core 0)
Jun 28 07:08:49.935852 n-d-780147-19 devstack@n-api.service[108862]: DEBUG nova.api.openstack.wsgi [None req-d3282386-e35a-47a6-9d74-4d263957c236 tempest-FlavorsAdminTestJSON-1137758685 tempest-FlavorsAdminTestJSON-1137758685-project-admin] Calling method '>' {{(pid=108862) _process_stack /opt/stack/nova/nova/api/openstack/wsgi.py:513}}
Jun 28 07:08:49.976801 n-d-780147-19 devstack@n-api.service[108862]: INFO nova.api.openstack.requestlog [None req-d3282386-e35a-47a6-9d74-4d263957c236 tempest-FlavorsAdminTestJSON-1137758685 tempest-FlavorsAdminTestJSON-1137758685-project-admin] 10.222.0.41 "GET /compute/v2.1/flavors/detail?is_public=t" status: 200 len: 5395 microversion: 2.1 time: 0.052008
Jun 28 07:08:49.979736 n-d-780147-19 devstack@n-api.service[108862]: [pid: 108862|app: 0|req: 61/120] 10.222.0.41 () {58 vars in 1169 bytes} [Mon Jun 28 07:08:49 2021] GET /compute/v2.1/flavors/detail?is_public=t => generated 5395 bytes in 54 msecs (HTTP/1.1 200) 9 headers in 358 bytes (1 switches on core 0)
Jun 28 07:08:50.036586 n-d-780147-19 devstack@n-api.service[108862]: DEBUG nova.api.openstack.wsgi [None req-de97d1d8-beb7-4207-ab7f-7bcc882a1098 tempest-FlavorsAdminTestJSON-1137758685 tempest-FlavorsAdminTestJSON-1137758685-project-admin] Calling method '>' {{(pid=108862) _process_stack /opt/stack/nova/nova/api/openstack/wsgi.py:513}}
Jun 28 07:08:50.157243 n-d-780147-19 devstack@n-api.service[108862]: INFO nova.api.openstack.requestlog [None req-de97d1d8-beb7-4207-ab7f-7bcc882a1098 tempest-FlavorsAdminTestJSON-1137758685 tempest-FlavorsAdminTestJSON-1137758685-project-admin] 10.222.0.41 "GET /compute/v2.1/flavors/detail?is_public=true" status: 200 len: 5395 microversion: 2.1 time: 0.166761
Jun 28 07:08:50.162857 n-d-780147-19 devstack@n-api.service[108862]: [pid: 108862|app: 0|req: 62/121] 10.222.0.41 () {58 vars in 1175 bytes} [Mon Jun 28 07:08:49 2021] GET /compute/v2.1/flavors/detail?is_public=true => generated 5395 bytes in 174 msecs (HTTP/1.1 200) 9 headers in 358 bytes (1 switches on core 0)
Jun 28 07:08:50.184242 n-d-780147-19 devstack@n-api.service[108862]: DEBUG nova.api.openstack.wsgi [None req-498d34de-236b-4f62-adbb-db835042068d tempest-FlavorsAdminTestJSON-1137758685 tempest-FlavorsAdminTestJSON-1137758685-project-admin] Calling method '>' {{(pid=108862) _process_stack /opt/stack/nova/nova/api/openstack/wsgi.py:513}}
Jun 28 07:08:50.230985 n-d-780147-19 devstack@n-api.service[108862]: INFO nova.api.openstack.requestlog [None req-498d34de-236b-4f62-adbb-db835042068d tempest-FlavorsAdminTestJSON-1137758685 tempest-FlavorsAdminTestJSON-1137758685-project-admin] 10.222.0.41 "GET /compute/v2.1/flavors/detail?is_public=yes" status: 200 len: 5395 microversion: 2.1 time: 0.051530
Jun 28 07:08:50.236758 n-d-780147-19 devstack@n-api.service[108862]: [pid: 108862|app: 0|req: 63/122] 10.222.0.41 () {58 vars in 1173 bytes} [Mon Jun 28 07:08:50 2021] GET /compute/v2.1/flavors/detail?is_public=yes => generated 5395 bytes in 58 msecs (HTTP/1.1 200) 9 headers in 358 bytes (2 switches on core 0)
Jun 28 07:08:50.251142 n-d-780147-19 devstack@n-api.service[108862]: DEBUG nova.api.openstack.wsgi [None req-0feb7fb4-8d76-410a-b00d-43bc5ceceb6d tempest-FlavorsAdminTestJSON-1137758685 tempest-FlavorsAdminTestJSON-1137758685-project-admin] Calling method '>' {{(pid=108862) _process_stack /opt/stack/nova/nova/api/openstack/wsgi.py:513}}
Jun 28 07:08:50.284537 n-d-780147-19 devstack@n-api.service[108861]: DEBUG nova.api.openstack.wsgi [None req-404c1a63-39da-4308-aed7-0f6fd2379aa3 tempest-ServersWithSpecificFlavorTestJSON-1831614775 tempest-ServersWithSpecificFlavorTestJSON-1831614775-project] Calling method '>' {{(pid=108861) _process_stack /opt/stack/nova/nova/api/openstack/wsgi.py:513}}
Jun 28 07:08:50.301795 n-d-780147-19 devstack@n-api.service[108861]: INFO nova.api.openstack.requestlog [None req-404c1a63-39da-4308-aed7-0f6fd2379aa3 tempest-ServersWithSpecificFlavorTestJSON-1831614775 tempest-ServersWithSpecificFlavorTestJSON-1831614775-project] 10.222.0.41 "GET /compute/v2.1/flavors/452" status: 200 len: 370 microversion: 2.1 time: 0.696336
Jun 28 07:08:50.308271 n-d-780147-19 devstack@n-api.service[108862]: INFO nova.api.openstack.requestlog [None req-0feb7fb4-8d76-410a-b00d-43bc5ceceb6d tempest-FlavorsAdminTestJSON-1137758685 tempest-FlavorsAdminTestJSON-1137758685-project-admin] 10.222.0.41 "GET /compute/v2.1/flavors/detail?is_public=1" status: 200 len: 5395 microversion: 2.1 time: 0.058155
Jun 28 07:08:50.308765 n-d-780147-19 devstack@n-api.service[108861]: [pid: 108861|app: 0|req: 60/123] 10.222.0.41 () {58 vars in 1137 bytes} [Mon Jun 28 07:08:49 2021] GET /compute/v2.1/flavors/452 => generated 370 bytes in 701 msecs (HTTP/1.1 200) 9 headers in 357 bytes (1 switches on core 0)
Jun 28 07:08:50.317894 n-d-780147-19 devstack@n-api.service[108862]: [pid: 108862|app: 0|req: 64/124] 10.222.0.41 () {58 vars in 1169 bytes} [Mon Jun 28 07:08:50 2021] GET /compute/v2.1/flavors/detail?is_public=1 => generated 5395 bytes in 72 msecs (HTTP/1.1 200) 9 headers in 358 bytes (1 switches on core 0)
Jun 28 07:08:50.348152 n-d-780147-19 devstack@n-api.service[108862]: DEBUG nova.api.openstack.wsgi [None req-4cb6554c-f573-4e88-8578-34bf4ada79c3 tempest-FlavorsAdminTestJSON-1137758685 tempest-FlavorsAdminTestJSON-1137758685-project-admin] Calling method '>' {{(pid=108862) _process_stack /opt/stack/nova/nova/api/openstack/wsgi.py:513}}
Jun 28 07:08:50.396948 n-d-780147-19 devstack@n-api.service[108862]: INFO nova.api.openstack.requestlog [None req-4cb6554c-f573-4e88-8578-34bf4ada79c3 tempest-FlavorsAdminTestJSON-1137758685 tempest-FlavorsAdminTestJSON-1137758685-project-admin] 10.222.0.41 "DELETE /compute/v2.1/flavors/1874828676" status: 202 len: 0 microversion: 2.1 time: 0.077840
Jun 28 07:08:50.402790 n-d-780147-19 devstack@n-api.service[108862]: [pid: 108862|app: 0|req: 65/125] 10.222.0.41 () {58 vars in 1161 bytes} [Mon Jun 28 07:08:50 2021] DELETE /compute/v2.1/flavors/1874828676 => generated 0 bytes in 84 msecs (HTTP/1.1 202) 9 headers in 361 bytes (1 switches on core 0)
Jun 28 07:08:50.527013 n-d-780147-19 devstack@n-api.service[108861]: DEBUG nova.api.openstack.wsgi [None req-21815ba7-2d95-44d2-962b-ffe0682ae4a4 tempest-ServersWithSpecificFlavorTestJSON-1606151392 tempest-ServersWithSpecificFlavorTestJSON-1606151392-project-admin] Action: 'create', calling method: >, body: {"flavor": {"ram": 1024, "vcpus": 1, "disk": 1, "name": "tempest-flavor_with_ephemeral_1-603343498", "id": 2086894071, "OS-FLV-EXT-DATA:ephemeral": 1, "os-flavor-access:is_public": "True"}} {{(pid=108861) _process_stack /opt/stack/nova/nova/api/openstack/wsgi.py:511}}
Jun 28 07:08:50.532269 n-d-780147-19 devstack@n-api.service[108861]: /usr/local/lib/python3.8/dist-packages/oslo_policy/policy.py:1064: UserWarning: Policy os_compute_api:os-flavor-manage:create failed scope check. The token used to make the request was project scoped but the policy requires ['system'] scope. This behavior may change in the future where using the intended scope is required
Jun 28 07:08:50.532269 n-d-780147-19 devstack@n-api.service[108861]: warnings.warn(msg)
Jun 28 07:08:50.569662 n-d-780147-19 devstack@n-api.service[108861]: INFO nova.api.openstack.requestlog [None req-21815ba7-2d95-44d2-962b-ffe0682ae4a4 tempest-ServersWithSpecificFlavorTestJSON-1606151392 tempest-ServersWithSpecificFlavorTestJSON-1606151392-project-admin] 10.222.0.41 "POST /compute/v2.1/flavors" status: 200 len: 424 microversion: 2.1 time: 0.251717
Jun 28 07:08:50.571644 n-d-780147-19 devstack@n-api.service[108861]: [pid: 108861|app: 0|req: 61/126] 10.222.0.41 () {60 vars in 1147 bytes} [Mon Jun 28 07:08:50 2021] POST /compute/v2.1/flavors => generated 424 bytes in 255 msecs (HTTP/1.1 200) 9 headers in 357 bytes (1 switches on core 0)
Jun 28 07:08:50.605038 n-d-780147-19 devstack@n-api.service[108861]: DEBUG nova.api.openstack.wsgi [None req-b519423e-2275-4685-b50b-db246ce407bd tempest-FlavorsAdminTestJSON-1137758685 tempest-FlavorsAdminTestJSON-1137758685-project-admin] Calling method '>' {{(pid=108861) _process_stack /opt/stack/nova/nova/api/openstack/wsgi.py:513}}
Jun 28 07:08:50.670610 n-d-780147-19 devstack@n-api.service[108861]: INFO nova.api.openstack.requestlog [None req-b519423e-2275-4685-b50b-db246ce407bd tempest-FlavorsAdminTestJSON-1137758685 tempest-FlavorsAdminTestJSON-1137758685-project-admin] 10.222.0.41 "GET /compute/v2.1/flavors/detail" status: 200 len: 5405 microversion: 2.1 time: 0.096476
Jun 28 07:08:50.683120 n-d-780147-19 devstack@n-api.service[108861]: [pid: 108861|app: 0|req: 62/127] 10.222.0.41 () {58 vars in 1146 bytes} [Mon Jun 28 07:08:50 2021] GET /compute/v2.1/flavors/detail => generated 5405 bytes in 111 msecs (HTTP/1.1 200) 9 headers in 358 bytes (1 switches on core 0)
Jun 28 07:08:50.690267 n-d-780147-19 devstack@n-api.service[108861]: DEBUG nova.api.openstack.wsgi [None req-f30ba381-ebe9-4855-aef1-609a65e7c0ae tempest-AggregatesAdminTestJSON-857469273 tempest-AggregatesAdminTestJSON-857469273-project] Calling method '>' {{(pid=108861) _process_stack /opt/stack/nova/nova/api/openstack/wsgi.py:513}}
Jun 28 07:08:50.691743 n-d-780147-19 devstack@n-api.service[108861]: DEBUG nova.compute.api [None req-f30ba381-ebe9-4855-aef1-609a65e7c0ae tempest-AggregatesAdminTestJSON-857469273 tempest-AggregatesAdminTestJSON-857469273-project] [instance: f139376c-075f-4e0d-8450-22e5b3740a95] Fetching instance by UUID {{(pid=108861) get /opt/stack/nova/nova/compute/api.py:2795}}
Jun 28 07:08:50.701802 n-d-780147-19 devstack@n-api.service[108861]: DEBUG oslo_concurrency.lockutils [None req-f30ba381-ebe9-4855-aef1-609a65e7c0ae tempest-AggregatesAdminTestJSON-857469273 tempest-AggregatesAdminTestJSON-857469273-project] Lock "7fd7b68e-7164-4d1f-a62c-a33c162b48ba" acquired by "nova.context.set_target_cell..get_or_set_cached_cell_and_set_connections" :: waited 0.000s {{(pid=108861) inner /usr/local/lib/python3.8/dist-packages/oslo_concurrency/lockutils.py:355}}
Jun 28 07:08:50.702523 n-d-780147-19 devstack@n-api.service[108861]: DEBUG oslo_concurrency.lockutils [None req-f30ba381-ebe9-4855-aef1-609a65e7c0ae tempest-AggregatesAdminTestJSON-857469273 tempest-AggregatesAdminTestJSON-857469273-project] Lock "7fd7b68e-7164-4d1f-a62c-a33c162b48ba" released by "nova.context.set_target_cell..get_or_set_cached_cell_and_set_connections" :: held 0.001s {{(pid=108861) inner /usr/local/lib/python3.8/dist-packages/oslo_concurrency/lockutils.py:367}}
Jun 28 07:08:50.705142 n-d-780147-19 devstack@n-api.service[108861]: DEBUG oslo_concurrency.lockutils [None req-f30ba381-ebe9-4855-aef1-609a65e7c0ae tempest-AggregatesAdminTestJSON-857469273 tempest-AggregatesAdminTestJSON-857469273-project] Lock "7fd7b68e-7164-4d1f-a62c-a33c162b48ba" acquired by "nova.context.set_target_cell..get_or_set_cached_cell_and_set_connections" :: waited 0.000s {{(pid=108861) inner /usr/local/lib/python3.8/dist-packages/oslo_concurrency/lockutils.py:355}}
Jun 28 07:08:50.706180 n-d-780147-19 devstack@n-api.service[108861]: DEBUG oslo_concurrency.lockutils [None req-f30ba381-ebe9-4855-aef1-609a65e7c0ae tempest-AggregatesAdminTestJSON-857469273 tempest-AggregatesAdminTestJSON-857469273-project] Lock "7fd7b68e-7164-4d1f-a62c-a33c162b48ba" released by "nova.context.set_target_cell..get_or_set_cached_cell_and_set_connections" :: held 0.001s {{(pid=108861) inner /usr/local/lib/python3.8/dist-packages/oslo_concurrency/lockutils.py:367}}
Jun 28 07:08:50.716408 n-d-780147-19 devstack@n-api.service[108861]: /opt/stack/nova/nova/db/sqlalchemy/api.py:1217: SAWarning: TypeDecorator SoftDeleteInteger() will not produce a cache key because the ``cache_ok`` flag is not set to True. Set this flag to True if this type object's state is safe to use in a cache key, or False to disable this warning.
Jun 28 07:08:50.716408 n-d-780147-19 devstack@n-api.service[108861]: result = _build_instance_get(context, columns_to_join=columns_to_join).\
Jun 28 07:08:51.017281 n-d-780147-19 devstack@n-api.service[108862]: DEBUG nova.api.openstack.wsgi [None req-a24423bd-b45f-4ebe-ad19-93eeaa39a8d3 tempest-LiveMigrationTest-466285829 tempest-LiveMigrationTest-466285829-project] Action: 'create', calling method: >, body: {"server": {"name": "tempest-LiveMigrationTest-server-1473499893", "imageRef": "799ad93a-9382-4230-9076-dcd9163241d3", "flavorRef": "452", "networks": [{"uuid": "c886a76e-2a57-42a2-99af-611576d4667c"}]}} {{(pid=108862) _process_stack /opt/stack/nova/nova/api/openstack/wsgi.py:511}}
Jun 28 07:08:51.162038 n-d-780147-19 devstack@n-api.service[108862]: DEBUG nova.network.neutron [None req-a24423bd-b45f-4ebe-ad19-93eeaa39a8d3 tempest-LiveMigrationTest-466285829 tempest-LiveMigrationTest-466285829-project] validate_networks() for [('c886a76e-2a57-42a2-99af-611576d4667c', None, None, None)] {{(pid=108862) validate_networks /opt/stack/nova/nova/network/neutron.py:2376}}
Jun 28 07:08:51.496522 n-d-780147-19 devstack@n-api.service[108861]: DEBUG nova.policy [None req-f30ba381-ebe9-4855-aef1-609a65e7c0ae tempest-AggregatesAdminTestJSON-857469273 tempest-AggregatesAdminTestJSON-857469273-project] Policy check for os_compute_api:os-extended-server-attributes failed with credentials {'is_admin': False, 'user_id': 'f7921f056f584938899602060fd12884', 'user_domain_id': 'default', 'system_scope': None, 'domain_id': None, 'project_id': '1f346fda33f14164b5f15dcdc5d518e1', 'project_domain_id': 'default', 'roles': ['reader', 'member'], 'is_admin_project': True, 'service_user_id': None, 'service_user_domain_id': None, 'service_project_id': None, 'service_project_domain_id': None, 'service_roles': []} {{(pid=108861) authorize /opt/stack/nova/nova/policy.py:199}}
Jun 28 07:08:51.500113 n-d-780147-19 devstack@n-api.service[108861]: /opt/stack/nova/nova/db/sqlalchemy/api.py:2775: SAWarning: TypeDecorator SoftDeleteInteger() will not produce a cache key because the ``cache_ok`` flag is not set to True. Set this flag to True if this type object's state is safe to use in a cache key, or False to disable this warning.
Jun 28 07:08:51.500113 n-d-780147-19 devstack@n-api.service[108861]: return _block_device_mapping_get_query(context).filter(
Jun 28 07:08:51.508313 n-d-780147-19 devstack@n-api.service[108861]: INFO nova.api.openstack.requestlog [None req-f30ba381-ebe9-4855-aef1-609a65e7c0ae tempest-AggregatesAdminTestJSON-857469273 tempest-AggregatesAdminTestJSON-857469273-project] 10.222.0.41 "GET /compute/v2.1/servers/f139376c-075f-4e0d-8450-22e5b3740a95" status: 200 len: 1338 microversion: 2.1 time: 0.823732
Jun 28 07:08:51.519702 n-d-780147-19 devstack@n-api.service[108861]: [pid: 108861|app: 0|req: 63/128] 10.222.0.41 () {58 vars in 1236 bytes} [Mon Jun 28 07:08:50 2021] GET /compute/v2.1/servers/f139376c-075f-4e0d-8450-22e5b3740a95 => generated 1338 bytes in 835 msecs (HTTP/1.1 200) 9 headers in 358 bytes (1 switches on core 0)
Jun 28 07:08:51.525576 n-d-780147-19 devstack@n-api.service[108861]: DEBUG nova.api.openstack.wsgi [None req-0b1ba7b5-337b-4349-a0ed-2f97d54a93d9 tempest-DeleteServersAdminTestJSON-1955103476 tempest-DeleteServersAdminTestJSON-1955103476-project] Calling method '>' {{(pid=108861) _process_stack /opt/stack/nova/nova/api/openstack/wsgi.py:513}}
Jun 28 07:08:51.526595 n-d-780147-19 devstack@n-api.service[108861]: DEBUG nova.compute.api [None req-0b1ba7b5-337b-4349-a0ed-2f97d54a93d9 tempest-DeleteServersAdminTestJSON-1955103476 tempest-DeleteServersAdminTestJSON-1955103476-project] [instance: 3dc05d5d-eeb2-44a9-8159-f68300011fd3] Fetching instance by UUID {{(pid=108861) get /opt/stack/nova/nova/compute/api.py:2795}}
Jun 28 07:08:51.536629 n-d-780147-19 devstack@n-api.service[108861]: DEBUG oslo_concurrency.lockutils [None req-0b1ba7b5-337b-4349-a0ed-2f97d54a93d9 tempest-DeleteServersAdminTestJSON-1955103476 tempest-DeleteServersAdminTestJSON-1955103476-project] Lock "7fd7b68e-7164-4d1f-a62c-a33c162b48ba" acquired by "nova.context.set_target_cell..get_or_set_cached_cell_and_set_connections" :: waited 0.000s {{(pid=108861) inner /usr/local/lib/python3.8/dist-packages/oslo_concurrency/lockutils.py:355}}
Jun 28 07:08:51.538159 n-d-780147-19 devstack@n-api.service[108861]: DEBUG oslo_concurrency.lockutils [None req-0b1ba7b5-337b-4349-a0ed-2f97d54a93d9 tempest-DeleteServersAdminTestJSON-1955103476 tempest-DeleteServersAdminTestJSON-1955103476-project] Lock "7fd7b68e-7164-4d1f-a62c-a33c162b48ba" released by "nova.context.set_target_cell..get_or_set_cached_cell_and_set_connections" :: held 0.002s {{(pid=108861) inner /usr/local/lib/python3.8/dist-packages/oslo_concurrency/lockutils.py:367}}
Jun 28 07:08:51.540300 n-d-780147-19 devstack@n-api.service[108861]: DEBUG oslo_concurrency.lockutils [None req-0b1ba7b5-337b-4349-a0ed-2f97d54a93d9 tempest-DeleteServersAdminTestJSON-1955103476 tempest-DeleteServersAdminTestJSON-1955103476-project] Lock "7fd7b68e-7164-4d1f-a62c-a33c162b48ba" acquired by "nova.context.set_target_cell..get_or_set_cached_cell_and_set_connections" :: waited 0.000s {{(pid=108861) inner /usr/local/lib/python3.8/dist-packages/oslo_concurrency/lockutils.py:355}}
Jun 28 07:08:51.541323 n-d-780147-19 devstack@n-api.service[108861]: DEBUG oslo_concurrency.lockutils [None req-0b1ba7b5-337b-4349-a0ed-2f97d54a93d9 tempest-DeleteServersAdminTestJSON-1955103476 tempest-DeleteServersAdminTestJSON-1955103476-project] Lock "7fd7b68e-7164-4d1f-a62c-a33c162b48ba" released by "nova.context.set_target_cell..get_or_set_cached_cell_and_set_connections" :: held 0.001s {{(pid=108861) inner /usr/local/lib/python3.8/dist-packages/oslo_concurrency/lockutils.py:367}}
Jun 28 07:08:51.564482 n-d-780147-19 devstack@n-api.service[108861]: /opt/stack/nova/nova/db/sqlalchemy/api.py:1217: SAWarning: TypeDecorator SoftDeleteInteger() will not produce a cache key because the ``cache_ok`` flag is not set to True. Set this flag to True if this type object's state is safe to use in a cache key, or False to disable this warning.
Jun 28 07:08:51.564482 n-d-780147-19 devstack@n-api.service[108861]: result = _build_instance_get(context, columns_to_join=columns_to_join).\
Jun 28 07:08:51.901542 n-d-780147-19 devstack@n-api.service[108861]: DEBUG nova.policy [None req-0b1ba7b5-337b-4349-a0ed-2f97d54a93d9 tempest-DeleteServersAdminTestJSON-1955103476 tempest-DeleteServersAdminTestJSON-1955103476-project] Policy check for os_compute_api:os-extended-server-attributes failed with credentials {'is_admin': False, 'user_id': '7f4623f2b0a340e1ad096088ed4dcad8', 'user_domain_id': 'default', 'system_scope': None, 'domain_id': None, 'project_id': '02623bf461f946c9bfda3fd1e55a3ea4', 'project_domain_id': 'default', 'roles': ['reader', 'member'], 'is_admin_project': True, 'service_user_id': None, 'service_user_domain_id': None, 'service_project_id': None, 'service_project_domain_id': None, 'service_roles': []} {{(pid=108861) authorize /opt/stack/nova/nova/policy.py:199}}
Jun 28 07:08:51.905506 n-d-780147-19 devstack@n-api.service[108861]: /opt/stack/nova/nova/db/sqlalchemy/api.py:2775: SAWarning: TypeDecorator SoftDeleteInteger() will not produce a cache key because the ``cache_ok`` flag is not set to True. Set this flag to True if this type object's state is safe to use in a cache key, or False to disable this warning.
Jun 28 07:08:51.905506 n-d-780147-19 devstack@n-api.service[108861]: return _block_device_mapping_get_query(context).filter(
Jun 28 07:08:51.925836 n-d-780147-19 devstack@n-api.service[108861]: INFO nova.api.openstack.requestlog [None req-0b1ba7b5-337b-4349-a0ed-2f97d54a93d9 tempest-DeleteServersAdminTestJSON-1955103476 tempest-DeleteServersAdminTestJSON-1955103476-project] 10.222.0.41 "GET /compute/v2.1/servers/3dc05d5d-eeb2-44a9-8159-f68300011fd3" status: 200 len: 1289 microversion: 2.1 time: 0.398871
Jun 28 07:08:51.926482 n-d-780147-19 devstack@n-api.service[108861]: [pid: 108861|app: 0|req: 64/129] 10.222.0.41 () {58 vars in 1236 bytes} [Mon Jun 28 07:08:51 2021] GET /compute/v2.1/servers/3dc05d5d-eeb2-44a9-8159-f68300011fd3 => generated 1289 bytes in 406 msecs (HTTP/1.1 200) 9 headers in 358 bytes (1 switches on core 0)
Jun 28 07:08:51.940012 n-d-780147-19 devstack@n-api.service[108861]: DEBUG nova.api.openstack.wsgi [None req-b2971782-a6dd-4ad7-8270-28453fc5eecf tempest-ServersWithSpecificFlavorTestJSON-1606151392 tempest-ServersWithSpecificFlavorTestJSON-1606151392-project-admin] Calling method '>' {{(pid=108861) _process_stack /opt/stack/nova/nova/api/openstack/wsgi.py:513}}
Jun 28 07:08:51.952285 n-d-780147-19 devstack@n-api.service[108861]: INFO nova.api.openstack.requestlog [None req-b2971782-a6dd-4ad7-8270-28453fc5eecf tempest-ServersWithSpecificFlavorTestJSON-1606151392 tempest-ServersWithSpecificFlavorTestJSON-1606151392-project-admin] 10.222.0.41 "GET /compute/v2.1/flavors/452/os-extra_specs" status: 200 len: 19 microversion: 2.1 time: 0.023044
Jun 28 07:08:51.953163 n-d-780147-19 devstack@n-api.service[108861]: [pid: 108861|app: 0|req: 65/130] 10.222.0.41 () {58 vars in 1182 bytes} [Mon Jun 28 07:08:51 2021] GET /compute/v2.1/flavors/452/os-extra_specs => generated 19 bytes in 24 msecs (HTTP/1.1 200) 9 headers in 356 bytes (1 switches on core 0)
Jun 28 07:08:51.970453 n-d-780147-19 devstack@n-api.service[108861]: DEBUG nova.api.openstack.wsgi [None req-d65abbb3-cf63-4da2-b4d8-17a169fe2b7d tempest-FlavorsAdminTestJSON-1137758685 tempest-FlavorsAdminTestJSON-1137758685-project-admin] Calling method '>' {{(pid=108861) _process_stack /opt/stack/nova/nova/api/openstack/wsgi.py:513}}
