Jun 25 09:54:13.621862 n-d-780147-18 cinder-volume[102508]: DEBUG oslo_concurrency.processutils [None req-1a753cdc-28a5-4d35-9e2e-2296b949a84b tempest-VolumesSnapshotTestJSON-424288754 None] CMD "/usr/bin/python3.8 -m oslo_concurrency.prlimit --as=1073741824 --cpu=60 -- sudo cinder-rootwrap /etc/cinder/rootwrap.conf env LC_ALL=C qemu-img info /opt/stack/data/cinder/conversion/image_download_f74d2beb-7cbb-4c0f-bd63-01872249b16c_qrquyzoe" returned: 0 in 0.908s {{(pid=102508) execute /usr/local/lib/python3.8/dist-packages/oslo_concurrency/processutils.py:422}}
Jun 25 09:54:13.622637 n-d-780147-18 cinder-volume[102508]: WARNING py.warnings [None req-1a753cdc-28a5-4d35-9e2e-2296b949a84b tempest-VolumesSnapshotTestJSON-424288754 None] /usr/local/lib/python3.8/dist-packages/oslo_utils/imageutils.py:69: FutureWarning: The human format is deprecated and the format parameter will be removed. Use explicitly json instead in version 'xena'
Jun 25 09:54:13.622637 n-d-780147-18 cinder-volume[102508]: debtcollector.deprecate(
Jun 25 09:54:13.622637 n-d-780147-18 cinder-volume[102508]:
Jun 25 09:54:13.624293 n-d-780147-18 cinder-volume[102508]: DEBUG oslo_concurrency.processutils [None req-1a753cdc-28a5-4d35-9e2e-2296b949a84b tempest-VolumesSnapshotTestJSON-424288754 None] Running cmd (subprocess): /usr/bin/python3.8 -m oslo_concurrency.prlimit --as=1073741824 --cpu=60 -- sudo cinder-rootwrap /etc/cinder/rootwrap.conf env LC_ALL=C qemu-img info /opt/stack/data/cinder/conversion/image_fetch_f74d2beb-7cbb-4c0f-bd63-01872249b16c_omqre1wan-d-780147-18@lvmdriver-1 {{(pid=102508) execute /usr/local/lib/python3.8/dist-packages/oslo_concurrency/processutils.py:384}}
Jun 25 09:54:13.909828 n-d-780147-18 sudo[135064]: ubuntu : TTY=unknown ; PWD=/ ; USER=root ; COMMAND=/usr/local/bin/cinder-rootwrap /etc/cinder/rootwrap.conf env LC_ALL=C qemu-img info /opt/stack/data/cinder/conversion/image_fetch_f74d2beb-7cbb-4c0f-bd63-01872249b16c_omqre1wan-d-780147-18@lvmdriver-1
Jun 25 09:54:13.911315 n-d-780147-18 sudo[135064]: pam_unix(sudo:session): session opened for user root by (uid=0)
Jun 25 09:54:14.546843 n-d-780147-18 sudo[135064]: pam_unix(sudo:session): session closed for user root
Jun 25 09:54:14.549950 n-d-780147-18 cinder-volume[102508]: DEBUG oslo_concurrency.processutils [None req-1a753cdc-28a5-4d35-9e2e-2296b949a84b tempest-VolumesSnapshotTestJSON-424288754 None] CMD "/usr/bin/python3.8 -m oslo_concurrency.prlimit --as=1073741824 --cpu=60 -- sudo cinder-rootwrap /etc/cinder/rootwrap.conf env LC_ALL=C qemu-img info /opt/stack/data/cinder/conversion/image_fetch_f74d2beb-7cbb-4c0f-bd63-01872249b16c_omqre1wan-d-780147-18@lvmdriver-1" returned: 0 in 0.925s {{(pid=102508) execute /usr/local/lib/python3.8/dist-packages/oslo_concurrency/processutils.py:422}}
Jun 25 09:54:14.551042 n-d-780147-18 cinder-volume[102508]: DEBUG cinder.image.image_utils [None req-1a753cdc-28a5-4d35-9e2e-2296b949a84b tempest-VolumesSnapshotTestJSON-424288754 None] f74d2beb-7cbb-4c0f-bd63-01872249b16c was vhdx, converting to raw {{(pid=102508) fetch_to_volume_format /opt/stack/cinder/cinder/image/image_utils.py:717}}
Jun 25 09:54:14.552872 n-d-780147-18 cinder-volume[102508]: DEBUG oslo_concurrency.processutils [None req-1a753cdc-28a5-4d35-9e2e-2296b949a84b tempest-VolumesSnapshotTestJSON-424288754 None] Running cmd (subprocess): sudo cinder-rootwrap /etc/cinder/rootwrap.conf dd count=0 if=/opt/stack/data/cinder/conversion/image_fetch_f74d2beb-7cbb-4c0f-bd63-01872249b16c_omqre1wan-d-780147-18@lvmdriver-1 of=/dev/mapper/stack--volumes--lvmdriver--1-volume--f29479c4--bc5f--462e--8599--904436b4a8d4 oflag=direct {{(pid=102508) execute /usr/local/lib/python3.8/dist-packages/oslo_concurrency/processutils.py:384}}
Jun 25 09:54:14.579882 n-d-780147-18 sudo[135093]: ubuntu : TTY=unknown ; PWD=/ ; USER=root ; COMMAND=/usr/local/bin/cinder-rootwrap /etc/cinder/rootwrap.conf dd count=0 if=/opt/stack/data/cinder/conversion/image_fetch_f74d2beb-7cbb-4c0f-bd63-01872249b16c_omqre1wan-d-780147-18@lvmdriver-1 of=/dev/mapper/stack--volumes--lvmdriver--1-volume--f29479c4--bc5f--462e--8599--904436b4a8d4 oflag=direct
Jun 25 09:54:14.581523 n-d-780147-18 sudo[135093]: pam_unix(sudo:session): session opened for user root by (uid=0)
Jun 25 09:54:15.122151 n-d-780147-18 cinder-volume[102508]: DEBUG oslo_concurrency.processutils [None req-1a753cdc-28a5-4d35-9e2e-2296b949a84b tempest-VolumesSnapshotTestJSON-424288754 None] CMD "sudo cinder-rootwrap /etc/cinder/rootwrap.conf dd count=0 if=/opt/stack/data/cinder/conversion/image_fetch_f74d2beb-7cbb-4c0f-bd63-01872249b16c_omqre1wan-d-780147-18@lvmdriver-1 of=/dev/mapper/stack--volumes--lvmdriver--1-volume--f29479c4--bc5f--462e--8599--904436b4a8d4 oflag=direct" returned: 0 in 0.565s {{(pid=102508) execute /usr/local/lib/python3.8/dist-packages/oslo_concurrency/processutils.py:422}}
Jun 25 09:54:15.122151 n-d-780147-18 cinder-volume[102508]: DEBUG oslo_concurrency.processutils [None req-1a753cdc-28a5-4d35-9e2e-2296b949a84b tempest-VolumesSnapshotTestJSON-424288754 None] Running cmd (subprocess): sudo cinder-rootwrap /etc/cinder/rootwrap.conf qemu-img convert -O raw -t none -f vhdx /opt/stack/data/cinder/conversion/image_fetch_f74d2beb-7cbb-4c0f-bd63-01872249b16c_omqre1wan-d-780147-18@lvmdriver-1 /dev/mapper/stack--volumes--lvmdriver--1-volume--f29479c4--bc5f--462e--8599--904436b4a8d4 {{(pid=102508) execute /usr/local/lib/python3.8/dist-packages/oslo_concurrency/processutils.py:384}}
Jun 25 09:54:15.115044 n-d-780147-18 sudo[135093]: pam_unix(sudo:session): session closed for user root
Jun 25 09:54:15.176177 n-d-780147-18 sudo[135114]: ubuntu : TTY=unknown ; PWD=/ ; USER=root ; COMMAND=/usr/local/bin/cinder-rootwrap /etc/cinder/rootwrap.conf qemu-img convert -O raw -t none -f vhdx /opt/stack/data/cinder/conversion/image_fetch_f74d2beb-7cbb-4c0f-bd63-01872249b16c_omqre1wan-d-780147-18@lvmdriver-1 /dev/mapper/stack--volumes--lvmdriver--1-volume--f29479c4--bc5f--462e--8599--904436b4a8d4
Jun 25 09:54:15.177881 n-d-780147-18 sudo[135114]: pam_unix(sudo:session): session opened for user root by (uid=0)
Jun 25 09:54:22.874187 n-d-780147-18 cinder-volume[102508]: DEBUG oslo_service.periodic_task [None req-efa7fef0-4620-42ab-b0b3-11fb862635df None None] Running periodic task VolumeManager.publish_service_capabilities {{(pid=102508) run_periodic_tasks /usr/local/lib/python3.8/dist-packages/oslo_service/periodic_task.py:210}}
Jun 25 09:54:22.878107 n-d-780147-18 cinder-volume[102508]: DEBUG cinder.volume.drivers.lvm [None req-efa7fef0-4620-42ab-b0b3-11fb862635df None None] Updating volume stats {{(pid=102508) _update_volume_stats /opt/stack/cinder/cinder/volume/drivers/lvm.py:214}}
Jun 25 09:54:22.879177 n-d-780147-18 cinder-volume[102508]: DEBUG oslo_concurrency.processutils [None req-efa7fef0-4620-42ab-b0b3-11fb862635df None None] Running cmd (subprocess): sudo cinder-rootwrap /etc/cinder/rootwrap.conf env LC_ALL=C vgs --noheadings --unit=g -o name,size,free,lv_count,uuid --separator : --nosuffix stack-volumes-lvmdriver-1 {{(pid=102508) execute /usr/local/lib/python3.8/dist-packages/oslo_concurrency/processutils.py:384}}
Jun 25 09:54:22.953462 n-d-780147-18 sudo[135174]: ubuntu : TTY=unknown ; PWD=/ ; USER=root ; COMMAND=/usr/local/bin/cinder-rootwrap /etc/cinder/rootwrap.conf env LC_ALL=C vgs --noheadings --unit=g -o name,size,free,lv_count,uuid --separator : --nosuffix stack-volumes-lvmdriver-1
Jun 25 09:54:22.955146 n-d-780147-18 sudo[135174]: pam_unix(sudo:session): session opened for user root by (uid=0)
Jun 25 09:54:23.586458 n-d-780147-18 sudo[135114]: pam_unix(sudo:session): session closed for user root
Jun 25 09:54:23.590599 n-d-780147-18 cinder-volume[102508]: DEBUG oslo_concurrency.processutils [None req-1a753cdc-28a5-4d35-9e2e-2296b949a84b tempest-VolumesSnapshotTestJSON-424288754 None] CMD "sudo cinder-rootwrap /etc/cinder/rootwrap.conf qemu-img convert -O raw -t none -f vhdx /opt/stack/data/cinder/conversion/image_fetch_f74d2beb-7cbb-4c0f-bd63-01872249b16c_omqre1wan-d-780147-18@lvmdriver-1 /dev/mapper/stack--volumes--lvmdriver--1-volume--f29479c4--bc5f--462e--8599--904436b4a8d4" returned: 0 in 8.471s {{(pid=102508) execute /usr/local/lib/python3.8/dist-packages/oslo_concurrency/processutils.py:422}}
Jun 25 09:54:23.592451 n-d-780147-18 cinder-volume[102508]: DEBUG oslo_concurrency.processutils [None req-1a753cdc-28a5-4d35-9e2e-2296b949a84b tempest-VolumesSnapshotTestJSON-424288754 None] Running cmd (subprocess): /usr/bin/python3.8 -m oslo_concurrency.prlimit --as=1073741824 --cpu=60 -- sudo cinder-rootwrap /etc/cinder/rootwrap.conf env LC_ALL=C qemu-img info /opt/stack/data/cinder/conversion/image_fetch_f74d2beb-7cbb-4c0f-bd63-01872249b16c_omqre1wan-d-780147-18@lvmdriver-1 {{(pid=102508) execute /usr/local/lib/python3.8/dist-packages/oslo_concurrency/processutils.py:384}}
Jun 25 09:54:23.767447 n-d-780147-18 sudo[135174]: pam_unix(sudo:session): session closed for user root
Jun 25 09:54:23.770440 n-d-780147-18 cinder-volume[102508]: DEBUG oslo_concurrency.processutils [None req-efa7fef0-4620-42ab-b0b3-11fb862635df None None] CMD "sudo cinder-rootwrap /etc/cinder/rootwrap.conf env LC_ALL=C vgs --noheadings --unit=g -o name,size,free,lv_count,uuid --separator : --nosuffix stack-volumes-lvmdriver-1" returned: 0 in 0.891s {{(pid=102508) execute /usr/local/lib/python3.8/dist-packages/oslo_concurrency/processutils.py:422}}
Jun 25 09:54:23.772630 n-d-780147-18 cinder-volume[102508]: DEBUG oslo_concurrency.processutils [None req-efa7fef0-4620-42ab-b0b3-11fb862635df None None] Running cmd (subprocess): sudo cinder-rootwrap /etc/cinder/rootwrap.conf env LC_ALL=C lvs --noheadings --unit=g -o vg_name,name,size --nosuffix --readonly stack-volumes-lvmdriver-1 {{(pid=102508) execute /usr/local/lib/python3.8/dist-packages/oslo_concurrency/processutils.py:384}}
Jun 25 09:54:23.825084 n-d-780147-18 sudo[135190]: ubuntu : TTY=unknown ; PWD=/ ; USER=root ; COMMAND=/usr/local/bin/cinder-rootwrap /etc/cinder/rootwrap.conf env LC_ALL=C lvs --noheadings --unit=g -o vg_name,name,size --nosuffix --readonly stack-volumes-lvmdriver-1
Jun 25 09:54:23.831335 n-d-780147-18 sudo[135190]: pam_unix(sudo:session): session opened for user root by (uid=0)
Jun 25 09:54:23.927022 n-d-780147-18 sudo[135187]: ubuntu : TTY=unknown ; PWD=/ ; USER=root ; COMMAND=/usr/local/bin/cinder-rootwrap /etc/cinder/rootwrap.conf env LC_ALL=C qemu-img info /opt/stack/data/cinder/conversion/image_fetch_f74d2beb-7cbb-4c0f-bd63-01872249b16c_omqre1wan-d-780147-18@lvmdriver-1
Jun 25 09:54:23.928212 n-d-780147-18 sudo[135187]: pam_unix(sudo:session): session opened for user root by (uid=0)
Jun 25 09:54:25.153766 n-d-780147-18 sudo[135187]: pam_unix(sudo:session): session closed for user root
Jun 25 09:54:25.158641 n-d-780147-18 cinder-volume[102508]: DEBUG oslo_concurrency.processutils [None req-1a753cdc-28a5-4d35-9e2e-2296b949a84b tempest-VolumesSnapshotTestJSON-424288754 None] CMD "/usr/bin/python3.8 -m oslo_concurrency.prlimit --as=1073741824 --cpu=60 -- sudo cinder-rootwrap /etc/cinder/rootwrap.conf env LC_ALL=C qemu-img info /opt/stack/data/cinder/conversion/image_fetch_f74d2beb-7cbb-4c0f-bd63-01872249b16c_omqre1wan-d-780147-18@lvmdriver-1" returned: 0 in 1.566s {{(pid=102508) execute /usr/local/lib/python3.8/dist-packages/oslo_concurrency/processutils.py:422}}
Jun 25 09:54:25.161600 n-d-780147-18 cinder-volume[102508]: WARNING py.warnings [None req-1a753cdc-28a5-4d35-9e2e-2296b949a84b tempest-VolumesSnapshotTestJSON-424288754 None] /usr/local/lib/python3.8/dist-packages/oslo_utils/imageutils.py:69: FutureWarning: The human format is deprecated and the format parameter will be removed. Use explicitly json instead in version 'xena'
Jun 25 09:54:25.161600 n-d-780147-18 cinder-volume[102508]: debtcollector.deprecate(
Jun 25 09:54:25.161600 n-d-780147-18 cinder-volume[102508]:
Jun 25 09:54:25.163734 n-d-780147-18 cinder-volume[102508]: DEBUG cinder.image.image_utils [None req-1a753cdc-28a5-4d35-9e2e-2296b949a84b tempest-VolumesSnapshotTestJSON-424288754 None] Image conversion details: src /opt/stack/data/cinder/conversion/image_fetch_f74d2beb-7cbb-4c0f-bd63-01872249b16c_omqre1wan-d-780147-18@lvmdriver-1, size 700.00 MB, duration 8.47 sec, destination /dev/mapper/stack--volumes--lvmdriver--1-volume--f29479c4--bc5f--462e--8599--904436b4a8d4 {{(pid=102508) _convert_image /opt/stack/cinder/cinder/image/image_utils.py:381}}
Jun 25 09:54:25.164698 n-d-780147-18 cinder-volume[102508]: INFO cinder.image.image_utils [None req-1a753cdc-28a5-4d35-9e2e-2296b949a84b tempest-VolumesSnapshotTestJSON-424288754 None] Converted 700.00 MB image at 82.62 MB/s
Jun 25 09:54:25.166403 n-d-780147-18 cinder-volume[102508]: DEBUG cinder.volume.volume_utils [None req-1a753cdc-28a5-4d35-9e2e-2296b949a84b tempest-VolumesSnapshotTestJSON-424288754 None] Downloaded image f74d2beb-7cbb-4c0f-bd63-01872249b16c ((None, None)) to volume f29479c4-bc5f-462e-8599-904436b4a8d4 successfully. {{(pid=102508) copy_image_to_volume /opt/stack/cinder/cinder/volume/volume_utils.py:1263}}
Jun 25 09:54:25.459270 n-d-780147-18 sudo[135190]: pam_unix(sudo:session): session closed for user root
Jun 25 09:54:25.512711 n-d-780147-18 cinder-volume[102508]: DEBUG cinder.image.image_utils [None req-1a753cdc-28a5-4d35-9e2e-2296b949a84b tempest-VolumesSnapshotTestJSON-424288754 None] Temporary image f74d2beb-7cbb-4c0f-bd63-01872249b16c for user c22a3ec5dea047b1a417895db45157b0 is deleted. {{(pid=102508) fetch /opt/stack/cinder/cinder/image/image_utils.py:997}}
Jun 25 09:54:25.512711 n-d-780147-18 cinder-volume[102508]: DEBUG cinder.volume.volume_utils [None req-1a753cdc-28a5-4d35-9e2e-2296b949a84b tempest-VolumesSnapshotTestJSON-424288754 None] Marking volume f29479c4-bc5f-462e-8599-904436b4a8d4 as bootable. {{(pid=102508) enable_bootable_flag /opt/stack/cinder/cinder/volume/volume_utils.py:1173}}
Jun 25 09:54:25.514255 n-d-780147-18 cinder-volume[102508]: DEBUG oslo_concurrency.processutils [None req-efa7fef0-4620-42ab-b0b3-11fb862635df None None] CMD "sudo cinder-rootwrap /etc/cinder/rootwrap.conf env LC_ALL=C lvs --noheadings --unit=g -o vg_name,name,size --nosuffix --readonly stack-volumes-lvmdriver-1" returned: 0 in 1.742s {{(pid=102508) execute /usr/local/lib/python3.8/dist-packages/oslo_concurrency/processutils.py:422}}
Jun 25 09:54:25.517877 n-d-780147-18 cinder-volume[102508]: DEBUG cinder.manager [None req-efa7fef0-4620-42ab-b0b3-11fb862635df None None] Notifying Schedulers of capabilities ... {{(pid=102508) _publish_service_capabilities /opt/stack/cinder/cinder/manager.py:197}}
Jun 25 09:54:25.656250 n-d-780147-18 cinder-volume[102508]: DEBUG cinder.volume.flows.manager.create_volume [None req-1a753cdc-28a5-4d35-9e2e-2296b949a84b tempest-VolumesSnapshotTestJSON-424288754 None] Copying metadata from image f74d2beb-7cbb-4c0f-bd63-01872249b16c to f29479c4-bc5f-462e-8599-904436b4a8d4. {{(pid=102508) _handle_bootable_volume_glance_meta /opt/stack/cinder/cinder/volume/flows/manager/create_volume.py:437}}
Jun 25 09:54:25.658002 n-d-780147-18 cinder-volume[102508]: DEBUG cinder.volume.flows.manager.create_volume [None req-1a753cdc-28a5-4d35-9e2e-2296b949a84b tempest-VolumesSnapshotTestJSON-424288754 None] Creating volume glance metadata for volume f29479c4-bc5f-462e-8599-904436b4a8d4 backed by image f74d2beb-7cbb-4c0f-bd63-01872249b16c with: {'hw_rng_model': 'virtio', 'owner_specified.openstack.md5': '', 'owner_specified.openstack.object': 'images/ubuntu-16', 'owner_specified.openstack.sha256': '', 'image_id': 'f74d2beb-7cbb-4c0f-bd63-01872249b16c', 'image_name': 'ubuntu-16', 'checksum': '318f990048c8a194829e52141534610d', 'container_format': 'bare', 'disk_format': 'vhdx', 'min_disk': 0, 'min_ram': 0, 'size': 645922816}. {{(pid=102508) _capture_volume_image_metadata /opt/stack/cinder/cinder/volume/flows/manager/create_volume.py:652}}
Jun 25 09:54:25.935540 n-d-780147-18 cinder-volume[102508]: DEBUG cinder.volume.manager [None req-1a753cdc-28a5-4d35-9e2e-2296b949a84b tempest-VolumesSnapshotTestJSON-424288754 None] Task 'cinder.volume.flows.manager.create_volume.CreateVolumeFromSpecTask;volume:create' (949a6ef6-2254-40e7-a5b0-3eb0cc406b44) transitioned into state 'SUCCESS' from state 'RUNNING' with result '{'status': 'creating', 'volume_name': 'volume-f29479c4-bc5f-462e-8599-904436b4a8d4', 'volume_size': 1, 'image_id': 'f74d2beb-7cbb-4c0f-bd63-01872249b16c', 'image_location': (None, None), 'image_meta': {'name': 'ubuntu-16', 'disk_format': 'vhdx', 'container_format': 'bare', 'visibility': 'public', 'size': 645922816, 'virtual_size': 734003200, 'status': 'active', 'checksum': '318f990048c8a194829e52141534610d', 'protected': False, 'min_ram': 0, 'min_disk': 0, 'owner': '04dbc3ee094f4df9938a9130a29414dc', 'os_hidden': False, 'os_hash_algo': 'sha512', 'os_hash_value': '1aaa7a04b14d2fb410b8803fefeb767485c32e2da475b52a8839eec757ebef67d8611e4f699200324e39744ee6949dd3c2a4f6ecccb0c2480706ec5cb0fc5a53', 'id': 'f74d2beb-7cbb-4c0f-bd63-01872249b16c', 'created_at': datetime.datetime(2021, 6, 25, 9, 23, 52, tzinfo=datetime.timezone.utc), 'updated_at': datetime.datetime(2021, 6, 25, 9, 24, 9, tzinfo=datetime.timezone.utc), 'tags': [], 'file': '/v2/images/f74d2beb-7cbb-4c0f-bd63-01872249b16c/file', 'properties': {'hw_rng_model': 'virtio', 'owner_specified.openstack.md5': '', 'owner_specified.openstack.object': 'images/ubuntu-16', 'owner_specified.openstack.sha256': ''}}, 'image_service': }' {{(pid=102508) _task_receiver /usr/local/lib/python3.8/dist-packages/taskflow/listeners/logging.py:178}}
Jun 25 09:54:25.944745 n-d-780147-18 cinder-volume[102508]: DEBUG cinder.volume.manager [None req-1a753cdc-28a5-4d35-9e2e-2296b949a84b tempest-VolumesSnapshotTestJSON-424288754 None] Task 'cinder.volume.flows.manager.create_volume.CreateVolumeOnFinishTask;volume:create, create.end' (e9ea2e9a-71f6-459a-b877-eba53c0b80be) transitioned into state 'RUNNING' from state 'PENDING' {{(pid=102508) _task_receiver /usr/local/lib/python3.8/dist-packages/taskflow/listeners/logging.py:190}}
Jun 25 09:54:26.123210 n-d-780147-18 cinder-volume[102508]: INFO cinder.volume.flows.manager.create_volume [None req-1a753cdc-28a5-4d35-9e2e-2296b949a84b tempest-VolumesSnapshotTestJSON-424288754 None] Volume volume-f29479c4-bc5f-462e-8599-904436b4a8d4 (f29479c4-bc5f-462e-8599-904436b4a8d4): created successfully
Jun 25 09:54:26.123210 n-d-780147-18 cinder-volume[102508]: DEBUG cinder.volume.manager [None req-1a753cdc-28a5-4d35-9e2e-2296b949a84b tempest-VolumesSnapshotTestJSON-424288754 None] Task 'cinder.volume.flows.manager.create_volume.CreateVolumeOnFinishTask;volume:create, create.end' (e9ea2e9a-71f6-459a-b877-eba53c0b80be) transitioned into state 'SUCCESS' from state 'RUNNING' with result 'None' {{(pid=102508) _task_receiver /usr/local/lib/python3.8/dist-packages/taskflow/listeners/logging.py:178}}
Jun 25 09:54:26.153092 n-d-780147-18 cinder-volume[102508]: DEBUG cinder.volume.manager [None req-1a753cdc-28a5-4d35-9e2e-2296b949a84b tempest-VolumesSnapshotTestJSON-424288754 None] Flow 'volume_create_manager' (21fc9619-b550-408a-8911-1b3761edda65) transitioned into state 'SUCCESS' from state 'RUNNING' {{(pid=102508) _flow_receiver /usr/local/lib/python3.8/dist-packages/taskflow/listeners/logging.py:141}}
Jun 25 09:54:26.331013 n-d-780147-18 cinder-volume[102508]: INFO cinder.volume.manager [None req-1a753cdc-28a5-4d35-9e2e-2296b949a84b tempest-VolumesSnapshotTestJSON-424288754 None] Created volume successfully.
Jun 25 09:54:28.837279 n-d-780147-18 cinder-volume[102508]: DEBUG oslo_concurrency.processutils [req-93d2e917-3875-4827-bc67-787cc5f9699d req-8e72224e-80cf-45a2-973d-b04896a9b570 tempest-VolumesSnapshotTestJSON-424288754 None] Running cmd (subprocess): sudo cinder-rootwrap /etc/cinder/rootwrap.conf lvchange -a y --yes -K stack-volumes-lvmdriver-1/volume-f29479c4-bc5f-462e-8599-904436b4a8d4 {{(pid=102508) execute /usr/local/lib/python3.8/dist-packages/oslo_concurrency/processutils.py:384}}
Jun 25 09:54:28.876274 n-d-780147-18 sudo[135207]: ubuntu : TTY=unknown ; PWD=/ ; USER=root ; COMMAND=/usr/local/bin/cinder-rootwrap /etc/cinder/rootwrap.conf lvchange -a y --yes -K stack-volumes-lvmdriver-1/volume-f29479c4-bc5f-462e-8599-904436b4a8d4
Jun 25 09:54:28.879391 n-d-780147-18 sudo[135207]: pam_unix(sudo:session): session opened for user root by (uid=0)
Jun 25 09:54:30.379371 n-d-780147-18 sudo[135207]: pam_unix(sudo:session): session closed for user root
Jun 25 09:54:30.383030 n-d-780147-18 cinder-volume[102508]: DEBUG oslo_concurrency.processutils [req-93d2e917-3875-4827-bc67-787cc5f9699d req-8e72224e-80cf-45a2-973d-b04896a9b570 tempest-VolumesSnapshotTestJSON-424288754 None] CMD "sudo cinder-rootwrap /etc/cinder/rootwrap.conf lvchange -a y --yes -K stack-volumes-lvmdriver-1/volume-f29479c4-bc5f-462e-8599-904436b4a8d4" returned: 0 in 1.545s {{(pid=102508) execute /usr/local/lib/python3.8/dist-packages/oslo_concurrency/processutils.py:422}}
Jun 25 09:54:30.435130 n-d-780147-18 cinder-volume[102508]: INFO cinder.volume.targets.lio [req-93d2e917-3875-4827-bc67-787cc5f9699d req-8e72224e-80cf-45a2-973d-b04896a9b570 tempest-VolumesSnapshotTestJSON-424288754 None] Creating iscsi_target for volume: volume-f29479c4-bc5f-462e-8599-904436b4a8d4
Jun 25 09:54:30.436825 n-d-780147-18 cinder-volume[102508]: DEBUG oslo_concurrency.lockutils [req-93d2e917-3875-4827-bc67-787cc5f9699d req-8e72224e-80cf-45a2-973d-b04896a9b570 tempest-VolumesSnapshotTestJSON-424288754 None] Lock "lioadm" acquired by "cinder.volume.targets.lio.LioAdm._execute" :: waited 0.001s {{(pid=102508) inner /usr/local/lib/python3.8/dist-packages/oslo_concurrency/lockutils.py:355}}
Jun 25 09:54:30.438380 n-d-780147-18 cinder-volume[102508]: DEBUG oslo_concurrency.processutils [req-93d2e917-3875-4827-bc67-787cc5f9699d req-8e72224e-80cf-45a2-973d-b04896a9b570 tempest-VolumesSnapshotTestJSON-424288754 None] Running cmd (subprocess): sudo cinder-rootwrap /etc/cinder/rootwrap.conf cinder-rtstool create /dev/stack-volumes-lvmdriver-1/volume-f29479c4-bc5f-462e-8599-904436b4a8d4 iqn.2010-10.org.openstack:volume-f29479c4-bc5f-462e-8599-904436b4a8d4 bLen5UujErbAFb5HAha2 Vrp52qDSShDpnFXd False -p3260 -a10.222.0.78 {{(pid=102508) execute /usr/local/lib/python3.8/dist-packages/oslo_concurrency/processutils.py:384}}
Jun 25 09:54:30.566461 n-d-780147-18 sudo[135247]: ubuntu : TTY=unknown ; PWD=/ ; USER=root ; COMMAND=/usr/local/bin/cinder-rootwrap /etc/cinder/rootwrap.conf cinder-rtstool create /dev/stack-volumes-lvmdriver-1/volume-f29479c4-bc5f-462e-8599-904436b4a8d4 iqn.2010-10.org.openstack:volume-f29479c4-bc5f-462e-8599-904436b4a8d4 bLen5UujErbAFb5HAha2 Vrp52qDSShDpnFXd False -p3260 -a10.222.0.78
Jun 25 09:54:30.569209 n-d-780147-18 sudo[135247]: pam_unix(sudo:session): session opened for user root by (uid=0)
Jun 25 09:54:33.120578 n-d-780147-18 sudo[135247]: pam_unix(sudo:session): session closed for user root
Jun 25 09:54:33.122889 n-d-780147-18 cinder-volume[102508]: DEBUG oslo_concurrency.processutils [req-93d2e917-3875-4827-bc67-787cc5f9699d req-8e72224e-80cf-45a2-973d-b04896a9b570 tempest-VolumesSnapshotTestJSON-424288754 None] CMD "sudo cinder-rootwrap /etc/cinder/rootwrap.conf cinder-rtstool create /dev/stack-volumes-lvmdriver-1/volume-f29479c4-bc5f-462e-8599-904436b4a8d4 iqn.2010-10.org.openstack:volume-f29479c4-bc5f-462e-8599-904436b4a8d4 bLen5UujErbAFb5HAha2 Vrp52qDSShDpnFXd False -p3260 -a10.222.0.78" returned: 0 in 2.684s {{(pid=102508) execute /usr/local/lib/python3.8/dist-packages/oslo_concurrency/processutils.py:422}}
Jun 25 09:54:33.123753 n-d-780147-18 cinder-volume[102508]: DEBUG oslo_concurrency.lockutils [req-93d2e917-3875-4827-bc67-787cc5f9699d req-8e72224e-80cf-45a2-973d-b04896a9b570 tempest-VolumesSnapshotTestJSON-424288754 None] Lock "lioadm" released by "cinder.volume.targets.lio.LioAdm._execute" :: held 2.687s {{(pid=102508) inner /usr/local/lib/python3.8/dist-packages/oslo_concurrency/lockutils.py:367}}
Jun 25 09:54:33.124744 n-d-780147-18 cinder-volume[102508]: DEBUG oslo_concurrency.lockutils [req-93d2e917-3875-4827-bc67-787cc5f9699d req-8e72224e-80cf-45a2-973d-b04896a9b570 tempest-VolumesSnapshotTestJSON-424288754 None] Lock "lioadm" acquired by "cinder.volume.targets.lio.LioAdm._execute" :: waited 0.001s {{(pid=102508) inner /usr/local/lib/python3.8/dist-packages/oslo_concurrency/lockutils.py:355}}
Jun 25 09:54:33.126202 n-d-780147-18 cinder-volume[102508]: DEBUG oslo_concurrency.processutils [req-93d2e917-3875-4827-bc67-787cc5f9699d req-8e72224e-80cf-45a2-973d-b04896a9b570 tempest-VolumesSnapshotTestJSON-424288754 None] Running cmd (subprocess): sudo cinder-rootwrap /etc/cinder/rootwrap.conf cinder-rtstool get-targets {{(pid=102508) execute /usr/local/lib/python3.8/dist-packages/oslo_concurrency/processutils.py:384}}
Jun 25 09:54:33.156214 n-d-780147-18 sudo[135320]: ubuntu : TTY=unknown ; PWD=/ ; USER=root ; COMMAND=/usr/local/bin/cinder-rootwrap /etc/cinder/rootwrap.conf cinder-rtstool get-targets
Jun 25 09:54:33.157439 n-d-780147-18 sudo[135320]: pam_unix(sudo:session): session opened for user root by (uid=0)
Jun 25 09:54:34.868752 n-d-780147-18 sudo[135320]: pam_unix(sudo:session): session closed for user root
Jun 25 09:54:34.871585 n-d-780147-18 cinder-volume[102508]: DEBUG oslo_concurrency.processutils [req-93d2e917-3875-4827-bc67-787cc5f9699d req-8e72224e-80cf-45a2-973d-b04896a9b570 tempest-VolumesSnapshotTestJSON-424288754 None] CMD "sudo cinder-rootwrap /etc/cinder/rootwrap.conf cinder-rtstool get-targets" returned: 0 in 1.746s {{(pid=102508) execute /usr/local/lib/python3.8/dist-packages/oslo_concurrency/processutils.py:422}}
Jun 25 09:54:34.873170 n-d-780147-18 cinder-volume[102508]: DEBUG oslo_concurrency.lockutils [req-93d2e917-3875-4827-bc67-787cc5f9699d req-8e72224e-80cf-45a2-973d-b04896a9b570 tempest-VolumesSnapshotTestJSON-424288754 None] Lock "lioadm" released by "cinder.volume.targets.lio.LioAdm._execute" :: held 1.748s {{(pid=102508) inner /usr/local/lib/python3.8/dist-packages/oslo_concurrency/lockutils.py:367}}
Jun 25 09:54:34.875536 n-d-780147-18 cinder-volume[102508]: DEBUG oslo_concurrency.lockutils [req-93d2e917-3875-4827-bc67-787cc5f9699d req-8e72224e-80cf-45a2-973d-b04896a9b570 tempest-VolumesSnapshotTestJSON-424288754 None] Lock "lioadm" acquired by "cinder.volume.targets.lio.LioAdm._execute" :: waited 0.001s {{(pid=102508) inner /usr/local/lib/python3.8/dist-packages/oslo_concurrency/lockutils.py:355}}
Jun 25 09:54:34.876575 n-d-780147-18 cinder-volume[102508]: DEBUG oslo_concurrency.processutils [req-93d2e917-3875-4827-bc67-787cc5f9699d req-8e72224e-80cf-45a2-973d-b04896a9b570 tempest-VolumesSnapshotTestJSON-424288754 None] Running cmd (subprocess): sudo cinder-rootwrap /etc/cinder/rootwrap.conf cinder-rtstool save {{(pid=102508) execute /usr/local/lib/python3.8/dist-packages/oslo_concurrency/processutils.py:384}}
Jun 25 09:54:34.930702 n-d-780147-18 sudo[135384]: ubuntu : TTY=unknown ; PWD=/ ; USER=root ; COMMAND=/usr/local/bin/cinder-rootwrap /etc/cinder/rootwrap.conf cinder-rtstool save
Jun 25 09:54:34.939163 n-d-780147-18 sudo[135384]: pam_unix(sudo:session): session opened for user root by (uid=0)
Jun 25 09:54:36.052934 n-d-780147-18 sudo[135384]: pam_unix(sudo:session): session closed for user root
Jun 25 09:54:36.055230 n-d-780147-18 cinder-volume[102508]: DEBUG oslo_concurrency.processutils [req-93d2e917-3875-4827-bc67-787cc5f9699d req-8e72224e-80cf-45a2-973d-b04896a9b570 tempest-VolumesSnapshotTestJSON-424288754 None] CMD "sudo cinder-rootwrap /etc/cinder/rootwrap.conf cinder-rtstool save" returned: 0 in 1.178s {{(pid=102508) execute /usr/local/lib/python3.8/dist-packages/oslo_concurrency/processutils.py:422}}
Jun 25 09:54:36.056670 n-d-780147-18 cinder-volume[102508]: DEBUG oslo_concurrency.lockutils [req-93d2e917-3875-4827-bc67-787cc5f9699d req-8e72224e-80cf-45a2-973d-b04896a9b570 tempest-VolumesSnapshotTestJSON-424288754 None] Lock "lioadm" released by "cinder.volume.targets.lio.LioAdm._execute" :: held 1.181s {{(pid=102508) inner /usr/local/lib/python3.8/dist-packages/oslo_concurrency/lockutils.py:367}}
Jun 25 09:54:36.057671 n-d-780147-18 cinder-volume[102508]: DEBUG cinder.volume.targets.iscsi [req-93d2e917-3875-4827-bc67-787cc5f9699d req-8e72224e-80cf-45a2-973d-b04896a9b570 tempest-VolumesSnapshotTestJSON-424288754 None] Set provider_location to: 10.222.0.78:3260,iqn.2010-10.org.openstack:volume-f29479c4-bc5f-462e-8599-904436b4a8d4 iqn.2010-10.org.openstack:volume-f29479c4-bc5f-462e-8599-904436b4a8d4 0 {{(pid=102508) create_export /opt/stack/cinder/cinder/volume/targets/iscsi.py:204}}
Jun 25 09:54:36.141912 n-d-780147-18 cinder-volume[102508]: DEBUG oslo_concurrency.lockutils [req-93d2e917-3875-4827-bc67-787cc5f9699d req-8e72224e-80cf-45a2-973d-b04896a9b570 tempest-VolumesSnapshotTestJSON-424288754 None] Lock "lioadm" acquired by "cinder.volume.targets.lio.LioAdm._execute" :: waited 0.000s {{(pid=102508) inner /usr/local/lib/python3.8/dist-packages/oslo_concurrency/lockutils.py:355}}
Jun 25 09:54:36.142998 n-d-780147-18 cinder-volume[102508]: DEBUG oslo_concurrency.processutils [req-93d2e917-3875-4827-bc67-787cc5f9699d req-8e72224e-80cf-45a2-973d-b04896a9b570 tempest-VolumesSnapshotTestJSON-424288754 None] Running cmd (subprocess): sudo cinder-rootwrap /etc/cinder/rootwrap.conf cinder-rtstool add-initiator iqn.2010-10.org.openstack:volume-f29479c4-bc5f-462e-8599-904436b4a8d4 bLen5UujErbAFb5HAha2 Vrp52qDSShDpnFXd iqn.1991-05.com.microsoft:n-h2-780147-18.cbci-780147-18.local {{(pid=102508) execute /usr/local/lib/python3.8/dist-packages/oslo_concurrency/processutils.py:384}}
Jun 25 09:54:36.182150 n-d-780147-18 sudo[135390]: ubuntu : TTY=unknown ; PWD=/ ; USER=root ; COMMAND=/usr/local/bin/cinder-rootwrap /etc/cinder/rootwrap.conf cinder-rtstool add-initiator iqn.2010-10.org.openstack:volume-f29479c4-bc5f-462e-8599-904436b4a8d4 bLen5UujErbAFb5HAha2 Vrp52qDSShDpnFXd iqn.1991-05.com.microsoft:n-h2-780147-18.cbci-780147-18.local
Jun 25 09:54:36.182987 n-d-780147-18 sudo[135390]: pam_unix(sudo:session): session opened for user root by (uid=0)
Jun 25 09:54:37.586120 n-d-780147-18 sudo[135390]: pam_unix(sudo:session): session closed for user root
Jun 25 09:54:37.591955 n-d-780147-18 cinder-volume[102508]: DEBUG oslo_concurrency.processutils [req-93d2e917-3875-4827-bc67-787cc5f9699d req-8e72224e-80cf-45a2-973d-b04896a9b570 tempest-VolumesSnapshotTestJSON-424288754 None] CMD "sudo cinder-rootwrap /etc/cinder/rootwrap.conf cinder-rtstool add-initiator iqn.2010-10.org.openstack:volume-f29479c4-bc5f-462e-8599-904436b4a8d4 bLen5UujErbAFb5HAha2 Vrp52qDSShDpnFXd iqn.1991-05.com.microsoft:n-h2-780147-18.cbci-780147-18.local" returned: 0 in 1.445s {{(pid=102508) execute /usr/local/lib/python3.8/dist-packages/oslo_concurrency/processutils.py:422}}
Jun 25 09:54:37.596996 n-d-780147-18 cinder-volume[102508]: DEBUG oslo_concurrency.lockutils [req-93d2e917-3875-4827-bc67-787cc5f9699d req-8e72224e-80cf-45a2-973d-b04896a9b570 tempest-VolumesSnapshotTestJSON-424288754 None] Lock "lioadm" released by "cinder.volume.targets.lio.LioAdm._execute" :: held 1.451s {{(pid=102508) inner /usr/local/lib/python3.8/dist-packages/oslo_concurrency/lockutils.py:367}}
Jun 25 09:54:37.596996 n-d-780147-18 cinder-volume[102508]: DEBUG oslo_concurrency.lockutils [req-93d2e917-3875-4827-bc67-787cc5f9699d req-8e72224e-80cf-45a2-973d-b04896a9b570 tempest-VolumesSnapshotTestJSON-424288754 None] Lock "lioadm" acquired by "cinder.volume.targets.lio.LioAdm._execute" :: waited 0.000s {{(pid=102508) inner /usr/local/lib/python3.8/dist-packages/oslo_concurrency/lockutils.py:355}}
Jun 25 09:54:37.596996 n-d-780147-18 cinder-volume[102508]: DEBUG oslo_concurrency.processutils [req-93d2e917-3875-4827-bc67-787cc5f9699d req-8e72224e-80cf-45a2-973d-b04896a9b570 tempest-VolumesSnapshotTestJSON-424288754 None] Running cmd (subprocess): sudo cinder-rootwrap /etc/cinder/rootwrap.conf cinder-rtstool save {{(pid=102508) execute /usr/local/lib/python3.8/dist-packages/oslo_concurrency/processutils.py:384}}
Jun 25 09:54:37.644144 n-d-780147-18 sudo[135407]: ubuntu : TTY=unknown ; PWD=/ ; USER=root ; COMMAND=/usr/local/bin/cinder-rootwrap /etc/cinder/rootwrap.conf cinder-rtstool save
Jun 25 09:54:37.645676 n-d-780147-18 sudo[135407]: pam_unix(sudo:session): session opened for user root by (uid=0)
Jun 25 09:54:39.799989 n-d-780147-18 sudo[135407]: pam_unix(sudo:session): session closed for user root
Jun 25 09:54:39.808196 n-d-780147-18 cinder-volume[102508]: DEBUG oslo_concurrency.processutils [req-93d2e917-3875-4827-bc67-787cc5f9699d req-8e72224e-80cf-45a2-973d-b04896a9b570 tempest-VolumesSnapshotTestJSON-424288754 None] CMD "sudo cinder-rootwrap /etc/cinder/rootwrap.conf cinder-rtstool save" returned: 0 in 2.207s {{(pid=102508) execute /usr/local/lib/python3.8/dist-packages/oslo_concurrency/processutils.py:422}}
Jun 25 09:54:39.808196 n-d-780147-18 cinder-volume[102508]: DEBUG oslo_concurrency.lockutils [req-93d2e917-3875-4827-bc67-787cc5f9699d req-8e72224e-80cf-45a2-973d-b04896a9b570 tempest-VolumesSnapshotTestJSON-424288754 None] Lock "lioadm" released by "cinder.volume.targets.lio.LioAdm._execute" :: held 2.209s {{(pid=102508) inner /usr/local/lib/python3.8/dist-packages/oslo_concurrency/lockutils.py:367}}
Jun 25 09:54:40.274241 n-d-780147-18 cinder-volume[102508]: INFO cinder.volume.manager [req-93d2e917-3875-4827-bc67-787cc5f9699d req-8e72224e-80cf-45a2-973d-b04896a9b570 tempest-VolumesSnapshotTestJSON-424288754 None] attachment_update completed successfully.
Jun 25 09:54:47.780559 n-d-780147-18 cinder-volume[102508]: DEBUG oslo_concurrency.processutils [None req-91cb7e00-0f9d-4889-89a3-ddc60daa4eca tempest-VolumesSnapshotTestJSON-424288754 None] Running cmd (subprocess): sudo cinder-rootwrap /etc/cinder/rootwrap.conf env LC_ALL=C lvs --noheadings --unit=g -o vg_name,name,size --nosuffix --readonly stack-volumes-lvmdriver-1/volume-f29479c4-bc5f-462e-8599-904436b4a8d4 {{(pid=102508) execute /usr/local/lib/python3.8/dist-packages/oslo_concurrency/processutils.py:384}}
Jun 25 09:54:47.813804 n-d-780147-18 sudo[135508]: ubuntu : TTY=unknown ; PWD=/ ; USER=root ; COMMAND=/usr/local/bin/cinder-rootwrap /etc/cinder/rootwrap.conf env LC_ALL=C lvs --noheadings --unit=g -o vg_name,name,size --nosuffix --readonly stack-volumes-lvmdriver-1/volume-f29479c4-bc5f-462e-8599-904436b4a8d4
Jun 25 09:54:47.814759 n-d-780147-18 sudo[135508]: pam_unix(sudo:session): session opened for user root by (uid=0)
Jun 25 09:54:48.290546 n-d-780147-18 sudo[135508]: pam_unix(sudo:session): session closed for user root
Jun 25 09:54:48.293756 n-d-780147-18 cinder-volume[102508]: DEBUG oslo_concurrency.processutils [None req-91cb7e00-0f9d-4889-89a3-ddc60daa4eca tempest-VolumesSnapshotTestJSON-424288754 None] CMD "sudo cinder-rootwrap /etc/cinder/rootwrap.conf env LC_ALL=C lvs --noheadings --unit=g -o vg_name,name,size --nosuffix --readonly stack-volumes-lvmdriver-1/volume-f29479c4-bc5f-462e-8599-904436b4a8d4" returned: 0 in 0.516s {{(pid=102508) execute /usr/local/lib/python3.8/dist-packages/oslo_concurrency/processutils.py:422}}
Jun 25 09:54:48.295259 n-d-780147-18 cinder-volume[102508]: DEBUG oslo_concurrency.processutils [None req-91cb7e00-0f9d-4889-89a3-ddc60daa4eca tempest-VolumesSnapshotTestJSON-424288754 None] Running cmd (subprocess): sudo cinder-rootwrap /etc/cinder/rootwrap.conf env LC_ALL=C lvcreate --name _snapshot-9b61a096-19b0-4cc4-8d58-7d6656b5b898 --snapshot stack-volumes-lvmdriver-1/volume-f29479c4-bc5f-462e-8599-904436b4a8d4 -L 1.00g {{(pid=102508) execute /usr/local/lib/python3.8/dist-packages/oslo_concurrency/processutils.py:384}}
Jun 25 09:54:48.315031 n-d-780147-18 sudo[135511]: ubuntu : TTY=unknown ; PWD=/ ; USER=root ; COMMAND=/usr/local/bin/cinder-rootwrap /etc/cinder/rootwrap.conf env LC_ALL=C lvcreate --name _snapshot-9b61a096-19b0-4cc4-8d58-7d6656b5b898 --snapshot stack-volumes-lvmdriver-1/volume-f29479c4-bc5f-462e-8599-904436b4a8d4 -L 1.00g
Jun 25 09:54:48.315835 n-d-780147-18 sudo[135511]: pam_unix(sudo:session): session opened for user root by (uid=0)
Jun 25 09:54:49.527413 n-d-780147-18 sudo[135511]: pam_unix(sudo:session): session closed for user root
Jun 25 09:54:49.529864 n-d-780147-18 cinder-volume[102508]: DEBUG oslo_concurrency.processutils [None req-91cb7e00-0f9d-4889-89a3-ddc60daa4eca tempest-VolumesSnapshotTestJSON-424288754 None] CMD "sudo cinder-rootwrap /etc/cinder/rootwrap.conf env LC_ALL=C lvcreate --name _snapshot-9b61a096-19b0-4cc4-8d58-7d6656b5b898 --snapshot stack-volumes-lvmdriver-1/volume-f29479c4-bc5f-462e-8599-904436b4a8d4 -L 1.00g" returned: 0 in 1.234s {{(pid=102508) execute /usr/local/lib/python3.8/dist-packages/oslo_concurrency/processutils.py:422}}
Jun 25 09:54:50.090299 n-d-780147-18 cinder-volume[102508]: INFO cinder.volume.manager [None req-91cb7e00-0f9d-4889-89a3-ddc60daa4eca tempest-VolumesSnapshotTestJSON-424288754 None] Create snapshot completed successfully
Jun 25 09:54:51.790225 n-d-780147-18 cinder-volume[102508]: DEBUG oslo_concurrency.processutils [None req-bdf4285d-5158-4bb0-ad6e-b7781a018a96 tempest-VolumesSnapshotTestJSON-424288754 None] Running cmd (subprocess): sudo cinder-rootwrap /etc/cinder/rootwrap.conf env LC_ALL=C lvs --noheadings --unit=g -o vg_name,name,size --nosuffix --readonly stack-volumes-lvmdriver-1/volume-f29479c4-bc5f-462e-8599-904436b4a8d4 {{(pid=102508) execute /usr/local/lib/python3.8/dist-packages/oslo_concurrency/processutils.py:384}}
Jun 25 09:54:51.842158 n-d-780147-18 sudo[135650]: ubuntu : TTY=unknown ; PWD=/ ; USER=root ; COMMAND=/usr/local/bin/cinder-rootwrap /etc/cinder/rootwrap.conf env LC_ALL=C lvs --noheadings --unit=g -o vg_name,name,size --nosuffix --readonly stack-volumes-lvmdriver-1/volume-f29479c4-bc5f-462e-8599-904436b4a8d4
Jun 25 09:54:51.843089 n-d-780147-18 sudo[135650]: pam_unix(sudo:session): session opened for user root by (uid=0)
Jun 25 09:54:52.463210 n-d-780147-18 sudo[135650]: pam_unix(sudo:session): session closed for user root
Jun 25 09:54:52.466277 n-d-780147-18 cinder-volume[102508]: DEBUG oslo_concurrency.processutils [None req-bdf4285d-5158-4bb0-ad6e-b7781a018a96 tempest-VolumesSnapshotTestJSON-424288754 None] CMD "sudo cinder-rootwrap /etc/cinder/rootwrap.conf env LC_ALL=C lvs --noheadings --unit=g -o vg_name,name,size --nosuffix --readonly stack-volumes-lvmdriver-1/volume-f29479c4-bc5f-462e-8599-904436b4a8d4" returned: 0 in 0.676s {{(pid=102508) execute /usr/local/lib/python3.8/dist-packages/oslo_concurrency/processutils.py:422}}
Jun 25 09:54:52.468284 n-d-780147-18 cinder-volume[102508]: DEBUG oslo_concurrency.processutils [None req-bdf4285d-5158-4bb0-ad6e-b7781a018a96 tempest-VolumesSnapshotTestJSON-424288754 None] Running cmd (subprocess): sudo cinder-rootwrap /etc/cinder/rootwrap.conf env LC_ALL=C lvcreate --name _snapshot-313d95ba-e99d-44c5-af58-72d41db69679 --snapshot stack-volumes-lvmdriver-1/volume-f29479c4-bc5f-462e-8599-904436b4a8d4 -L 1.00g {{(pid=102508) execute /usr/local/lib/python3.8/dist-packages/oslo_concurrency/processutils.py:384}}
Jun 25 09:54:52.508779 n-d-780147-18 sudo[135670]: ubuntu : TTY=unknown ; PWD=/ ; USER=root ; COMMAND=/usr/local/bin/cinder-rootwrap /etc/cinder/rootwrap.conf env LC_ALL=C lvcreate --name _snapshot-313d95ba-e99d-44c5-af58-72d41db69679 --snapshot stack-volumes-lvmdriver-1/volume-f29479c4-bc5f-462e-8599-904436b4a8d4 -L 1.00g
Jun 25 09:54:52.520250 n-d-780147-18 sudo[135670]: pam_unix(sudo:session): session opened for user root by (uid=0)
Jun 25 09:54:53.706751 n-d-780147-18 sudo[135670]: pam_unix(sudo:session): session closed for user root
Jun 25 09:54:53.709443 n-d-780147-18 cinder-volume[102508]: DEBUG oslo_concurrency.processutils [None req-bdf4285d-5158-4bb0-ad6e-b7781a018a96 tempest-VolumesSnapshotTestJSON-424288754 None] CMD "sudo cinder-rootwrap /etc/cinder/rootwrap.conf env LC_ALL=C lvcreate --name _snapshot-313d95ba-e99d-44c5-af58-72d41db69679 --snapshot stack-volumes-lvmdriver-1/volume-f29479c4-bc5f-462e-8599-904436b4a8d4 -L 1.00g" returned: 0 in 1.241s {{(pid=102508) execute /usr/local/lib/python3.8/dist-packages/oslo_concurrency/processutils.py:422}}
Jun 25 09:54:54.130368 n-d-780147-18 cinder-volume[102508]: INFO cinder.volume.manager [None req-bdf4285d-5158-4bb0-ad6e-b7781a018a96 tempest-VolumesSnapshotTestJSON-424288754 None] Create snapshot completed successfully
Jun 25 09:54:55.470320 n-d-780147-18 cinder-volume[102508]: DEBUG oslo_concurrency.processutils [None req-f8f17972-7998-48eb-828b-db5ba5f79534 tempest-VolumesSnapshotTestJSON-424288754 None] Running cmd (subprocess): sudo cinder-rootwrap /etc/cinder/rootwrap.conf env LC_ALL=C lvs --noheadings --unit=g -o vg_name,name,size --nosuffix --readonly stack-volumes-lvmdriver-1/volume-f29479c4-bc5f-462e-8599-904436b4a8d4 {{(pid=102508) execute /usr/local/lib/python3.8/dist-packages/oslo_concurrency/processutils.py:384}}
Jun 25 09:54:55.506812 n-d-780147-18 sudo[135826]: ubuntu : TTY=unknown ; PWD=/ ; USER=root ; COMMAND=/usr/local/bin/cinder-rootwrap /etc/cinder/rootwrap.conf env LC_ALL=C lvs --noheadings --unit=g -o vg_name,name,size --nosuffix --readonly stack-volumes-lvmdriver-1/volume-f29479c4-bc5f-462e-8599-904436b4a8d4
Jun 25 09:54:55.508686 n-d-780147-18 sudo[135826]: pam_unix(sudo:session): session opened for user root by (uid=0)
Jun 25 09:54:56.282308 n-d-780147-18 sudo[135826]: pam_unix(sudo:session): session closed for user root
Jun 25 09:54:56.284584 n-d-780147-18 cinder-volume[102508]: DEBUG oslo_concurrency.processutils [None req-f8f17972-7998-48eb-828b-db5ba5f79534 tempest-VolumesSnapshotTestJSON-424288754 None] CMD "sudo cinder-rootwrap /etc/cinder/rootwrap.conf env LC_ALL=C lvs --noheadings --unit=g -o vg_name,name,size --nosuffix --readonly stack-volumes-lvmdriver-1/volume-f29479c4-bc5f-462e-8599-904436b4a8d4" returned: 0 in 0.814s {{(pid=102508) execute /usr/local/lib/python3.8/dist-packages/oslo_concurrency/processutils.py:422}}
Jun 25 09:54:56.286446 n-d-780147-18 cinder-volume[102508]: DEBUG oslo_concurrency.processutils [None req-f8f17972-7998-48eb-828b-db5ba5f79534 tempest-VolumesSnapshotTestJSON-424288754 None] Running cmd (subprocess): sudo cinder-rootwrap /etc/cinder/rootwrap.conf env LC_ALL=C lvcreate --name _snapshot-46d44c48-e9cc-4181-ac65-9f71eeb4778b --snapshot stack-volumes-lvmdriver-1/volume-f29479c4-bc5f-462e-8599-904436b4a8d4 -L 1.00g {{(pid=102508) execute /usr/local/lib/python3.8/dist-packages/oslo_concurrency/processutils.py:384}}
Jun 25 09:54:56.358848 n-d-780147-18 sudo[135831]: ubuntu : TTY=unknown ; PWD=/ ; USER=root ; COMMAND=/usr/local/bin/cinder-rootwrap /etc/cinder/rootwrap.conf env LC_ALL=C lvcreate --name _snapshot-46d44c48-e9cc-4181-ac65-9f71eeb4778b --snapshot stack-volumes-lvmdriver-1/volume-f29479c4-bc5f-462e-8599-904436b4a8d4 -L 1.00g
Jun 25 09:54:56.369413 n-d-780147-18 sudo[135831]: pam_unix(sudo:session): session opened for user root by (uid=0)
Jun 25 09:54:57.743674 n-d-780147-18 sudo[135831]: pam_unix(sudo:session): session closed for user root
Jun 25 09:54:57.751208 n-d-780147-18 cinder-volume[102508]: DEBUG oslo_concurrency.processutils [None req-f8f17972-7998-48eb-828b-db5ba5f79534 tempest-VolumesSnapshotTestJSON-424288754 None] CMD "sudo cinder-rootwrap /etc/cinder/rootwrap.conf env LC_ALL=C lvcreate --name _snapshot-46d44c48-e9cc-4181-ac65-9f71eeb4778b --snapshot stack-volumes-lvmdriver-1/volume-f29479c4-bc5f-462e-8599-904436b4a8d4 -L 1.00g" returned: 0 in 1.459s {{(pid=102508) execute /usr/local/lib/python3.8/dist-packages/oslo_concurrency/processutils.py:422}}
Jun 25 09:54:58.057171 n-d-780147-18 cinder-volume[102508]: INFO cinder.volume.manager [None req-f8f17972-7998-48eb-828b-db5ba5f79534 tempest-VolumesSnapshotTestJSON-424288754 None] Create snapshot completed successfully
Jun 25 09:54:58.617436 n-d-780147-18 cinder-volume[102508]: DEBUG cinder.coordination [None req-aa8c30a9-9d8c-4772-8b20-934d79abacc3 tempest-VolumesSnapshotTestJSON-424288754 None] Lock "b'cinder-9b61a096-19b0-4cc4-8d58-7d6656b5b898-delete_snapshot'" acquired by "delete_snapshot" :: waited 0.017s {{(pid=102508) _synchronized /opt/stack/cinder/cinder/coordination.py:146}}
Jun 25 09:54:58.620018 n-d-780147-18 cinder-volume[102508]: DEBUG oslo_concurrency.processutils [None req-aa8c30a9-9d8c-4772-8b20-934d79abacc3 tempest-VolumesSnapshotTestJSON-424288754 None] Running cmd (subprocess): sudo cinder-rootwrap /etc/cinder/rootwrap.conf env LC_ALL=C lvs --noheadings --unit=g -o vg_name,name,size --nosuffix --readonly stack-volumes-lvmdriver-1/_snapshot-9b61a096-19b0-4cc4-8d58-7d6656b5b898 {{(pid=102508) execute /usr/local/lib/python3.8/dist-packages/oslo_concurrency/processutils.py:384}}
Jun 25 09:54:58.654774 n-d-780147-18 sudo[135976]: ubuntu : TTY=unknown ; PWD=/ ; USER=root ; COMMAND=/usr/local/bin/cinder-rootwrap /etc/cinder/rootwrap.conf env LC_ALL=C lvs --noheadings --unit=g -o vg_name,name,size --nosuffix --readonly stack-volumes-lvmdriver-1/_snapshot-9b61a096-19b0-4cc4-8d58-7d6656b5b898
Jun 25 09:54:58.655908 n-d-780147-18 sudo[135976]: pam_unix(sudo:session): session opened for user root by (uid=0)
Jun 25 09:54:59.256920 n-d-780147-18 sudo[135976]: pam_unix(sudo:session): session closed for user root
Jun 25 09:54:59.260252 n-d-780147-18 cinder-volume[102508]: DEBUG oslo_concurrency.processutils [None req-aa8c30a9-9d8c-4772-8b20-934d79abacc3 tempest-VolumesSnapshotTestJSON-424288754 None] CMD "sudo cinder-rootwrap /etc/cinder/rootwrap.conf env LC_ALL=C lvs --noheadings --unit=g -o vg_name,name,size --nosuffix --readonly stack-volumes-lvmdriver-1/_snapshot-9b61a096-19b0-4cc4-8d58-7d6656b5b898" returned: 0 in 0.640s {{(pid=102508) execute /usr/local/lib/python3.8/dist-packages/oslo_concurrency/processutils.py:422}}
Jun 25 09:54:59.263008 n-d-780147-18 cinder-volume[102508]: DEBUG oslo_concurrency.processutils [None req-aa8c30a9-9d8c-4772-8b20-934d79abacc3 tempest-VolumesSnapshotTestJSON-424288754 None] Running cmd (subprocess): sudo cinder-rootwrap /etc/cinder/rootwrap.conf lvremove --config activation { retry_deactivation = 1} -f stack-volumes-lvmdriver-1/_snapshot-9b61a096-19b0-4cc4-8d58-7d6656b5b898 {{(pid=102508) execute /usr/local/lib/python3.8/dist-packages/oslo_concurrency/processutils.py:384}}
Jun 25 09:54:59.283735 n-d-780147-18 sudo[135981]: ubuntu : TTY=unknown ; PWD=/ ; USER=root ; COMMAND=/usr/local/bin/cinder-rootwrap /etc/cinder/rootwrap.conf lvremove --config activation { retry_deactivation = 1} -f stack-volumes-lvmdriver-1/_snapshot-9b61a096-19b0-4cc4-8d58-7d6656b5b898
Jun 25 09:54:59.284579 n-d-780147-18 sudo[135981]: pam_unix(sudo:session): session opened for user root by (uid=0)
Jun 25 09:55:00.240252 n-d-780147-18 sudo[135981]: pam_unix(sudo:session): session closed for user root
Jun 25 09:55:00.243294 n-d-780147-18 cinder-volume[102508]: DEBUG oslo_concurrency.processutils [None req-aa8c30a9-9d8c-4772-8b20-934d79abacc3 tempest-VolumesSnapshotTestJSON-424288754 None] CMD "sudo cinder-rootwrap /etc/cinder/rootwrap.conf lvremove --config activation { retry_deactivation = 1} -f stack-volumes-lvmdriver-1/_snapshot-9b61a096-19b0-4cc4-8d58-7d6656b5b898" returned: 0 in 0.979s {{(pid=102508) execute /usr/local/lib/python3.8/dist-packages/oslo_concurrency/processutils.py:422}}
Jun 25 09:55:00.462087 n-d-780147-18 cinder-volume[102508]: DEBUG cinder.quota [None req-aa8c30a9-9d8c-4772-8b20-934d79abacc3 tempest-VolumesSnapshotTestJSON-424288754 None] Created reservations ['89a119fd-d535-4501-8bdc-c573d0af0b12', '89ba2c0e-313a-4b76-b9e4-decf5fcc9b63', '01051072-801d-4950-a86c-a9d3919a2f08', 'd7119ab6-8114-49d3-91fd-429065daa5b0'] {{(pid=102508) reserve /opt/stack/cinder/cinder/quota.py:755}}
Jun 25 09:55:00.828097 n-d-780147-18 cinder-volume[102508]: INFO cinder.volume.manager [None req-aa8c30a9-9d8c-4772-8b20-934d79abacc3 tempest-VolumesSnapshotTestJSON-424288754 None] Delete snapshot completed successfully.
Jun 25 09:55:00.833444 n-d-780147-18 cinder-volume[102508]: DEBUG cinder.coordination [None req-aa8c30a9-9d8c-4772-8b20-934d79abacc3 tempest-VolumesSnapshotTestJSON-424288754 None] Lock "b'cinder-9b61a096-19b0-4cc4-8d58-7d6656b5b898-delete_snapshot'" released by "delete_snapshot" :: held 2.216s {{(pid=102508) _synchronized /opt/stack/cinder/cinder/coordination.py:158}}
Jun 25 09:55:01.016919 n-d-780147-18 cinder-volume[102508]: DEBUG cinder.coordination [None req-5ea72ba3-61bb-4639-a7f6-a49884684dff tempest-VolumesSnapshotTestJSON-424288754 None] Lock "b'cinder-46d44c48-e9cc-4181-ac65-9f71eeb4778b-delete_snapshot'" acquired by "delete_snapshot" :: waited 0.013s {{(pid=102508) _synchronized /opt/stack/cinder/cinder/coordination.py:146}}
Jun 25 09:55:01.025004 n-d-780147-18 cinder-volume[102508]: DEBUG oslo_concurrency.processutils [None req-5ea72ba3-61bb-4639-a7f6-a49884684dff tempest-VolumesSnapshotTestJSON-424288754 None] Running cmd (subprocess): sudo cinder-rootwrap /etc/cinder/rootwrap.conf env LC_ALL=C lvs --noheadings --unit=g -o vg_name,name,size --nosuffix --readonly stack-volumes-lvmdriver-1/_snapshot-46d44c48-e9cc-4181-ac65-9f71eeb4778b {{(pid=102508) execute /usr/local/lib/python3.8/dist-packages/oslo_concurrency/processutils.py:384}}
Jun 25 09:55:01.071409 n-d-780147-18 sudo[136368]: ubuntu : TTY=unknown ; PWD=/ ; USER=root ; COMMAND=/usr/local/bin/cinder-rootwrap /etc/cinder/rootwrap.conf env LC_ALL=C lvs --noheadings --unit=g -o vg_name,name,size --nosuffix --readonly stack-volumes-lvmdriver-1/_snapshot-46d44c48-e9cc-4181-ac65-9f71eeb4778b
Jun 25 09:55:01.072225 n-d-780147-18 sudo[136368]: pam_unix(sudo:session): session opened for user root by (uid=0)
Jun 25 09:55:01.605297 n-d-780147-18 sudo[136368]: pam_unix(sudo:session): session closed for user root
Jun 25 09:55:01.607993 n-d-780147-18 cinder-volume[102508]: DEBUG oslo_concurrency.processutils [None req-5ea72ba3-61bb-4639-a7f6-a49884684dff tempest-VolumesSnapshotTestJSON-424288754 None] CMD "sudo cinder-rootwrap /etc/cinder/rootwrap.conf env LC_ALL=C lvs --noheadings --unit=g -o vg_name,name,size --nosuffix --readonly stack-volumes-lvmdriver-1/_snapshot-46d44c48-e9cc-4181-ac65-9f71eeb4778b" returned: 0 in 0.584s {{(pid=102508) execute /usr/local/lib/python3.8/dist-packages/oslo_concurrency/processutils.py:422}}
