Jun 17 08:20:33.411739 n-d-780147-13 neutron-server[93501]: DEBUG neutron.plugins.ml2.db [None req-14a11931-57d1-4616-812d-e71a6cd5af54 None None] For port 1c5a9762-708f-4b84-9f28-e73194d6453d, host n-d-780147-13, got binding levels [PortBindingLevel(driver='openvswitch',host='n-d-780147-13',level=0,port_id=1c5a9762-708f-4b84-9f28-e73194d6453d,segment=NetworkSegment(0057066f-3aae-4ab1-bf6b-13e7a31eab27),segment_id=0057066f-3aae-4ab1-bf6b-13e7a31eab27)] {{(pid=93501) get_binding_level_objs /opt/stack/neutron/neutron/plugins/ml2/db.py:75}}
Jun 17 08:20:33.428300 n-d-780147-13 neutron-server[93501]: DEBUG neutron_lib.callbacks.manager [None req-14a11931-57d1-4616-812d-e71a6cd5af54 None None] Notify callbacks ['neutron.plugins.ml2.plugin.SecurityGroupServerNotifierRpcMixin.notify_sg_on_port_change-1713763', 'neutron.plugins.ml2.ovo_rpc._ObjectChangeHandler.handle_event-59194', 'neutron.api.rpc.agentnotifiers.dhcp_rpc_agent_api.DhcpAgentNotifyAPI._native_event_send_dhcp_notification-558171', 'neutron.db.l3_db.L3RpcNotifierMixin._notify_gateway_port_ip_changed-8751034133607', 'neutron.db.l3_dvrscheduler_db._notify_l3_agent_port_update-8751033725745', 'neutron.db.l3_hascheduler_db._notify_l3_agent_ha_port_update-8751033725790'] for port, after_update {{(pid=93501) _notify_loop /usr/local/lib/python3.8/dist-packages/neutron_lib/callbacks/manager.py:192}}
Jun 17 08:20:33.434740 n-d-780147-13 neutron-server[93501]: DEBUG oslo_concurrency.lockutils [None req-e60c5167-c9c1-4da2-bdf2-a39b7c132f67 None None] Lock "event-dispatch" acquired by "neutron.plugins.ml2.ovo_rpc._ObjectChangeHandler.dispatch_events" :: waited 0.000s {{(pid=93501) inner /usr/local/lib/python3.8/dist-packages/oslo_concurrency/lockutils.py:355}}
Jun 17 08:20:33.593428 n-d-780147-13 neutron-server[93501]: DEBUG neutron.api.rpc.handlers.resources_rpc [None req-14a11931-57d1-4616-812d-e71a6cd5af54 None None] Pushing event updated for resources: {'Port': ['ID=1c5a9762-708f-4b84-9f28-e73194d6453d,revision_number=3']} {{(pid=93501) push /opt/stack/neutron/neutron/api/rpc/handlers/resources_rpc.py:237}}
Jun 17 08:20:33.602072 n-d-780147-13 neutron-server[93501]: DEBUG oslo_concurrency.lockutils [None req-14a11931-57d1-4616-812d-e71a6cd5af54 None None] Lock "event-dispatch" released by "neutron.plugins.ml2.ovo_rpc._ObjectChangeHandler.dispatch_events" :: held 0.167s {{(pid=93501) inner /usr/local/lib/python3.8/dist-packages/oslo_concurrency/lockutils.py:367}}
Jun 17 08:20:33.722602 n-d-780147-13 neutron-server[93500]: INFO neutron.wsgi [req-6616bd82-a60b-41aa-825d-297c44bcbcb0 req-aeea9c9d-e443-429e-ba55-e0b3ecb1e838 service neutron] 10.222.0.60 "GET /v2.0/security-groups?id=dee62794-e563-424f-b154-befd1672ef6d&fields=id&fields=name HTTP/1.1" status: 200 len: 286 time: 0.5119548
Jun 17 08:20:33.753192 n-d-780147-13 neutron-server[93501]: DEBUG neutron.db.provisioning_blocks [None req-cd16a3ce-ae2a-4b2e-bb2f-e3f13f823251 None None] Provisioning complete for port 1c5a9762-708f-4b84-9f28-e73194d6453d triggered by entity DHCP. {{(pid=93501) provisioning_complete /opt/stack/neutron/neutron/db/provisioning_blocks.py:139}}
Jun 17 08:20:33.754188 n-d-780147-13 neutron-server[93501]: DEBUG neutron_lib.callbacks.manager [None req-cd16a3ce-ae2a-4b2e-bb2f-e3f13f823251 None None] Notify callbacks ['neutron.plugins.ml2.plugin.Ml2Plugin._port_provisioned-1605118'] for port, provisioning_complete {{(pid=93501) _notify_loop /usr/local/lib/python3.8/dist-packages/neutron_lib/callbacks/manager.py:192}}
Jun 17 08:20:33.771496 n-d-780147-13 neutron-server[93500]: DEBUG neutron.api.rpc.handlers.resources_rpc [None req-dae6cee3-dab4-412e-b34c-0836794b0d10 service neutron] Pushing event updated for resources: {'Port': ['ID=e0f86e1c-6229-4c37-9b91-fa5d15c416ed,revision_number=2']} {{(pid=93500) push /opt/stack/neutron/neutron/api/rpc/handlers/resources_rpc.py:237}}
Jun 17 08:20:33.806934 n-d-780147-13 neutron-server[93500]: DEBUG oslo_concurrency.lockutils [None req-dae6cee3-dab4-412e-b34c-0836794b0d10 service neutron] Lock "event-dispatch" released by "neutron.plugins.ml2.ovo_rpc._ObjectChangeHandler.dispatch_events" :: held 0.529s {{(pid=93500) inner /usr/local/lib/python3.8/dist-packages/oslo_concurrency/lockutils.py:367}}
Jun 17 08:20:33.873912 n-d-780147-13 neutron-server[93500]: DEBUG neutron.plugins.ml2.managers [req-7586dba3-8bdf-4ca9-8f9e-400da9909081 req-dae6cee3-dab4-412e-b34c-0836794b0d10 service neutron] Attempting to bind port e0f86e1c-6229-4c37-9b91-fa5d15c416ed on host n-h2-780147-13 for vnic_type normal with profile {{(pid=93500) bind_port /opt/stack/neutron/neutron/plugins/ml2/managers.py:790}}
Jun 17 08:20:33.874197 n-d-780147-13 neutron-server[93500]: DEBUG neutron.plugins.ml2.managers [req-7586dba3-8bdf-4ca9-8f9e-400da9909081 req-dae6cee3-dab4-412e-b34c-0836794b0d10 service neutron] Attempting to bind port e0f86e1c-6229-4c37-9b91-fa5d15c416ed by drivers openvswitch,hyperv on host n-h2-780147-13 at level 0 using segments [{'id': 'b28b8afb-dab2-4043-8e1c-0f5264be8f74', 'network_type': 'vlan', 'physical_network': 'physnet1', 'segmentation_id': 688, 'network_id': '0d6e9a01-1849-4249-a223-15228eee9987'}] {{(pid=93500) _bind_port_level /opt/stack/neutron/neutron/plugins/ml2/managers.py:815}}
Jun 17 08:20:33.874515 n-d-780147-13 neutron-server[93500]: DEBUG neutron.plugins.ml2.drivers.mech_agent [req-7586dba3-8bdf-4ca9-8f9e-400da9909081 req-dae6cee3-dab4-412e-b34c-0836794b0d10 service neutron] Attempting to bind port e0f86e1c-6229-4c37-9b91-fa5d15c416ed on network 0d6e9a01-1849-4249-a223-15228eee9987 {{(pid=93500) bind_port /opt/stack/neutron/neutron/plugins/ml2/drivers/mech_agent.py:86}}
Jun 17 08:20:33.933762 n-d-780147-13 neutron-server[93501]: DEBUG neutron.plugins.ml2.rpc [None req-e60c5167-c9c1-4da2-bdf2-a39b7c132f67 None None] Device 1c5a9762-708f-4b84-9f28-e73194d6453d up at agent ovs-agent-n-d-780147-13 {{(pid=93501) update_device_up /opt/stack/neutron/neutron/plugins/ml2/rpc.py:278}}
Jun 17 08:20:34.004052 n-d-780147-13 neutron-server[93501]: DEBUG neutron.db.provisioning_blocks [None req-e60c5167-c9c1-4da2-bdf2-a39b7c132f67 None None] Provisioning complete for port 1c5a9762-708f-4b84-9f28-e73194d6453d triggered by entity L2. {{(pid=93501) provisioning_complete /opt/stack/neutron/neutron/db/provisioning_blocks.py:139}}
Jun 17 08:20:34.004602 n-d-780147-13 neutron-server[93501]: DEBUG neutron_lib.callbacks.manager [None req-e60c5167-c9c1-4da2-bdf2-a39b7c132f67 None None] Notify callbacks ['neutron.plugins.ml2.plugin.Ml2Plugin._port_provisioned-1605118'] for port, provisioning_complete {{(pid=93501) _notify_loop /usr/local/lib/python3.8/dist-packages/neutron_lib/callbacks/manager.py:192}}
Jun 17 08:20:34.155661 n-d-780147-13 neutron-server[93500]: DEBUG neutron.plugins.ml2.drivers.mech_agent [req-7586dba3-8bdf-4ca9-8f9e-400da9909081 req-dae6cee3-dab4-412e-b34c-0836794b0d10 service neutron] Port e0f86e1c-6229-4c37-9b91-fa5d15c416ed on network 0d6e9a01-1849-4249-a223-15228eee9987 not bound, no agent of type Open vSwitch agent registered on host n-h2-780147-13 {{(pid=93500) bind_port /opt/stack/neutron/neutron/plugins/ml2/drivers/mech_agent.py:98}}
Jun 17 08:20:34.156187 n-d-780147-13 neutron-server[93500]: DEBUG neutron.plugins.ml2.drivers.mech_agent [req-7586dba3-8bdf-4ca9-8f9e-400da9909081 req-dae6cee3-dab4-412e-b34c-0836794b0d10 service neutron] Attempting to bind port e0f86e1c-6229-4c37-9b91-fa5d15c416ed on network 0d6e9a01-1849-4249-a223-15228eee9987 {{(pid=93500) bind_port /opt/stack/neutron/neutron/plugins/ml2/drivers/mech_agent.py:86}}
Jun 17 08:20:34.176362 n-d-780147-13 neutron-server[93500]: DEBUG neutron.plugins.ml2.drivers.mech_agent [req-7586dba3-8bdf-4ca9-8f9e-400da9909081 req-dae6cee3-dab4-412e-b34c-0836794b0d10 service neutron] Checking agent: {'id': '123a78c5-6109-4491-86c7-1dab71c54b4b', 'agent_type': 'HyperV agent', 'binary': 'neutron-hyperv-agent', 'topic': 'N/A', 'host': 'n-h2-780147-13', 'admin_state_up': True, 'created_at': datetime.datetime(2021, 6, 17, 8, 17, 17), 'started_at': datetime.datetime(2021, 6, 17, 8, 17, 17), 'heartbeat_timestamp': datetime.datetime(2021, 6, 17, 8, 20, 17), 'description': None, 'resources_synced': None, 'availability_zone': None, 'alive': True, 'configurations': {'vswitch_mappings': {'physnet1$': 'br-data'}}, 'resource_versions': {}} {{(pid=93500) bind_port /opt/stack/neutron/neutron/plugins/ml2/drivers/mech_agent.py:105}}
Jun 17 08:20:34.176730 n-d-780147-13 neutron-server[93500]: DEBUG neutron.plugins.ml2.drivers.mech_agent [req-7586dba3-8bdf-4ca9-8f9e-400da9909081 req-dae6cee3-dab4-412e-b34c-0836794b0d10 service neutron] Checking segment: {'id': 'b28b8afb-dab2-4043-8e1c-0f5264be8f74', 'network_type': 'vlan', 'physical_network': 'physnet1', 'segmentation_id': 688, 'network_id': '0d6e9a01-1849-4249-a223-15228eee9987'} for mappings: {'physnet1$': 'br-data'} with network types: ['local', 'flat', 'vlan'] {{(pid=93500) check_segment_for_agent /opt/stack/neutron/neutron/plugins/ml2/drivers/mech_agent.py:341}}
Jun 17 08:20:34.177283 n-d-780147-13 neutron-server[93500]: DEBUG neutron.plugins.ml2.drivers.mech_agent [req-7586dba3-8bdf-4ca9-8f9e-400da9909081 req-dae6cee3-dab4-412e-b34c-0836794b0d10 service neutron] Bound using segment: {'id': 'b28b8afb-dab2-4043-8e1c-0f5264be8f74', 'network_type': 'vlan', 'physical_network': 'physnet1', 'segmentation_id': 688, 'network_id': '0d6e9a01-1849-4249-a223-15228eee9987'} {{(pid=93500) bind_port /opt/stack/neutron/neutron/plugins/ml2/drivers/mech_agent.py:115}}
Jun 17 08:20:34.177721 n-d-780147-13 neutron-server[93500]: DEBUG neutron.plugins.ml2.managers [req-7586dba3-8bdf-4ca9-8f9e-400da9909081 req-dae6cee3-dab4-412e-b34c-0836794b0d10 service neutron] Bound port: e0f86e1c-6229-4c37-9b91-fa5d15c416ed, host: n-h2-780147-13, vif_type: hyperv, vif_details: {"connectivity": "legacy", "port_filter": false}, binding_levels: [{'bound_driver': 'hyperv', 'bound_segment': {'id': 'b28b8afb-dab2-4043-8e1c-0f5264be8f74', 'network_type': 'vlan', 'physical_network': 'physnet1', 'segmentation_id': 688, 'network_id': '0d6e9a01-1849-4249-a223-15228eee9987'}}] {{(pid=93500) _bind_port_level /opt/stack/neutron/neutron/plugins/ml2/managers.py:928}}
Jun 17 08:20:34.178060 n-d-780147-13 neutron-server[93500]: DEBUG neutron_lib.callbacks.manager [req-7586dba3-8bdf-4ca9-8f9e-400da9909081 req-dae6cee3-dab4-412e-b34c-0836794b0d10 service neutron] Notify callbacks ['neutron.plugins.ml2.plugin.SecurityGroupDbMixin._ensure_default_security_group_handler_port-1714877'] for port, before_update {{(pid=93500) _notify_loop /usr/local/lib/python3.8/dist-packages/neutron_lib/callbacks/manager.py:192}}
Jun 17 08:20:34.210751 n-d-780147-13 neutron-server[93500]: DEBUG neutron.pecan_wsgi.hooks.policy_enforcement [req-d89aabb9-d8f4-4c9c-8c98-4891a83ebd2a req-087df63d-bcde-47ec-bd53-80fdaa7f4b79 tempest-ServerDiagnosticsNegativeTest-1980532469 tempest-ServerDiagnosticsNegativeTest-1980532469-project] Attributes excluded by policy engine: ['standard_attr_id', 'binding:profile', 'binding:host_id', 'binding:vif_type', 'binding:vif_details'] {{(pid=93500) _exclude_attributes_by_policy /opt/stack/neutron/neutron/pecan_wsgi/hooks/policy_enforcement.py:255}}
Jun 17 08:20:34.212275 n-d-780147-13 neutron-server[93500]: INFO neutron.wsgi [req-d89aabb9-d8f4-4c9c-8c98-4891a83ebd2a req-087df63d-bcde-47ec-bd53-80fdaa7f4b79 tempest-ServerDiagnosticsNegativeTest-1980532469 tempest-ServerDiagnosticsNegativeTest-1980532469-project] 10.222.0.65 "GET /v2.0/ports?device_id=5849771c-2210-4573-93b9-b5b38ade1358 HTTP/1.1" status: 200 len: 947 time: 0.6315031
Jun 17 08:20:34.217452 n-d-780147-13 neutron-server[93500]: DEBUG neutron_lib.callbacks.manager [None req-8cb4e758-3a77-46c6-8e8e-16e51fd547da admin admin] Notify callbacks [] for router_gateway, after_create {{(pid=93500) _notify_loop /usr/local/lib/python3.8/dist-packages/neutron_lib/callbacks/manager.py:192}}
Jun 17 08:20:34.348591 n-d-780147-13 neutron-server[93500]: DEBUG neutron.pecan_wsgi.hooks.policy_enforcement [req-5927c06f-4873-41e3-ba20-2248fcd1cd6f req-39e7f6ae-6f91-4542-8e0d-1dc70e9d477b tempest-NetworksTest-964138491 tempest-NetworksTest-964138491-project-admin] Attributes excluded by policy engine: ['standard_attr_id', 'vlan_transparent'] {{(pid=93500) _exclude_attributes_by_policy /opt/stack/neutron/neutron/pecan_wsgi/hooks/policy_enforcement.py:255}}
Jun 17 08:20:34.349058 n-d-780147-13 neutron-server[93500]: DEBUG neutron.pecan_wsgi.hooks.policy_enforcement [req-5927c06f-4873-41e3-ba20-2248fcd1cd6f req-39e7f6ae-6f91-4542-8e0d-1dc70e9d477b tempest-NetworksTest-964138491 tempest-NetworksTest-964138491-project-admin] Attributes excluded by policy engine: ['standard_attr_id', 'vlan_transparent'] {{(pid=93500) _exclude_attributes_by_policy /opt/stack/neutron/neutron/pecan_wsgi/hooks/policy_enforcement.py:255}}
Jun 17 08:20:34.349518 n-d-780147-13 neutron-server[93500]: DEBUG neutron.pecan_wsgi.hooks.policy_enforcement [req-5927c06f-4873-41e3-ba20-2248fcd1cd6f req-39e7f6ae-6f91-4542-8e0d-1dc70e9d477b tempest-NetworksTest-964138491 tempest-NetworksTest-964138491-project-admin] Attributes excluded by policy engine: ['standard_attr_id', 'vlan_transparent'] {{(pid=93500) _exclude_attributes_by_policy /opt/stack/neutron/neutron/pecan_wsgi/hooks/policy_enforcement.py:255}}
Jun 17 08:20:34.349970 n-d-780147-13 neutron-server[93500]: DEBUG neutron.pecan_wsgi.hooks.policy_enforcement [req-5927c06f-4873-41e3-ba20-2248fcd1cd6f req-39e7f6ae-6f91-4542-8e0d-1dc70e9d477b tempest-NetworksTest-964138491 tempest-NetworksTest-964138491-project-admin] Attributes excluded by policy engine: ['standard_attr_id', 'vlan_transparent'] {{(pid=93500) _exclude_attributes_by_policy /opt/stack/neutron/neutron/pecan_wsgi/hooks/policy_enforcement.py:255}}
Jun 17 08:20:34.350421 n-d-780147-13 neutron-server[93500]: DEBUG neutron.pecan_wsgi.hooks.policy_enforcement [req-5927c06f-4873-41e3-ba20-2248fcd1cd6f req-39e7f6ae-6f91-4542-8e0d-1dc70e9d477b tempest-NetworksTest-964138491 tempest-NetworksTest-964138491-project-admin] Attributes excluded by policy engine: ['standard_attr_id', 'vlan_transparent'] {{(pid=93500) _exclude_attributes_by_policy /opt/stack/neutron/neutron/pecan_wsgi/hooks/policy_enforcement.py:255}}
Jun 17 08:20:34.350871 n-d-780147-13 neutron-server[93500]: DEBUG neutron.pecan_wsgi.hooks.policy_enforcement [req-5927c06f-4873-41e3-ba20-2248fcd1cd6f req-39e7f6ae-6f91-4542-8e0d-1dc70e9d477b tempest-NetworksTest-964138491 tempest-NetworksTest-964138491-project-admin] Attributes excluded by policy engine: ['standard_attr_id', 'vlan_transparent'] {{(pid=93500) _exclude_attributes_by_policy /opt/stack/neutron/neutron/pecan_wsgi/hooks/policy_enforcement.py:255}}
Jun 17 08:20:34.351343 n-d-780147-13 neutron-server[93500]: DEBUG neutron.pecan_wsgi.hooks.policy_enforcement [req-5927c06f-4873-41e3-ba20-2248fcd1cd6f req-39e7f6ae-6f91-4542-8e0d-1dc70e9d477b tempest-NetworksTest-964138491 tempest-NetworksTest-964138491-project-admin] Attributes excluded by policy engine: ['standard_attr_id', 'vlan_transparent'] {{(pid=93500) _exclude_attributes_by_policy /opt/stack/neutron/neutron/pecan_wsgi/hooks/policy_enforcement.py:255}}
Jun 17 08:20:34.351792 n-d-780147-13 neutron-server[93500]: DEBUG neutron.pecan_wsgi.hooks.policy_enforcement [req-5927c06f-4873-41e3-ba20-2248fcd1cd6f req-39e7f6ae-6f91-4542-8e0d-1dc70e9d477b tempest-NetworksTest-964138491 tempest-NetworksTest-964138491-project-admin] Attributes excluded by policy engine: ['standard_attr_id', 'vlan_transparent'] {{(pid=93500) _exclude_attributes_by_policy /opt/stack/neutron/neutron/pecan_wsgi/hooks/policy_enforcement.py:255}}
Jun 17 08:20:34.352235 n-d-780147-13 neutron-server[93500]: DEBUG neutron.pecan_wsgi.hooks.policy_enforcement [req-5927c06f-4873-41e3-ba20-2248fcd1cd6f req-39e7f6ae-6f91-4542-8e0d-1dc70e9d477b tempest-NetworksTest-964138491 tempest-NetworksTest-964138491-project-admin] Attributes excluded by policy engine: ['standard_attr_id', 'vlan_transparent'] {{(pid=93500) _exclude_attributes_by_policy /opt/stack/neutron/neutron/pecan_wsgi/hooks/policy_enforcement.py:255}}
Jun 17 08:20:34.354062 n-d-780147-13 neutron-server[93500]: INFO neutron.wsgi [req-5927c06f-4873-41e3-ba20-2248fcd1cd6f req-39e7f6ae-6f91-4542-8e0d-1dc70e9d477b tempest-NetworksTest-964138491 tempest-NetworksTest-964138491-project-admin] 10.222.0.65 "GET /v2.0/networks HTTP/1.1" status: 200 len: 6439 time: 0.5990751
Jun 17 08:20:34.403942 n-d-780147-13 neutron-server[93500]: DEBUG neutron.plugins.ml2.db [req-7586dba3-8bdf-4ca9-8f9e-400da9909081 req-dae6cee3-dab4-412e-b34c-0836794b0d10 service neutron] For port e0f86e1c-6229-4c37-9b91-fa5d15c416ed, host n-h2-780147-13, cleared binding levels {{(pid=93500) clear_binding_levels /opt/stack/neutron/neutron/plugins/ml2/db.py:88}}
Jun 17 08:20:34.420024 n-d-780147-13 neutron-server[93500]: INFO neutron.wsgi [req-d89aabb9-d8f4-4c9c-8c98-4891a83ebd2a req-0cb4e4ea-c689-48af-8164-898be303efad tempest-ServerDiagnosticsNegativeTest-1980532469 tempest-ServerDiagnosticsNegativeTest-1980532469-project] 10.222.0.65 "GET /v2.0/security-groups?id=06b1422a-9a92-4c67-8dac-2722ba0c7610&fields=id&fields=name HTTP/1.1" status: 200 len: 286 time: 0.1959534
Jun 17 08:20:34.422247 n-d-780147-13 neutron-server[93500]: DEBUG neutron.plugins.ml2.db [req-7586dba3-8bdf-4ca9-8f9e-400da9909081 req-dae6cee3-dab4-412e-b34c-0836794b0d10 service neutron] For port e0f86e1c-6229-4c37-9b91-fa5d15c416ed, host n-h2-780147-13, set binding levels [PortBindingLevel(driver='hyperv',host='n-h2-780147-13',level=0,port_id=e0f86e1c-6229-4c37-9b91-fa5d15c416ed,segment=NetworkSegment(b28b8afb-dab2-4043-8e1c-0f5264be8f74),segment_id=b28b8afb-dab2-4043-8e1c-0f5264be8f74)] {{(pid=93500) set_binding_levels /opt/stack/neutron/neutron/plugins/ml2/db.py:60}}
Jun 17 08:20:34.434646 n-d-780147-13 neutron-server[93500]: DEBUG neutron_lib.callbacks.manager [req-7586dba3-8bdf-4ca9-8f9e-400da9909081 req-dae6cee3-dab4-412e-b34c-0836794b0d10 service neutron] Notify callbacks ['neutron.plugins.ml2.plugin.SecurityGroupServerNotifierRpcMixin.notify_sg_on_port_change-1713763', 'neutron.plugins.ml2.ovo_rpc._ObjectChangeHandler.handle_event-59194', 'neutron.api.rpc.agentnotifiers.dhcp_rpc_agent_api.DhcpAgentNotifyAPI._native_event_send_dhcp_notification-558171', 'neutron.db.l3_db.L3RpcNotifierMixin._notify_gateway_port_ip_changed-8751034133607', 'neutron.db.l3_dvrscheduler_db._notify_l3_agent_port_update-8751033725745', 'neutron.db.l3_hascheduler_db._notify_l3_agent_ha_port_update-8751033725790'] for port, after_update {{(pid=93500) _notify_loop /usr/local/lib/python3.8/dist-packages/neutron_lib/callbacks/manager.py:192}}
Jun 17 08:20:34.443348 n-d-780147-13 neutron-server[93500]: DEBUG oslo_concurrency.lockutils [None req-63ef001a-eadd-4133-81dd-640d15878f37 tempest-ServerDiagnosticsNegativeTest-1980532469 tempest-ServerDiagnosticsNegativeTest-1980532469-project] Lock "event-dispatch" acquired by "neutron.plugins.ml2.ovo_rpc._ObjectChangeHandler.dispatch_events" :: waited 0.000s {{(pid=93500) inner /usr/local/lib/python3.8/dist-packages/oslo_concurrency/lockutils.py:355}}
Jun 17 08:20:34.561965 n-d-780147-13 neutron-server[93500]: DEBUG neutron.pecan_wsgi.hooks.policy_enforcement [req-7586dba3-8bdf-4ca9-8f9e-400da9909081 req-dae6cee3-dab4-412e-b34c-0836794b0d10 service neutron] Attributes excluded by policy engine: ['standard_attr_id'] {{(pid=93500) _exclude_attributes_by_policy /opt/stack/neutron/neutron/pecan_wsgi/hooks/policy_enforcement.py:255}}
Jun 17 08:20:34.562578 n-d-780147-13 neutron-server[93500]: DEBUG neutron_lib.callbacks.manager [req-7586dba3-8bdf-4ca9-8f9e-400da9909081 req-dae6cee3-dab4-412e-b34c-0836794b0d10 service neutron] Notify callbacks ['neutron.notifiers.nova.Notifier._send_nova_notification-877406', 'neutron.api.rpc.agentnotifiers.dhcp_rpc_agent_api.DhcpAgentNotifyAPI._send_dhcp_notification-558157'] for port, before_response {{(pid=93500) _notify_loop /usr/local/lib/python3.8/dist-packages/neutron_lib/callbacks/manager.py:192}}
Jun 17 08:20:34.568377 n-d-780147-13 neutron-server[93500]: INFO neutron.wsgi [req-7586dba3-8bdf-4ca9-8f9e-400da9909081 req-dae6cee3-dab4-412e-b34c-0836794b0d10 service neutron] 10.222.0.67 "PUT /v2.0/ports/e0f86e1c-6229-4c37-9b91-fa5d15c416ed HTTP/1.1" status: 200 len: 1096 time: 2.9101501
Jun 17 08:20:34.568896 n-d-780147-13 neutron-server[93500]: DEBUG neutron.notifiers.nova [-] Sending events: [{'name': 'network-changed', 'server_uuid': '5849771c-2210-4573-93b9-b5b38ade1358', 'tag': 'e0f86e1c-6229-4c37-9b91-fa5d15c416ed'}] {{(pid=93500) send_events /opt/stack/neutron/neutron/notifiers/nova.py:262}}
Jun 17 08:20:34.575193 n-d-780147-13 neutron-server[93500]: DEBUG novaclient.v2.client [-] REQ: curl -g -i --cacert "/opt/stack/data/ca-bundle.pem" -X POST http://10.222.0.65/compute/v2.1/os-server-external-events -H "Accept: application/json" -H "Content-Type: application/json" -H "User-Agent: python-novaclient" -H "X-Auth-Token: {SHA256}95e71d8a07821f8c1b4c9255fff1fe2a7f8007a6dc59e86ae300836cafe62251" -H "X-OpenStack-Nova-API-Version: 2.1" -H "X-OpenStack-Request-ID: req-872de7ea-213c-48ca-bc5e-4f004c3f636d" -d '{"events": [{"name": "network-changed", "server_uuid": "5849771c-2210-4573-93b9-b5b38ade1358", "tag": "e0f86e1c-6229-4c37-9b91-fa5d15c416ed"}]}' {{(pid=93500) _http_log_request /usr/local/lib/python3.8/dist-packages/keystoneauth1/session.py:519}}
Jun 17 08:20:34.640438 n-d-780147-13 neutron-server[93500]: DEBUG neutron.api.rpc.handlers.resources_rpc [None req-dae6cee3-dab4-412e-b34c-0836794b0d10 service neutron] Pushing event updated for resources: {'Port': ['ID=e0f86e1c-6229-4c37-9b91-fa5d15c416ed,revision_number=3']} {{(pid=93500) push /opt/stack/neutron/neutron/api/rpc/handlers/resources_rpc.py:237}}
Jun 17 08:20:34.663037 n-d-780147-13 neutron-server[93500]: DEBUG oslo_concurrency.lockutils [None req-dae6cee3-dab4-412e-b34c-0836794b0d10 service neutron] Lock "event-dispatch" released by "neutron.plugins.ml2.ovo_rpc._ObjectChangeHandler.dispatch_events" :: held 0.220s {{(pid=93500) inner /usr/local/lib/python3.8/dist-packages/oslo_concurrency/lockutils.py:367}}
Jun 17 08:20:34.713586 n-d-780147-13 neutron-server[93500]: DEBUG neutron_lib.callbacks.manager [None req-8cb4e758-3a77-46c6-8e8e-16e51fd547da admin admin] Notify callbacks ['neutron.services.l3_router.l3_router_plugin.L3_HA_NAT_db_mixin._after_router_create-670341', 'neutron.services.l3_router.l3_router_plugin.DVRResourceOperationHandler._create_snat_interfaces_after_change-384728'] for router, after_create {{(pid=93500) _notify_loop /usr/local/lib/python3.8/dist-packages/neutron_lib/callbacks/manager.py:192}}
Jun 17 08:20:34.856049 n-d-780147-13 neutron-server[93500]: DEBUG neutron.pecan_wsgi.hooks.policy_enforcement [req-bd6764d0-e069-49c7-a988-f25b4e1cd2db req-72cc795b-680d-4bea-a305-a46c2b394d0c tempest-DeleteServersAdminTestJSON-877258432 tempest-DeleteServersAdminTestJSON-877258432-project] Attributes excluded by policy engine: ['standard_attr_id', 'binding:profile', 'binding:host_id', 'binding:vif_type', 'binding:vif_details'] {{(pid=93500) _exclude_attributes_by_policy /opt/stack/neutron/neutron/pecan_wsgi/hooks/policy_enforcement.py:255}}
Jun 17 08:20:34.857514 n-d-780147-13 neutron-server[93500]: INFO neutron.wsgi [req-bd6764d0-e069-49c7-a988-f25b4e1cd2db req-72cc795b-680d-4bea-a305-a46c2b394d0c tempest-DeleteServersAdminTestJSON-877258432 tempest-DeleteServersAdminTestJSON-877258432-project] 10.222.0.65 "GET /v2.0/ports?device_id=6ba46f5c-b7f2-462f-a1d4-d26364fc5519 HTTP/1.1" status: 200 len: 949 time: 0.2300797
Jun 17 08:20:34.987323 n-d-780147-13 neutron-server[93500]: INFO neutron.wsgi [req-bd6764d0-e069-49c7-a988-f25b4e1cd2db req-13b678c6-3498-4630-b2d5-f1e88fbe5e27 tempest-DeleteServersAdminTestJSON-877258432 tempest-DeleteServersAdminTestJSON-877258432-project] 10.222.0.65 "GET /v2.0/security-groups?id=dee62794-e563-424f-b154-befd1672ef6d&fields=id&fields=name HTTP/1.1" status: 200 len: 286 time: 0.1151714
Jun 17 08:20:34.996725 n-d-780147-13 neutron-server[93500]: DEBUG neutron.pecan_wsgi.hooks.policy_enforcement [req-7586dba3-8bdf-4ca9-8f9e-400da9909081 req-73e7866d-c70c-4f4c-99a4-64c9824fc12e service neutron] Attributes excluded by policy engine: ['standard_attr_id'] {{(pid=93500) _exclude_attributes_by_policy /opt/stack/neutron/neutron/pecan_wsgi/hooks/policy_enforcement.py:255}}
Jun 17 08:20:34.998166 n-d-780147-13 neutron-server[93500]: INFO neutron.wsgi [req-7586dba3-8bdf-4ca9-8f9e-400da9909081 req-73e7866d-c70c-4f4c-99a4-64c9824fc12e service neutron] 10.222.0.67 "GET /v2.0/ports?tenant_id=825beebe5f594f2f8ae0c60463d739cd&device_id=5849771c-2210-4573-93b9-b5b38ade1358 HTTP/1.1" status: 200 len: 1099 time: 0.2014127
Jun 17 08:20:35.001283 n-d-780147-13 neutron-server[93500]: DEBUG neutron.pecan_wsgi.hooks.policy_enforcement [req-8f7d37e7-265e-4b27-afbd-3f0b80948cb0 req-b86b1def-9ec1-42a8-9ef7-05adc838a1cb tempest-NetworksTest-964138491 tempest-NetworksTest-964138491-project-admin] Attributes excluded by policy engine: ['standard_attr_id', 'vlan_transparent'] {{(pid=93500) _exclude_attributes_by_policy /opt/stack/neutron/neutron/pecan_wsgi/hooks/policy_enforcement.py:255}}
Jun 17 08:20:35.005310 n-d-780147-13 neutron-server[93500]: INFO neutron.wsgi [req-8f7d37e7-265e-4b27-afbd-3f0b80948cb0 req-b86b1def-9ec1-42a8-9ef7-05adc838a1cb tempest-NetworksTest-964138491 tempest-NetworksTest-964138491-project-admin] 10.222.0.65 "GET /v2.0/networks/e176cc39-2e40-496d-8844-ac598b838921 HTTP/1.1" status: 200 len: 886 time: 0.2069762
Jun 17 08:20:35.058153 n-d-780147-13 neutron-server[93500]: INFO neutron.wsgi [req-7586dba3-8bdf-4ca9-8f9e-400da9909081 req-ccf715f3-449b-4af0-b982-7132cf0453e2 service neutron] 10.222.0.67 "GET /v2.0/floatingips?fixed_ip_address=192.168.233.59&port_id=e0f86e1c-6229-4c37-9b91-fa5d15c416ed HTTP/1.1" status: 200 len: 217 time: 0.0500419
Jun 17 08:20:35.066971 n-d-780147-13 neutron-server[93500]: DEBUG novaclient.v2.client [-] RESP: [200] Connection: close Content-Length: 179 Content-Type: application/json Date: Thu, 17 Jun 2021 08:20:34 GMT OpenStack-API-Version: compute 2.1 Server: Apache/2.4.41 (Ubuntu) Vary: OpenStack-API-Version,X-OpenStack-Nova-API-Version X-OpenStack-Nova-API-Version: 2.1 x-compute-request-id: req-fae38b84-a12c-412f-a3e7-87c4fba3c257 x-openstack-request-id: req-fae38b84-a12c-412f-a3e7-87c4fba3c257 {{(pid=93500) _http_log_response /usr/local/lib/python3.8/dist-packages/keystoneauth1/session.py:550}}
Jun 17 08:20:35.067287 n-d-780147-13 neutron-server[93500]: DEBUG novaclient.v2.client [-] RESP BODY: {"events": [{"name": "network-changed", "server_uuid": "5849771c-2210-4573-93b9-b5b38ade1358", "tag": "e0f86e1c-6229-4c37-9b91-fa5d15c416ed", "status": "completed", "code": 200}]} {{(pid=93500) _http_log_response /usr/local/lib/python3.8/dist-packages/keystoneauth1/session.py:582}}
Jun 17 08:20:35.067562 n-d-780147-13 neutron-server[93500]: DEBUG novaclient.v2.client [-] POST call to compute for http://10.222.0.65/compute/v2.1/os-server-external-events used request id req-fae38b84-a12c-412f-a3e7-87c4fba3c257 {{(pid=93500) request /usr/local/lib/python3.8/dist-packages/keystoneauth1/session.py:954}}
Jun 17 08:20:35.067971 n-d-780147-13 neutron-server[93500]: INFO neutron.notifiers.nova [-] Nova event response: {'name': 'network-changed', 'server_uuid': '5849771c-2210-4573-93b9-b5b38ade1358', 'tag': 'e0f86e1c-6229-4c37-9b91-fa5d15c416ed', 'status': 'completed', 'code': 200}
Jun 17 08:20:35.154844 n-d-780147-13 neutron-server[93500]: DEBUG neutron.pecan_wsgi.hooks.policy_enforcement [req-7586dba3-8bdf-4ca9-8f9e-400da9909081 req-5bd68293-988d-49c6-b2d4-15a2f76a22b0 service neutron] Attributes excluded by policy engine: ['standard_attr_id', 'shared'] {{(pid=93500) _exclude_attributes_by_policy /opt/stack/neutron/neutron/pecan_wsgi/hooks/policy_enforcement.py:255}}
Jun 17 08:20:35.156525 n-d-780147-13 neutron-server[93500]: INFO neutron.wsgi [req-7586dba3-8bdf-4ca9-8f9e-400da9909081 req-5bd68293-988d-49c6-b2d4-15a2f76a22b0 service neutron] 10.222.0.67 "GET /v2.0/subnets?id=22847ee7-6cd4-40ab-b82c-7ea5706eda9d HTTP/1.1" status: 200 len: 843 time: 0.0875022
Jun 17 08:20:35.177995 n-d-780147-13 neutron-server[93500]: DEBUG neutron.scheduler.l3_agent_scheduler [None req-8cb4e758-3a77-46c6-8e8e-16e51fd547da admin admin] Router 7afd78d5-5dca-4527-bf0d-26a4d858d2a0 is scheduled to L3 agent 725f971a-ef15-47d0-aa57-8aff9061b39b with binding_index 1 {{(pid=93500) bind_router /opt/stack/neutron/neutron/scheduler/l3_agent_scheduler.py:210}}
Jun 17 08:20:35.333480 n-d-780147-13 neutron-server[93502]: DEBUG neutron.db.agents_db [None req-a6658faa-4e7c-4b97-9e7c-b0d3123e83aa None None] Agent healthcheck: found 7 active agents {{(pid=93502) agent_health_check /opt/stack/neutron/neutron/db/agents_db.py:314}}
Jun 17 08:20:35.364024 n-d-780147-13 neutron-server[93500]: DEBUG neutron.pecan_wsgi.hooks.policy_enforcement [req-799290e4-41b0-4eef-94a5-bc04d589c1aa req-4b380158-44c3-4c67-8fff-a9baada40ffd tempest-NetworksTest-964138491 tempest-NetworksTest-964138491-project-admin] Attributes excluded by policy engine: ['standard_attr_id', 'vlan_transparent'] {{(pid=93500) _exclude_attributes_by_policy /opt/stack/neutron/neutron/pecan_wsgi/hooks/policy_enforcement.py:255}}
Jun 17 08:20:35.364496 n-d-780147-13 neutron-server[93500]: DEBUG neutron.pecan_wsgi.hooks.policy_enforcement [req-799290e4-41b0-4eef-94a5-bc04d589c1aa req-4b380158-44c3-4c67-8fff-a9baada40ffd tempest-NetworksTest-964138491 tempest-NetworksTest-964138491-project-admin] Attributes excluded by policy engine: ['standard_attr_id', 'vlan_transparent'] {{(pid=93500) _exclude_attributes_by_policy /opt/stack/neutron/neutron/pecan_wsgi/hooks/policy_enforcement.py:255}}
Jun 17 08:20:35.364951 n-d-780147-13 neutron-server[93500]: DEBUG neutron.pecan_wsgi.hooks.policy_enforcement [req-799290e4-41b0-4eef-94a5-bc04d589c1aa req-4b380158-44c3-4c67-8fff-a9baada40ffd tempest-NetworksTest-964138491 tempest-NetworksTest-964138491-project-admin] Attributes excluded by policy engine: ['standard_attr_id', 'vlan_transparent'] {{(pid=93500) _exclude_attributes_by_policy /opt/stack/neutron/neutron/pecan_wsgi/hooks/policy_enforcement.py:255}}
Jun 17 08:20:35.365402 n-d-780147-13 neutron-server[93500]: DEBUG neutron.pecan_wsgi.hooks.policy_enforcement [req-799290e4-41b0-4eef-94a5-bc04d589c1aa req-4b380158-44c3-4c67-8fff-a9baada40ffd tempest-NetworksTest-964138491 tempest-NetworksTest-964138491-project-admin] Attributes excluded by policy engine: ['standard_attr_id', 'vlan_transparent'] {{(pid=93500) _exclude_attributes_by_policy /opt/stack/neutron/neutron/pecan_wsgi/hooks/policy_enforcement.py:255}}
Jun 17 08:20:35.365851 n-d-780147-13 neutron-server[93500]: DEBUG neutron.pecan_wsgi.hooks.policy_enforcement [req-799290e4-41b0-4eef-94a5-bc04d589c1aa req-4b380158-44c3-4c67-8fff-a9baada40ffd tempest-NetworksTest-964138491 tempest-NetworksTest-964138491-project-admin] Attributes excluded by policy engine: ['standard_attr_id', 'vlan_transparent'] {{(pid=93500) _exclude_attributes_by_policy /opt/stack/neutron/neutron/pecan_wsgi/hooks/policy_enforcement.py:255}}
Jun 17 08:20:35.366299 n-d-780147-13 neutron-server[93500]: DEBUG neutron.pecan_wsgi.hooks.policy_enforcement [req-799290e4-41b0-4eef-94a5-bc04d589c1aa req-4b380158-44c3-4c67-8fff-a9baada40ffd tempest-NetworksTest-964138491 tempest-NetworksTest-964138491-project-admin] Attributes excluded by policy engine: ['standard_attr_id', 'vlan_transparent'] {{(pid=93500) _exclude_attributes_by_policy /opt/stack/neutron/neutron/pecan_wsgi/hooks/policy_enforcement.py:255}}
Jun 17 08:20:35.366746 n-d-780147-13 neutron-server[93500]: DEBUG neutron.pecan_wsgi.hooks.policy_enforcement [req-799290e4-41b0-4eef-94a5-bc04d589c1aa req-4b380158-44c3-4c67-8fff-a9baada40ffd tempest-NetworksTest-964138491 tempest-NetworksTest-964138491-project-admin] Attributes excluded by policy engine: ['standard_attr_id', 'vlan_transparent'] {{(pid=93500) _exclude_attributes_by_policy /opt/stack/neutron/neutron/pecan_wsgi/hooks/policy_enforcement.py:255}}
Jun 17 08:20:35.367299 n-d-780147-13 neutron-server[93500]: DEBUG neutron.pecan_wsgi.hooks.policy_enforcement [req-799290e4-41b0-4eef-94a5-bc04d589c1aa req-4b380158-44c3-4c67-8fff-a9baada40ffd tempest-NetworksTest-964138491 tempest-NetworksTest-964138491-project-admin] Attributes excluded by policy engine: ['standard_attr_id', 'vlan_transparent'] {{(pid=93500) _exclude_attributes_by_policy /opt/stack/neutron/neutron/pecan_wsgi/hooks/policy_enforcement.py:255}}
Jun 17 08:20:35.367744 n-d-780147-13 neutron-server[93500]: DEBUG neutron.pecan_wsgi.hooks.policy_enforcement [req-799290e4-41b0-4eef-94a5-bc04d589c1aa req-4b380158-44c3-4c67-8fff-a9baada40ffd tempest-NetworksTest-964138491 tempest-NetworksTest-964138491-project-admin] Attributes excluded by policy engine: ['standard_attr_id', 'vlan_transparent'] {{(pid=93500) _exclude_attributes_by_policy /opt/stack/neutron/neutron/pecan_wsgi/hooks/policy_enforcement.py:255}}
Jun 17 08:20:35.369585 n-d-780147-13 neutron-server[93500]: INFO neutron.wsgi [req-799290e4-41b0-4eef-94a5-bc04d589c1aa req-4b380158-44c3-4c67-8fff-a9baada40ffd tempest-NetworksTest-964138491 tempest-NetworksTest-964138491-project-admin] 10.222.0.65 "GET /v2.0/networks HTTP/1.1" status: 200 len: 6439 time: 0.2897336
Jun 17 08:20:35.379551 n-d-780147-13 neutron-server[93500]: DEBUG neutron.pecan_wsgi.hooks.policy_enforcement [req-7586dba3-8bdf-4ca9-8f9e-400da9909081 req-97996422-96f4-49fa-ad1e-88618d437891 service neutron] Attributes excluded by policy engine: ['standard_attr_id'] {{(pid=93500) _exclude_attributes_by_policy /opt/stack/neutron/neutron/pecan_wsgi/hooks/policy_enforcement.py:255}}
Jun 17 08:20:35.379551 n-d-780147-13 neutron-server[93500]: INFO neutron.wsgi [req-7586dba3-8bdf-4ca9-8f9e-400da9909081 req-97996422-96f4-49fa-ad1e-88618d437891 service neutron] 10.222.0.67 "GET /v2.0/ports?network_id=0d6e9a01-1849-4249-a223-15228eee9987&device_owner=network%3Adhcp HTTP/1.1" status: 200 len: 1167 time: 0.2142463
Jun 17 08:20:35.406555 n-d-780147-13 neutron-server[93500]: DEBUG neutron.api.rpc.agentnotifiers.l3_rpc_agent_api [None req-8cb4e758-3a77-46c6-8e8e-16e51fd547da admin admin] Notify agent at l3_agent.n-d-780147-13 the message routers_updated {{(pid=93500) _agent_notification /opt/stack/neutron/neutron/api/rpc/agentnotifiers/l3_rpc_agent_api.py:68}}
Jun 17 08:20:35.417381 n-d-780147-13 neutron-server[93502]: DEBUG neutron.api.rpc.handlers.l3_rpc [None req-9b1eeaee-9066-4ba7-b389-b62afe461c80 None None] Sync routers for ids ['7afd78d5-5dca-4527-bf0d-26a4d858d2a0'] in n-d-780147-13 {{(pid=93502) sync_routers /opt/stack/neutron/neutron/api/rpc/handlers/l3_rpc.py:125}}
Jun 17 08:20:35.429921 n-d-780147-13 neutron-server[93502]: DEBUG neutron.db.l3_dvrscheduler_db [None req-9b1eeaee-9066-4ba7-b389-b62afe461c80 None None] Routers {'7afd78d5-5dca-4527-bf0d-26a4d858d2a0'} bound to L3 agent in host n-d-780147-13 {{(pid=93502) _get_router_ids_for_agent /opt/stack/neutron/neutron/db/l3_dvrscheduler_db.py:422}}
Jun 17 08:20:35.431751 n-d-780147-13 neutron-server[93502]: DEBUG neutron.db.l3_hamode_db [None req-9b1eeaee-9066-4ba7-b389-b62afe461c80 None None] neutron.services.l3_router.l3_router_plugin.L3RouterPlugin method get_ha_sync_data_for_host called with arguments (, 'n-d-780147-13', Agent(admin_state_up=True,agent_type='L3 agent',availability_zone='nova',binary='neutron-l3-agent',configurations={"agent_mode": "legacy", "ex_gw_ports": 4, "extensions": [], "floating_ips": 1, "handle_internal_only_routers": true, "interface_driver": "openvswitch", "interfaces": 4, "log_agent_heartbeats": false, "routers": 4},created_at=2021-06-17T08:09:57Z,description=,heartbeat_timestamp=2021-06-17T08:20:27Z,host='n-d-780147-13',id=725f971a-ef15-47d0-aa57-8aff9061b39b,load=0,resource_versions=,resources_synced=,started_at=2021-06-17T08:09:57Z,topic='l3_agent')) {'router_ids': ['7afd78d5-5dca-4527-bf0d-26a4d858d2a0'], 'active': True} {{(pid=93502) wrapper /usr/local/lib/python3.8/dist-packages/oslo_log/helpers.py:65}}
Jun 17 08:20:35.448255 n-d-780147-13 neutron-server[93500]: DEBUG neutron_lib.callbacks.manager [None req-8cb4e758-3a77-46c6-8e8e-16e51fd547da admin admin] Notify callbacks [] for router, before_response {{(pid=93500) _notify_loop /usr/local/lib/python3.8/dist-packages/neutron_lib/callbacks/manager.py:192}}
Jun 17 08:20:35.449530 n-d-780147-13 neutron-server[93500]: INFO neutron.wsgi [None req-8cb4e758-3a77-46c6-8e8e-16e51fd547da admin admin] 10.222.0.65 "POST /v2.0/routers HTTP/1.1" status: 201 len: 926 time: 5.9797893
Jun 17 08:20:35.452724 n-d-780147-13 neutron-server[93499]: DEBUG neutron.wsgi [-] (93499) accepted ('10.222.0.65', 38900) {{(pid=93499) server /usr/local/lib/python3.8/dist-packages/eventlet/wsgi.py:992}}
Jun 17 08:20:35.529947 n-d-780147-13 neutron-server[93500]: DEBUG neutron.wsgi [-] (93500) accepted ('10.222.0.65', 38904) {{(pid=93500) server /usr/local/lib/python3.8/dist-packages/eventlet/wsgi.py:992}}
Jun 17 08:20:35.579451 n-d-780147-13 neutron-server[93500]: INFO neutron.wsgi [req-7586dba3-8bdf-4ca9-8f9e-400da9909081 req-588789c8-2a24-4528-b447-7eaa185b34ad service neutron] 10.222.0.67 "GET /v2.0/networks/0d6e9a01-1849-4249-a223-15228eee9987?fields=segments HTTP/1.1" status: 200 len: 212 time: 0.1899624
Jun 17 08:20:35.609279 n-d-780147-13 neutron-server[93502]: DEBUG neutron.db.l3_dvr_db [None req-9b1eeaee-9066-4ba7-b389-b62afe461c80 None None] Set router 7afd78d5-5dca-4527-bf0d-26a4d858d2a0 gateway port host: n-d-780147-13 {{(pid=93502) _build_routers_list /opt/stack/neutron/neutron/db/l3_dvr_db.py:841}}
Jun 17 08:20:35.792620 n-d-780147-13 neutron-server[93500]: DEBUG neutron_lib.callbacks.manager [None req-539ff46d-4df6-4077-b512-baf2c2abeb14 admin admin] Notify callbacks [] for security_group, before_create {{(pid=93500) _notify_loop /usr/local/lib/python3.8/dist-packages/neutron_lib/callbacks/manager.py:192}}
Jun 17 08:20:35.838590 n-d-780147-13 neutron-server[93500]: INFO neutron.wsgi [req-7586dba3-8bdf-4ca9-8f9e-400da9909081 req-8e93f188-fe19-48ad-b66c-7f7d2cb9a867 service neutron] 10.222.0.67 "GET /v2.0/networks/0d6e9a01-1849-4249-a223-15228eee9987?fields=provider%3Aphysical_network&fields=provider%3Anetwork_type HTTP/1.1" status: 200 len: 281 time: 0.2455056
Jun 17 08:20:35.894183 n-d-780147-13 neutron-server[93500]: DEBUG neutron.pecan_wsgi.hooks.policy_enforcement [req-d799c572-0bd4-4606-8b32-ffdd13a9ba9e req-0e039d0f-46b7-466c-bfd8-66334265a6fd tempest-ServerDiagnosticsNegativeTest-1980532469 tempest-ServerDiagnosticsNegativeTest-1980532469-project] Attributes excluded by policy engine: ['standard_attr_id', 'binding:profile', 'binding:host_id', 'binding:vif_type', 'binding:vif_details'] {{(pid=93500) _exclude_attributes_by_policy /opt/stack/neutron/neutron/pecan_wsgi/hooks/policy_enforcement.py:255}}
Jun 17 08:20:35.903821 n-d-780147-13 neutron-server[93500]: INFO neutron.wsgi [req-d799c572-0bd4-4606-8b32-ffdd13a9ba9e req-0e039d0f-46b7-466c-bfd8-66334265a6fd tempest-ServerDiagnosticsNegativeTest-1980532469 tempest-ServerDiagnosticsNegativeTest-1980532469-project] 10.222.0.65 "GET /v2.0/ports?device_id=5849771c-2210-4573-93b9-b5b38ade1358 HTTP/1.1" status: 200 len: 947 time: 0.1729887
Jun 17 08:20:35.972018 n-d-780147-13 neutron-server[93500]: DEBUG neutron.wsgi [-] (93500) accepted ('10.222.0.65', 38914) {{(pid=93500) server /usr/local/lib/python3.8/dist-packages/eventlet/wsgi.py:992}}
Jun 17 08:20:36.073829 n-d-780147-13 neutron-server[93500]: INFO neutron.wsgi [req-d799c572-0bd4-4606-8b32-ffdd13a9ba9e req-0ce575af-c472-4b5f-9d08-2a663f443ffb tempest-ServerDiagnosticsNegativeTest-1980532469 tempest-ServerDiagnosticsNegativeTest-1980532469-project] 10.222.0.65 "GET /v2.0/security-groups?id=06b1422a-9a92-4c67-8dac-2722ba0c7610&fields=id&fields=name HTTP/1.1" status: 200 len: 286 time: 0.1575384
Jun 17 08:20:36.079081 n-d-780147-13 neutron-server[93502]: DEBUG neutron.db.l3_hamode_db [None req-9b1eeaee-9066-4ba7-b389-b62afe461c80 None None] neutron.services.l3_router.l3_router_plugin.L3RouterPlugin method _process_sync_ha_data called with arguments (, [{'id': '7afd78d5-5dca-4527-bf0d-26a4d858d2a0', 'name': 'tempest-AttachSCSIVolumeTestJSON-690300399-router', 'tenant_id': '73fec56a890a48739063683687da45e5', 'admin_state_up': True, 'status': 'ACTIVE', 'external_gateway_info': {'network_id': 'e176cc39-2e40-496d-8844-ac598b838921', 'external_fixed_ips': [{'subnet_id': '48b42c3a-e433-4e5e-80ef-5dcc24d19ff3', 'ip_address': '172.25.7.148'}], 'enable_snat': True}, 'gw_port_id': 'fa14b16d-3c69-4938-88de-c8ae32db9c70', 'description': '', 'availability_zones': ['nova'], 'distributed': False, 'ha': False, 'ha_vr_id': 0, 'availability_zone_hints': [], 'routes': [], 'flavor_id': None, 'tags': [], 'created_at': '2021-06-17T08:20:29Z', 'updated_at': '2021-06-17T08:20:33Z', 'revision_number': 3, 'project_id': '73fec56a890a48739063683687da45e5', 'gw_port': {'id': 'fa14b16d-3c69-4938-88de-c8ae32db9c70', 'name': '', 'network_id': 'e176cc39-2e40-496d-8844-ac598b838921', 'tenant_id': '', 'mac_address': 'fa:16:3e:fe:11:83', 'admin_state_up': True, 'status': 'DOWN', 'device_id': '7afd78d5-5dca-4527-bf0d-26a4d858d2a0', 'device_owner': 'network:router_gateway', 'standard_attr_id': 337, 'fixed_ips': [{'subnet_id': '48b42c3a-e433-4e5e-80ef-5dcc24d19ff3', 'ip_address': '172.25.7.148', 'prefixlen': 24}], 'allowed_address_pairs': [], 'extra_dhcp_opts': [], 'security_groups': [], 'description': '', 'binding:vnic_type': 'normal', 'binding:profile': {}, 'binding:host_id': '', 'binding:vif_type': 'unbound', 'binding:vif_details': {}, 'port_security_enabled': False, 'tags': [], 'created_at': '2021-06-17T08:20:31Z', 'updated_at': '2021-06-17T08:20:31Z', 'revision_number': 1, 'project_id': '', 'subnets': [{'id': '48b42c3a-e433-4e5e-80ef-5dcc24d19ff3', 'cidr': '172.25.7.0/24', 'gateway_ip': '172.25.7.1', 'dns_nameservers': [], 'ipv6_ra_mode': None, 'subnetpool_id': None}], 'extra_subnets': [], 'address_scopes': {4: None, 6: None}, 'mtu': 1500}, 'enable_snat': True, 'gw_port_host': 'n-d-780147-13'}], 'n-d-780147-13', False) {} {{(pid=93502) wrapper /usr/local/lib/python3.8/dist-packages/oslo_log/helpers.py:65}}
Jun 17 08:20:36.134997 n-d-780147-13 neutron-server[93502]: DEBUG neutron.api.rpc.handlers.l3_rpc [None req-9b1eeaee-9066-4ba7-b389-b62afe461c80 None None] Checking router: 7afd78d5-5dca-4527-bf0d-26a4d858d2a0 for host: n-d-780147-13 {{(pid=93502) _ensure_host_set_on_ports /opt/stack/neutron/neutron/api/rpc/handlers/l3_rpc.py:155}}
Jun 17 08:20:36.135659 n-d-780147-13 neutron-server[93500]: DEBUG neutron.pecan_wsgi.hooks.policy_enforcement [req-872de7ea-213c-48ca-bc5e-4f004c3f636d req-24327bdc-f59c-401b-897c-50b0749fb4f3 service neutron] Attributes excluded by policy engine: ['standard_attr_id'] {{(pid=93500) _exclude_attributes_by_policy /opt/stack/neutron/neutron/pecan_wsgi/hooks/policy_enforcement.py:255}}
Jun 17 08:20:36.139932 n-d-780147-13 neutron-server[93502]: DEBUG neutron.api.rpc.handlers.l3_rpc [None req-9b1eeaee-9066-4ba7-b389-b62afe461c80 None None] Updating router 7afd78d5-5dca-4527-bf0d-26a4d858d2a0 port fa14b16d-3c69-4938-88de-c8ae32db9c70 binding host n-d-780147-13 {{(pid=93502) _ensure_host_set_on_port /opt/stack/neutron/neutron/api/rpc/handlers/l3_rpc.py:205}}
Jun 17 08:20:36.140089 n-d-780147-13 neutron-server[93500]: INFO neutron.wsgi [req-872de7ea-213c-48ca-bc5e-4f004c3f636d req-24327bdc-f59c-401b-897c-50b0749fb4f3 service neutron] 10.222.0.67 "GET /v2.0/ports?tenant_id=825beebe5f594f2f8ae0c60463d739cd&device_id=5849771c-2210-4573-93b9-b5b38ade1358 HTTP/1.1" status: 200 len: 1099 time: 0.2205427
Jun 17 08:20:36.141827 n-d-780147-13 neutron-server[93500]: DEBUG neutron_lib.callbacks.manager [None req-539ff46d-4df6-4077-b512-baf2c2abeb14 admin admin] Notify callbacks [] for security_group, precommit_create {{(pid=93500) _notify_loop /usr/local/lib/python3.8/dist-packages/neutron_lib/callbacks/manager.py:192}}
Jun 17 08:20:36.176911 n-d-780147-13 neutron-server[93500]: DEBUG neutron_lib.callbacks.manager [None req-539ff46d-4df6-4077-b512-baf2c2abeb14 admin admin] Notify callbacks ['neutron.plugins.ml2.ovo_rpc._ObjectChangeHandler.handle_event-369598'] for security_group, after_create {{(pid=93500) _notify_loop /usr/local/lib/python3.8/dist-packages/neutron_lib/callbacks/manager.py:192}}
Jun 17 08:20:36.181194 n-d-780147-13 neutron-server[93500]: DEBUG oslo_concurrency.lockutils [None req-6d5569b2-49e0-4fb4-a6e7-21c9f86ed607 admin admin] Lock "event-dispatch" acquired by "neutron.plugins.ml2.ovo_rpc._ObjectChangeHandler.dispatch_events" :: waited 0.000s {{(pid=93500) inner /usr/local/lib/python3.8/dist-packages/oslo_concurrency/lockutils.py:355}}
Jun 17 08:20:36.204899 n-d-780147-13 neutron-server[93502]: DEBUG neutron_lib.callbacks.manager [None req-9b1eeaee-9066-4ba7-b389-b62afe461c80 None None] Notify callbacks ['neutron.plugins.ml2.plugin.SecurityGroupDbMixin._ensure_default_security_group_handler_port-1714877'] for port, before_update {{(pid=93502) _notify_loop /usr/local/lib/python3.8/dist-packages/neutron_lib/callbacks/manager.py:192}}
Jun 17 08:20:36.229491 n-d-780147-13 neutron-server[93499]: DEBUG neutron_lib.callbacks.manager [None req-3a1e9426-3ceb-4029-8180-fb85f3a8259c admin admin] Notify callbacks ['neutron.plugins.ml2.plugin.SecurityGroupDbMixin._ensure_default_security_group_handler_before_create-1714863'] for port, before_create {{(pid=93499) _notify_loop /usr/local/lib/python3.8/dist-packages/neutron_lib/callbacks/manager.py:192}}
Jun 17 08:20:36.286362 n-d-780147-13 neutron-server[93500]: DEBUG neutron_lib.callbacks.manager [None req-5e3b9a81-a1a2-4b65-a12e-f5d9e5c2c706 admin admin] Notify callbacks [] for security_group, before_create {{(pid=93500) _notify_loop /usr/local/lib/python3.8/dist-packages/neutron_lib/callbacks/manager.py:192}}
Jun 17 08:20:36.300684 n-d-780147-13 neutron-server[93500]: INFO neutron.wsgi [None req-539ff46d-4df6-4077-b512-baf2c2abeb14 admin admin] 10.222.0.65 "GET /v2.0/security-groups?tenant_id=2c80aa36d4cd41f0aeb49d8d24a25901&name=default HTTP/1.1" status: 200 len: 2979 time: 0.7690203
Jun 17 08:20:36.303512 n-d-780147-13 neutron-server[93499]: DEBUG neutron.wsgi [-] (93499) accepted ('10.222.0.65', 38930) {{(pid=93499) server /usr/local/lib/python3.8/dist-packages/eventlet/wsgi.py:992}}
Jun 17 08:20:36.336225 n-d-780147-13 neutron-server[93500]: DEBUG neutron.api.rpc.handlers.resources_rpc [None req-539ff46d-4df6-4077-b512-baf2c2abeb14 admin admin] Pushing event updated for resources: {'SecurityGroup': ['ID=bd155f1c-ab0f-47c9-9bfc-0dce3e0ddd68,revision_number=1']} {{(pid=93500) push /opt/stack/neutron/neutron/api/rpc/handlers/resources_rpc.py:237}}
Jun 17 08:20:36.344277 n-d-780147-13 neutron-server[93500]: DEBUG oslo_concurrency.lockutils [None req-539ff46d-4df6-4077-b512-baf2c2abeb14 admin admin] Lock "event-dispatch" released by "neutron.plugins.ml2.ovo_rpc._ObjectChangeHandler.dispatch_events" :: held 0.163s {{(pid=93500) inner /usr/local/lib/python3.8/dist-packages/oslo_concurrency/lockutils.py:367}}
Jun 17 08:20:36.400307 n-d-780147-13 neutron-server[93500]: DEBUG neutron.pecan_wsgi.hooks.policy_enforcement [req-872de7ea-213c-48ca-bc5e-4f004c3f636d req-2fe3f192-33de-4a68-a5a4-96579da9577b service neutron] Attributes excluded by policy engine: ['standard_attr_id', 'vlan_transparent'] {{(pid=93500) _exclude_attributes_by_policy /opt/stack/neutron/neutron/pecan_wsgi/hooks/policy_enforcement.py:255}}
Jun 17 08:20:36.401794 n-d-780147-13 neutron-server[93500]: INFO neutron.wsgi [req-872de7ea-213c-48ca-bc5e-4f004c3f636d req-2fe3f192-33de-4a68-a5a4-96579da9577b service neutron] 10.222.0.67 "GET /v2.0/networks?id=0d6e9a01-1849-4249-a223-15228eee9987 HTTP/1.1" status: 200 len: 870 time: 0.2450898
Jun 17 08:20:36.433965 n-d-780147-13 neutron-server[93500]: DEBUG neutron.pecan_wsgi.hooks.policy_enforcement [req-7e7b2b33-6823-4570-af8e-4999c54902dd req-a8d9d603-e677-47e1-bc93-f489465edd2f tempest-DeleteServersAdminTestJSON-877258432 tempest-DeleteServersAdminTestJSON-877258432-project] Attributes excluded by policy engine: ['standard_attr_id', 'binding:profile', 'binding:host_id', 'binding:vif_type', 'binding:vif_details'] {{(pid=93500) _exclude_attributes_by_policy /opt/stack/neutron/neutron/pecan_wsgi/hooks/policy_enforcement.py:255}}
Jun 17 08:20:36.437447 n-d-780147-13 neutron-server[93499]: DEBUG neutron_lib.callbacks.manager [None req-de04a5e1-ac24-4f5f-a8c5-4ddc5080e298 admin admin] Notify callbacks [] for security_group, before_delete {{(pid=93499) _notify_loop /usr/local/lib/python3.8/dist-packages/neutron_lib/callbacks/manager.py:192}}
Jun 17 08:20:36.441479 n-d-780147-13 neutron-server[93500]: INFO neutron.wsgi [req-7e7b2b33-6823-4570-af8e-4999c54902dd req-a8d9d603-e677-47e1-bc93-f489465edd2f tempest-DeleteServersAdminTestJSON-877258432 tempest-DeleteServersAdminTestJSON-877258432-project] 10.222.0.65 "GET /v2.0/ports?device_id=6ba46f5c-b7f2-462f-a1d4-d26364fc5519 HTTP/1.1" status: 200 len: 949 time: 0.2248547
Jun 17 08:20:36.483414 n-d-780147-13 neutron-server[93500]: INFO neutron.wsgi [req-872de7ea-213c-48ca-bc5e-4f004c3f636d req-ba353ddb-ae6a-4675-906b-f785a44b8e9d service neutron] 10.222.0.67 "GET /v2.0/floatingips?fixed_ip_address=192.168.233.59&port_id=e0f86e1c-6229-4c37-9b91-fa5d15c416ed HTTP/1.1" status: 200 len: 217 time: 0.0699396
Jun 17 08:20:36.503750 n-d-780147-13 neutron-server[93499]: DEBUG neutron_lib.callbacks.manager [None req-de04a5e1-ac24-4f5f-a8c5-4ddc5080e298 admin admin] Notify callbacks [] for security_group, precommit_delete {{(pid=93499) _notify_loop /usr/local/lib/python3.8/dist-packages/neutron_lib/callbacks/manager.py:192}}
Jun 17 08:20:36.536416 n-d-780147-13 neutron-server[93499]: DEBUG neutron.db.db_base_plugin_common [None req-3a1e9426-3ceb-4029-8180-fb85f3a8259c admin admin] Allocated IP 172.20.0.1 (f296315f-f070-4ec6-977e-d176dbb884bc/fb4692cf-cb08-4339-9aec-8a3e7ca010d1/9d40c00f-47a1-4823-9370-dc0847e1a5a5) {{(pid=93499) _store_ip_allocation /opt/stack/neutron/neutron/db/db_base_plugin_common.py:131}}
