Jun 15 08:59:20.329448 n-d-779913-14 devstack@placement-api.service[93593]: [pid: 93593|app: 0|req: 509/1009] 10.222.0.61 () {60 vars in 1506 bytes} [Tue Jun 15 08:59:20 2021] GET /placement/allocation_candidates?limit=1000&resources=DISK_GB%3A1%2CMEMORY_MB%3A1024%2CVCPU%3A1&root_required=%21COMPUTE_STATUS_DISABLED => generated 1309 bytes in 140 msecs (HTTP/1.1 200) 8 headers in 297 bytes (1 switches on core 0)
Jun 15 08:59:20.408148 n-d-779913-14 devstack@placement-api.service[93594]: DEBUG placement.requestlog [req-9638ae0f-2488-4e0a-bd20-c819d51c5ea3 req-d2e71686-58d5-430b-acf9-2dc38a1971bd None None] Starting request: 10.222.0.61 "GET /placement/allocations/ff3b88a4-d13a-4a5c-a535-cc8d51170127" {{(pid=93594) __call__ /opt/stack/placement/placement/requestlog.py:55}}
Jun 15 08:59:20.437886 n-d-779913-14 devstack@placement-api.service[93594]: INFO placement.requestlog [req-9638ae0f-2488-4e0a-bd20-c819d51c5ea3 req-d2e71686-58d5-430b-acf9-2dc38a1971bd service placement] 10.222.0.61 "GET /placement/allocations/ff3b88a4-d13a-4a5c-a535-cc8d51170127" status: 200 len: 19 microversion: 1.28
Jun 15 08:59:20.438698 n-d-779913-14 devstack@placement-api.service[93594]: [pid: 93594|app: 0|req: 501/1010] 10.222.0.61 () {60 vars in 1380 bytes} [Tue Jun 15 08:59:20 2021] GET /placement/allocations/ff3b88a4-d13a-4a5c-a535-cc8d51170127 => generated 19 bytes in 31 msecs (HTTP/1.1 200) 8 headers in 295 bytes (1 switches on core 0)
Jun 15 08:59:20.444828 n-d-779913-14 devstack@placement-api.service[93593]: DEBUG placement.requestlog [req-9638ae0f-2488-4e0a-bd20-c819d51c5ea3 req-67b0b833-c2c9-413a-9841-9aebd7a2bf78 None None] Starting request: 10.222.0.61 "PUT /placement/allocations/ff3b88a4-d13a-4a5c-a535-cc8d51170127" {{(pid=93593) __call__ /opt/stack/placement/placement/requestlog.py:55}}
Jun 15 08:59:20.915303 n-d-779913-14 devstack@placement-api.service[93593]: DEBUG placement.handlers.allocation [req-9638ae0f-2488-4e0a-bd20-c819d51c5ea3 req-67b0b833-c2c9-413a-9841-9aebd7a2bf78 service placement] Successfully wrote allocations [, , ] {{(pid=93593) _create_allocations /opt/stack/placement/placement/handlers/allocation.py:435}}
Jun 15 08:59:20.915834 n-d-779913-14 devstack@placement-api.service[93593]: INFO placement.requestlog [req-9638ae0f-2488-4e0a-bd20-c819d51c5ea3 req-67b0b833-c2c9-413a-9841-9aebd7a2bf78 service placement] 10.222.0.61 "PUT /placement/allocations/ff3b88a4-d13a-4a5c-a535-cc8d51170127" status: 204 len: 0 microversion: 1.35
Jun 15 08:59:20.916121 n-d-779913-14 devstack@placement-api.service[93593]: [pid: 93593|app: 0|req: 510/1011] 10.222.0.61 () {64 vars in 1433 bytes} [Tue Jun 15 08:59:20 2021] PUT /placement/allocations/ff3b88a4-d13a-4a5c-a535-cc8d51170127 => generated 0 bytes in 472 msecs (HTTP/1.1 204) 5 headers in 199 bytes (1 switches on core 0)
Jun 15 08:59:20.933361 n-d-779913-14 devstack@placement-api.service[93594]: DEBUG placement.requestlog [req-9638ae0f-2488-4e0a-bd20-c819d51c5ea3 req-91e4e825-71fe-4376-babe-98d0217ee0ee None None] Starting request: 10.222.0.61 "GET /placement/allocations/3535f655-e36a-4f11-a64b-d0eff418576b" {{(pid=93594) __call__ /opt/stack/placement/placement/requestlog.py:55}}
Jun 15 08:59:20.946985 n-d-779913-14 devstack@placement-api.service[93594]: INFO placement.requestlog [req-9638ae0f-2488-4e0a-bd20-c819d51c5ea3 req-91e4e825-71fe-4376-babe-98d0217ee0ee service placement] 10.222.0.61 "GET /placement/allocations/3535f655-e36a-4f11-a64b-d0eff418576b" status: 200 len: 19 microversion: 1.28
Jun 15 08:59:20.954119 n-d-779913-14 devstack@placement-api.service[93593]: DEBUG placement.requestlog [req-9638ae0f-2488-4e0a-bd20-c819d51c5ea3 req-3ca4f7e0-1fd1-443e-b077-6f55ec173250 None None] Starting request: 10.222.0.61 "PUT /placement/allocations/3535f655-e36a-4f11-a64b-d0eff418576b" {{(pid=93593) __call__ /opt/stack/placement/placement/requestlog.py:55}}
Jun 15 08:59:20.964776 n-d-779913-14 devstack@placement-api.service[93594]: [pid: 93594|app: 0|req: 502/1012] 10.222.0.61 () {60 vars in 1380 bytes} [Tue Jun 15 08:59:20 2021] GET /placement/allocations/3535f655-e36a-4f11-a64b-d0eff418576b => generated 19 bytes in 20 msecs (HTTP/1.1 200) 8 headers in 295 bytes (2 switches on core 0)
Jun 15 08:59:21.130999 n-d-779913-14 devstack@placement-api.service[93594]: DEBUG placement.requestlog [req-c37188ea-d76d-4482-a6fb-317b290abb66 req-7942f8c3-291b-44c9-ae8a-a182140125d2 None None] Starting request: 10.222.0.64 "GET /placement/resource_providers/153522ee-875a-4852-89f1-1941cfe6db83/allocations" {{(pid=93594) __call__ /opt/stack/placement/placement/requestlog.py:55}}
Jun 15 08:59:21.190417 n-d-779913-14 devstack@placement-api.service[93594]: INFO placement.requestlog [req-c37188ea-d76d-4482-a6fb-317b290abb66 req-7942f8c3-291b-44c9-ae8a-a182140125d2 service placement] 10.222.0.64 "GET /placement/resource_providers/153522ee-875a-4852-89f1-1941cfe6db83/allocations" status: 200 len: 256 microversion: 1.0
Jun 15 08:59:21.192232 n-d-779913-14 devstack@placement-api.service[93594]: [pid: 93594|app: 0|req: 503/1013] 10.222.0.64 () {58 vars in 1391 bytes} [Tue Jun 15 08:59:21 2021] GET /placement/resource_providers/153522ee-875a-4852-89f1-1941cfe6db83/allocations => generated 256 bytes in 65 msecs (HTTP/1.1 200) 6 headers in 224 bytes (2 switches on core 0)
Jun 15 08:59:21.365286 n-d-779913-14 devstack@placement-api.service[93593]: DEBUG placement.handlers.allocation [req-9638ae0f-2488-4e0a-bd20-c819d51c5ea3 req-3ca4f7e0-1fd1-443e-b077-6f55ec173250 service placement] Successfully wrote allocations [, , ] {{(pid=93593) _create_allocations /opt/stack/placement/placement/handlers/allocation.py:435}}
Jun 15 08:59:21.367137 n-d-779913-14 devstack@placement-api.service[93593]: INFO placement.requestlog [req-9638ae0f-2488-4e0a-bd20-c819d51c5ea3 req-3ca4f7e0-1fd1-443e-b077-6f55ec173250 service placement] 10.222.0.61 "PUT /placement/allocations/3535f655-e36a-4f11-a64b-d0eff418576b" status: 204 len: 0 microversion: 1.35
Jun 15 08:59:21.375140 n-d-779913-14 devstack@placement-api.service[93593]: [pid: 93593|app: 0|req: 511/1014] 10.222.0.61 () {64 vars in 1433 bytes} [Tue Jun 15 08:59:20 2021] PUT /placement/allocations/3535f655-e36a-4f11-a64b-d0eff418576b => generated 0 bytes in 414 msecs (HTTP/1.1 204) 5 headers in 199 bytes (1 switches on core 0)
Jun 15 08:59:23.807946 n-d-779913-14 devstack@placement-api.service[93594]: DEBUG placement.requestlog [req-9638ae0f-2488-4e0a-bd20-c819d51c5ea3 req-327c694b-7fe0-40b2-8a0d-f95b974f2d6b None None] Starting request: 10.222.0.64 "GET /placement/allocations/ff3b88a4-d13a-4a5c-a535-cc8d51170127" {{(pid=93594) __call__ /opt/stack/placement/placement/requestlog.py:55}}
Jun 15 08:59:23.826957 n-d-779913-14 devstack@placement-api.service[93594]: INFO placement.requestlog [req-9638ae0f-2488-4e0a-bd20-c819d51c5ea3 req-327c694b-7fe0-40b2-8a0d-f95b974f2d6b service placement] 10.222.0.64 "GET /placement/allocations/ff3b88a4-d13a-4a5c-a535-cc8d51170127" status: 200 len: 260 microversion: 1.28
Jun 15 08:59:23.828060 n-d-779913-14 devstack@placement-api.service[93594]: [pid: 93594|app: 0|req: 504/1015] 10.222.0.64 () {60 vars in 1378 bytes} [Tue Jun 15 08:59:23 2021] GET /placement/allocations/ff3b88a4-d13a-4a5c-a535-cc8d51170127 => generated 260 bytes in 52 msecs (HTTP/1.1 200) 8 headers in 296 bytes (1 switches on core 0)
Jun 15 08:59:24.407481 n-d-779913-14 devstack@placement-api.service[93593]: DEBUG placement.requestlog [req-9638ae0f-2488-4e0a-bd20-c819d51c5ea3 req-b8bd192f-b40e-40c8-a7f7-dc879e5e6c38 None None] Starting request: 10.222.0.42 "GET /placement/allocations/3535f655-e36a-4f11-a64b-d0eff418576b" {{(pid=93593) __call__ /opt/stack/placement/placement/requestlog.py:55}}
Jun 15 08:59:24.440637 n-d-779913-14 devstack@placement-api.service[93593]: INFO placement.requestlog [req-9638ae0f-2488-4e0a-bd20-c819d51c5ea3 req-b8bd192f-b40e-40c8-a7f7-dc879e5e6c38 service placement] 10.222.0.42 "GET /placement/allocations/3535f655-e36a-4f11-a64b-d0eff418576b" status: 200 len: 260 microversion: 1.28
Jun 15 08:59:24.442256 n-d-779913-14 devstack@placement-api.service[93593]: [pid: 93593|app: 0|req: 512/1016] 10.222.0.42 () {60 vars in 1378 bytes} [Tue Jun 15 08:59:24 2021] GET /placement/allocations/3535f655-e36a-4f11-a64b-d0eff418576b => generated 260 bytes in 35 msecs (HTTP/1.1 200) 8 headers in 296 bytes (1 switches on core 0)
Jun 15 08:59:33.813338 n-d-779913-14 devstack@placement-api.service[93594]: DEBUG placement.requestlog [req-8055d9bb-be46-4497-9ac8-efc4d2550fe1 req-b58fc2b3-a14c-4dec-a7bd-b4ec51bf71f3 None None] Starting request: 10.222.0.42 "GET /placement/allocations/9d85befe-c96a-40d5-8fef-7a7eecd3e011" {{(pid=93594) __call__ /opt/stack/placement/placement/requestlog.py:55}}
Jun 15 08:59:33.846183 n-d-779913-14 devstack@placement-api.service[93594]: INFO placement.requestlog [req-8055d9bb-be46-4497-9ac8-efc4d2550fe1 req-b58fc2b3-a14c-4dec-a7bd-b4ec51bf71f3 service placement] 10.222.0.42 "GET /placement/allocations/9d85befe-c96a-40d5-8fef-7a7eecd3e011" status: 200 len: 260 microversion: 1.28
Jun 15 08:59:33.846435 n-d-779913-14 devstack@placement-api.service[93594]: [pid: 93594|app: 0|req: 505/1017] 10.222.0.42 () {60 vars in 1378 bytes} [Tue Jun 15 08:59:33 2021] GET /placement/allocations/9d85befe-c96a-40d5-8fef-7a7eecd3e011 => generated 260 bytes in 33 msecs (HTTP/1.1 200) 8 headers in 296 bytes (1 switches on core 0)
Jun 15 08:59:33.855422 n-d-779913-14 devstack@placement-api.service[93593]: DEBUG placement.requestlog [req-8055d9bb-be46-4497-9ac8-efc4d2550fe1 req-0d804933-6675-4805-a584-efc61f267d91 None None] Starting request: 10.222.0.42 "PUT /placement/allocations/9d85befe-c96a-40d5-8fef-7a7eecd3e011" {{(pid=93593) __call__ /opt/stack/placement/placement/requestlog.py:55}}
Jun 15 08:59:34.040814 n-d-779913-14 devstack@placement-api.service[93593]: DEBUG placement.handlers.allocation [req-8055d9bb-be46-4497-9ac8-efc4d2550fe1 req-0d804933-6675-4805-a584-efc61f267d91 service placement] Successfully wrote allocations [, , ] {{(pid=93593) _create_allocations /opt/stack/placement/placement/handlers/allocation.py:435}}
Jun 15 08:59:34.041423 n-d-779913-14 devstack@placement-api.service[93593]: INFO placement.requestlog [req-8055d9bb-be46-4497-9ac8-efc4d2550fe1 req-0d804933-6675-4805-a584-efc61f267d91 service placement] 10.222.0.42 "PUT /placement/allocations/9d85befe-c96a-40d5-8fef-7a7eecd3e011" status: 204 len: 0 microversion: 1.28
Jun 15 08:59:34.041853 n-d-779913-14 devstack@placement-api.service[93593]: [pid: 93593|app: 0|req: 513/1018] 10.222.0.42 () {64 vars in 1431 bytes} [Tue Jun 15 08:59:33 2021] PUT /placement/allocations/9d85befe-c96a-40d5-8fef-7a7eecd3e011 => generated 0 bytes in 187 msecs (HTTP/1.1 204) 5 headers in 199 bytes (1 switches on core 0)
Jun 15 08:59:41.058106 n-d-779913-14 devstack@placement-api.service[93594]: DEBUG placement.requestlog [req-ba96e7ea-ce29-456b-bb66-0d1bbc08a7e3 req-f2de3d31-45bb-4f32-b996-aa73cd279098 None None] Starting request: 10.222.0.61 "GET /placement/allocation_candidates?limit=1000&resources=DISK_GB%3A1%2CMEMORY_MB%3A1024%2CVCPU%3A1&root_required=%21COMPUTE_STATUS_DISABLED" {{(pid=93594) __call__ /opt/stack/placement/placement/requestlog.py:55}}
Jun 15 08:59:41.139382 n-d-779913-14 devstack@placement-api.service[93594]: DEBUG placement.objects.research_context [req-ba96e7ea-ce29-456b-bb66-0d1bbc08a7e3 req-f2de3d31-45bb-4f32-b996-aa73cd279098 service placement] getting providers with 1 DISK_GB {{(pid=93594) __init__ /opt/stack/placement/placement/objects/research_context.py:126}}
Jun 15 08:59:41.151668 n-d-779913-14 devstack@placement-api.service[93594]: DEBUG placement.objects.research_context [req-ba96e7ea-ce29-456b-bb66-0d1bbc08a7e3 req-f2de3d31-45bb-4f32-b996-aa73cd279098 service placement] getting providers with 1024 MEMORY_MB {{(pid=93594) __init__ /opt/stack/placement/placement/objects/research_context.py:126}}
Jun 15 08:59:41.163909 n-d-779913-14 devstack@placement-api.service[93594]: DEBUG placement.objects.research_context [req-ba96e7ea-ce29-456b-bb66-0d1bbc08a7e3 req-f2de3d31-45bb-4f32-b996-aa73cd279098 service placement] getting providers with 1 VCPU {{(pid=93594) __init__ /opt/stack/placement/placement/objects/research_context.py:126}}
Jun 15 08:59:41.192312 n-d-779913-14 devstack@placement-api.service[93594]: DEBUG placement.objects.research_context [req-ba96e7ea-ce29-456b-bb66-0d1bbc08a7e3 req-f2de3d31-45bb-4f32-b996-aa73cd279098 service placement] found 2 providers with available 1 DISK_GB {{(pid=93594) get_provider_ids_matching /opt/stack/placement/placement/objects/research_context.py:549}}
Jun 15 08:59:41.192891 n-d-779913-14 devstack@placement-api.service[93594]: DEBUG placement.objects.research_context [req-ba96e7ea-ce29-456b-bb66-0d1bbc08a7e3 req-f2de3d31-45bb-4f32-b996-aa73cd279098 service placement] found 2 providers with available 1024 MEMORY_MB {{(pid=93594) get_provider_ids_matching /opt/stack/placement/placement/objects/research_context.py:549}}
Jun 15 08:59:41.193334 n-d-779913-14 devstack@placement-api.service[93594]: DEBUG placement.objects.research_context [req-ba96e7ea-ce29-456b-bb66-0d1bbc08a7e3 req-f2de3d31-45bb-4f32-b996-aa73cd279098 service placement] found 2 providers after filtering by previous result {{(pid=93594) get_provider_ids_matching /opt/stack/placement/placement/objects/research_context.py:580}}
Jun 15 08:59:41.193765 n-d-779913-14 devstack@placement-api.service[93594]: DEBUG placement.objects.research_context [req-ba96e7ea-ce29-456b-bb66-0d1bbc08a7e3 req-f2de3d31-45bb-4f32-b996-aa73cd279098 service placement] found 2 providers with available 1 VCPU {{(pid=93594) get_provider_ids_matching /opt/stack/placement/placement/objects/research_context.py:549}}
Jun 15 08:59:41.194204 n-d-779913-14 devstack@placement-api.service[93594]: DEBUG placement.objects.research_context [req-ba96e7ea-ce29-456b-bb66-0d1bbc08a7e3 req-f2de3d31-45bb-4f32-b996-aa73cd279098 service placement] found 2 providers after filtering by previous result {{(pid=93594) get_provider_ids_matching /opt/stack/placement/placement/objects/research_context.py:580}}
Jun 15 08:59:41.215263 n-d-779913-14 devstack@placement-api.service[93594]: DEBUG placement.objects.allocation_candidate [req-ba96e7ea-ce29-456b-bb66-0d1bbc08a7e3 req-f2de3d31-45bb-4f32-b996-aa73cd279098 service placement] RequestGroup(use_same_provider=False, resources={DISK_GB:1, MEMORY_MB:1024, VCPU:1}, traits=[], aggregates=[]) (suffix '') returned 2 matches {{(pid=93594) _get_by_requests /opt/stack/placement/placement/objects/allocation_candidate.py:145}}
Jun 15 08:59:41.215914 n-d-779913-14 devstack@placement-api.service[93594]: DEBUG placement.objects.allocation_candidate [req-ba96e7ea-ce29-456b-bb66-0d1bbc08a7e3 req-f2de3d31-45bb-4f32-b996-aa73cd279098 service placement] Merging candidates yields 2 allocation requests and 2 provider summaries {{(pid=93594) _merge_candidates /opt/stack/placement/placement/objects/allocation_candidate.py:783}}
Jun 15 08:59:41.219774 n-d-779913-14 devstack@placement-api.service[93594]: INFO placement.requestlog [req-ba96e7ea-ce29-456b-bb66-0d1bbc08a7e3 req-f2de3d31-45bb-4f32-b996-aa73cd279098 service placement] 10.222.0.61 "GET /placement/allocation_candidates?limit=1000&resources=DISK_GB%3A1%2CMEMORY_MB%3A1024%2CVCPU%3A1&root_required=%21COMPUTE_STATUS_DISABLED" status: 200 len: 1309 microversion: 1.35
Jun 15 08:59:41.220731 n-d-779913-14 devstack@placement-api.service[93594]: [pid: 93594|app: 0|req: 506/1019] 10.222.0.61 () {60 vars in 1506 bytes} [Tue Jun 15 08:59:41 2021] GET /placement/allocation_candidates?limit=1000&resources=DISK_GB%3A1%2CMEMORY_MB%3A1024%2CVCPU%3A1&root_required=%21COMPUTE_STATUS_DISABLED => generated 1309 bytes in 163 msecs (HTTP/1.1 200) 8 headers in 297 bytes (2 switches on core 0)
Jun 15 08:59:41.398291 n-d-779913-14 devstack@placement-api.service[93593]: DEBUG placement.requestlog [req-ba96e7ea-ce29-456b-bb66-0d1bbc08a7e3 req-7e94b974-fe1e-4ad8-80f7-705576a736f8 None None] Starting request: 10.222.0.61 "GET /placement/allocations/116e4591-1ce9-48df-b3f6-fcc918185ba2" {{(pid=93593) __call__ /opt/stack/placement/placement/requestlog.py:55}}
Jun 15 08:59:41.418218 n-d-779913-14 devstack@placement-api.service[93593]: INFO placement.requestlog [req-ba96e7ea-ce29-456b-bb66-0d1bbc08a7e3 req-7e94b974-fe1e-4ad8-80f7-705576a736f8 service placement] 10.222.0.61 "GET /placement/allocations/116e4591-1ce9-48df-b3f6-fcc918185ba2" status: 200 len: 19 microversion: 1.28
Jun 15 08:59:41.423748 n-d-779913-14 devstack@placement-api.service[93593]: [pid: 93593|app: 0|req: 514/1020] 10.222.0.61 () {60 vars in 1380 bytes} [Tue Jun 15 08:59:41 2021] GET /placement/allocations/116e4591-1ce9-48df-b3f6-fcc918185ba2 => generated 19 bytes in 25 msecs (HTTP/1.1 200) 8 headers in 295 bytes (2 switches on core 0)
Jun 15 08:59:41.425572 n-d-779913-14 devstack@placement-api.service[93594]: DEBUG placement.requestlog [req-ba96e7ea-ce29-456b-bb66-0d1bbc08a7e3 req-419127b8-3cee-43a1-9a78-80d478d5d0d0 None None] Starting request: 10.222.0.61 "PUT /placement/allocations/116e4591-1ce9-48df-b3f6-fcc918185ba2" {{(pid=93594) __call__ /opt/stack/placement/placement/requestlog.py:55}}
Jun 15 08:59:41.686946 n-d-779913-14 devstack@placement-api.service[93594]: DEBUG placement.handlers.allocation [req-ba96e7ea-ce29-456b-bb66-0d1bbc08a7e3 req-419127b8-3cee-43a1-9a78-80d478d5d0d0 service placement] Successfully wrote allocations [, , ] {{(pid=93594) _create_allocations /opt/stack/placement/placement/handlers/allocation.py:435}}
Jun 15 08:59:41.687504 n-d-779913-14 devstack@placement-api.service[93594]: INFO placement.requestlog [req-ba96e7ea-ce29-456b-bb66-0d1bbc08a7e3 req-419127b8-3cee-43a1-9a78-80d478d5d0d0 service placement] 10.222.0.61 "PUT /placement/allocations/116e4591-1ce9-48df-b3f6-fcc918185ba2" status: 204 len: 0 microversion: 1.35
Jun 15 08:59:41.688543 n-d-779913-14 devstack@placement-api.service[93594]: [pid: 93594|app: 0|req: 507/1021] 10.222.0.61 () {64 vars in 1433 bytes} [Tue Jun 15 08:59:41 2021] PUT /placement/allocations/116e4591-1ce9-48df-b3f6-fcc918185ba2 => generated 0 bytes in 263 msecs (HTTP/1.1 204) 5 headers in 199 bytes (1 switches on core 0)
Jun 15 08:59:43.274553 n-d-779913-14 devstack@placement-api.service[93593]: DEBUG placement.requestlog [req-ba96e7ea-ce29-456b-bb66-0d1bbc08a7e3 req-6b2eea9b-e9f3-4b3f-b748-618c8d80b5f9 None None] Starting request: 10.222.0.42 "GET /placement/allocations/116e4591-1ce9-48df-b3f6-fcc918185ba2" {{(pid=93593) __call__ /opt/stack/placement/placement/requestlog.py:55}}
Jun 15 08:59:43.305387 n-d-779913-14 devstack@placement-api.service[93593]: INFO placement.requestlog [req-ba96e7ea-ce29-456b-bb66-0d1bbc08a7e3 req-6b2eea9b-e9f3-4b3f-b748-618c8d80b5f9 service placement] 10.222.0.42 "GET /placement/allocations/116e4591-1ce9-48df-b3f6-fcc918185ba2" status: 200 len: 260 microversion: 1.28
Jun 15 08:59:43.307915 n-d-779913-14 devstack@placement-api.service[93593]: [pid: 93593|app: 0|req: 515/1022] 10.222.0.42 () {60 vars in 1378 bytes} [Tue Jun 15 08:59:43 2021] GET /placement/allocations/116e4591-1ce9-48df-b3f6-fcc918185ba2 => generated 260 bytes in 33 msecs (HTTP/1.1 200) 8 headers in 296 bytes (1 switches on core 0)
Jun 15 08:59:59.930828 n-d-779913-14 devstack@placement-api.service[93594]: DEBUG placement.requestlog [req-1ccac133-5db7-4ce5-a873-b9d6b5a0be26 req-c4324fc2-cb08-45d1-a37f-dc66ff53ad32 None None] Starting request: 10.222.0.61 "GET /placement/allocation_candidates?limit=1000&resources=DISK_GB%3A1%2CMEMORY_MB%3A1024%2CVCPU%3A1&root_required=%21COMPUTE_STATUS_DISABLED" {{(pid=93594) __call__ /opt/stack/placement/placement/requestlog.py:55}}
Jun 15 09:00:00.009888 n-d-779913-14 devstack@placement-api.service[93594]: DEBUG placement.objects.research_context [req-1ccac133-5db7-4ce5-a873-b9d6b5a0be26 req-c4324fc2-cb08-45d1-a37f-dc66ff53ad32 service placement] getting providers with 1 DISK_GB {{(pid=93594) __init__ /opt/stack/placement/placement/objects/research_context.py:126}}
Jun 15 09:00:00.025401 n-d-779913-14 devstack@placement-api.service[93594]: DEBUG placement.objects.research_context [req-1ccac133-5db7-4ce5-a873-b9d6b5a0be26 req-c4324fc2-cb08-45d1-a37f-dc66ff53ad32 service placement] getting providers with 1024 MEMORY_MB {{(pid=93594) __init__ /opt/stack/placement/placement/objects/research_context.py:126}}
Jun 15 09:00:00.036831 n-d-779913-14 devstack@placement-api.service[93594]: DEBUG placement.objects.research_context [req-1ccac133-5db7-4ce5-a873-b9d6b5a0be26 req-c4324fc2-cb08-45d1-a37f-dc66ff53ad32 service placement] getting providers with 1 VCPU {{(pid=93594) __init__ /opt/stack/placement/placement/objects/research_context.py:126}}
Jun 15 09:00:00.046117 n-d-779913-14 devstack@placement-api.service[93594]: DEBUG placement.objects.research_context [req-1ccac133-5db7-4ce5-a873-b9d6b5a0be26 req-c4324fc2-cb08-45d1-a37f-dc66ff53ad32 service placement] found 2 providers with available 1 DISK_GB {{(pid=93594) get_provider_ids_matching /opt/stack/placement/placement/objects/research_context.py:549}}
Jun 15 09:00:00.053886 n-d-779913-14 devstack@placement-api.service[93594]: DEBUG placement.objects.research_context [req-1ccac133-5db7-4ce5-a873-b9d6b5a0be26 req-c4324fc2-cb08-45d1-a37f-dc66ff53ad32 service placement] found 2 providers with available 1024 MEMORY_MB {{(pid=93594) get_provider_ids_matching /opt/stack/placement/placement/objects/research_context.py:549}}
Jun 15 09:00:00.053886 n-d-779913-14 devstack@placement-api.service[93594]: DEBUG placement.objects.research_context [req-1ccac133-5db7-4ce5-a873-b9d6b5a0be26 req-c4324fc2-cb08-45d1-a37f-dc66ff53ad32 service placement] found 2 providers after filtering by previous result {{(pid=93594) get_provider_ids_matching /opt/stack/placement/placement/objects/research_context.py:580}}
Jun 15 09:00:00.053886 n-d-779913-14 devstack@placement-api.service[93594]: DEBUG placement.objects.research_context [req-1ccac133-5db7-4ce5-a873-b9d6b5a0be26 req-c4324fc2-cb08-45d1-a37f-dc66ff53ad32 service placement] found 2 providers with available 1 VCPU {{(pid=93594) get_provider_ids_matching /opt/stack/placement/placement/objects/research_context.py:549}}
Jun 15 09:00:00.053886 n-d-779913-14 devstack@placement-api.service[93594]: DEBUG placement.objects.research_context [req-1ccac133-5db7-4ce5-a873-b9d6b5a0be26 req-c4324fc2-cb08-45d1-a37f-dc66ff53ad32 service placement] found 2 providers after filtering by previous result {{(pid=93594) get_provider_ids_matching /opt/stack/placement/placement/objects/research_context.py:580}}
Jun 15 09:00:00.085465 n-d-779913-14 devstack@placement-api.service[93594]: DEBUG placement.objects.allocation_candidate [req-1ccac133-5db7-4ce5-a873-b9d6b5a0be26 req-c4324fc2-cb08-45d1-a37f-dc66ff53ad32 service placement] RequestGroup(use_same_provider=False, resources={DISK_GB:1, MEMORY_MB:1024, VCPU:1}, traits=[], aggregates=[]) (suffix '') returned 2 matches {{(pid=93594) _get_by_requests /opt/stack/placement/placement/objects/allocation_candidate.py:145}}
Jun 15 09:00:00.089413 n-d-779913-14 devstack@placement-api.service[93594]: DEBUG placement.objects.allocation_candidate [req-1ccac133-5db7-4ce5-a873-b9d6b5a0be26 req-c4324fc2-cb08-45d1-a37f-dc66ff53ad32 service placement] Merging candidates yields 2 allocation requests and 2 provider summaries {{(pid=93594) _merge_candidates /opt/stack/placement/placement/objects/allocation_candidate.py:783}}
Jun 15 09:00:00.097014 n-d-779913-14 devstack@placement-api.service[93594]: INFO placement.requestlog [req-1ccac133-5db7-4ce5-a873-b9d6b5a0be26 req-c4324fc2-cb08-45d1-a37f-dc66ff53ad32 service placement] 10.222.0.61 "GET /placement/allocation_candidates?limit=1000&resources=DISK_GB%3A1%2CMEMORY_MB%3A1024%2CVCPU%3A1&root_required=%21COMPUTE_STATUS_DISABLED" status: 200 len: 1309 microversion: 1.35
Jun 15 09:00:00.101329 n-d-779913-14 devstack@placement-api.service[93594]: [pid: 93594|app: 0|req: 508/1023] 10.222.0.61 () {60 vars in 1506 bytes} [Tue Jun 15 08:59:59 2021] GET /placement/allocation_candidates?limit=1000&resources=DISK_GB%3A1%2CMEMORY_MB%3A1024%2CVCPU%3A1&root_required=%21COMPUTE_STATUS_DISABLED => generated 1309 bytes in 170 msecs (HTTP/1.1 200) 8 headers in 297 bytes (2 switches on core 0)
Jun 15 09:00:00.237846 n-d-779913-14 devstack@placement-api.service[93593]: DEBUG placement.requestlog [req-1ccac133-5db7-4ce5-a873-b9d6b5a0be26 req-532d03d2-bef0-4f5b-bd62-cf1c2a5a1d8a None None] Starting request: 10.222.0.61 "GET /placement/allocations/32fe4801-1df7-421b-9522-da77de94edbe" {{(pid=93593) __call__ /opt/stack/placement/placement/requestlog.py:55}}
Jun 15 09:00:00.260571 n-d-779913-14 devstack@placement-api.service[93593]: INFO placement.requestlog [req-1ccac133-5db7-4ce5-a873-b9d6b5a0be26 req-532d03d2-bef0-4f5b-bd62-cf1c2a5a1d8a service placement] 10.222.0.61 "GET /placement/allocations/32fe4801-1df7-421b-9522-da77de94edbe" status: 200 len: 19 microversion: 1.28
Jun 15 09:00:00.261362 n-d-779913-14 devstack@placement-api.service[93593]: [pid: 93593|app: 0|req: 516/1024] 10.222.0.61 () {60 vars in 1380 bytes} [Tue Jun 15 09:00:00 2021] GET /placement/allocations/32fe4801-1df7-421b-9522-da77de94edbe => generated 19 bytes in 24 msecs (HTTP/1.1 200) 8 headers in 295 bytes (2 switches on core 0)
Jun 15 09:00:00.270991 n-d-779913-14 devstack@placement-api.service[93594]: DEBUG placement.requestlog [req-1ccac133-5db7-4ce5-a873-b9d6b5a0be26 req-3977f28a-9770-4103-84b0-35a53a7da8a3 None None] Starting request: 10.222.0.61 "PUT /placement/allocations/32fe4801-1df7-421b-9522-da77de94edbe" {{(pid=93594) __call__ /opt/stack/placement/placement/requestlog.py:55}}
Jun 15 09:00:00.623009 n-d-779913-14 devstack@placement-api.service[93594]: DEBUG placement.handlers.allocation [req-1ccac133-5db7-4ce5-a873-b9d6b5a0be26 req-3977f28a-9770-4103-84b0-35a53a7da8a3 service placement] Successfully wrote allocations [, , ] {{(pid=93594) _create_allocations /opt/stack/placement/placement/handlers/allocation.py:435}}
Jun 15 09:00:00.624263 n-d-779913-14 devstack@placement-api.service[93594]: INFO placement.requestlog [req-1ccac133-5db7-4ce5-a873-b9d6b5a0be26 req-3977f28a-9770-4103-84b0-35a53a7da8a3 service placement] 10.222.0.61 "PUT /placement/allocations/32fe4801-1df7-421b-9522-da77de94edbe" status: 204 len: 0 microversion: 1.35
Jun 15 09:00:00.624611 n-d-779913-14 devstack@placement-api.service[93594]: [pid: 93594|app: 0|req: 509/1025] 10.222.0.61 () {64 vars in 1433 bytes} [Tue Jun 15 09:00:00 2021] PUT /placement/allocations/32fe4801-1df7-421b-9522-da77de94edbe => generated 0 bytes in 354 msecs (HTTP/1.1 204) 5 headers in 199 bytes (1 switches on core 0)
Jun 15 09:00:00.649259 n-d-779913-14 devstack@placement-api.service[93593]: DEBUG placement.requestlog [req-1ccac133-5db7-4ce5-a873-b9d6b5a0be26 req-caa81c16-df94-4d99-90eb-f5794161a619 None None] Starting request: 10.222.0.61 "GET /placement/allocations/3190b9cd-8164-440e-8a3d-03433ee606d7" {{(pid=93593) __call__ /opt/stack/placement/placement/requestlog.py:55}}
Jun 15 09:00:00.721952 n-d-779913-14 devstack@placement-api.service[93593]: INFO placement.requestlog [req-1ccac133-5db7-4ce5-a873-b9d6b5a0be26 req-caa81c16-df94-4d99-90eb-f5794161a619 service placement] 10.222.0.61 "GET /placement/allocations/3190b9cd-8164-440e-8a3d-03433ee606d7" status: 200 len: 19 microversion: 1.28
Jun 15 09:00:00.723058 n-d-779913-14 devstack@placement-api.service[93593]: [pid: 93593|app: 0|req: 517/1026] 10.222.0.61 () {60 vars in 1380 bytes} [Tue Jun 15 09:00:00 2021] GET /placement/allocations/3190b9cd-8164-440e-8a3d-03433ee606d7 => generated 19 bytes in 74 msecs (HTTP/1.1 200) 8 headers in 295 bytes (1 switches on core 0)
Jun 15 09:00:00.728175 n-d-779913-14 devstack@placement-api.service[93594]: DEBUG placement.requestlog [req-1ccac133-5db7-4ce5-a873-b9d6b5a0be26 req-47bb42fb-7443-457a-b6d5-949e157e1540 None None] Starting request: 10.222.0.61 "PUT /placement/allocations/3190b9cd-8164-440e-8a3d-03433ee606d7" {{(pid=93594) __call__ /opt/stack/placement/placement/requestlog.py:55}}
Jun 15 09:00:01.075525 n-d-779913-14 devstack@placement-api.service[93593]: DEBUG placement.requestlog [req-d6e5878a-f62f-4ecd-858f-c4e1fcaf977c req-8ab8508a-0664-489f-9f68-e2df66a407ec None None] Starting request: 10.222.0.64 "GET /placement/allocations/ff3b88a4-d13a-4a5c-a535-cc8d51170127" {{(pid=93593) __call__ /opt/stack/placement/placement/requestlog.py:55}}
Jun 15 09:00:01.109289 n-d-779913-14 devstack@placement-api.service[93593]: INFO placement.requestlog [req-d6e5878a-f62f-4ecd-858f-c4e1fcaf977c req-8ab8508a-0664-489f-9f68-e2df66a407ec service placement] 10.222.0.64 "GET /placement/allocations/ff3b88a4-d13a-4a5c-a535-cc8d51170127" status: 200 len: 260 microversion: 1.28
Jun 15 09:00:01.109289 n-d-779913-14 devstack@placement-api.service[93593]: [pid: 93593|app: 0|req: 518/1027] 10.222.0.64 () {60 vars in 1378 bytes} [Tue Jun 15 09:00:01 2021] GET /placement/allocations/ff3b88a4-d13a-4a5c-a535-cc8d51170127 => generated 260 bytes in 33 msecs (HTTP/1.1 200) 8 headers in 296 bytes (2 switches on core 0)
Jun 15 09:00:01.115930 n-d-779913-14 devstack@placement-api.service[93593]: DEBUG placement.requestlog [req-d6e5878a-f62f-4ecd-858f-c4e1fcaf977c req-a45ef8ec-ea4a-4f6a-b9ee-43f083eaab42 None None] Starting request: 10.222.0.64 "PUT /placement/allocations/ff3b88a4-d13a-4a5c-a535-cc8d51170127" {{(pid=93593) __call__ /opt/stack/placement/placement/requestlog.py:55}}
Jun 15 09:00:01.148531 n-d-779913-14 devstack@placement-api.service[93594]: DEBUG placement.handlers.allocation [req-1ccac133-5db7-4ce5-a873-b9d6b5a0be26 req-47bb42fb-7443-457a-b6d5-949e157e1540 service placement] Successfully wrote allocations [, , ] {{(pid=93594) _create_allocations /opt/stack/placement/placement/handlers/allocation.py:435}}
Jun 15 09:00:01.152598 n-d-779913-14 devstack@placement-api.service[93594]: INFO placement.requestlog [req-1ccac133-5db7-4ce5-a873-b9d6b5a0be26 req-47bb42fb-7443-457a-b6d5-949e157e1540 service placement] 10.222.0.61 "PUT /placement/allocations/3190b9cd-8164-440e-8a3d-03433ee606d7" status: 204 len: 0 microversion: 1.35
Jun 15 09:00:01.152598 n-d-779913-14 devstack@placement-api.service[93594]: [pid: 93594|app: 0|req: 510/1028] 10.222.0.61 () {64 vars in 1433 bytes} [Tue Jun 15 09:00:00 2021] PUT /placement/allocations/3190b9cd-8164-440e-8a3d-03433ee606d7 => generated 0 bytes in 422 msecs (HTTP/1.1 204) 5 headers in 199 bytes (2 switches on core 0)
Jun 15 09:00:01.465484 n-d-779913-14 devstack@placement-api.service[93593]: DEBUG placement.handlers.allocation [req-d6e5878a-f62f-4ecd-858f-c4e1fcaf977c req-a45ef8ec-ea4a-4f6a-b9ee-43f083eaab42 service placement] Successfully wrote allocations [, , ] {{(pid=93593) _create_allocations /opt/stack/placement/placement/handlers/allocation.py:435}}
Jun 15 09:00:01.468012 n-d-779913-14 devstack@placement-api.service[93593]: INFO placement.requestlog [req-d6e5878a-f62f-4ecd-858f-c4e1fcaf977c req-a45ef8ec-ea4a-4f6a-b9ee-43f083eaab42 service placement] 10.222.0.64 "PUT /placement/allocations/ff3b88a4-d13a-4a5c-a535-cc8d51170127" status: 204 len: 0 microversion: 1.28
Jun 15 09:00:01.468294 n-d-779913-14 devstack@placement-api.service[93593]: [pid: 93593|app: 0|req: 519/1029] 10.222.0.64 () {64 vars in 1431 bytes} [Tue Jun 15 09:00:01 2021] PUT /placement/allocations/ff3b88a4-d13a-4a5c-a535-cc8d51170127 => generated 0 bytes in 353 msecs (HTTP/1.1 204) 5 headers in 199 bytes (2 switches on core 0)
Jun 15 09:00:02.282287 n-d-779913-14 devstack@placement-api.service[93594]: DEBUG placement.requestlog [req-34435a45-698d-45be-a6f6-d13c913cf4cf req-f9c9ba32-aba5-4cde-a229-c69a7b6bc190 None None] Starting request: 10.222.0.61 "GET /placement/allocation_candidates?limit=1000&resources=DISK_GB%3A1%2CMEMORY_MB%3A1024%2CVCPU%3A1&root_required=%21COMPUTE_STATUS_DISABLED" {{(pid=93594) __call__ /opt/stack/placement/placement/requestlog.py:55}}
Jun 15 09:00:02.321094 n-d-779913-14 devstack@placement-api.service[93594]: DEBUG placement.objects.research_context [req-34435a45-698d-45be-a6f6-d13c913cf4cf req-f9c9ba32-aba5-4cde-a229-c69a7b6bc190 service placement] getting providers with 1 DISK_GB {{(pid=93594) __init__ /opt/stack/placement/placement/objects/research_context.py:126}}
Jun 15 09:00:02.332271 n-d-779913-14 devstack@placement-api.service[93594]: DEBUG placement.objects.research_context [req-34435a45-698d-45be-a6f6-d13c913cf4cf req-f9c9ba32-aba5-4cde-a229-c69a7b6bc190 service placement] getting providers with 1024 MEMORY_MB {{(pid=93594) __init__ /opt/stack/placement/placement/objects/research_context.py:126}}
Jun 15 09:00:02.340899 n-d-779913-14 devstack@placement-api.service[93594]: DEBUG placement.objects.research_context [req-34435a45-698d-45be-a6f6-d13c913cf4cf req-f9c9ba32-aba5-4cde-a229-c69a7b6bc190 service placement] getting providers with 1 VCPU {{(pid=93594) __init__ /opt/stack/placement/placement/objects/research_context.py:126}}
Jun 15 09:00:02.348550 n-d-779913-14 devstack@placement-api.service[93594]: DEBUG placement.objects.research_context [req-34435a45-698d-45be-a6f6-d13c913cf4cf req-f9c9ba32-aba5-4cde-a229-c69a7b6bc190 service placement] found 2 providers with available 1 DISK_GB {{(pid=93594) get_provider_ids_matching /opt/stack/placement/placement/objects/research_context.py:549}}
Jun 15 09:00:02.349395 n-d-779913-14 devstack@placement-api.service[93594]: DEBUG placement.objects.research_context [req-34435a45-698d-45be-a6f6-d13c913cf4cf req-f9c9ba32-aba5-4cde-a229-c69a7b6bc190 service placement] found 2 providers with available 1024 MEMORY_MB {{(pid=93594) get_provider_ids_matching /opt/stack/placement/placement/objects/research_context.py:549}}
Jun 15 09:00:02.349879 n-d-779913-14 devstack@placement-api.service[93594]: DEBUG placement.objects.research_context [req-34435a45-698d-45be-a6f6-d13c913cf4cf req-f9c9ba32-aba5-4cde-a229-c69a7b6bc190 service placement] found 2 providers after filtering by previous result {{(pid=93594) get_provider_ids_matching /opt/stack/placement/placement/objects/research_context.py:580}}
Jun 15 09:00:02.350549 n-d-779913-14 devstack@placement-api.service[93594]: DEBUG placement.objects.research_context [req-34435a45-698d-45be-a6f6-d13c913cf4cf req-f9c9ba32-aba5-4cde-a229-c69a7b6bc190 service placement] found 2 providers with available 1 VCPU {{(pid=93594) get_provider_ids_matching /opt/stack/placement/placement/objects/research_context.py:549}}
Jun 15 09:00:02.351093 n-d-779913-14 devstack@placement-api.service[93594]: DEBUG placement.objects.research_context [req-34435a45-698d-45be-a6f6-d13c913cf4cf req-f9c9ba32-aba5-4cde-a229-c69a7b6bc190 service placement] found 2 providers after filtering by previous result {{(pid=93594) get_provider_ids_matching /opt/stack/placement/placement/objects/research_context.py:580}}
Jun 15 09:00:02.387461 n-d-779913-14 devstack@placement-api.service[93594]: DEBUG placement.objects.allocation_candidate [req-34435a45-698d-45be-a6f6-d13c913cf4cf req-f9c9ba32-aba5-4cde-a229-c69a7b6bc190 service placement] RequestGroup(use_same_provider=False, resources={DISK_GB:1, MEMORY_MB:1024, VCPU:1}, traits=[], aggregates=[]) (suffix '') returned 2 matches {{(pid=93594) _get_by_requests /opt/stack/placement/placement/objects/allocation_candidate.py:145}}
Jun 15 09:00:02.388044 n-d-779913-14 devstack@placement-api.service[93594]: DEBUG placement.objects.allocation_candidate [req-34435a45-698d-45be-a6f6-d13c913cf4cf req-f9c9ba32-aba5-4cde-a229-c69a7b6bc190 service placement] Merging candidates yields 2 allocation requests and 2 provider summaries {{(pid=93594) _merge_candidates /opt/stack/placement/placement/objects/allocation_candidate.py:783}}
Jun 15 09:00:02.390436 n-d-779913-14 devstack@placement-api.service[93594]: INFO placement.requestlog [req-34435a45-698d-45be-a6f6-d13c913cf4cf req-f9c9ba32-aba5-4cde-a229-c69a7b6bc190 service placement] 10.222.0.61 "GET /placement/allocation_candidates?limit=1000&resources=DISK_GB%3A1%2CMEMORY_MB%3A1024%2CVCPU%3A1&root_required=%21COMPUTE_STATUS_DISABLED" status: 200 len: 1309 microversion: 1.35
Jun 15 09:00:02.391702 n-d-779913-14 devstack@placement-api.service[93594]: [pid: 93594|app: 0|req: 511/1030] 10.222.0.61 () {60 vars in 1506 bytes} [Tue Jun 15 09:00:02 2021] GET /placement/allocation_candidates?limit=1000&resources=DISK_GB%3A1%2CMEMORY_MB%3A1024%2CVCPU%3A1&root_required=%21COMPUTE_STATUS_DISABLED => generated 1309 bytes in 110 msecs (HTTP/1.1 200) 8 headers in 297 bytes (1 switches on core 0)
Jun 15 09:00:02.494469 n-d-779913-14 devstack@placement-api.service[93593]: DEBUG placement.requestlog [req-34435a45-698d-45be-a6f6-d13c913cf4cf req-0f7c639d-8004-4cd0-bfcc-350b4d7399b7 None None] Starting request: 10.222.0.61 "GET /placement/allocations/205b1db1-b814-4e9b-8198-c352f2a90be6" {{(pid=93593) __call__ /opt/stack/placement/placement/requestlog.py:55}}
Jun 15 09:00:02.509445 n-d-779913-14 devstack@placement-api.service[93593]: INFO placement.requestlog [req-34435a45-698d-45be-a6f6-d13c913cf4cf req-0f7c639d-8004-4cd0-bfcc-350b4d7399b7 service placement] 10.222.0.61 "GET /placement/allocations/205b1db1-b814-4e9b-8198-c352f2a90be6" status: 200 len: 19 microversion: 1.28
Jun 15 09:00:02.510149 n-d-779913-14 devstack@placement-api.service[93593]: [pid: 93593|app: 0|req: 520/1031] 10.222.0.61 () {60 vars in 1380 bytes} [Tue Jun 15 09:00:02 2021] GET /placement/allocations/205b1db1-b814-4e9b-8198-c352f2a90be6 => generated 19 bytes in 16 msecs (HTTP/1.1 200) 8 headers in 295 bytes (1 switches on core 0)
Jun 15 09:00:02.523144 n-d-779913-14 devstack@placement-api.service[93594]: DEBUG placement.requestlog [req-34435a45-698d-45be-a6f6-d13c913cf4cf req-b2ee60db-eaae-4f8e-b3f2-b91f5589d51b None None] Starting request: 10.222.0.61 "PUT /placement/allocations/205b1db1-b814-4e9b-8198-c352f2a90be6" {{(pid=93594) __call__ /opt/stack/placement/placement/requestlog.py:55}}
Jun 15 09:00:02.730452 n-d-779913-14 devstack@placement-api.service[93593]: DEBUG placement.requestlog [req-620d0095-8b85-4b29-abfe-2f3ceb92a741 req-90201e2c-b2d7-4253-91d0-d8fdec5b94f2 None None] Starting request: 10.222.0.42 "GET /placement/allocations/3535f655-e36a-4f11-a64b-d0eff418576b" {{(pid=93593) __call__ /opt/stack/placement/placement/requestlog.py:55}}
Jun 15 09:00:02.763293 n-d-779913-14 devstack@placement-api.service[93593]: INFO placement.requestlog [req-620d0095-8b85-4b29-abfe-2f3ceb92a741 req-90201e2c-b2d7-4253-91d0-d8fdec5b94f2 service placement] 10.222.0.42 "GET /placement/allocations/3535f655-e36a-4f11-a64b-d0eff418576b" status: 200 len: 260 microversion: 1.28
Jun 15 09:00:02.764084 n-d-779913-14 devstack@placement-api.service[93593]: [pid: 93593|app: 0|req: 521/1032] 10.222.0.42 () {60 vars in 1378 bytes} [Tue Jun 15 09:00:02 2021] GET /placement/allocations/3535f655-e36a-4f11-a64b-d0eff418576b => generated 260 bytes in 34 msecs (HTTP/1.1 200) 8 headers in 296 bytes (2 switches on core 0)
Jun 15 09:00:02.772954 n-d-779913-14 devstack@placement-api.service[93593]: DEBUG placement.requestlog [req-620d0095-8b85-4b29-abfe-2f3ceb92a741 req-203431a0-b3f3-4acc-aac4-6748256f8159 None None] Starting request: 10.222.0.42 "PUT /placement/allocations/3535f655-e36a-4f11-a64b-d0eff418576b" {{(pid=93593) __call__ /opt/stack/placement/placement/requestlog.py:55}}
Jun 15 09:00:02.828746 n-d-779913-14 devstack@placement-api.service[93594]: DEBUG placement.handlers.allocation [req-34435a45-698d-45be-a6f6-d13c913cf4cf req-b2ee60db-eaae-4f8e-b3f2-b91f5589d51b service placement] Successfully wrote allocations [, , ] {{(pid=93594) _create_allocations /opt/stack/placement/placement/handlers/allocation.py:435}}
Jun 15 09:00:02.830595 n-d-779913-14 devstack@placement-api.service[93594]: INFO placement.requestlog [req-34435a45-698d-45be-a6f6-d13c913cf4cf req-b2ee60db-eaae-4f8e-b3f2-b91f5589d51b service placement] 10.222.0.61 "PUT /placement/allocations/205b1db1-b814-4e9b-8198-c352f2a90be6" status: 204 len: 0 microversion: 1.35
Jun 15 09:00:02.832351 n-d-779913-14 devstack@placement-api.service[93594]: [pid: 93594|app: 0|req: 512/1033] 10.222.0.61 () {64 vars in 1433 bytes} [Tue Jun 15 09:00:02 2021] PUT /placement/allocations/205b1db1-b814-4e9b-8198-c352f2a90be6 => generated 0 bytes in 310 msecs (HTTP/1.1 204) 5 headers in 199 bytes (2 switches on core 0)
Jun 15 09:00:03.102910 n-d-779913-14 devstack@placement-api.service[93593]: DEBUG placement.handlers.allocation [req-620d0095-8b85-4b29-abfe-2f3ceb92a741 req-203431a0-b3f3-4acc-aac4-6748256f8159 service placement] Successfully wrote allocations [, , ] {{(pid=93593) _create_allocations /opt/stack/placement/placement/handlers/allocation.py:435}}
Jun 15 09:00:03.103890 n-d-779913-14 devstack@placement-api.service[93593]: INFO placement.requestlog [req-620d0095-8b85-4b29-abfe-2f3ceb92a741 req-203431a0-b3f3-4acc-aac4-6748256f8159 service placement] 10.222.0.42 "PUT /placement/allocations/3535f655-e36a-4f11-a64b-d0eff418576b" status: 204 len: 0 microversion: 1.28
Jun 15 09:00:03.104364 n-d-779913-14 devstack@placement-api.service[93593]: [pid: 93593|app: 0|req: 522/1034] 10.222.0.42 () {64 vars in 1431 bytes} [Tue Jun 15 09:00:02 2021] PUT /placement/allocations/3535f655-e36a-4f11-a64b-d0eff418576b => generated 0 bytes in 332 msecs (HTTP/1.1 204) 5 headers in 199 bytes (1 switches on core 0)
Jun 15 09:00:03.680386 n-d-779913-14 devstack@placement-api.service[93594]: DEBUG placement.requestlog [req-1ccac133-5db7-4ce5-a873-b9d6b5a0be26 req-ee3ff74d-dc1b-4625-a274-945bedc3132b None None] Starting request: 10.222.0.64 "GET /placement/allocations/32fe4801-1df7-421b-9522-da77de94edbe" {{(pid=93594) __call__ /opt/stack/placement/placement/requestlog.py:55}}
Jun 15 09:00:03.721568 n-d-779913-14 devstack@placement-api.service[93594]: INFO placement.requestlog [req-1ccac133-5db7-4ce5-a873-b9d6b5a0be26 req-ee3ff74d-dc1b-4625-a274-945bedc3132b service placement] 10.222.0.64 "GET /placement/allocations/32fe4801-1df7-421b-9522-da77de94edbe" status: 200 len: 260 microversion: 1.28
Jun 15 09:00:03.722057 n-d-779913-14 devstack@placement-api.service[93594]: [pid: 93594|app: 0|req: 513/1035] 10.222.0.64 () {60 vars in 1378 bytes} [Tue Jun 15 09:00:03 2021] GET /placement/allocations/32fe4801-1df7-421b-9522-da77de94edbe => generated 260 bytes in 42 msecs (HTTP/1.1 200) 8 headers in 296 bytes (1 switches on core 0)
Jun 15 09:00:04.039795 n-d-779913-14 devstack@placement-api.service[93593]: DEBUG placement.requestlog [req-1ccac133-5db7-4ce5-a873-b9d6b5a0be26 req-d6dc824e-5136-4fc8-9c25-8bc7b04a44ed None None] Starting request: 10.222.0.42 "GET /placement/allocations/3190b9cd-8164-440e-8a3d-03433ee606d7" {{(pid=93593) __call__ /opt/stack/placement/placement/requestlog.py:55}}
Jun 15 09:00:04.069193 n-d-779913-14 devstack@placement-api.service[93593]: INFO placement.requestlog [req-1ccac133-5db7-4ce5-a873-b9d6b5a0be26 req-d6dc824e-5136-4fc8-9c25-8bc7b04a44ed service placement] 10.222.0.42 "GET /placement/allocations/3190b9cd-8164-440e-8a3d-03433ee606d7" status: 200 len: 260 microversion: 1.28
Jun 15 09:00:04.075499 n-d-779913-14 devstack@placement-api.service[93593]: [pid: 93593|app: 0|req: 523/1036] 10.222.0.42 () {60 vars in 1378 bytes} [Tue Jun 15 09:00:04 2021] GET /placement/allocations/3190b9cd-8164-440e-8a3d-03433ee606d7 => generated 260 bytes in 32 msecs (HTTP/1.1 200) 8 headers in 296 bytes (2 switches on core 0)
Jun 15 09:00:04.905913 n-d-779913-14 devstack@placement-api.service[93594]: DEBUG placement.requestlog [req-34435a45-698d-45be-a6f6-d13c913cf4cf req-1fa77566-2964-4f73-b030-c9b3360a95ec None None] Starting request: 10.222.0.64 "GET /placement/allocations/205b1db1-b814-4e9b-8198-c352f2a90be6" {{(pid=93594) __call__ /opt/stack/placement/placement/requestlog.py:55}}
Jun 15 09:00:04.934625 n-d-779913-14 devstack@placement-api.service[93594]: INFO placement.requestlog [req-34435a45-698d-45be-a6f6-d13c913cf4cf req-1fa77566-2964-4f73-b030-c9b3360a95ec service placement] 10.222.0.64 "GET /placement/allocations/205b1db1-b814-4e9b-8198-c352f2a90be6" status: 200 len: 260 microversion: 1.28
Jun 15 09:00:04.934625 n-d-779913-14 devstack@placement-api.service[93594]: [pid: 93594|app: 0|req: 514/1037] 10.222.0.64 () {60 vars in 1378 bytes} [Tue Jun 15 09:00:04 2021] GET /placement/allocations/205b1db1-b814-4e9b-8198-c352f2a90be6 => generated 260 bytes in 26 msecs (HTTP/1.1 200) 8 headers in 296 bytes (1 switches on core 0)
Jun 15 09:00:08.549288 n-d-779913-14 devstack@placement-api.service[93593]: DEBUG placement.requestlog [req-94407cc2-1ffb-4100-be87-c10a81611788 req-c11cc8aa-de2c-4895-9dd5-7d2aa2bcea17 None None] Starting request: 10.222.0.61 "GET /placement/allocation_candidates?limit=1000&resources=DISK_GB%3A1%2CMEMORY_MB%3A1024%2CVCPU%3A1&root_required=%21COMPUTE_STATUS_DISABLED" {{(pid=93593) __call__ /opt/stack/placement/placement/requestlog.py:55}}
Jun 15 09:00:08.624203 n-d-779913-14 devstack@placement-api.service[93593]: DEBUG placement.objects.research_context [req-94407cc2-1ffb-4100-be87-c10a81611788 req-c11cc8aa-de2c-4895-9dd5-7d2aa2bcea17 service placement] getting providers with 1 DISK_GB {{(pid=93593) __init__ /opt/stack/placement/placement/objects/research_context.py:126}}
Jun 15 09:00:08.634432 n-d-779913-14 devstack@placement-api.service[93593]: DEBUG placement.objects.research_context [req-94407cc2-1ffb-4100-be87-c10a81611788 req-c11cc8aa-de2c-4895-9dd5-7d2aa2bcea17 service placement] getting providers with 1024 MEMORY_MB {{(pid=93593) __init__ /opt/stack/placement/placement/objects/research_context.py:126}}
Jun 15 09:00:08.654791 n-d-779913-14 devstack@placement-api.service[93593]: DEBUG placement.objects.research_context [req-94407cc2-1ffb-4100-be87-c10a81611788 req-c11cc8aa-de2c-4895-9dd5-7d2aa2bcea17 service placement] getting providers with 1 VCPU {{(pid=93593) __init__ /opt/stack/placement/placement/objects/research_context.py:126}}
Jun 15 09:00:08.669455 n-d-779913-14 devstack@placement-api.service[93593]: DEBUG placement.objects.research_context [req-94407cc2-1ffb-4100-be87-c10a81611788 req-c11cc8aa-de2c-4895-9dd5-7d2aa2bcea17 service placement] found 2 providers with available 1 DISK_GB {{(pid=93593) get_provider_ids_matching /opt/stack/placement/placement/objects/research_context.py:549}}
Jun 15 09:00:08.674736 n-d-779913-14 devstack@placement-api.service[93593]: DEBUG placement.objects.research_context [req-94407cc2-1ffb-4100-be87-c10a81611788 req-c11cc8aa-de2c-4895-9dd5-7d2aa2bcea17 service placement] found 2 providers with available 1024 MEMORY_MB {{(pid=93593) get_provider_ids_matching /opt/stack/placement/placement/objects/research_context.py:549}}
Jun 15 09:00:08.680092 n-d-779913-14 devstack@placement-api.service[93593]: DEBUG placement.objects.research_context [req-94407cc2-1ffb-4100-be87-c10a81611788 req-c11cc8aa-de2c-4895-9dd5-7d2aa2bcea17 service placement] found 2 providers after filtering by previous result {{(pid=93593) get_provider_ids_matching /opt/stack/placement/placement/objects/research_context.py:580}}
Jun 15 09:00:08.680818 n-d-779913-14 devstack@placement-api.service[93593]: DEBUG placement.objects.research_context [req-94407cc2-1ffb-4100-be87-c10a81611788 req-c11cc8aa-de2c-4895-9dd5-7d2aa2bcea17 service placement] found 2 providers with available 1 VCPU {{(pid=93593) get_provider_ids_matching /opt/stack/placement/placement/objects/research_context.py:549}}
Jun 15 09:00:08.684816 n-d-779913-14 devstack@placement-api.service[93593]: DEBUG placement.objects.research_context [req-94407cc2-1ffb-4100-be87-c10a81611788 req-c11cc8aa-de2c-4895-9dd5-7d2aa2bcea17 service placement] found 2 providers after filtering by previous result {{(pid=93593) get_provider_ids_matching /opt/stack/placement/placement/objects/research_context.py:580}}
Jun 15 09:00:08.726490 n-d-779913-14 devstack@placement-api.service[93593]: DEBUG placement.objects.allocation_candidate [req-94407cc2-1ffb-4100-be87-c10a81611788 req-c11cc8aa-de2c-4895-9dd5-7d2aa2bcea17 service placement] RequestGroup(use_same_provider=False, resources={DISK_GB:1, MEMORY_MB:1024, VCPU:1}, traits=[], aggregates=[]) (suffix '') returned 2 matches {{(pid=93593) _get_by_requests /opt/stack/placement/placement/objects/allocation_candidate.py:145}}
Jun 15 09:00:08.727753 n-d-779913-14 devstack@placement-api.service[93593]: DEBUG placement.objects.allocation_candidate [req-94407cc2-1ffb-4100-be87-c10a81611788 req-c11cc8aa-de2c-4895-9dd5-7d2aa2bcea17 service placement] Merging candidates yields 2 allocation requests and 2 provider summaries {{(pid=93593) _merge_candidates /opt/stack/placement/placement/objects/allocation_candidate.py:783}}
Jun 15 09:00:08.731398 n-d-779913-14 devstack@placement-api.service[93593]: INFO placement.requestlog [req-94407cc2-1ffb-4100-be87-c10a81611788 req-c11cc8aa-de2c-4895-9dd5-7d2aa2bcea17 service placement] 10.222.0.61 "GET /placement/allocation_candidates?limit=1000&resources=DISK_GB%3A1%2CMEMORY_MB%3A1024%2CVCPU%3A1&root_required=%21COMPUTE_STATUS_DISABLED" status: 200 len: 1309 microversion: 1.35
Jun 15 09:00:08.733681 n-d-779913-14 devstack@placement-api.service[93593]: [pid: 93593|app: 0|req: 524/1038] 10.222.0.61 () {60 vars in 1506 bytes} [Tue Jun 15 09:00:08 2021] GET /placement/allocation_candidates?limit=1000&resources=DISK_GB%3A1%2CMEMORY_MB%3A1024%2CVCPU%3A1&root_required=%21COMPUTE_STATUS_DISABLED => generated 1309 bytes in 185 msecs (HTTP/1.1 200) 8 headers in 297 bytes (1 switches on core 0)
Jun 15 09:00:08.890574 n-d-779913-14 devstack@placement-api.service[93594]: DEBUG placement.requestlog [req-94407cc2-1ffb-4100-be87-c10a81611788 req-992aa21e-133f-4c7c-8a6a-3a7ce9b56028 None None] Starting request: 10.222.0.61 "GET /placement/allocations/b53c98ae-9242-4907-b5f5-915802e4d9be" {{(pid=93594) __call__ /opt/stack/placement/placement/requestlog.py:55}}
Jun 15 09:00:08.916831 n-d-779913-14 devstack@placement-api.service[93594]: INFO placement.requestlog [req-94407cc2-1ffb-4100-be87-c10a81611788 req-992aa21e-133f-4c7c-8a6a-3a7ce9b56028 service placement] 10.222.0.61 "GET /placement/allocations/b53c98ae-9242-4907-b5f5-915802e4d9be" status: 200 len: 19 microversion: 1.28
