Jun 15 08:35:34.355197 n-d-779913-14 devstack@placement-api.service[93594]: DEBUG placement.objects.allocation_candidate [req-97265cbc-4b4a-4e90-9b42-b4840aa3325f req-38272059-2393-4fcd-b791-c0ce2906adef service placement] RequestGroup(use_same_provider=False, resources={DISK_GB:1, MEMORY_MB:1024, VCPU:1}, traits=[], aggregates=[]) (suffix '') returned 2 matches {{(pid=93594) _get_by_requests /opt/stack/placement/placement/objects/allocation_candidate.py:145}}
Jun 15 08:35:34.356730 n-d-779913-14 devstack@placement-api.service[93594]: DEBUG placement.objects.allocation_candidate [req-97265cbc-4b4a-4e90-9b42-b4840aa3325f req-38272059-2393-4fcd-b791-c0ce2906adef service placement] Merging candidates yields 2 allocation requests and 2 provider summaries {{(pid=93594) _merge_candidates /opt/stack/placement/placement/objects/allocation_candidate.py:783}}
Jun 15 08:35:34.360191 n-d-779913-14 devstack@placement-api.service[93594]: INFO placement.requestlog [req-97265cbc-4b4a-4e90-9b42-b4840aa3325f req-38272059-2393-4fcd-b791-c0ce2906adef service placement] 10.222.0.61 "GET /placement/allocation_candidates?resources=DISK_GB%3A1%2CMEMORY_MB%3A1024%2CVCPU%3A1&root_required=%21COMPUTE_STATUS_DISABLED" status: 200 len: 1309 microversion: 1.35
Jun 15 08:35:34.360802 n-d-779913-14 devstack@placement-api.service[93594]: [pid: 93594|app: 0|req: 217/440] 10.222.0.61 () {60 vars in 1484 bytes} [Tue Jun 15 08:35:34 2021] GET /placement/allocation_candidates?resources=DISK_GB%3A1%2CMEMORY_MB%3A1024%2CVCPU%3A1&root_required=%21COMPUTE_STATUS_DISABLED => generated 1309 bytes in 155 msecs (HTTP/1.1 200) 8 headers in 297 bytes (1 switches on core 0)
Jun 15 08:35:34.479850 n-d-779913-14 devstack@placement-api.service[93594]: DEBUG placement.requestlog [req-97265cbc-4b4a-4e90-9b42-b4840aa3325f req-b493be01-72c8-42fd-a236-3a163a759e97 None None] Starting request: 10.222.0.61 "GET /placement/allocations/eac4912b-fdba-49c7-9c3d-981e59429143" {{(pid=93594) __call__ /opt/stack/placement/placement/requestlog.py:55}}
Jun 15 08:35:34.494996 n-d-779913-14 devstack@placement-api.service[93594]: INFO placement.requestlog [req-97265cbc-4b4a-4e90-9b42-b4840aa3325f req-b493be01-72c8-42fd-a236-3a163a759e97 service placement] 10.222.0.61 "GET /placement/allocations/eac4912b-fdba-49c7-9c3d-981e59429143" status: 200 len: 19 microversion: 1.28
Jun 15 08:35:34.496623 n-d-779913-14 devstack@placement-api.service[93594]: [pid: 93594|app: 0|req: 218/441] 10.222.0.61 () {60 vars in 1380 bytes} [Tue Jun 15 08:35:34 2021] GET /placement/allocations/eac4912b-fdba-49c7-9c3d-981e59429143 => generated 19 bytes in 17 msecs (HTTP/1.1 200) 8 headers in 295 bytes (1 switches on core 0)
Jun 15 08:35:34.512922 n-d-779913-14 devstack@placement-api.service[93594]: DEBUG placement.requestlog [req-97265cbc-4b4a-4e90-9b42-b4840aa3325f req-6166f679-d86e-4063-be87-bef8454ead34 None None] Starting request: 10.222.0.61 "PUT /placement/allocations/eac4912b-fdba-49c7-9c3d-981e59429143" {{(pid=93594) __call__ /opt/stack/placement/placement/requestlog.py:55}}
Jun 15 08:35:34.629334 n-d-779913-14 devstack@placement-api.service[93593]: DEBUG placement.handlers.allocation [req-ce25c4f0-6a89-4715-babe-4d6a72d94957 req-574e45eb-810a-4d24-b630-2fc6d9aa1c60 service placement] Successfully wrote allocations [, , ] {{(pid=93593) _create_allocations /opt/stack/placement/placement/handlers/allocation.py:435}}
Jun 15 08:35:34.630307 n-d-779913-14 devstack@placement-api.service[93593]: INFO placement.requestlog [req-ce25c4f0-6a89-4715-babe-4d6a72d94957 req-574e45eb-810a-4d24-b630-2fc6d9aa1c60 service placement] 10.222.0.61 "PUT /placement/allocations/7032783e-7a8a-442f-bf9c-5c612170b4b6" status: 204 len: 0 microversion: 1.35
Jun 15 08:35:34.631468 n-d-779913-14 devstack@placement-api.service[93593]: [pid: 93593|app: 0|req: 224/442] 10.222.0.61 () {64 vars in 1433 bytes} [Tue Jun 15 08:35:34 2021] PUT /placement/allocations/7032783e-7a8a-442f-bf9c-5c612170b4b6 => generated 0 bytes in 299 msecs (HTTP/1.1 204) 5 headers in 199 bytes (2 switches on core 0)
Jun 15 08:35:34.892526 n-d-779913-14 devstack@placement-api.service[93594]: DEBUG placement.handlers.allocation [req-97265cbc-4b4a-4e90-9b42-b4840aa3325f req-6166f679-d86e-4063-be87-bef8454ead34 service placement] Successfully wrote allocations [, , ] {{(pid=93594) _create_allocations /opt/stack/placement/placement/handlers/allocation.py:435}}
Jun 15 08:35:34.893489 n-d-779913-14 devstack@placement-api.service[93594]: INFO placement.requestlog [req-97265cbc-4b4a-4e90-9b42-b4840aa3325f req-6166f679-d86e-4063-be87-bef8454ead34 service placement] 10.222.0.61 "PUT /placement/allocations/eac4912b-fdba-49c7-9c3d-981e59429143" status: 204 len: 0 microversion: 1.35
Jun 15 08:35:34.893906 n-d-779913-14 devstack@placement-api.service[93594]: [pid: 93594|app: 0|req: 219/443] 10.222.0.61 () {64 vars in 1433 bytes} [Tue Jun 15 08:35:34 2021] PUT /placement/allocations/eac4912b-fdba-49c7-9c3d-981e59429143 => generated 0 bytes in 381 msecs (HTTP/1.1 204) 5 headers in 199 bytes (1 switches on core 0)
Jun 15 08:35:35.242421 n-d-779913-14 devstack@placement-api.service[93593]: DEBUG placement.requestlog [req-7d804d2e-6c1b-478f-8a55-0fde02ded471 req-97fcab39-6510-4ca6-9297-057a0f3b0c8a None None] Starting request: 10.222.0.42 "GET /placement/allocations/0d6befae-814a-43a0-a43f-f1e7c71c30f0" {{(pid=93593) __call__ /opt/stack/placement/placement/requestlog.py:55}}
Jun 15 08:35:35.313435 n-d-779913-14 devstack@placement-api.service[93593]: INFO placement.requestlog [req-7d804d2e-6c1b-478f-8a55-0fde02ded471 req-97fcab39-6510-4ca6-9297-057a0f3b0c8a service placement] 10.222.0.42 "GET /placement/allocations/0d6befae-814a-43a0-a43f-f1e7c71c30f0" status: 200 len: 259 microversion: 1.28
Jun 15 08:35:35.314128 n-d-779913-14 devstack@placement-api.service[93593]: [pid: 93593|app: 0|req: 225/444] 10.222.0.42 () {60 vars in 1378 bytes} [Tue Jun 15 08:35:35 2021] GET /placement/allocations/0d6befae-814a-43a0-a43f-f1e7c71c30f0 => generated 259 bytes in 72 msecs (HTTP/1.1 200) 8 headers in 296 bytes (1 switches on core 0)
Jun 15 08:35:36.550640 n-d-779913-14 devstack@placement-api.service[93594]: DEBUG placement.requestlog [req-ce25c4f0-6a89-4715-babe-4d6a72d94957 req-3de32fe0-3ca9-4f22-8921-8c2e1f2d0e26 None None] Starting request: 10.222.0.42 "GET /placement/allocations/7032783e-7a8a-442f-bf9c-5c612170b4b6" {{(pid=93594) __call__ /opt/stack/placement/placement/requestlog.py:55}}
Jun 15 08:35:36.573890 n-d-779913-14 devstack@placement-api.service[93594]: INFO placement.requestlog [req-ce25c4f0-6a89-4715-babe-4d6a72d94957 req-3de32fe0-3ca9-4f22-8921-8c2e1f2d0e26 service placement] 10.222.0.42 "GET /placement/allocations/7032783e-7a8a-442f-bf9c-5c612170b4b6" status: 200 len: 259 microversion: 1.28
Jun 15 08:35:36.574868 n-d-779913-14 devstack@placement-api.service[93594]: [pid: 93594|app: 0|req: 220/445] 10.222.0.42 () {60 vars in 1378 bytes} [Tue Jun 15 08:35:36 2021] GET /placement/allocations/7032783e-7a8a-442f-bf9c-5c612170b4b6 => generated 259 bytes in 24 msecs (HTTP/1.1 200) 8 headers in 296 bytes (1 switches on core 0)
Jun 15 08:35:36.823781 n-d-779913-14 devstack@placement-api.service[93593]: DEBUG placement.requestlog [req-97265cbc-4b4a-4e90-9b42-b4840aa3325f req-75541d64-ee02-40cd-ac91-858da32dc777 None None] Starting request: 10.222.0.64 "GET /placement/allocations/eac4912b-fdba-49c7-9c3d-981e59429143" {{(pid=93593) __call__ /opt/stack/placement/placement/requestlog.py:55}}
Jun 15 08:35:36.892715 n-d-779913-14 devstack@placement-api.service[93593]: INFO placement.requestlog [req-97265cbc-4b4a-4e90-9b42-b4840aa3325f req-75541d64-ee02-40cd-ac91-858da32dc777 service placement] 10.222.0.64 "GET /placement/allocations/eac4912b-fdba-49c7-9c3d-981e59429143" status: 200 len: 259 microversion: 1.28
Jun 15 08:35:36.893856 n-d-779913-14 devstack@placement-api.service[93593]: [pid: 93593|app: 0|req: 226/446] 10.222.0.64 () {60 vars in 1378 bytes} [Tue Jun 15 08:35:36 2021] GET /placement/allocations/eac4912b-fdba-49c7-9c3d-981e59429143 => generated 259 bytes in 72 msecs (HTTP/1.1 200) 8 headers in 296 bytes (1 switches on core 0)
Jun 15 08:35:59.432064 n-d-779913-14 devstack@placement-api.service[93594]: DEBUG placement.requestlog [req-0d723a1f-7910-4dc4-8b33-642ed4b9fd1e req-6d3ac349-0349-4d82-bd38-a4ca3b5e279e None None] Starting request: 10.222.0.64 "GET /placement/resource_providers/153522ee-875a-4852-89f1-1941cfe6db83/allocations" {{(pid=93594) __call__ /opt/stack/placement/placement/requestlog.py:55}}
Jun 15 08:35:59.765232 n-d-779913-14 devstack@placement-api.service[93594]: INFO placement.requestlog [req-0d723a1f-7910-4dc4-8b33-642ed4b9fd1e req-6d3ac349-0349-4d82-bd38-a4ca3b5e279e service placement] 10.222.0.64 "GET /placement/resource_providers/153522ee-875a-4852-89f1-1941cfe6db83/allocations" status: 200 len: 544 microversion: 1.0
Jun 15 08:35:59.765762 n-d-779913-14 devstack@placement-api.service[93594]: [pid: 93594|app: 0|req: 221/447] 10.222.0.64 () {58 vars in 1391 bytes} [Tue Jun 15 08:35:59 2021] GET /placement/resource_providers/153522ee-875a-4852-89f1-1941cfe6db83/allocations => generated 544 bytes in 334 msecs (HTTP/1.1 200) 6 headers in 224 bytes (2 switches on core 0)
Jun 15 08:35:59.992397 n-d-779913-14 devstack@placement-api.service[93593]: DEBUG placement.requestlog [req-0d723a1f-7910-4dc4-8b33-642ed4b9fd1e req-bc0a782d-ad2d-4222-8e16-a898e7e11c41 None None] Starting request: 10.222.0.64 "GET /placement/resource_providers?in_tree=153522ee-875a-4852-89f1-1941cfe6db83" {{(pid=93593) __call__ /opt/stack/placement/placement/requestlog.py:55}}
Jun 15 08:36:00.025656 n-d-779913-14 devstack@placement-api.service[93593]: INFO placement.requestlog [req-0d723a1f-7910-4dc4-8b33-642ed4b9fd1e req-bc0a782d-ad2d-4222-8e16-a898e7e11c41 service placement] 10.222.0.64 "GET /placement/resource_providers?in_tree=153522ee-875a-4852-89f1-1941cfe6db83" status: 200 len: 864 microversion: 1.14
Jun 15 08:36:00.026783 n-d-779913-14 devstack@placement-api.service[93593]: [pid: 93593|app: 0|req: 227/448] 10.222.0.64 () {60 vars in 1377 bytes} [Tue Jun 15 08:35:59 2021] GET /placement/resource_providers?in_tree=153522ee-875a-4852-89f1-1941cfe6db83 => generated 864 bytes in 35 msecs (HTTP/1.1 200) 6 headers in 225 bytes (1 switches on core 0)
Jun 15 08:36:00.036517 n-d-779913-14 devstack@placement-api.service[93594]: DEBUG placement.requestlog [req-0d723a1f-7910-4dc4-8b33-642ed4b9fd1e req-1c8ffcc4-4306-4645-b338-a46f220f9898 None None] Starting request: 10.222.0.64 "GET /placement/resource_providers/153522ee-875a-4852-89f1-1941cfe6db83/inventories" {{(pid=93594) __call__ /opt/stack/placement/placement/requestlog.py:55}}
Jun 15 08:36:00.092618 n-d-779913-14 devstack@placement-api.service[93594]: INFO placement.requestlog [req-0d723a1f-7910-4dc4-8b33-642ed4b9fd1e req-1c8ffcc4-4306-4645-b338-a46f220f9898 service placement] 10.222.0.64 "GET /placement/resource_providers/153522ee-875a-4852-89f1-1941cfe6db83/inventories" status: 200 len: 398 microversion: 1.0
Jun 15 08:36:00.092984 n-d-779913-14 devstack@placement-api.service[93594]: [pid: 93594|app: 0|req: 222/449] 10.222.0.64 () {58 vars in 1391 bytes} [Tue Jun 15 08:36:00 2021] GET /placement/resource_providers/153522ee-875a-4852-89f1-1941cfe6db83/inventories => generated 398 bytes in 58 msecs (HTTP/1.1 200) 6 headers in 224 bytes (1 switches on core 0)
Jun 15 08:36:00.110494 n-d-779913-14 devstack@placement-api.service[93593]: DEBUG placement.requestlog [req-0d723a1f-7910-4dc4-8b33-642ed4b9fd1e req-4ff1faca-315b-4197-a000-aa5488618e7f None None] Starting request: 10.222.0.64 "GET /placement/resource_providers/153522ee-875a-4852-89f1-1941cfe6db83/aggregates" {{(pid=93593) __call__ /opt/stack/placement/placement/requestlog.py:55}}
Jun 15 08:36:00.166162 n-d-779913-14 devstack@placement-api.service[93593]: INFO placement.requestlog [req-0d723a1f-7910-4dc4-8b33-642ed4b9fd1e req-4ff1faca-315b-4197-a000-aa5488618e7f service placement] 10.222.0.64 "GET /placement/resource_providers/153522ee-875a-4852-89f1-1941cfe6db83/aggregates" status: 200 len: 54 microversion: 1.19
Jun 15 08:36:00.167217 n-d-779913-14 devstack@placement-api.service[93593]: [pid: 93593|app: 0|req: 228/450] 10.222.0.64 () {60 vars in 1432 bytes} [Tue Jun 15 08:36:00 2021] GET /placement/resource_providers/153522ee-875a-4852-89f1-1941cfe6db83/aggregates => generated 54 bytes in 57 msecs (HTTP/1.1 200) 8 headers in 295 bytes (1 switches on core 0)
Jun 15 08:36:00.182089 n-d-779913-14 devstack@placement-api.service[93594]: DEBUG placement.requestlog [req-0d723a1f-7910-4dc4-8b33-642ed4b9fd1e req-d64c484b-c4d4-48e6-98e7-6e0080350de2 None None] Starting request: 10.222.0.64 "GET /placement/resource_providers/153522ee-875a-4852-89f1-1941cfe6db83/traits" {{(pid=93594) __call__ /opt/stack/placement/placement/requestlog.py:55}}
Jun 15 08:36:00.250462 n-d-779913-14 devstack@placement-api.service[93594]: INFO placement.requestlog [req-0d723a1f-7910-4dc4-8b33-642ed4b9fd1e req-d64c484b-c4d4-48e6-98e7-6e0080350de2 service placement] 10.222.0.64 "GET /placement/resource_providers/153522ee-875a-4852-89f1-1941cfe6db83/traits" status: 200 len: 212 microversion: 1.6
Jun 15 08:36:00.251655 n-d-779913-14 devstack@placement-api.service[93594]: [pid: 93594|app: 0|req: 223/451] 10.222.0.64 () {60 vars in 1419 bytes} [Tue Jun 15 08:36:00 2021] GET /placement/resource_providers/153522ee-875a-4852-89f1-1941cfe6db83/traits => generated 212 bytes in 71 msecs (HTTP/1.1 200) 6 headers in 224 bytes (1 switches on core 0)
Jun 15 08:36:01.700704 n-d-779913-14 devstack@placement-api.service[93593]: DEBUG placement.requestlog [req-3041b221-e5c4-4ccc-8f8b-c4b138f4b69e req-3f29af5e-42ec-492f-9461-ff3c93788b14 None None] Starting request: 10.222.0.42 "GET /placement/resource_providers/d14abcb2-d2c9-4bd1-89ec-92d71f974e06/allocations" {{(pid=93593) __call__ /opt/stack/placement/placement/requestlog.py:55}}
Jun 15 08:36:02.123578 n-d-779913-14 devstack@placement-api.service[93593]: INFO placement.requestlog [req-3041b221-e5c4-4ccc-8f8b-c4b138f4b69e req-3f29af5e-42ec-492f-9461-ff3c93788b14 service placement] 10.222.0.42 "GET /placement/resource_providers/d14abcb2-d2c9-4bd1-89ec-92d71f974e06/allocations" status: 200 len: 558 microversion: 1.0
Jun 15 08:36:02.124397 n-d-779913-14 devstack@placement-api.service[93593]: [pid: 93593|app: 0|req: 229/452] 10.222.0.42 () {58 vars in 1391 bytes} [Tue Jun 15 08:36:01 2021] GET /placement/resource_providers/d14abcb2-d2c9-4bd1-89ec-92d71f974e06/allocations => generated 558 bytes in 424 msecs (HTTP/1.1 200) 6 headers in 224 bytes (1 switches on core 0)
Jun 15 08:36:02.339230 n-d-779913-14 devstack@placement-api.service[93594]: DEBUG placement.requestlog [req-3041b221-e5c4-4ccc-8f8b-c4b138f4b69e req-1873714d-f31a-482b-9410-2e96ad4c8582 None None] Starting request: 10.222.0.42 "GET /placement/resource_providers?in_tree=d14abcb2-d2c9-4bd1-89ec-92d71f974e06" {{(pid=93594) __call__ /opt/stack/placement/placement/requestlog.py:55}}
Jun 15 08:36:02.368453 n-d-779913-14 devstack@placement-api.service[93594]: INFO placement.requestlog [req-3041b221-e5c4-4ccc-8f8b-c4b138f4b69e req-1873714d-f31a-482b-9410-2e96ad4c8582 service placement] 10.222.0.42 "GET /placement/resource_providers?in_tree=d14abcb2-d2c9-4bd1-89ec-92d71f974e06" status: 200 len: 864 microversion: 1.14
Jun 15 08:36:02.368963 n-d-779913-14 devstack@placement-api.service[93594]: [pid: 93594|app: 0|req: 224/453] 10.222.0.42 () {60 vars in 1377 bytes} [Tue Jun 15 08:36:02 2021] GET /placement/resource_providers?in_tree=d14abcb2-d2c9-4bd1-89ec-92d71f974e06 => generated 864 bytes in 30 msecs (HTTP/1.1 200) 6 headers in 225 bytes (1 switches on core 0)
Jun 15 08:36:02.379530 n-d-779913-14 devstack@placement-api.service[93593]: DEBUG placement.requestlog [req-3041b221-e5c4-4ccc-8f8b-c4b138f4b69e req-98356b13-8433-4976-a4dc-0a8480a927f9 None None] Starting request: 10.222.0.42 "GET /placement/resource_providers/d14abcb2-d2c9-4bd1-89ec-92d71f974e06/inventories" {{(pid=93593) __call__ /opt/stack/placement/placement/requestlog.py:55}}
Jun 15 08:36:02.401453 n-d-779913-14 devstack@placement-api.service[93593]: INFO placement.requestlog [req-3041b221-e5c4-4ccc-8f8b-c4b138f4b69e req-98356b13-8433-4976-a4dc-0a8480a927f9 service placement] 10.222.0.42 "GET /placement/resource_providers/d14abcb2-d2c9-4bd1-89ec-92d71f974e06/inventories" status: 200 len: 398 microversion: 1.0
Jun 15 08:36:02.402153 n-d-779913-14 devstack@placement-api.service[93593]: [pid: 93593|app: 0|req: 230/454] 10.222.0.42 () {58 vars in 1391 bytes} [Tue Jun 15 08:36:02 2021] GET /placement/resource_providers/d14abcb2-d2c9-4bd1-89ec-92d71f974e06/inventories => generated 398 bytes in 23 msecs (HTTP/1.1 200) 6 headers in 224 bytes (1 switches on core 0)
Jun 15 08:36:02.413582 n-d-779913-14 devstack@placement-api.service[93594]: DEBUG placement.requestlog [req-3041b221-e5c4-4ccc-8f8b-c4b138f4b69e req-ad5d4fa7-a640-483c-aa47-f1998cc314fd None None] Starting request: 10.222.0.42 "GET /placement/resource_providers/d14abcb2-d2c9-4bd1-89ec-92d71f974e06/aggregates" {{(pid=93594) __call__ /opt/stack/placement/placement/requestlog.py:55}}
Jun 15 08:36:02.432075 n-d-779913-14 devstack@placement-api.service[93594]: INFO placement.requestlog [req-3041b221-e5c4-4ccc-8f8b-c4b138f4b69e req-ad5d4fa7-a640-483c-aa47-f1998cc314fd service placement] 10.222.0.42 "GET /placement/resource_providers/d14abcb2-d2c9-4bd1-89ec-92d71f974e06/aggregates" status: 200 len: 54 microversion: 1.19
Jun 15 08:36:02.432635 n-d-779913-14 devstack@placement-api.service[93594]: [pid: 93594|app: 0|req: 225/455] 10.222.0.42 () {60 vars in 1432 bytes} [Tue Jun 15 08:36:02 2021] GET /placement/resource_providers/d14abcb2-d2c9-4bd1-89ec-92d71f974e06/aggregates => generated 54 bytes in 20 msecs (HTTP/1.1 200) 8 headers in 295 bytes (1 switches on core 0)
Jun 15 08:36:02.443848 n-d-779913-14 devstack@placement-api.service[93593]: DEBUG placement.requestlog [req-3041b221-e5c4-4ccc-8f8b-c4b138f4b69e req-22514681-1df0-4124-a6b0-8731fb5bb1f2 None None] Starting request: 10.222.0.42 "GET /placement/resource_providers/d14abcb2-d2c9-4bd1-89ec-92d71f974e06/traits" {{(pid=93593) __call__ /opt/stack/placement/placement/requestlog.py:55}}
Jun 15 08:36:02.532858 n-d-779913-14 devstack@placement-api.service[93593]: INFO placement.requestlog [req-3041b221-e5c4-4ccc-8f8b-c4b138f4b69e req-22514681-1df0-4124-a6b0-8731fb5bb1f2 service placement] 10.222.0.42 "GET /placement/resource_providers/d14abcb2-d2c9-4bd1-89ec-92d71f974e06/traits" status: 200 len: 212 microversion: 1.6
Jun 15 08:36:02.532858 n-d-779913-14 devstack@placement-api.service[93593]: [pid: 93593|app: 0|req: 231/456] 10.222.0.42 () {60 vars in 1419 bytes} [Tue Jun 15 08:36:02 2021] GET /placement/resource_providers/d14abcb2-d2c9-4bd1-89ec-92d71f974e06/traits => generated 212 bytes in 88 msecs (HTTP/1.1 200) 6 headers in 224 bytes (1 switches on core 0)
Jun 15 08:36:04.489379 n-d-779913-14 devstack@placement-api.service[93594]: DEBUG placement.requestlog [req-796263c7-825f-4584-805b-8eec89f7e479 req-9ac09f65-ca26-4996-8232-acb3deb8799e None None] Starting request: 10.222.0.61 "GET /placement/allocation_candidates?limit=1000&resources=DISK_GB%3A1%2CMEMORY_MB%3A1024%2CVCPU%3A1&root_required=%21COMPUTE_STATUS_DISABLED" {{(pid=93594) __call__ /opt/stack/placement/placement/requestlog.py:55}}
Jun 15 08:36:04.600929 n-d-779913-14 devstack@placement-api.service[93594]: DEBUG placement.objects.research_context [req-796263c7-825f-4584-805b-8eec89f7e479 req-9ac09f65-ca26-4996-8232-acb3deb8799e service placement] getting providers with 1 DISK_GB {{(pid=93594) __init__ /opt/stack/placement/placement/objects/research_context.py:126}}
Jun 15 08:36:04.617053 n-d-779913-14 devstack@placement-api.service[93594]: DEBUG placement.objects.research_context [req-796263c7-825f-4584-805b-8eec89f7e479 req-9ac09f65-ca26-4996-8232-acb3deb8799e service placement] getting providers with 1024 MEMORY_MB {{(pid=93594) __init__ /opt/stack/placement/placement/objects/research_context.py:126}}
Jun 15 08:36:04.627200 n-d-779913-14 devstack@placement-api.service[93594]: DEBUG placement.objects.research_context [req-796263c7-825f-4584-805b-8eec89f7e479 req-9ac09f65-ca26-4996-8232-acb3deb8799e service placement] getting providers with 1 VCPU {{(pid=93594) __init__ /opt/stack/placement/placement/objects/research_context.py:126}}
Jun 15 08:36:04.638798 n-d-779913-14 devstack@placement-api.service[93594]: DEBUG placement.objects.research_context [req-796263c7-825f-4584-805b-8eec89f7e479 req-9ac09f65-ca26-4996-8232-acb3deb8799e service placement] found 2 providers with available 1 DISK_GB {{(pid=93594) get_provider_ids_matching /opt/stack/placement/placement/objects/research_context.py:549}}
Jun 15 08:36:04.642855 n-d-779913-14 devstack@placement-api.service[93594]: DEBUG placement.objects.research_context [req-796263c7-825f-4584-805b-8eec89f7e479 req-9ac09f65-ca26-4996-8232-acb3deb8799e service placement] found 2 providers with available 1024 MEMORY_MB {{(pid=93594) get_provider_ids_matching /opt/stack/placement/placement/objects/research_context.py:549}}
Jun 15 08:36:04.642855 n-d-779913-14 devstack@placement-api.service[93594]: DEBUG placement.objects.research_context [req-796263c7-825f-4584-805b-8eec89f7e479 req-9ac09f65-ca26-4996-8232-acb3deb8799e service placement] found 2 providers after filtering by previous result {{(pid=93594) get_provider_ids_matching /opt/stack/placement/placement/objects/research_context.py:580}}
Jun 15 08:36:04.642855 n-d-779913-14 devstack@placement-api.service[93594]: DEBUG placement.objects.research_context [req-796263c7-825f-4584-805b-8eec89f7e479 req-9ac09f65-ca26-4996-8232-acb3deb8799e service placement] found 2 providers with available 1 VCPU {{(pid=93594) get_provider_ids_matching /opt/stack/placement/placement/objects/research_context.py:549}}
Jun 15 08:36:04.642855 n-d-779913-14 devstack@placement-api.service[93594]: DEBUG placement.objects.research_context [req-796263c7-825f-4584-805b-8eec89f7e479 req-9ac09f65-ca26-4996-8232-acb3deb8799e service placement] found 2 providers after filtering by previous result {{(pid=93594) get_provider_ids_matching /opt/stack/placement/placement/objects/research_context.py:580}}
Jun 15 08:36:04.675794 n-d-779913-14 devstack@placement-api.service[93594]: DEBUG placement.objects.allocation_candidate [req-796263c7-825f-4584-805b-8eec89f7e479 req-9ac09f65-ca26-4996-8232-acb3deb8799e service placement] RequestGroup(use_same_provider=False, resources={DISK_GB:1, MEMORY_MB:1024, VCPU:1}, traits=[], aggregates=[]) (suffix '') returned 2 matches {{(pid=93594) _get_by_requests /opt/stack/placement/placement/objects/allocation_candidate.py:145}}
Jun 15 08:36:04.676757 n-d-779913-14 devstack@placement-api.service[93594]: DEBUG placement.objects.allocation_candidate [req-796263c7-825f-4584-805b-8eec89f7e479 req-9ac09f65-ca26-4996-8232-acb3deb8799e service placement] Merging candidates yields 2 allocation requests and 2 provider summaries {{(pid=93594) _merge_candidates /opt/stack/placement/placement/objects/allocation_candidate.py:783}}
Jun 15 08:36:04.682925 n-d-779913-14 devstack@placement-api.service[93594]: INFO placement.requestlog [req-796263c7-825f-4584-805b-8eec89f7e479 req-9ac09f65-ca26-4996-8232-acb3deb8799e service placement] 10.222.0.61 "GET /placement/allocation_candidates?limit=1000&resources=DISK_GB%3A1%2CMEMORY_MB%3A1024%2CVCPU%3A1&root_required=%21COMPUTE_STATUS_DISABLED" status: 200 len: 1309 microversion: 1.35
Jun 15 08:36:04.687374 n-d-779913-14 devstack@placement-api.service[93594]: [pid: 93594|app: 0|req: 226/457] 10.222.0.61 () {60 vars in 1506 bytes} [Tue Jun 15 08:36:04 2021] GET /placement/allocation_candidates?limit=1000&resources=DISK_GB%3A1%2CMEMORY_MB%3A1024%2CVCPU%3A1&root_required=%21COMPUTE_STATUS_DISABLED => generated 1309 bytes in 200 msecs (HTTP/1.1 200) 8 headers in 297 bytes (1 switches on core 0)
Jun 15 08:36:04.854034 n-d-779913-14 devstack@placement-api.service[93593]: DEBUG placement.requestlog [req-796263c7-825f-4584-805b-8eec89f7e479 req-668b0868-8ec3-49aa-83b3-f21af5f8780d None None] Starting request: 10.222.0.61 "GET /placement/allocations/96357826-916e-4d3d-be94-053fbff687f8" {{(pid=93593) __call__ /opt/stack/placement/placement/requestlog.py:55}}
Jun 15 08:36:04.870616 n-d-779913-14 devstack@placement-api.service[93593]: INFO placement.requestlog [req-796263c7-825f-4584-805b-8eec89f7e479 req-668b0868-8ec3-49aa-83b3-f21af5f8780d service placement] 10.222.0.61 "GET /placement/allocations/96357826-916e-4d3d-be94-053fbff687f8" status: 200 len: 19 microversion: 1.28
Jun 15 08:36:04.872316 n-d-779913-14 devstack@placement-api.service[93593]: [pid: 93593|app: 0|req: 232/458] 10.222.0.61 () {60 vars in 1380 bytes} [Tue Jun 15 08:36:04 2021] GET /placement/allocations/96357826-916e-4d3d-be94-053fbff687f8 => generated 19 bytes in 18 msecs (HTTP/1.1 200) 8 headers in 295 bytes (1 switches on core 0)
Jun 15 08:36:04.877328 n-d-779913-14 devstack@placement-api.service[93594]: DEBUG placement.requestlog [req-796263c7-825f-4584-805b-8eec89f7e479 req-4996fb08-5a94-4951-8a0a-ebb8eec7098b None None] Starting request: 10.222.0.61 "PUT /placement/allocations/96357826-916e-4d3d-be94-053fbff687f8" {{(pid=93594) __call__ /opt/stack/placement/placement/requestlog.py:55}}
Jun 15 08:36:05.519619 n-d-779913-14 devstack@placement-api.service[93594]: DEBUG placement.handlers.allocation [req-796263c7-825f-4584-805b-8eec89f7e479 req-4996fb08-5a94-4951-8a0a-ebb8eec7098b service placement] Successfully wrote allocations [, , ] {{(pid=93594) _create_allocations /opt/stack/placement/placement/handlers/allocation.py:435}}
Jun 15 08:36:05.521489 n-d-779913-14 devstack@placement-api.service[93594]: INFO placement.requestlog [req-796263c7-825f-4584-805b-8eec89f7e479 req-4996fb08-5a94-4951-8a0a-ebb8eec7098b service placement] 10.222.0.61 "PUT /placement/allocations/96357826-916e-4d3d-be94-053fbff687f8" status: 204 len: 0 microversion: 1.35
Jun 15 08:36:05.525640 n-d-779913-14 devstack@placement-api.service[93594]: [pid: 93594|app: 0|req: 227/459] 10.222.0.61 () {64 vars in 1433 bytes} [Tue Jun 15 08:36:04 2021] PUT /placement/allocations/96357826-916e-4d3d-be94-053fbff687f8 => generated 0 bytes in 646 msecs (HTTP/1.1 204) 5 headers in 199 bytes (1 switches on core 0)
Jun 15 08:36:06.275980 n-d-779913-14 devstack@placement-api.service[93593]: DEBUG placement.requestlog [req-a16fa723-705d-4eaf-a0aa-1bc06a57eb2d req-15bd2748-bb63-4659-84c7-557e2eb1760a None None] Starting request: 10.222.0.61 "GET /placement/allocation_candidates?limit=1000&resources=DISK_GB%3A1%2CMEMORY_MB%3A1024%2CVCPU%3A1&root_required=%21COMPUTE_STATUS_DISABLED" {{(pid=93593) __call__ /opt/stack/placement/placement/requestlog.py:55}}
Jun 15 08:36:06.347367 n-d-779913-14 devstack@placement-api.service[93593]: DEBUG placement.objects.research_context [req-a16fa723-705d-4eaf-a0aa-1bc06a57eb2d req-15bd2748-bb63-4659-84c7-557e2eb1760a service placement] getting providers with 1 DISK_GB {{(pid=93593) __init__ /opt/stack/placement/placement/objects/research_context.py:126}}
Jun 15 08:36:06.369676 n-d-779913-14 devstack@placement-api.service[93593]: DEBUG placement.objects.research_context [req-a16fa723-705d-4eaf-a0aa-1bc06a57eb2d req-15bd2748-bb63-4659-84c7-557e2eb1760a service placement] getting providers with 1024 MEMORY_MB {{(pid=93593) __init__ /opt/stack/placement/placement/objects/research_context.py:126}}
Jun 15 08:36:06.382017 n-d-779913-14 devstack@placement-api.service[93593]: DEBUG placement.objects.research_context [req-a16fa723-705d-4eaf-a0aa-1bc06a57eb2d req-15bd2748-bb63-4659-84c7-557e2eb1760a service placement] getting providers with 1 VCPU {{(pid=93593) __init__ /opt/stack/placement/placement/objects/research_context.py:126}}
Jun 15 08:36:06.390731 n-d-779913-14 devstack@placement-api.service[93593]: DEBUG placement.objects.research_context [req-a16fa723-705d-4eaf-a0aa-1bc06a57eb2d req-15bd2748-bb63-4659-84c7-557e2eb1760a service placement] found 2 providers with available 1 DISK_GB {{(pid=93593) get_provider_ids_matching /opt/stack/placement/placement/objects/research_context.py:549}}
Jun 15 08:36:06.391522 n-d-779913-14 devstack@placement-api.service[93593]: DEBUG placement.objects.research_context [req-a16fa723-705d-4eaf-a0aa-1bc06a57eb2d req-15bd2748-bb63-4659-84c7-557e2eb1760a service placement] found 2 providers with available 1024 MEMORY_MB {{(pid=93593) get_provider_ids_matching /opt/stack/placement/placement/objects/research_context.py:549}}
Jun 15 08:36:06.392078 n-d-779913-14 devstack@placement-api.service[93593]: DEBUG placement.objects.research_context [req-a16fa723-705d-4eaf-a0aa-1bc06a57eb2d req-15bd2748-bb63-4659-84c7-557e2eb1760a service placement] found 2 providers after filtering by previous result {{(pid=93593) get_provider_ids_matching /opt/stack/placement/placement/objects/research_context.py:580}}
Jun 15 08:36:06.392747 n-d-779913-14 devstack@placement-api.service[93593]: DEBUG placement.objects.research_context [req-a16fa723-705d-4eaf-a0aa-1bc06a57eb2d req-15bd2748-bb63-4659-84c7-557e2eb1760a service placement] found 2 providers with available 1 VCPU {{(pid=93593) get_provider_ids_matching /opt/stack/placement/placement/objects/research_context.py:549}}
Jun 15 08:36:06.393544 n-d-779913-14 devstack@placement-api.service[93593]: DEBUG placement.objects.research_context [req-a16fa723-705d-4eaf-a0aa-1bc06a57eb2d req-15bd2748-bb63-4659-84c7-557e2eb1760a service placement] found 2 providers after filtering by previous result {{(pid=93593) get_provider_ids_matching /opt/stack/placement/placement/objects/research_context.py:580}}
Jun 15 08:36:06.408284 n-d-779913-14 devstack@placement-api.service[93594]: DEBUG placement.requestlog [req-a1ee26a7-0cca-4177-8476-da6502315604 req-dc48c555-f2bf-4187-877f-805fcac047d8 None None] Starting request: 10.222.0.42 "GET /placement/allocations/0d6befae-814a-43a0-a43f-f1e7c71c30f0" {{(pid=93594) __call__ /opt/stack/placement/placement/requestlog.py:55}}
Jun 15 08:36:06.422938 n-d-779913-14 devstack@placement-api.service[93593]: DEBUG placement.objects.allocation_candidate [req-a16fa723-705d-4eaf-a0aa-1bc06a57eb2d req-15bd2748-bb63-4659-84c7-557e2eb1760a service placement] RequestGroup(use_same_provider=False, resources={DISK_GB:1, MEMORY_MB:1024, VCPU:1}, traits=[], aggregates=[]) (suffix '') returned 2 matches {{(pid=93593) _get_by_requests /opt/stack/placement/placement/objects/allocation_candidate.py:145}}
Jun 15 08:36:06.433627 n-d-779913-14 devstack@placement-api.service[93594]: INFO placement.requestlog [req-a1ee26a7-0cca-4177-8476-da6502315604 req-dc48c555-f2bf-4187-877f-805fcac047d8 service placement] 10.222.0.42 "GET /placement/allocations/0d6befae-814a-43a0-a43f-f1e7c71c30f0" status: 200 len: 259 microversion: 1.28
Jun 15 08:36:06.434269 n-d-779913-14 devstack@placement-api.service[93594]: [pid: 93594|app: 0|req: 228/460] 10.222.0.42 () {60 vars in 1378 bytes} [Tue Jun 15 08:36:06 2021] GET /placement/allocations/0d6befae-814a-43a0-a43f-f1e7c71c30f0 => generated 259 bytes in 26 msecs (HTTP/1.1 200) 8 headers in 296 bytes (1 switches on core 0)
Jun 15 08:36:06.438140 n-d-779913-14 devstack@placement-api.service[93593]: DEBUG placement.objects.allocation_candidate [req-a16fa723-705d-4eaf-a0aa-1bc06a57eb2d req-15bd2748-bb63-4659-84c7-557e2eb1760a service placement] Merging candidates yields 2 allocation requests and 2 provider summaries {{(pid=93593) _merge_candidates /opt/stack/placement/placement/objects/allocation_candidate.py:783}}
Jun 15 08:36:06.445543 n-d-779913-14 devstack@placement-api.service[93594]: DEBUG placement.requestlog [req-a1ee26a7-0cca-4177-8476-da6502315604 req-b2d0988c-9c61-450d-99c5-596cbba64c45 None None] Starting request: 10.222.0.42 "PUT /placement/allocations/0d6befae-814a-43a0-a43f-f1e7c71c30f0" {{(pid=93594) __call__ /opt/stack/placement/placement/requestlog.py:55}}
Jun 15 08:36:06.445881 n-d-779913-14 devstack@placement-api.service[93593]: INFO placement.requestlog [req-a16fa723-705d-4eaf-a0aa-1bc06a57eb2d req-15bd2748-bb63-4659-84c7-557e2eb1760a service placement] 10.222.0.61 "GET /placement/allocation_candidates?limit=1000&resources=DISK_GB%3A1%2CMEMORY_MB%3A1024%2CVCPU%3A1&root_required=%21COMPUTE_STATUS_DISABLED" status: 200 len: 1309 microversion: 1.35
Jun 15 08:36:06.450422 n-d-779913-14 devstack@placement-api.service[93593]: [pid: 93593|app: 0|req: 233/461] 10.222.0.61 () {60 vars in 1506 bytes} [Tue Jun 15 08:36:06 2021] GET /placement/allocation_candidates?limit=1000&resources=DISK_GB%3A1%2CMEMORY_MB%3A1024%2CVCPU%3A1&root_required=%21COMPUTE_STATUS_DISABLED => generated 1309 bytes in 175 msecs (HTTP/1.1 200) 8 headers in 297 bytes (1 switches on core 0)
Jun 15 08:36:06.579934 n-d-779913-14 devstack@placement-api.service[93593]: DEBUG placement.requestlog [req-a16fa723-705d-4eaf-a0aa-1bc06a57eb2d req-f824591c-7597-47e0-9bee-c1bfed7f1f19 None None] Starting request: 10.222.0.61 "GET /placement/allocations/db7a08bf-8214-49b7-91f4-d80492e1aaba" {{(pid=93593) __call__ /opt/stack/placement/placement/requestlog.py:55}}
Jun 15 08:36:06.602647 n-d-779913-14 devstack@placement-api.service[93593]: INFO placement.requestlog [req-a16fa723-705d-4eaf-a0aa-1bc06a57eb2d req-f824591c-7597-47e0-9bee-c1bfed7f1f19 service placement] 10.222.0.61 "GET /placement/allocations/db7a08bf-8214-49b7-91f4-d80492e1aaba" status: 200 len: 19 microversion: 1.28
Jun 15 08:36:06.608446 n-d-779913-14 devstack@placement-api.service[93593]: [pid: 93593|app: 0|req: 234/462] 10.222.0.61 () {60 vars in 1380 bytes} [Tue Jun 15 08:36:06 2021] GET /placement/allocations/db7a08bf-8214-49b7-91f4-d80492e1aaba => generated 19 bytes in 29 msecs (HTTP/1.1 200) 8 headers in 295 bytes (2 switches on core 0)
Jun 15 08:36:06.625457 n-d-779913-14 devstack@placement-api.service[93593]: DEBUG placement.requestlog [req-a16fa723-705d-4eaf-a0aa-1bc06a57eb2d req-88fe2526-b1bc-4fd7-8891-a8b9c8d04347 None None] Starting request: 10.222.0.61 "PUT /placement/allocations/db7a08bf-8214-49b7-91f4-d80492e1aaba" {{(pid=93593) __call__ /opt/stack/placement/placement/requestlog.py:55}}
Jun 15 08:36:06.737713 n-d-779913-14 devstack@placement-api.service[93594]: DEBUG placement.handlers.allocation [req-a1ee26a7-0cca-4177-8476-da6502315604 req-b2d0988c-9c61-450d-99c5-596cbba64c45 service placement] Successfully wrote allocations [, , ] {{(pid=93594) _create_allocations /opt/stack/placement/placement/handlers/allocation.py:435}}
Jun 15 08:36:06.738696 n-d-779913-14 devstack@placement-api.service[93594]: INFO placement.requestlog [req-a1ee26a7-0cca-4177-8476-da6502315604 req-b2d0988c-9c61-450d-99c5-596cbba64c45 service placement] 10.222.0.42 "PUT /placement/allocations/0d6befae-814a-43a0-a43f-f1e7c71c30f0" status: 204 len: 0 microversion: 1.28
Jun 15 08:36:06.738847 n-d-779913-14 devstack@placement-api.service[93594]: [pid: 93594|app: 0|req: 229/463] 10.222.0.42 () {64 vars in 1431 bytes} [Tue Jun 15 08:36:06 2021] PUT /placement/allocations/0d6befae-814a-43a0-a43f-f1e7c71c30f0 => generated 0 bytes in 294 msecs (HTTP/1.1 204) 5 headers in 199 bytes (1 switches on core 0)
Jun 15 08:36:06.962556 n-d-779913-14 devstack@placement-api.service[93593]: DEBUG placement.objects.allocation [req-a16fa723-705d-4eaf-a0aa-1bc06a57eb2d req-88fe2526-b1bc-4fd7-8891-a8b9c8d04347 service placement] Retrying allocations write on resource provider generation conflict {{(pid=93593) replace_all /opt/stack/placement/placement/objects/allocation.py:505}}
Jun 15 08:36:07.049631 n-d-779913-14 devstack@placement-api.service[93594]: DEBUG placement.requestlog [req-796263c7-825f-4584-805b-8eec89f7e479 req-5a74d6a1-8b2a-4fe2-b492-153c89a8bf32 None None] Starting request: 10.222.0.42 "GET /placement/allocations/96357826-916e-4d3d-be94-053fbff687f8" {{(pid=93594) __call__ /opt/stack/placement/placement/requestlog.py:55}}
Jun 15 08:36:07.066762 n-d-779913-14 devstack@placement-api.service[93594]: INFO placement.requestlog [req-796263c7-825f-4584-805b-8eec89f7e479 req-5a74d6a1-8b2a-4fe2-b492-153c89a8bf32 service placement] 10.222.0.42 "GET /placement/allocations/96357826-916e-4d3d-be94-053fbff687f8" status: 200 len: 259 microversion: 1.28
Jun 15 08:36:07.067173 n-d-779913-14 devstack@placement-api.service[93594]: [pid: 93594|app: 0|req: 230/464] 10.222.0.42 () {60 vars in 1378 bytes} [Tue Jun 15 08:36:07 2021] GET /placement/allocations/96357826-916e-4d3d-be94-053fbff687f8 => generated 259 bytes in 18 msecs (HTTP/1.1 200) 8 headers in 296 bytes (2 switches on core 0)
Jun 15 08:36:07.543249 n-d-779913-14 devstack@placement-api.service[93593]: DEBUG placement.handlers.allocation [req-a16fa723-705d-4eaf-a0aa-1bc06a57eb2d req-88fe2526-b1bc-4fd7-8891-a8b9c8d04347 service placement] Successfully wrote allocations [, , ] {{(pid=93593) _create_allocations /opt/stack/placement/placement/handlers/allocation.py:435}}
Jun 15 08:36:07.547027 n-d-779913-14 devstack@placement-api.service[93593]: INFO placement.requestlog [req-a16fa723-705d-4eaf-a0aa-1bc06a57eb2d req-88fe2526-b1bc-4fd7-8891-a8b9c8d04347 service placement] 10.222.0.61 "PUT /placement/allocations/db7a08bf-8214-49b7-91f4-d80492e1aaba" status: 204 len: 0 microversion: 1.35
Jun 15 08:36:07.547027 n-d-779913-14 devstack@placement-api.service[93593]: [pid: 93593|app: 0|req: 235/465] 10.222.0.61 () {64 vars in 1433 bytes} [Tue Jun 15 08:36:06 2021] PUT /placement/allocations/db7a08bf-8214-49b7-91f4-d80492e1aaba => generated 0 bytes in 919 msecs (HTTP/1.1 204) 5 headers in 199 bytes (1 switches on core 0)
Jun 15 08:36:09.179102 n-d-779913-14 devstack@placement-api.service[93594]: DEBUG placement.requestlog [req-a16fa723-705d-4eaf-a0aa-1bc06a57eb2d req-09a35579-549a-484e-92db-09b0c71f1141 None None] Starting request: 10.222.0.42 "GET /placement/allocations/db7a08bf-8214-49b7-91f4-d80492e1aaba" {{(pid=93594) __call__ /opt/stack/placement/placement/requestlog.py:55}}
Jun 15 08:36:09.206680 n-d-779913-14 devstack@placement-api.service[93594]: INFO placement.requestlog [req-a16fa723-705d-4eaf-a0aa-1bc06a57eb2d req-09a35579-549a-484e-92db-09b0c71f1141 service placement] 10.222.0.42 "GET /placement/allocations/db7a08bf-8214-49b7-91f4-d80492e1aaba" status: 200 len: 259 microversion: 1.28
Jun 15 08:36:09.209107 n-d-779913-14 devstack@placement-api.service[93594]: [pid: 93594|app: 0|req: 231/466] 10.222.0.42 () {60 vars in 1378 bytes} [Tue Jun 15 08:36:09 2021] GET /placement/allocations/db7a08bf-8214-49b7-91f4-d80492e1aaba => generated 259 bytes in 30 msecs (HTTP/1.1 200) 8 headers in 296 bytes (1 switches on core 0)
Jun 15 08:36:10.346817 n-d-779913-14 devstack@placement-api.service[93593]: DEBUG placement.requestlog [req-39dfc1e5-f5d3-4b3e-9869-e5c71377a632 req-05795cfc-a856-4486-8a73-54c349a6587a None None] Starting request: 10.222.0.61 "GET /placement/allocation_candidates?limit=1000&resources=DISK_GB%3A1%2CMEMORY_MB%3A1024%2CVCPU%3A1&root_required=%21COMPUTE_STATUS_DISABLED" {{(pid=93593) __call__ /opt/stack/placement/placement/requestlog.py:55}}
Jun 15 08:36:10.423872 n-d-779913-14 devstack@placement-api.service[93593]: DEBUG placement.objects.research_context [req-39dfc1e5-f5d3-4b3e-9869-e5c71377a632 req-05795cfc-a856-4486-8a73-54c349a6587a service placement] getting providers with 1 DISK_GB {{(pid=93593) __init__ /opt/stack/placement/placement/objects/research_context.py:126}}
Jun 15 08:36:10.439958 n-d-779913-14 devstack@placement-api.service[93593]: DEBUG placement.objects.research_context [req-39dfc1e5-f5d3-4b3e-9869-e5c71377a632 req-05795cfc-a856-4486-8a73-54c349a6587a service placement] getting providers with 1024 MEMORY_MB {{(pid=93593) __init__ /opt/stack/placement/placement/objects/research_context.py:126}}
Jun 15 08:36:10.468084 n-d-779913-14 devstack@placement-api.service[93593]: DEBUG placement.objects.research_context [req-39dfc1e5-f5d3-4b3e-9869-e5c71377a632 req-05795cfc-a856-4486-8a73-54c349a6587a service placement] getting providers with 1 VCPU {{(pid=93593) __init__ /opt/stack/placement/placement/objects/research_context.py:126}}
Jun 15 08:36:10.486076 n-d-779913-14 devstack@placement-api.service[93593]: DEBUG placement.objects.research_context [req-39dfc1e5-f5d3-4b3e-9869-e5c71377a632 req-05795cfc-a856-4486-8a73-54c349a6587a service placement] found 2 providers with available 1 DISK_GB {{(pid=93593) get_provider_ids_matching /opt/stack/placement/placement/objects/research_context.py:549}}
Jun 15 08:36:10.487981 n-d-779913-14 devstack@placement-api.service[93593]: DEBUG placement.objects.research_context [req-39dfc1e5-f5d3-4b3e-9869-e5c71377a632 req-05795cfc-a856-4486-8a73-54c349a6587a service placement] found 2 providers with available 1024 MEMORY_MB {{(pid=93593) get_provider_ids_matching /opt/stack/placement/placement/objects/research_context.py:549}}
Jun 15 08:36:10.489289 n-d-779913-14 devstack@placement-api.service[93593]: DEBUG placement.objects.research_context [req-39dfc1e5-f5d3-4b3e-9869-e5c71377a632 req-05795cfc-a856-4486-8a73-54c349a6587a service placement] found 2 providers after filtering by previous result {{(pid=93593) get_provider_ids_matching /opt/stack/placement/placement/objects/research_context.py:580}}
Jun 15 08:36:10.490688 n-d-779913-14 devstack@placement-api.service[93593]: DEBUG placement.objects.research_context [req-39dfc1e5-f5d3-4b3e-9869-e5c71377a632 req-05795cfc-a856-4486-8a73-54c349a6587a service placement] found 2 providers with available 1 VCPU {{(pid=93593) get_provider_ids_matching /opt/stack/placement/placement/objects/research_context.py:549}}
Jun 15 08:36:10.491452 n-d-779913-14 devstack@placement-api.service[93593]: DEBUG placement.objects.research_context [req-39dfc1e5-f5d3-4b3e-9869-e5c71377a632 req-05795cfc-a856-4486-8a73-54c349a6587a service placement] found 2 providers after filtering by previous result {{(pid=93593) get_provider_ids_matching /opt/stack/placement/placement/objects/research_context.py:580}}
Jun 15 08:36:10.517925 n-d-779913-14 devstack@placement-api.service[93593]: DEBUG placement.objects.allocation_candidate [req-39dfc1e5-f5d3-4b3e-9869-e5c71377a632 req-05795cfc-a856-4486-8a73-54c349a6587a service placement] RequestGroup(use_same_provider=False, resources={DISK_GB:1, MEMORY_MB:1024, VCPU:1}, traits=[], aggregates=[]) (suffix '') returned 2 matches {{(pid=93593) _get_by_requests /opt/stack/placement/placement/objects/allocation_candidate.py:145}}
Jun 15 08:36:10.519319 n-d-779913-14 devstack@placement-api.service[93593]: DEBUG placement.objects.allocation_candidate [req-39dfc1e5-f5d3-4b3e-9869-e5c71377a632 req-05795cfc-a856-4486-8a73-54c349a6587a service placement] Merging candidates yields 2 allocation requests and 2 provider summaries {{(pid=93593) _merge_candidates /opt/stack/placement/placement/objects/allocation_candidate.py:783}}
Jun 15 08:36:10.523550 n-d-779913-14 devstack@placement-api.service[93593]: INFO placement.requestlog [req-39dfc1e5-f5d3-4b3e-9869-e5c71377a632 req-05795cfc-a856-4486-8a73-54c349a6587a service placement] 10.222.0.61 "GET /placement/allocation_candidates?limit=1000&resources=DISK_GB%3A1%2CMEMORY_MB%3A1024%2CVCPU%3A1&root_required=%21COMPUTE_STATUS_DISABLED" status: 200 len: 1309 microversion: 1.35
Jun 15 08:36:10.524903 n-d-779913-14 devstack@placement-api.service[93593]: [pid: 93593|app: 0|req: 236/467] 10.222.0.61 () {60 vars in 1506 bytes} [Tue Jun 15 08:36:10 2021] GET /placement/allocation_candidates?limit=1000&resources=DISK_GB%3A1%2CMEMORY_MB%3A1024%2CVCPU%3A1&root_required=%21COMPUTE_STATUS_DISABLED => generated 1309 bytes in 178 msecs (HTTP/1.1 200) 8 headers in 297 bytes (1 switches on core 0)
Jun 15 08:36:10.808778 n-d-779913-14 devstack@placement-api.service[93594]: DEBUG placement.requestlog [req-39dfc1e5-f5d3-4b3e-9869-e5c71377a632 req-9377ebc0-44ef-4aa9-bb20-aa48ca7dac25 None None] Starting request: 10.222.0.61 "GET /placement/allocations/b8cabb5a-11d9-45cc-823b-b1b61f2829e0" {{(pid=93594) __call__ /opt/stack/placement/placement/requestlog.py:55}}
Jun 15 08:36:10.850281 n-d-779913-14 devstack@placement-api.service[93594]: INFO placement.requestlog [req-39dfc1e5-f5d3-4b3e-9869-e5c71377a632 req-9377ebc0-44ef-4aa9-bb20-aa48ca7dac25 service placement] 10.222.0.61 "GET /placement/allocations/b8cabb5a-11d9-45cc-823b-b1b61f2829e0" status: 200 len: 19 microversion: 1.28
Jun 15 08:36:10.850281 n-d-779913-14 devstack@placement-api.service[93594]: [pid: 93594|app: 0|req: 232/468] 10.222.0.61 () {60 vars in 1380 bytes} [Tue Jun 15 08:36:10 2021] GET /placement/allocations/b8cabb5a-11d9-45cc-823b-b1b61f2829e0 => generated 19 bytes in 40 msecs (HTTP/1.1 200) 8 headers in 295 bytes (2 switches on core 0)
Jun 15 08:36:10.855101 n-d-779913-14 devstack@placement-api.service[93593]: DEBUG placement.requestlog [req-39dfc1e5-f5d3-4b3e-9869-e5c71377a632 req-4800031f-0381-4ba4-893d-b4f9a418b286 None None] Starting request: 10.222.0.61 "PUT /placement/allocations/b8cabb5a-11d9-45cc-823b-b1b61f2829e0" {{(pid=93593) __call__ /opt/stack/placement/placement/requestlog.py:55}}
Jun 15 08:36:11.183371 n-d-779913-14 devstack@placement-api.service[93593]: DEBUG placement.handlers.allocation [req-39dfc1e5-f5d3-4b3e-9869-e5c71377a632 req-4800031f-0381-4ba4-893d-b4f9a418b286 service placement] Successfully wrote allocations [, , ] {{(pid=93593) _create_allocations /opt/stack/placement/placement/handlers/allocation.py:435}}
Jun 15 08:36:11.184040 n-d-779913-14 devstack@placement-api.service[93593]: INFO placement.requestlog [req-39dfc1e5-f5d3-4b3e-9869-e5c71377a632 req-4800031f-0381-4ba4-893d-b4f9a418b286 service placement] 10.222.0.61 "PUT /placement/allocations/b8cabb5a-11d9-45cc-823b-b1b61f2829e0" status: 204 len: 0 microversion: 1.35
Jun 15 08:36:11.184747 n-d-779913-14 devstack@placement-api.service[93593]: [pid: 93593|app: 0|req: 237/469] 10.222.0.61 () {64 vars in 1433 bytes} [Tue Jun 15 08:36:10 2021] PUT /placement/allocations/b8cabb5a-11d9-45cc-823b-b1b61f2829e0 => generated 0 bytes in 329 msecs (HTTP/1.1 204) 5 headers in 199 bytes (2 switches on core 0)
Jun 15 08:36:12.851278 n-d-779913-14 devstack@placement-api.service[93594]: DEBUG placement.requestlog [req-39dfc1e5-f5d3-4b3e-9869-e5c71377a632 req-86bd0647-f145-4085-bf7c-2f712848df2b None None] Starting request: 10.222.0.64 "GET /placement/allocations/b8cabb5a-11d9-45cc-823b-b1b61f2829e0" {{(pid=93594) __call__ /opt/stack/placement/placement/requestlog.py:55}}
Jun 15 08:36:12.887924 n-d-779913-14 devstack@placement-api.service[93594]: INFO placement.requestlog [req-39dfc1e5-f5d3-4b3e-9869-e5c71377a632 req-86bd0647-f145-4085-bf7c-2f712848df2b service placement] 10.222.0.64 "GET /placement/allocations/b8cabb5a-11d9-45cc-823b-b1b61f2829e0" status: 200 len: 259 microversion: 1.28
Jun 15 08:36:12.888189 n-d-779913-14 devstack@placement-api.service[93594]: [pid: 93594|app: 0|req: 233/470] 10.222.0.64 () {60 vars in 1378 bytes} [Tue Jun 15 08:36:12 2021] GET /placement/allocations/b8cabb5a-11d9-45cc-823b-b1b61f2829e0 => generated 259 bytes in 37 msecs (HTTP/1.1 200) 8 headers in 296 bytes (1 switches on core 0)
Jun 15 08:36:28.927759 n-d-779913-14 devstack@placement-api.service[93593]: DEBUG placement.requestlog [req-b5112fe5-1dff-4ddd-b81a-b4dba7c9b962 req-68bfe16b-e848-4712-978f-92f554c33b37 None None] Starting request: 10.222.0.61 "GET /placement/allocation_candidates?limit=1000&resources=DISK_GB%3A1%2CMEMORY_MB%3A1024%2CVCPU%3A1&root_required=%21COMPUTE_STATUS_DISABLED" {{(pid=93593) __call__ /opt/stack/placement/placement/requestlog.py:55}}
Jun 15 08:36:29.031722 n-d-779913-14 devstack@placement-api.service[93593]: DEBUG placement.objects.research_context [req-b5112fe5-1dff-4ddd-b81a-b4dba7c9b962 req-68bfe16b-e848-4712-978f-92f554c33b37 service placement] getting providers with 1 DISK_GB {{(pid=93593) __init__ /opt/stack/placement/placement/objects/research_context.py:126}}
Jun 15 08:36:29.058603 n-d-779913-14 devstack@placement-api.service[93593]: DEBUG placement.objects.research_context [req-b5112fe5-1dff-4ddd-b81a-b4dba7c9b962 req-68bfe16b-e848-4712-978f-92f554c33b37 service placement] getting providers with 1024 MEMORY_MB {{(pid=93593) __init__ /opt/stack/placement/placement/objects/research_context.py:126}}
Jun 15 08:36:29.072130 n-d-779913-14 devstack@placement-api.service[93593]: DEBUG placement.objects.research_context [req-b5112fe5-1dff-4ddd-b81a-b4dba7c9b962 req-68bfe16b-e848-4712-978f-92f554c33b37 service placement] getting providers with 1 VCPU {{(pid=93593) __init__ /opt/stack/placement/placement/objects/research_context.py:126}}
Jun 15 08:36:29.088838 n-d-779913-14 devstack@placement-api.service[93593]: DEBUG placement.objects.research_context [req-b5112fe5-1dff-4ddd-b81a-b4dba7c9b962 req-68bfe16b-e848-4712-978f-92f554c33b37 service placement] found 2 providers with available 1 DISK_GB {{(pid=93593) get_provider_ids_matching /opt/stack/placement/placement/objects/research_context.py:549}}
Jun 15 08:36:29.089398 n-d-779913-14 devstack@placement-api.service[93593]: DEBUG placement.objects.research_context [req-b5112fe5-1dff-4ddd-b81a-b4dba7c9b962 req-68bfe16b-e848-4712-978f-92f554c33b37 service placement] found 2 providers with available 1024 MEMORY_MB {{(pid=93593) get_provider_ids_matching /opt/stack/placement/placement/objects/research_context.py:549}}
Jun 15 08:36:29.090364 n-d-779913-14 devstack@placement-api.service[93593]: DEBUG placement.objects.research_context [req-b5112fe5-1dff-4ddd-b81a-b4dba7c9b962 req-68bfe16b-e848-4712-978f-92f554c33b37 service placement] found 2 providers after filtering by previous result {{(pid=93593) get_provider_ids_matching /opt/stack/placement/placement/objects/research_context.py:580}}
Jun 15 08:36:29.090637 n-d-779913-14 devstack@placement-api.service[93593]: DEBUG placement.objects.research_context [req-b5112fe5-1dff-4ddd-b81a-b4dba7c9b962 req-68bfe16b-e848-4712-978f-92f554c33b37 service placement] found 2 providers with available 1 VCPU {{(pid=93593) get_provider_ids_matching /opt/stack/placement/placement/objects/research_context.py:549}}
