Jun 10 02:33:16.189346 n-d-779913-11 devstack@n-api.service[114648]: DEBUG nova.compute.api [None req-255b62bf-bba7-4ead-8c75-4dfd57199921 tempest-ServersWithSpecificFlavorTestJSON-1570266947 tempest-ServersWithSpecificFlavorTestJSON-1570266947-project] [instance: eaebdf8d-e146-4003-941d-54fc7470bf33] Fetching instance by UUID {{(pid=114648) get /opt/stack/nova/nova/compute/api.py:2795}}
Jun 10 02:33:16.205344 n-d-779913-11 devstack@n-api.service[114648]: DEBUG oslo_concurrency.lockutils [None req-255b62bf-bba7-4ead-8c75-4dfd57199921 tempest-ServersWithSpecificFlavorTestJSON-1570266947 tempest-ServersWithSpecificFlavorTestJSON-1570266947-project] Lock "3a558ffc-c5f1-432a-9dcf-9c326fcb959c" acquired by "nova.context.set_target_cell..get_or_set_cached_cell_and_set_connections" :: waited 0.000s {{(pid=114648) inner /usr/local/lib/python3.8/dist-packages/oslo_concurrency/lockutils.py:355}}
Jun 10 02:33:16.212729 n-d-779913-11 devstack@n-api.service[114648]: DEBUG oslo_concurrency.lockutils [None req-255b62bf-bba7-4ead-8c75-4dfd57199921 tempest-ServersWithSpecificFlavorTestJSON-1570266947 tempest-ServersWithSpecificFlavorTestJSON-1570266947-project] Lock "3a558ffc-c5f1-432a-9dcf-9c326fcb959c" released by "nova.context.set_target_cell..get_or_set_cached_cell_and_set_connections" :: held 0.004s {{(pid=114648) inner /usr/local/lib/python3.8/dist-packages/oslo_concurrency/lockutils.py:367}}
Jun 10 02:33:16.221807 n-d-779913-11 devstack@n-api.service[114648]: DEBUG oslo_concurrency.lockutils [None req-255b62bf-bba7-4ead-8c75-4dfd57199921 tempest-ServersWithSpecificFlavorTestJSON-1570266947 tempest-ServersWithSpecificFlavorTestJSON-1570266947-project] Lock "3a558ffc-c5f1-432a-9dcf-9c326fcb959c" acquired by "nova.context.set_target_cell..get_or_set_cached_cell_and_set_connections" :: waited 0.000s {{(pid=114648) inner /usr/local/lib/python3.8/dist-packages/oslo_concurrency/lockutils.py:355}}
Jun 10 02:33:16.226166 n-d-779913-11 devstack@n-api.service[114648]: DEBUG oslo_concurrency.lockutils [None req-255b62bf-bba7-4ead-8c75-4dfd57199921 tempest-ServersWithSpecificFlavorTestJSON-1570266947 tempest-ServersWithSpecificFlavorTestJSON-1570266947-project] Lock "3a558ffc-c5f1-432a-9dcf-9c326fcb959c" released by "nova.context.set_target_cell..get_or_set_cached_cell_and_set_connections" :: held 0.004s {{(pid=114648) inner /usr/local/lib/python3.8/dist-packages/oslo_concurrency/lockutils.py:367}}
Jun 10 02:33:16.502064 n-d-779913-11 devstack@n-api.service[114648]: INFO nova.api.openstack.requestlog [None req-255b62bf-bba7-4ead-8c75-4dfd57199921 tempest-ServersWithSpecificFlavorTestJSON-1570266947 tempest-ServersWithSpecificFlavorTestJSON-1570266947-project] 10.222.0.49 "POST /compute/v2.1/servers/eaebdf8d-e146-4003-941d-54fc7470bf33/action" status: 200 len: 8205 microversion: 2.1 time: 0.345573
Jun 10 02:33:16.503042 n-d-779913-11 devstack@n-api.service[114648]: [pid: 114648|app: 0|req: 169/331] 10.222.0.49 () {60 vars in 1278 bytes} [Thu Jun 10 02:33:16 2021] POST /compute/v2.1/servers/eaebdf8d-e146-4003-941d-54fc7470bf33/action => generated 8205 bytes in 348 msecs (HTTP/1.1 200) 9 headers in 358 bytes (1 switches on core 0)
Jun 10 02:33:16.772112 n-d-779913-11 devstack@n-api.service[114647]: DEBUG nova.api.openstack.wsgi [None req-4659e79c-6aaf-4db0-8877-4518ef956cfe tempest-ServerDiagnosticsNegativeTest-749185650 tempest-ServerDiagnosticsNegativeTest-749185650-project] Calling method '>' {{(pid=114647) _process_stack /opt/stack/nova/nova/api/openstack/wsgi.py:513}}
Jun 10 02:33:16.772732 n-d-779913-11 devstack@n-api.service[114647]: DEBUG nova.compute.api [None req-4659e79c-6aaf-4db0-8877-4518ef956cfe tempest-ServerDiagnosticsNegativeTest-749185650 tempest-ServerDiagnosticsNegativeTest-749185650-project] [instance: 08ad6222-9bc6-4d74-893b-41a2b7170a99] Fetching instance by UUID {{(pid=114647) get /opt/stack/nova/nova/compute/api.py:2795}}
Jun 10 02:33:16.783975 n-d-779913-11 devstack@n-api.service[114647]: DEBUG oslo_concurrency.lockutils [None req-4659e79c-6aaf-4db0-8877-4518ef956cfe tempest-ServerDiagnosticsNegativeTest-749185650 tempest-ServerDiagnosticsNegativeTest-749185650-project] Lock "3a558ffc-c5f1-432a-9dcf-9c326fcb959c" acquired by "nova.context.set_target_cell..get_or_set_cached_cell_and_set_connections" :: waited 0.000s {{(pid=114647) inner /usr/local/lib/python3.8/dist-packages/oslo_concurrency/lockutils.py:355}}
Jun 10 02:33:16.790268 n-d-779913-11 devstack@n-api.service[114647]: DEBUG oslo_concurrency.lockutils [None req-4659e79c-6aaf-4db0-8877-4518ef956cfe tempest-ServerDiagnosticsNegativeTest-749185650 tempest-ServerDiagnosticsNegativeTest-749185650-project] Lock "3a558ffc-c5f1-432a-9dcf-9c326fcb959c" released by "nova.context.set_target_cell..get_or_set_cached_cell_and_set_connections" :: held 0.001s {{(pid=114647) inner /usr/local/lib/python3.8/dist-packages/oslo_concurrency/lockutils.py:367}}
Jun 10 02:33:16.790268 n-d-779913-11 devstack@n-api.service[114647]: DEBUG oslo_concurrency.lockutils [None req-4659e79c-6aaf-4db0-8877-4518ef956cfe tempest-ServerDiagnosticsNegativeTest-749185650 tempest-ServerDiagnosticsNegativeTest-749185650-project] Lock "3a558ffc-c5f1-432a-9dcf-9c326fcb959c" acquired by "nova.context.set_target_cell..get_or_set_cached_cell_and_set_connections" :: waited 0.000s {{(pid=114647) inner /usr/local/lib/python3.8/dist-packages/oslo_concurrency/lockutils.py:355}}
Jun 10 02:33:16.790268 n-d-779913-11 devstack@n-api.service[114647]: DEBUG oslo_concurrency.lockutils [None req-4659e79c-6aaf-4db0-8877-4518ef956cfe tempest-ServerDiagnosticsNegativeTest-749185650 tempest-ServerDiagnosticsNegativeTest-749185650-project] Lock "3a558ffc-c5f1-432a-9dcf-9c326fcb959c" released by "nova.context.set_target_cell..get_or_set_cached_cell_and_set_connections" :: held 0.000s {{(pid=114647) inner /usr/local/lib/python3.8/dist-packages/oslo_concurrency/lockutils.py:367}}
Jun 10 02:33:17.617472 n-d-779913-11 devstack@n-api.service[114648]: DEBUG nova.api.openstack.wsgi [req-63237752-4c21-4665-9486-3374b821ea8c req-0b9f237c-4ea9-4ca2-ae9f-7b50403cb37f service nova] Action: 'create', calling method: >, body: {"events": [{"server_uuid": "ec7d9901-8d58-4509-9827-77507647b179", "name": "network-vif-deleted", "tag": "b7b6132e-0de7-42d1-a917-7b2e46345153"}]} {{(pid=114648) _process_stack /opt/stack/nova/nova/api/openstack/wsgi.py:511}}
Jun 10 02:33:17.619269 n-d-779913-11 devstack@n-api.service[114648]: /usr/local/lib/python3.8/dist-packages/oslo_policy/policy.py:1064: UserWarning: Policy os_compute_api:os-server-external-events:create failed scope check. The token used to make the request was project scoped but the policy requires ['system'] scope. This behavior may change in the future where using the intended scope is required
Jun 10 02:33:17.619269 n-d-779913-11 devstack@n-api.service[114648]: warnings.warn(msg)
Jun 10 02:33:17.643402 n-d-779913-11 devstack@n-api.service[114648]: DEBUG oslo_concurrency.lockutils [req-63237752-4c21-4665-9486-3374b821ea8c req-0b9f237c-4ea9-4ca2-ae9f-7b50403cb37f service nova] Lock "3a558ffc-c5f1-432a-9dcf-9c326fcb959c" acquired by "nova.context.set_target_cell..get_or_set_cached_cell_and_set_connections" :: waited 0.000s {{(pid=114648) inner /usr/local/lib/python3.8/dist-packages/oslo_concurrency/lockutils.py:355}}
Jun 10 02:33:17.643700 n-d-779913-11 devstack@n-api.service[114648]: DEBUG oslo_concurrency.lockutils [req-63237752-4c21-4665-9486-3374b821ea8c req-0b9f237c-4ea9-4ca2-ae9f-7b50403cb37f service nova] Lock "3a558ffc-c5f1-432a-9dcf-9c326fcb959c" released by "nova.context.set_target_cell..get_or_set_cached_cell_and_set_connections" :: held 0.001s {{(pid=114648) inner /usr/local/lib/python3.8/dist-packages/oslo_concurrency/lockutils.py:367}}
Jun 10 02:33:17.664315 n-d-779913-11 devstack@n-api.service[114647]: DEBUG nova.policy [None req-4659e79c-6aaf-4db0-8877-4518ef956cfe tempest-ServerDiagnosticsNegativeTest-749185650 tempest-ServerDiagnosticsNegativeTest-749185650-project] Policy check for os_compute_api:os-extended-server-attributes failed with credentials {'is_admin': False, 'user_id': 'aa448d7558ed439da1f9a21d16f128ff', 'user_domain_id': 'default', 'system_scope': None, 'domain_id': None, 'project_id': 'dd456ab92e34402b9a837f6fd153e4a3', 'project_domain_id': 'default', 'roles': ['member', 'reader'], 'is_admin_project': True, 'service_user_id': None, 'service_user_domain_id': None, 'service_project_id': None, 'service_project_domain_id': None, 'service_roles': []} {{(pid=114647) authorize /opt/stack/nova/nova/policy.py:199}}
Jun 10 02:33:17.680111 n-d-779913-11 devstack@n-api.service[114647]: INFO nova.api.openstack.requestlog [None req-4659e79c-6aaf-4db0-8877-4518ef956cfe tempest-ServerDiagnosticsNegativeTest-749185650 tempest-ServerDiagnosticsNegativeTest-749185650-project] 10.222.0.49 "GET /compute/v2.1/servers/08ad6222-9bc6-4d74-893b-41a2b7170a99" status: 200 len: 1323 microversion: 2.1 time: 0.911585
Jun 10 02:33:17.680702 n-d-779913-11 devstack@n-api.service[114647]: [pid: 114647|app: 0|req: 163/332] 10.222.0.49 () {58 vars in 1236 bytes} [Thu Jun 10 02:33:16 2021] GET /compute/v2.1/servers/08ad6222-9bc6-4d74-893b-41a2b7170a99 => generated 1323 bytes in 913 msecs (HTTP/1.1 200) 9 headers in 358 bytes (1 switches on core 0)
Jun 10 02:33:17.694054 n-d-779913-11 devstack@n-api.service[114647]: DEBUG nova.api.openstack.wsgi [None req-6632eb63-f58f-4c53-b0a5-816b6eef5f28 tempest-AggregatesAdminTestJSON-697178989 tempest-AggregatesAdminTestJSON-697178989-project] Calling method '>' {{(pid=114647) _process_stack /opt/stack/nova/nova/api/openstack/wsgi.py:513}}
Jun 10 02:33:17.694689 n-d-779913-11 devstack@n-api.service[114647]: DEBUG nova.compute.api [None req-6632eb63-f58f-4c53-b0a5-816b6eef5f28 tempest-AggregatesAdminTestJSON-697178989 tempest-AggregatesAdminTestJSON-697178989-project] [instance: ec7d9901-8d58-4509-9827-77507647b179] Fetching instance by UUID {{(pid=114647) get /opt/stack/nova/nova/compute/api.py:2795}}
Jun 10 02:33:17.706833 n-d-779913-11 devstack@n-api.service[114648]: INFO nova.api.openstack.compute.server_external_events [req-63237752-4c21-4665-9486-3374b821ea8c req-0b9f237c-4ea9-4ca2-ae9f-7b50403cb37f service nova] Creating event network-vif-deleted:b7b6132e-0de7-42d1-a917-7b2e46345153 for instance ec7d9901-8d58-4509-9827-77507647b179 on n-h1-779913-11
Jun 10 02:33:17.711791 n-d-779913-11 devstack@n-api.service[114647]: DEBUG oslo_concurrency.lockutils [None req-6632eb63-f58f-4c53-b0a5-816b6eef5f28 tempest-AggregatesAdminTestJSON-697178989 tempest-AggregatesAdminTestJSON-697178989-project] Lock "3a558ffc-c5f1-432a-9dcf-9c326fcb959c" acquired by "nova.context.set_target_cell..get_or_set_cached_cell_and_set_connections" :: waited 0.000s {{(pid=114647) inner /usr/local/lib/python3.8/dist-packages/oslo_concurrency/lockutils.py:355}}
Jun 10 02:33:17.712619 n-d-779913-11 devstack@n-api.service[114647]: DEBUG oslo_concurrency.lockutils [None req-6632eb63-f58f-4c53-b0a5-816b6eef5f28 tempest-AggregatesAdminTestJSON-697178989 tempest-AggregatesAdminTestJSON-697178989-project] Lock "3a558ffc-c5f1-432a-9dcf-9c326fcb959c" released by "nova.context.set_target_cell..get_or_set_cached_cell_and_set_connections" :: held 0.001s {{(pid=114647) inner /usr/local/lib/python3.8/dist-packages/oslo_concurrency/lockutils.py:367}}
Jun 10 02:33:17.717147 n-d-779913-11 devstack@n-api.service[114648]: INFO nova.api.openstack.requestlog [req-63237752-4c21-4665-9486-3374b821ea8c req-0b9f237c-4ea9-4ca2-ae9f-7b50403cb37f service nova] 10.222.0.49 "POST /compute/v2.1/os-server-external-events" status: 200 len: 183 microversion: 2.1 time: 0.797687
Jun 10 02:33:17.724946 n-d-779913-11 devstack@n-api.service[114647]: DEBUG oslo_concurrency.lockutils [None req-6632eb63-f58f-4c53-b0a5-816b6eef5f28 tempest-AggregatesAdminTestJSON-697178989 tempest-AggregatesAdminTestJSON-697178989-project] Lock "3a558ffc-c5f1-432a-9dcf-9c326fcb959c" acquired by "nova.context.set_target_cell..get_or_set_cached_cell_and_set_connections" :: waited 0.000s {{(pid=114647) inner /usr/local/lib/python3.8/dist-packages/oslo_concurrency/lockutils.py:355}}
Jun 10 02:33:17.726093 n-d-779913-11 devstack@n-api.service[114647]: DEBUG oslo_concurrency.lockutils [None req-6632eb63-f58f-4c53-b0a5-816b6eef5f28 tempest-AggregatesAdminTestJSON-697178989 tempest-AggregatesAdminTestJSON-697178989-project] Lock "3a558ffc-c5f1-432a-9dcf-9c326fcb959c" released by "nova.context.set_target_cell..get_or_set_cached_cell_and_set_connections" :: held 0.004s {{(pid=114647) inner /usr/local/lib/python3.8/dist-packages/oslo_concurrency/lockutils.py:367}}
Jun 10 02:33:17.742217 n-d-779913-11 devstack@n-api.service[114648]: [pid: 114648|app: 0|req: 170/333] 10.222.0.49 () {64 vars in 1318 bytes} [Thu Jun 10 02:33:16 2021] POST /compute/v2.1/os-server-external-events => generated 183 bytes in 809 msecs (HTTP/1.1 200) 9 headers in 357 bytes (1 switches on core 0)
Jun 10 02:33:17.752280 n-d-779913-11 devstack@n-api.service[114648]: DEBUG nova.api.openstack.wsgi [None req-786f480e-526f-4e5f-bcad-1c98d18b4803 tempest-DeleteServersAdminTestJSON-1921104487 tempest-DeleteServersAdminTestJSON-1921104487-project] Calling method '>' {{(pid=114648) _process_stack /opt/stack/nova/nova/api/openstack/wsgi.py:513}}
Jun 10 02:33:17.752280 n-d-779913-11 devstack@n-api.service[114648]: DEBUG nova.compute.api [None req-786f480e-526f-4e5f-bcad-1c98d18b4803 tempest-DeleteServersAdminTestJSON-1921104487 tempest-DeleteServersAdminTestJSON-1921104487-project] [instance: 41c13485-fe4f-4256-a9e5-3684f26df626] Fetching instance by UUID {{(pid=114648) get /opt/stack/nova/nova/compute/api.py:2795}}
Jun 10 02:33:17.765518 n-d-779913-11 devstack@n-api.service[114648]: DEBUG oslo_concurrency.lockutils [None req-786f480e-526f-4e5f-bcad-1c98d18b4803 tempest-DeleteServersAdminTestJSON-1921104487 tempest-DeleteServersAdminTestJSON-1921104487-project] Lock "3a558ffc-c5f1-432a-9dcf-9c326fcb959c" acquired by "nova.context.set_target_cell..get_or_set_cached_cell_and_set_connections" :: waited 0.000s {{(pid=114648) inner /usr/local/lib/python3.8/dist-packages/oslo_concurrency/lockutils.py:355}}
Jun 10 02:33:17.765967 n-d-779913-11 devstack@n-api.service[114648]: DEBUG oslo_concurrency.lockutils [None req-786f480e-526f-4e5f-bcad-1c98d18b4803 tempest-DeleteServersAdminTestJSON-1921104487 tempest-DeleteServersAdminTestJSON-1921104487-project] Lock "3a558ffc-c5f1-432a-9dcf-9c326fcb959c" released by "nova.context.set_target_cell..get_or_set_cached_cell_and_set_connections" :: held 0.001s {{(pid=114648) inner /usr/local/lib/python3.8/dist-packages/oslo_concurrency/lockutils.py:367}}
Jun 10 02:33:17.766768 n-d-779913-11 devstack@n-api.service[114648]: DEBUG oslo_concurrency.lockutils [None req-786f480e-526f-4e5f-bcad-1c98d18b4803 tempest-DeleteServersAdminTestJSON-1921104487 tempest-DeleteServersAdminTestJSON-1921104487-project] Lock "3a558ffc-c5f1-432a-9dcf-9c326fcb959c" acquired by "nova.context.set_target_cell..get_or_set_cached_cell_and_set_connections" :: waited 0.000s {{(pid=114648) inner /usr/local/lib/python3.8/dist-packages/oslo_concurrency/lockutils.py:355}}
Jun 10 02:33:17.768935 n-d-779913-11 devstack@n-api.service[114648]: DEBUG oslo_concurrency.lockutils [None req-786f480e-526f-4e5f-bcad-1c98d18b4803 tempest-DeleteServersAdminTestJSON-1921104487 tempest-DeleteServersAdminTestJSON-1921104487-project] Lock "3a558ffc-c5f1-432a-9dcf-9c326fcb959c" released by "nova.context.set_target_cell..get_or_set_cached_cell_and_set_connections" :: held 0.000s {{(pid=114648) inner /usr/local/lib/python3.8/dist-packages/oslo_concurrency/lockutils.py:367}}
Jun 10 02:33:17.902397 n-d-779913-11 devstack@n-api.service[114647]: INFO nova.api.openstack.wsgi [None req-6632eb63-f58f-4c53-b0a5-816b6eef5f28 tempest-AggregatesAdminTestJSON-697178989 tempest-AggregatesAdminTestJSON-697178989-project] HTTP exception thrown: Instance ec7d9901-8d58-4509-9827-77507647b179 could not be found.
Jun 10 02:33:17.904406 n-d-779913-11 devstack@n-api.service[114647]: DEBUG nova.api.openstack.wsgi [None req-6632eb63-f58f-4c53-b0a5-816b6eef5f28 tempest-AggregatesAdminTestJSON-697178989 tempest-AggregatesAdminTestJSON-697178989-project] Returning 404 to user: Instance ec7d9901-8d58-4509-9827-77507647b179 could not be found. {{(pid=114647) __call__ /opt/stack/nova/nova/api/openstack/wsgi.py:927}}
Jun 10 02:33:17.906642 n-d-779913-11 devstack@n-api.service[114647]: INFO nova.api.openstack.requestlog [None req-6632eb63-f58f-4c53-b0a5-816b6eef5f28 tempest-AggregatesAdminTestJSON-697178989 tempest-AggregatesAdminTestJSON-697178989-project] 10.222.0.49 "GET /compute/v2.1/servers/ec7d9901-8d58-4509-9827-77507647b179" status: 404 len: 111 microversion: 2.1 time: 0.224390
Jun 10 02:33:17.908114 n-d-779913-11 devstack@n-api.service[114647]: [pid: 114647|app: 0|req: 164/334] 10.222.0.49 () {58 vars in 1236 bytes} [Thu Jun 10 02:33:17 2021] GET /compute/v2.1/servers/ec7d9901-8d58-4509-9827-77507647b179 => generated 111 bytes in 227 msecs (HTTP/1.1 404) 9 headers in 379 bytes (1 switches on core 0)
Jun 10 02:33:17.920449 n-d-779913-11 devstack@n-api.service[114647]: DEBUG nova.api.openstack.wsgi [None req-99e24bb1-fb42-4837-8e87-ff7b31470c58 tempest-ServersWithSpecificFlavorTestJSON-1570266947 tempest-ServersWithSpecificFlavorTestJSON-1570266947-project] Action: 'action', calling method: >, body: {"os-getConsoleOutput": {}} {{(pid=114647) _process_stack /opt/stack/nova/nova/api/openstack/wsgi.py:511}}
Jun 10 02:33:17.921787 n-d-779913-11 devstack@n-api.service[114647]: DEBUG nova.compute.api [None req-99e24bb1-fb42-4837-8e87-ff7b31470c58 tempest-ServersWithSpecificFlavorTestJSON-1570266947 tempest-ServersWithSpecificFlavorTestJSON-1570266947-project] [instance: eaebdf8d-e146-4003-941d-54fc7470bf33] Fetching instance by UUID {{(pid=114647) get /opt/stack/nova/nova/compute/api.py:2795}}
Jun 10 02:33:17.936580 n-d-779913-11 devstack@n-api.service[114647]: DEBUG oslo_concurrency.lockutils [None req-99e24bb1-fb42-4837-8e87-ff7b31470c58 tempest-ServersWithSpecificFlavorTestJSON-1570266947 tempest-ServersWithSpecificFlavorTestJSON-1570266947-project] Lock "3a558ffc-c5f1-432a-9dcf-9c326fcb959c" acquired by "nova.context.set_target_cell..get_or_set_cached_cell_and_set_connections" :: waited 0.000s {{(pid=114647) inner /usr/local/lib/python3.8/dist-packages/oslo_concurrency/lockutils.py:355}}
Jun 10 02:33:17.937833 n-d-779913-11 devstack@n-api.service[114647]: DEBUG oslo_concurrency.lockutils [None req-99e24bb1-fb42-4837-8e87-ff7b31470c58 tempest-ServersWithSpecificFlavorTestJSON-1570266947 tempest-ServersWithSpecificFlavorTestJSON-1570266947-project] Lock "3a558ffc-c5f1-432a-9dcf-9c326fcb959c" released by "nova.context.set_target_cell..get_or_set_cached_cell_and_set_connections" :: held 0.001s {{(pid=114647) inner /usr/local/lib/python3.8/dist-packages/oslo_concurrency/lockutils.py:367}}
Jun 10 02:33:17.939582 n-d-779913-11 devstack@n-api.service[114647]: DEBUG oslo_concurrency.lockutils [None req-99e24bb1-fb42-4837-8e87-ff7b31470c58 tempest-ServersWithSpecificFlavorTestJSON-1570266947 tempest-ServersWithSpecificFlavorTestJSON-1570266947-project] Lock "3a558ffc-c5f1-432a-9dcf-9c326fcb959c" acquired by "nova.context.set_target_cell..get_or_set_cached_cell_and_set_connections" :: waited 0.000s {{(pid=114647) inner /usr/local/lib/python3.8/dist-packages/oslo_concurrency/lockutils.py:355}}
Jun 10 02:33:17.941215 n-d-779913-11 devstack@n-api.service[114647]: DEBUG oslo_concurrency.lockutils [None req-99e24bb1-fb42-4837-8e87-ff7b31470c58 tempest-ServersWithSpecificFlavorTestJSON-1570266947 tempest-ServersWithSpecificFlavorTestJSON-1570266947-project] Lock "3a558ffc-c5f1-432a-9dcf-9c326fcb959c" released by "nova.context.set_target_cell..get_or_set_cached_cell_and_set_connections" :: held 0.002s {{(pid=114647) inner /usr/local/lib/python3.8/dist-packages/oslo_concurrency/lockutils.py:367}}
Jun 10 02:33:18.059257 n-d-779913-11 devstack@n-api.service[114648]: DEBUG nova.policy [None req-786f480e-526f-4e5f-bcad-1c98d18b4803 tempest-DeleteServersAdminTestJSON-1921104487 tempest-DeleteServersAdminTestJSON-1921104487-project] Policy check for os_compute_api:os-extended-server-attributes failed with credentials {'is_admin': False, 'user_id': 'b26678f09a0543a7aa88798cf042814c', 'user_domain_id': 'default', 'system_scope': None, 'domain_id': None, 'project_id': 'cd12ea93ec684d47b25376b06a93c1eb', 'project_domain_id': 'default', 'roles': ['member', 'reader'], 'is_admin_project': True, 'service_user_id': None, 'service_user_domain_id': None, 'service_project_id': None, 'service_project_domain_id': None, 'service_roles': []} {{(pid=114648) authorize /opt/stack/nova/nova/policy.py:199}}
Jun 10 02:33:18.084163 n-d-779913-11 devstack@n-api.service[114648]: INFO nova.api.openstack.requestlog [None req-786f480e-526f-4e5f-bcad-1c98d18b4803 tempest-DeleteServersAdminTestJSON-1921104487 tempest-DeleteServersAdminTestJSON-1921104487-project] 10.222.0.49 "GET /compute/v2.1/servers/41c13485-fe4f-4256-a9e5-3684f26df626" status: 200 len: 1277 microversion: 2.1 time: 0.348550
Jun 10 02:33:18.087031 n-d-779913-11 devstack@n-api.service[114648]: [pid: 114648|app: 0|req: 171/335] 10.222.0.49 () {58 vars in 1236 bytes} [Thu Jun 10 02:33:17 2021] GET /compute/v2.1/servers/41c13485-fe4f-4256-a9e5-3684f26df626 => generated 1277 bytes in 352 msecs (HTTP/1.1 200) 9 headers in 358 bytes (1 switches on core 0)
Jun 10 02:33:18.120933 n-d-779913-11 devstack@n-api.service[114647]: INFO nova.api.openstack.requestlog [None req-99e24bb1-fb42-4837-8e87-ff7b31470c58 tempest-ServersWithSpecificFlavorTestJSON-1570266947 tempest-ServersWithSpecificFlavorTestJSON-1570266947-project] 10.222.0.49 "POST /compute/v2.1/servers/eaebdf8d-e146-4003-941d-54fc7470bf33/action" status: 200 len: 16399 microversion: 2.1 time: 0.208981
Jun 10 02:33:18.123419 n-d-779913-11 devstack@n-api.service[114647]: [pid: 114647|app: 0|req: 165/336] 10.222.0.49 () {60 vars in 1278 bytes} [Thu Jun 10 02:33:17 2021] POST /compute/v2.1/servers/eaebdf8d-e146-4003-941d-54fc7470bf33/action => generated 16399 bytes in 214 msecs (HTTP/1.1 200) 9 headers in 359 bytes (1 switches on core 0)
Jun 10 02:33:18.706762 n-d-779913-11 devstack@n-api.service[114648]: DEBUG nova.api.openstack.wsgi [None req-21890329-f4b4-4fa2-a6fc-8e535570e651 tempest-ServerDiagnosticsNegativeTest-749185650 tempest-ServerDiagnosticsNegativeTest-749185650-project] Calling method '>' {{(pid=114648) _process_stack /opt/stack/nova/nova/api/openstack/wsgi.py:513}}
Jun 10 02:33:18.707642 n-d-779913-11 devstack@n-api.service[114648]: DEBUG nova.compute.api [None req-21890329-f4b4-4fa2-a6fc-8e535570e651 tempest-ServerDiagnosticsNegativeTest-749185650 tempest-ServerDiagnosticsNegativeTest-749185650-project] [instance: 08ad6222-9bc6-4d74-893b-41a2b7170a99] Fetching instance by UUID {{(pid=114648) get /opt/stack/nova/nova/compute/api.py:2795}}
Jun 10 02:33:18.721234 n-d-779913-11 devstack@n-api.service[114648]: DEBUG oslo_concurrency.lockutils [None req-21890329-f4b4-4fa2-a6fc-8e535570e651 tempest-ServerDiagnosticsNegativeTest-749185650 tempest-ServerDiagnosticsNegativeTest-749185650-project] Lock "3a558ffc-c5f1-432a-9dcf-9c326fcb959c" acquired by "nova.context.set_target_cell..get_or_set_cached_cell_and_set_connections" :: waited 0.000s {{(pid=114648) inner /usr/local/lib/python3.8/dist-packages/oslo_concurrency/lockutils.py:355}}
Jun 10 02:33:18.723244 n-d-779913-11 devstack@n-api.service[114648]: DEBUG oslo_concurrency.lockutils [None req-21890329-f4b4-4fa2-a6fc-8e535570e651 tempest-ServerDiagnosticsNegativeTest-749185650 tempest-ServerDiagnosticsNegativeTest-749185650-project] Lock "3a558ffc-c5f1-432a-9dcf-9c326fcb959c" released by "nova.context.set_target_cell..get_or_set_cached_cell_and_set_connections" :: held 0.001s {{(pid=114648) inner /usr/local/lib/python3.8/dist-packages/oslo_concurrency/lockutils.py:367}}
Jun 10 02:33:18.724587 n-d-779913-11 devstack@n-api.service[114648]: DEBUG oslo_concurrency.lockutils [None req-21890329-f4b4-4fa2-a6fc-8e535570e651 tempest-ServerDiagnosticsNegativeTest-749185650 tempest-ServerDiagnosticsNegativeTest-749185650-project] Lock "3a558ffc-c5f1-432a-9dcf-9c326fcb959c" acquired by "nova.context.set_target_cell..get_or_set_cached_cell_and_set_connections" :: waited 0.000s {{(pid=114648) inner /usr/local/lib/python3.8/dist-packages/oslo_concurrency/lockutils.py:355}}
Jun 10 02:33:18.725077 n-d-779913-11 devstack@n-api.service[114648]: DEBUG oslo_concurrency.lockutils [None req-21890329-f4b4-4fa2-a6fc-8e535570e651 tempest-ServerDiagnosticsNegativeTest-749185650 tempest-ServerDiagnosticsNegativeTest-749185650-project] Lock "3a558ffc-c5f1-432a-9dcf-9c326fcb959c" released by "nova.context.set_target_cell..get_or_set_cached_cell_and_set_connections" :: held 0.001s {{(pid=114648) inner /usr/local/lib/python3.8/dist-packages/oslo_concurrency/lockutils.py:367}}
Jun 10 02:33:19.106535 n-d-779913-11 devstack@n-api.service[114647]: DEBUG nova.api.openstack.wsgi [None req-711b8caa-9323-48cc-8282-9116b1b54963 tempest-DeleteServersAdminTestJSON-1921104487 tempest-DeleteServersAdminTestJSON-1921104487-project] Calling method '>' {{(pid=114647) _process_stack /opt/stack/nova/nova/api/openstack/wsgi.py:513}}
Jun 10 02:33:19.107751 n-d-779913-11 devstack@n-api.service[114647]: DEBUG nova.compute.api [None req-711b8caa-9323-48cc-8282-9116b1b54963 tempest-DeleteServersAdminTestJSON-1921104487 tempest-DeleteServersAdminTestJSON-1921104487-project] [instance: 41c13485-fe4f-4256-a9e5-3684f26df626] Fetching instance by UUID {{(pid=114647) get /opt/stack/nova/nova/compute/api.py:2795}}
Jun 10 02:33:19.116092 n-d-779913-11 devstack@n-api.service[114647]: DEBUG oslo_concurrency.lockutils [None req-711b8caa-9323-48cc-8282-9116b1b54963 tempest-DeleteServersAdminTestJSON-1921104487 tempest-DeleteServersAdminTestJSON-1921104487-project] Lock "3a558ffc-c5f1-432a-9dcf-9c326fcb959c" acquired by "nova.context.set_target_cell..get_or_set_cached_cell_and_set_connections" :: waited 0.000s {{(pid=114647) inner /usr/local/lib/python3.8/dist-packages/oslo_concurrency/lockutils.py:355}}
Jun 10 02:33:19.116681 n-d-779913-11 devstack@n-api.service[114647]: DEBUG oslo_concurrency.lockutils [None req-711b8caa-9323-48cc-8282-9116b1b54963 tempest-DeleteServersAdminTestJSON-1921104487 tempest-DeleteServersAdminTestJSON-1921104487-project] Lock "3a558ffc-c5f1-432a-9dcf-9c326fcb959c" released by "nova.context.set_target_cell..get_or_set_cached_cell_and_set_connections" :: held 0.001s {{(pid=114647) inner /usr/local/lib/python3.8/dist-packages/oslo_concurrency/lockutils.py:367}}
Jun 10 02:33:19.117587 n-d-779913-11 devstack@n-api.service[114647]: DEBUG oslo_concurrency.lockutils [None req-711b8caa-9323-48cc-8282-9116b1b54963 tempest-DeleteServersAdminTestJSON-1921104487 tempest-DeleteServersAdminTestJSON-1921104487-project] Lock "3a558ffc-c5f1-432a-9dcf-9c326fcb959c" acquired by "nova.context.set_target_cell..get_or_set_cached_cell_and_set_connections" :: waited 0.000s {{(pid=114647) inner /usr/local/lib/python3.8/dist-packages/oslo_concurrency/lockutils.py:355}}
Jun 10 02:33:19.118218 n-d-779913-11 devstack@n-api.service[114647]: DEBUG oslo_concurrency.lockutils [None req-711b8caa-9323-48cc-8282-9116b1b54963 tempest-DeleteServersAdminTestJSON-1921104487 tempest-DeleteServersAdminTestJSON-1921104487-project] Lock "3a558ffc-c5f1-432a-9dcf-9c326fcb959c" released by "nova.context.set_target_cell..get_or_set_cached_cell_and_set_connections" :: held 0.000s {{(pid=114647) inner /usr/local/lib/python3.8/dist-packages/oslo_concurrency/lockutils.py:367}}
Jun 10 02:33:19.431188 n-d-779913-11 devstack@n-api.service[114648]: DEBUG nova.policy [None req-21890329-f4b4-4fa2-a6fc-8e535570e651 tempest-ServerDiagnosticsNegativeTest-749185650 tempest-ServerDiagnosticsNegativeTest-749185650-project] Policy check for os_compute_api:os-extended-server-attributes failed with credentials {'is_admin': False, 'user_id': 'aa448d7558ed439da1f9a21d16f128ff', 'user_domain_id': 'default', 'system_scope': None, 'domain_id': None, 'project_id': 'dd456ab92e34402b9a837f6fd153e4a3', 'project_domain_id': 'default', 'roles': ['member', 'reader'], 'is_admin_project': True, 'service_user_id': None, 'service_user_domain_id': None, 'service_project_id': None, 'service_project_domain_id': None, 'service_roles': []} {{(pid=114648) authorize /opt/stack/nova/nova/policy.py:199}}
Jun 10 02:33:19.442931 n-d-779913-11 devstack@n-api.service[114648]: INFO nova.api.openstack.requestlog [None req-21890329-f4b4-4fa2-a6fc-8e535570e651 tempest-ServerDiagnosticsNegativeTest-749185650 tempest-ServerDiagnosticsNegativeTest-749185650-project] 10.222.0.49 "GET /compute/v2.1/servers/08ad6222-9bc6-4d74-893b-41a2b7170a99" status: 200 len: 1323 microversion: 2.1 time: 0.741059
Jun 10 02:33:19.446374 n-d-779913-11 devstack@n-api.service[114648]: [pid: 114648|app: 0|req: 172/337] 10.222.0.49 () {58 vars in 1236 bytes} [Thu Jun 10 02:33:18 2021] GET /compute/v2.1/servers/08ad6222-9bc6-4d74-893b-41a2b7170a99 => generated 1323 bytes in 745 msecs (HTTP/1.1 200) 9 headers in 358 bytes (1 switches on core 0)
Jun 10 02:33:19.457111 n-d-779913-11 devstack@n-api.service[114648]: DEBUG nova.api.openstack.wsgi [None req-00ea0ea9-a47a-46a1-88d6-d7edb698d8ff tempest-ServersWithSpecificFlavorTestJSON-1570266947 tempest-ServersWithSpecificFlavorTestJSON-1570266947-project] Action: 'action', calling method: >, body: {"os-getConsoleOutput": {}} {{(pid=114648) _process_stack /opt/stack/nova/nova/api/openstack/wsgi.py:511}}
Jun 10 02:33:19.458588 n-d-779913-11 devstack@n-api.service[114648]: DEBUG nova.compute.api [None req-00ea0ea9-a47a-46a1-88d6-d7edb698d8ff tempest-ServersWithSpecificFlavorTestJSON-1570266947 tempest-ServersWithSpecificFlavorTestJSON-1570266947-project] [instance: eaebdf8d-e146-4003-941d-54fc7470bf33] Fetching instance by UUID {{(pid=114648) get /opt/stack/nova/nova/compute/api.py:2795}}
Jun 10 02:33:19.474245 n-d-779913-11 devstack@n-api.service[114648]: DEBUG oslo_concurrency.lockutils [None req-00ea0ea9-a47a-46a1-88d6-d7edb698d8ff tempest-ServersWithSpecificFlavorTestJSON-1570266947 tempest-ServersWithSpecificFlavorTestJSON-1570266947-project] Lock "3a558ffc-c5f1-432a-9dcf-9c326fcb959c" acquired by "nova.context.set_target_cell..get_or_set_cached_cell_and_set_connections" :: waited 0.000s {{(pid=114648) inner /usr/local/lib/python3.8/dist-packages/oslo_concurrency/lockutils.py:355}}
Jun 10 02:33:19.476332 n-d-779913-11 devstack@n-api.service[114648]: DEBUG oslo_concurrency.lockutils [None req-00ea0ea9-a47a-46a1-88d6-d7edb698d8ff tempest-ServersWithSpecificFlavorTestJSON-1570266947 tempest-ServersWithSpecificFlavorTestJSON-1570266947-project] Lock "3a558ffc-c5f1-432a-9dcf-9c326fcb959c" released by "nova.context.set_target_cell..get_or_set_cached_cell_and_set_connections" :: held 0.002s {{(pid=114648) inner /usr/local/lib/python3.8/dist-packages/oslo_concurrency/lockutils.py:367}}
Jun 10 02:33:19.478222 n-d-779913-11 devstack@n-api.service[114648]: DEBUG oslo_concurrency.lockutils [None req-00ea0ea9-a47a-46a1-88d6-d7edb698d8ff tempest-ServersWithSpecificFlavorTestJSON-1570266947 tempest-ServersWithSpecificFlavorTestJSON-1570266947-project] Lock "3a558ffc-c5f1-432a-9dcf-9c326fcb959c" acquired by "nova.context.set_target_cell..get_or_set_cached_cell_and_set_connections" :: waited 0.000s {{(pid=114648) inner /usr/local/lib/python3.8/dist-packages/oslo_concurrency/lockutils.py:355}}
Jun 10 02:33:19.481462 n-d-779913-11 devstack@n-api.service[114648]: DEBUG oslo_concurrency.lockutils [None req-00ea0ea9-a47a-46a1-88d6-d7edb698d8ff tempest-ServersWithSpecificFlavorTestJSON-1570266947 tempest-ServersWithSpecificFlavorTestJSON-1570266947-project] Lock "3a558ffc-c5f1-432a-9dcf-9c326fcb959c" released by "nova.context.set_target_cell..get_or_set_cached_cell_and_set_connections" :: held 0.003s {{(pid=114648) inner /usr/local/lib/python3.8/dist-packages/oslo_concurrency/lockutils.py:367}}
Jun 10 02:33:19.582070 n-d-779913-11 devstack@n-api.service[114648]: INFO nova.api.openstack.requestlog [None req-00ea0ea9-a47a-46a1-88d6-d7edb698d8ff tempest-ServersWithSpecificFlavorTestJSON-1570266947 tempest-ServersWithSpecificFlavorTestJSON-1570266947-project] 10.222.0.49 "POST /compute/v2.1/servers/eaebdf8d-e146-4003-941d-54fc7470bf33/action" status: 200 len: 16399 microversion: 2.1 time: 0.133379
Jun 10 02:33:19.583656 n-d-779913-11 devstack@n-api.service[114648]: [pid: 114648|app: 0|req: 173/338] 10.222.0.49 () {60 vars in 1278 bytes} [Thu Jun 10 02:33:19 2021] POST /compute/v2.1/servers/eaebdf8d-e146-4003-941d-54fc7470bf33/action => generated 16399 bytes in 136 msecs (HTTP/1.1 200) 9 headers in 359 bytes (1 switches on core 0)
Jun 10 02:33:19.636254 n-d-779913-11 devstack@n-api.service[114647]: DEBUG nova.policy [None req-711b8caa-9323-48cc-8282-9116b1b54963 tempest-DeleteServersAdminTestJSON-1921104487 tempest-DeleteServersAdminTestJSON-1921104487-project] Policy check for os_compute_api:os-extended-server-attributes failed with credentials {'is_admin': False, 'user_id': 'b26678f09a0543a7aa88798cf042814c', 'user_domain_id': 'default', 'system_scope': None, 'domain_id': None, 'project_id': 'cd12ea93ec684d47b25376b06a93c1eb', 'project_domain_id': 'default', 'roles': ['member', 'reader'], 'is_admin_project': True, 'service_user_id': None, 'service_user_domain_id': None, 'service_project_id': None, 'service_project_domain_id': None, 'service_roles': []} {{(pid=114647) authorize /opt/stack/nova/nova/policy.py:199}}
Jun 10 02:33:19.652644 n-d-779913-11 devstack@n-api.service[114647]: INFO nova.api.openstack.requestlog [None req-711b8caa-9323-48cc-8282-9116b1b54963 tempest-DeleteServersAdminTestJSON-1921104487 tempest-DeleteServersAdminTestJSON-1921104487-project] 10.222.0.49 "GET /compute/v2.1/servers/41c13485-fe4f-4256-a9e5-3684f26df626" status: 200 len: 1319 microversion: 2.1 time: 0.550972
Jun 10 02:33:19.654531 n-d-779913-11 devstack@n-api.service[114647]: [pid: 114647|app: 0|req: 166/339] 10.222.0.49 () {58 vars in 1236 bytes} [Thu Jun 10 02:33:19 2021] GET /compute/v2.1/servers/41c13485-fe4f-4256-a9e5-3684f26df626 => generated 1319 bytes in 555 msecs (HTTP/1.1 200) 9 headers in 358 bytes (1 switches on core 0)
Jun 10 02:33:19.942213 n-d-779913-11 devstack@n-api.service[114648]: DEBUG nova.api.openstack.wsgi [None req-1c66e588-2604-41b5-868d-efc2be9d93c0 tempest-FlavorsV261TestJSON-138193056 tempest-FlavorsV261TestJSON-138193056-project-admin] Action: 'create', calling method: >, body: {"flavor": {"ram": 512, "vcpus": 1, "disk": 10, "name": "tempest-FlavorsV261TestJSON-flavor-1545242304", "id": 822619077, "os-flavor-access:is_public": "True"}} {{(pid=114648) _process_stack /opt/stack/nova/nova/api/openstack/wsgi.py:511}}
Jun 10 02:33:19.957031 n-d-779913-11 devstack@n-api.service[114648]: /usr/local/lib/python3.8/dist-packages/oslo_policy/policy.py:1064: UserWarning: Policy os_compute_api:os-flavor-manage:create failed scope check. The token used to make the request was project scoped but the policy requires ['system'] scope. This behavior may change in the future where using the intended scope is required
Jun 10 02:33:19.957031 n-d-779913-11 devstack@n-api.service[114648]: warnings.warn(msg)
Jun 10 02:33:20.116730 n-d-779913-11 devstack@n-api.service[114648]: INFO nova.api.openstack.requestlog [None req-1c66e588-2604-41b5-868d-efc2be9d93c0 tempest-FlavorsV261TestJSON-138193056 tempest-FlavorsV261TestJSON-138193056-project-admin] 10.222.0.49 "POST /compute/v2.1/flavors" status: 200 len: 465 microversion: 2.61 time: 0.531453
Jun 10 02:33:20.117603 n-d-779913-11 devstack@n-api.service[114648]: [pid: 114648|app: 0|req: 174/340] 10.222.0.49 () {62 vars in 1188 bytes} [Thu Jun 10 02:33:19 2021] POST /compute/v2.1/flavors => generated 465 bytes in 533 msecs (HTTP/1.1 200) 9 headers in 359 bytes (1 switches on core 0)
Jun 10 02:33:20.165921 n-d-779913-11 devstack@n-api.service[114647]: DEBUG nova.api.openstack.wsgi [None req-7698d459-25cb-496a-a076-bc1761d2a615 tempest-SecurityGroupsTestAdminJSON-543344067 tempest-SecurityGroupsTestAdminJSON-543344067-project] Action: 'create', calling method: .version_select at 0x7fddf9a793a0>, body: {"security_group": {"name": "tempest-securitygroup-117457997", "description": "tempest-description-956986758"}} {{(pid=114647) _process_stack /opt/stack/nova/nova/api/openstack/wsgi.py:511}}
Jun 10 02:33:20.569205 n-d-779913-11 devstack@n-api.service[114648]: DEBUG nova.api.openstack.wsgi [None req-b39d80c2-df37-419c-94b7-8e5d383ca454 tempest-FlavorsV261TestJSON-2067965541 tempest-FlavorsV261TestJSON-2067965541-project] Calling method '>' {{(pid=114648) _process_stack /opt/stack/nova/nova/api/openstack/wsgi.py:513}}
Jun 10 02:33:20.625456 n-d-779913-11 devstack@n-api.service[114648]: INFO nova.api.openstack.requestlog [None req-b39d80c2-df37-419c-94b7-8e5d383ca454 tempest-FlavorsV261TestJSON-2067965541 tempest-FlavorsV261TestJSON-2067965541-project] 10.222.0.49 "GET /compute/v2.1/flavors/822619077" status: 200 len: 465 microversion: 2.61 time: 0.499424
Jun 10 02:33:20.630021 n-d-779913-11 devstack@n-api.service[114648]: [pid: 114648|app: 0|req: 175/341] 10.222.0.49 () {60 vars in 1196 bytes} [Thu Jun 10 02:33:20 2021] GET /compute/v2.1/flavors/822619077 => generated 465 bytes in 505 msecs (HTTP/1.1 200) 9 headers in 359 bytes (2 switches on core 0)
Jun 10 02:33:20.646503 n-d-779913-11 devstack@n-api.service[114648]: DEBUG nova.api.openstack.wsgi [req-1e3ee75a-5347-4533-9aa6-5a9ffe733231 req-9d7c0d25-38a1-4590-a885-17fef084fc25 service nova] Action: 'create', calling method: >, body: {"events": [{"name": "network-changed", "server_uuid": "41c13485-fe4f-4256-a9e5-3684f26df626", "tag": "4af155d6-add7-4688-8e37-83f18c7606f5"}]} {{(pid=114648) _process_stack /opt/stack/nova/nova/api/openstack/wsgi.py:511}}
Jun 10 02:33:20.649149 n-d-779913-11 devstack@n-api.service[114648]: /usr/local/lib/python3.8/dist-packages/oslo_policy/policy.py:1064: UserWarning: Policy os_compute_api:os-server-external-events:create failed scope check. The token used to make the request was project scoped but the policy requires ['system'] scope. This behavior may change in the future where using the intended scope is required
Jun 10 02:33:20.649149 n-d-779913-11 devstack@n-api.service[114648]: warnings.warn(msg)
Jun 10 02:33:20.665959 n-d-779913-11 devstack@n-api.service[114648]: DEBUG oslo_concurrency.lockutils [req-1e3ee75a-5347-4533-9aa6-5a9ffe733231 req-9d7c0d25-38a1-4590-a885-17fef084fc25 service nova] Lock "3a558ffc-c5f1-432a-9dcf-9c326fcb959c" acquired by "nova.context.set_target_cell..get_or_set_cached_cell_and_set_connections" :: waited 0.000s {{(pid=114648) inner /usr/local/lib/python3.8/dist-packages/oslo_concurrency/lockutils.py:355}}
Jun 10 02:33:20.667568 n-d-779913-11 devstack@n-api.service[114648]: DEBUG oslo_concurrency.lockutils [req-1e3ee75a-5347-4533-9aa6-5a9ffe733231 req-9d7c0d25-38a1-4590-a885-17fef084fc25 service nova] Lock "3a558ffc-c5f1-432a-9dcf-9c326fcb959c" released by "nova.context.set_target_cell..get_or_set_cached_cell_and_set_connections" :: held 0.001s {{(pid=114648) inner /usr/local/lib/python3.8/dist-packages/oslo_concurrency/lockutils.py:367}}
Jun 10 02:33:20.693874 n-d-779913-11 devstack@n-api.service[114648]: INFO nova.api.openstack.compute.server_external_events [req-1e3ee75a-5347-4533-9aa6-5a9ffe733231 req-9d7c0d25-38a1-4590-a885-17fef084fc25 service nova] Creating event network-changed:4af155d6-add7-4688-8e37-83f18c7606f5 for instance 41c13485-fe4f-4256-a9e5-3684f26df626 on n-h2-779913-11
Jun 10 02:33:20.699361 n-d-779913-11 devstack@n-api.service[114648]: INFO nova.api.openstack.requestlog [req-1e3ee75a-5347-4533-9aa6-5a9ffe733231 req-9d7c0d25-38a1-4590-a885-17fef084fc25 service nova] 10.222.0.49 "POST /compute/v2.1/os-server-external-events" status: 200 len: 179 microversion: 2.1 time: 0.067601
Jun 10 02:33:20.700560 n-d-779913-11 devstack@n-api.service[114648]: [pid: 114648|app: 0|req: 176/342] 10.222.0.49 () {64 vars in 1318 bytes} [Thu Jun 10 02:33:20 2021] POST /compute/v2.1/os-server-external-events => generated 179 bytes in 70 msecs (HTTP/1.1 200) 9 headers in 357 bytes (1 switches on core 0)
Jun 10 02:33:20.708015 n-d-779913-11 devstack@n-api.service[114648]: DEBUG nova.api.openstack.wsgi [None req-603a555b-c40e-4734-ab8d-607ed12eeb78 tempest-ServerDiagnosticsNegativeTest-749185650 tempest-ServerDiagnosticsNegativeTest-749185650-project] Calling method '>' {{(pid=114648) _process_stack /opt/stack/nova/nova/api/openstack/wsgi.py:513}}
Jun 10 02:33:20.709094 n-d-779913-11 devstack@n-api.service[114648]: DEBUG nova.compute.api [None req-603a555b-c40e-4734-ab8d-607ed12eeb78 tempest-ServerDiagnosticsNegativeTest-749185650 tempest-ServerDiagnosticsNegativeTest-749185650-project] [instance: 08ad6222-9bc6-4d74-893b-41a2b7170a99] Fetching instance by UUID {{(pid=114648) get /opt/stack/nova/nova/compute/api.py:2795}}
Jun 10 02:33:20.719140 n-d-779913-11 devstack@n-api.service[114648]: DEBUG oslo_concurrency.lockutils [None req-603a555b-c40e-4734-ab8d-607ed12eeb78 tempest-ServerDiagnosticsNegativeTest-749185650 tempest-ServerDiagnosticsNegativeTest-749185650-project] Lock "3a558ffc-c5f1-432a-9dcf-9c326fcb959c" acquired by "nova.context.set_target_cell..get_or_set_cached_cell_and_set_connections" :: waited 0.000s {{(pid=114648) inner /usr/local/lib/python3.8/dist-packages/oslo_concurrency/lockutils.py:355}}
Jun 10 02:33:20.719602 n-d-779913-11 devstack@n-api.service[114648]: DEBUG oslo_concurrency.lockutils [None req-603a555b-c40e-4734-ab8d-607ed12eeb78 tempest-ServerDiagnosticsNegativeTest-749185650 tempest-ServerDiagnosticsNegativeTest-749185650-project] Lock "3a558ffc-c5f1-432a-9dcf-9c326fcb959c" released by "nova.context.set_target_cell..get_or_set_cached_cell_and_set_connections" :: held 0.001s {{(pid=114648) inner /usr/local/lib/python3.8/dist-packages/oslo_concurrency/lockutils.py:367}}
Jun 10 02:33:20.720651 n-d-779913-11 devstack@n-api.service[114648]: DEBUG oslo_concurrency.lockutils [None req-603a555b-c40e-4734-ab8d-607ed12eeb78 tempest-ServerDiagnosticsNegativeTest-749185650 tempest-ServerDiagnosticsNegativeTest-749185650-project] Lock "3a558ffc-c5f1-432a-9dcf-9c326fcb959c" acquired by "nova.context.set_target_cell..get_or_set_cached_cell_and_set_connections" :: waited 0.000s {{(pid=114648) inner /usr/local/lib/python3.8/dist-packages/oslo_concurrency/lockutils.py:355}}
Jun 10 02:33:20.725675 n-d-779913-11 devstack@n-api.service[114648]: DEBUG oslo_concurrency.lockutils [None req-603a555b-c40e-4734-ab8d-607ed12eeb78 tempest-ServerDiagnosticsNegativeTest-749185650 tempest-ServerDiagnosticsNegativeTest-749185650-project] Lock "3a558ffc-c5f1-432a-9dcf-9c326fcb959c" released by "nova.context.set_target_cell..get_or_set_cached_cell_and_set_connections" :: held 0.001s {{(pid=114648) inner /usr/local/lib/python3.8/dist-packages/oslo_concurrency/lockutils.py:367}}
Jun 10 02:33:21.274535 n-d-779913-11 devstack@n-api.service[114648]: DEBUG nova.policy [None req-603a555b-c40e-4734-ab8d-607ed12eeb78 tempest-ServerDiagnosticsNegativeTest-749185650 tempest-ServerDiagnosticsNegativeTest-749185650-project] Policy check for os_compute_api:os-extended-server-attributes failed with credentials {'is_admin': False, 'user_id': 'aa448d7558ed439da1f9a21d16f128ff', 'user_domain_id': 'default', 'system_scope': None, 'domain_id': None, 'project_id': 'dd456ab92e34402b9a837f6fd153e4a3', 'project_domain_id': 'default', 'roles': ['member', 'reader'], 'is_admin_project': True, 'service_user_id': None, 'service_user_domain_id': None, 'service_project_id': None, 'service_project_domain_id': None, 'service_roles': []} {{(pid=114648) authorize /opt/stack/nova/nova/policy.py:199}}
Jun 10 02:33:21.291172 n-d-779913-11 devstack@n-api.service[114648]: INFO nova.api.openstack.requestlog [None req-603a555b-c40e-4734-ab8d-607ed12eeb78 tempest-ServerDiagnosticsNegativeTest-749185650 tempest-ServerDiagnosticsNegativeTest-749185650-project] 10.222.0.49 "GET /compute/v2.1/servers/08ad6222-9bc6-4d74-893b-41a2b7170a99" status: 200 len: 1323 microversion: 2.1 time: 0.588648
Jun 10 02:33:21.292894 n-d-779913-11 devstack@n-api.service[114648]: [pid: 114648|app: 0|req: 177/343] 10.222.0.49 () {58 vars in 1236 bytes} [Thu Jun 10 02:33:20 2021] GET /compute/v2.1/servers/08ad6222-9bc6-4d74-893b-41a2b7170a99 => generated 1323 bytes in 592 msecs (HTTP/1.1 200) 9 headers in 358 bytes (1 switches on core 0)
Jun 10 02:33:21.302407 n-d-779913-11 devstack@n-api.service[114648]: DEBUG nova.api.openstack.wsgi [None req-5fe030a4-f014-4fbe-a3ad-d7aad5ba38ee tempest-ServersWithSpecificFlavorTestJSON-1570266947 tempest-ServersWithSpecificFlavorTestJSON-1570266947-project] Action: 'action', calling method: >, body: {"os-getConsoleOutput": {}} {{(pid=114648) _process_stack /opt/stack/nova/nova/api/openstack/wsgi.py:511}}
Jun 10 02:33:21.303728 n-d-779913-11 devstack@n-api.service[114648]: DEBUG nova.compute.api [None req-5fe030a4-f014-4fbe-a3ad-d7aad5ba38ee tempest-ServersWithSpecificFlavorTestJSON-1570266947 tempest-ServersWithSpecificFlavorTestJSON-1570266947-project] [instance: eaebdf8d-e146-4003-941d-54fc7470bf33] Fetching instance by UUID {{(pid=114648) get /opt/stack/nova/nova/compute/api.py:2795}}
Jun 10 02:33:21.317978 n-d-779913-11 devstack@n-api.service[114648]: DEBUG oslo_concurrency.lockutils [None req-5fe030a4-f014-4fbe-a3ad-d7aad5ba38ee tempest-ServersWithSpecificFlavorTestJSON-1570266947 tempest-ServersWithSpecificFlavorTestJSON-1570266947-project] Lock "3a558ffc-c5f1-432a-9dcf-9c326fcb959c" acquired by "nova.context.set_target_cell..get_or_set_cached_cell_and_set_connections" :: waited 0.000s {{(pid=114648) inner /usr/local/lib/python3.8/dist-packages/oslo_concurrency/lockutils.py:355}}
Jun 10 02:33:21.319112 n-d-779913-11 devstack@n-api.service[114648]: DEBUG oslo_concurrency.lockutils [None req-5fe030a4-f014-4fbe-a3ad-d7aad5ba38ee tempest-ServersWithSpecificFlavorTestJSON-1570266947 tempest-ServersWithSpecificFlavorTestJSON-1570266947-project] Lock "3a558ffc-c5f1-432a-9dcf-9c326fcb959c" released by "nova.context.set_target_cell..get_or_set_cached_cell_and_set_connections" :: held 0.001s {{(pid=114648) inner /usr/local/lib/python3.8/dist-packages/oslo_concurrency/lockutils.py:367}}
Jun 10 02:33:21.322015 n-d-779913-11 devstack@n-api.service[114648]: DEBUG oslo_concurrency.lockutils [None req-5fe030a4-f014-4fbe-a3ad-d7aad5ba38ee tempest-ServersWithSpecificFlavorTestJSON-1570266947 tempest-ServersWithSpecificFlavorTestJSON-1570266947-project] Lock "3a558ffc-c5f1-432a-9dcf-9c326fcb959c" acquired by "nova.context.set_target_cell..get_or_set_cached_cell_and_set_connections" :: waited 0.001s {{(pid=114648) inner /usr/local/lib/python3.8/dist-packages/oslo_concurrency/lockutils.py:355}}
Jun 10 02:33:21.323527 n-d-779913-11 devstack@n-api.service[114648]: DEBUG oslo_concurrency.lockutils [None req-5fe030a4-f014-4fbe-a3ad-d7aad5ba38ee tempest-ServersWithSpecificFlavorTestJSON-1570266947 tempest-ServersWithSpecificFlavorTestJSON-1570266947-project] Lock "3a558ffc-c5f1-432a-9dcf-9c326fcb959c" released by "nova.context.set_target_cell..get_or_set_cached_cell_and_set_connections" :: held 0.002s {{(pid=114648) inner /usr/local/lib/python3.8/dist-packages/oslo_concurrency/lockutils.py:367}}
Jun 10 02:33:21.493218 n-d-779913-11 devstack@n-api.service[114648]: INFO nova.api.openstack.requestlog [None req-5fe030a4-f014-4fbe-a3ad-d7aad5ba38ee tempest-ServersWithSpecificFlavorTestJSON-1570266947 tempest-ServersWithSpecificFlavorTestJSON-1570266947-project] 10.222.0.49 "POST /compute/v2.1/servers/eaebdf8d-e146-4003-941d-54fc7470bf33/action" status: 200 len: 24573 microversion: 2.1 time: 0.197024
Jun 10 02:33:21.500353 n-d-779913-11 devstack@n-api.service[114648]: [pid: 114648|app: 0|req: 178/344] 10.222.0.49 () {60 vars in 1278 bytes} [Thu Jun 10 02:33:21 2021] POST /compute/v2.1/servers/eaebdf8d-e146-4003-941d-54fc7470bf33/action => generated 24573 bytes in 206 msecs (HTTP/1.1 200) 9 headers in 359 bytes (1 switches on core 0)
Jun 10 02:33:21.506290 n-d-779913-11 devstack@n-api.service[114647]: INFO nova.api.openstack.requestlog [None req-7698d459-25cb-496a-a076-bc1761d2a615 tempest-SecurityGroupsTestAdminJSON-543344067 tempest-SecurityGroupsTestAdminJSON-543344067-project] 10.222.0.49 "POST /compute/v2.1/os-security-groups" status: 200 len: 219 microversion: 2.1 time: 1.634000
Jun 10 02:33:21.509181 n-d-779913-11 devstack@n-api.service[114647]: [pid: 114647|app: 0|req: 167/345] 10.222.0.49 () {60 vars in 1180 bytes} [Thu Jun 10 02:33:19 2021] POST /compute/v2.1/os-security-groups => generated 219 bytes in 1638 msecs (HTTP/1.1 200) 9 headers in 357 bytes (2 switches on core 0)
Jun 10 02:33:21.518455 n-d-779913-11 devstack@n-api.service[114648]: DEBUG nova.api.openstack.wsgi [None req-27a88160-01ae-4675-a75f-b1c1e2d1a7c2 tempest-FlavorsV261TestJSON-138193056 tempest-FlavorsV261TestJSON-138193056-project-admin] Action: 'update', calling method: .version_select at 0x7fddfbad8040>, body: {"flavor": {"description": "new"}} {{(pid=114648) _process_stack /opt/stack/nova/nova/api/openstack/wsgi.py:511}}
Jun 10 02:33:21.524521 n-d-779913-11 devstack@n-api.service[114647]: DEBUG nova.api.openstack.wsgi [None req-a03e87e2-9835-44e7-8c68-bdf2176860de tempest-DeleteServersAdminTestJSON-1921104487 tempest-DeleteServersAdminTestJSON-1921104487-project] Calling method '>' {{(pid=114647) _process_stack /opt/stack/nova/nova/api/openstack/wsgi.py:513}}
Jun 10 02:33:21.528796 n-d-779913-11 devstack@n-api.service[114647]: DEBUG nova.compute.api [None req-a03e87e2-9835-44e7-8c68-bdf2176860de tempest-DeleteServersAdminTestJSON-1921104487 tempest-DeleteServersAdminTestJSON-1921104487-project] [instance: 41c13485-fe4f-4256-a9e5-3684f26df626] Fetching instance by UUID {{(pid=114647) get /opt/stack/nova/nova/compute/api.py:2795}}
