Nov 09 12:02:32.869116 n-d-779275-4 devstack@n-api.service[129465]: DEBUG oslo_concurrency.lockutils [None req-d819b517-3191-49a2-826c-de3861ddbb13 tempest-LiveMigrationTest-1747563562 tempest-LiveMigrationTest-1747563562-project] Lock "4940a8b1-bd93-460b-95f6-50de5c30163f" "released" by "nova.context.set_target_cell..get_or_set_cached_cell_and_set_connections" :: held 0.001s {{(pid=129465) inner /usr/local/lib/python3.8/dist-packages/oslo_concurrency/lockutils.py:400}}
Nov 09 12:02:32.869892 n-d-779275-4 devstack@n-api.service[129465]: DEBUG oslo_concurrency.lockutils [None req-d819b517-3191-49a2-826c-de3861ddbb13 tempest-LiveMigrationTest-1747563562 tempest-LiveMigrationTest-1747563562-project] Lock "4940a8b1-bd93-460b-95f6-50de5c30163f" acquired by "nova.context.set_target_cell..get_or_set_cached_cell_and_set_connections" :: waited 0.000s {{(pid=129465) inner /usr/local/lib/python3.8/dist-packages/oslo_concurrency/lockutils.py:386}}
Nov 09 12:02:32.874731 n-d-779275-4 devstack@n-api.service[129465]: DEBUG oslo_concurrency.lockutils [None req-d819b517-3191-49a2-826c-de3861ddbb13 tempest-LiveMigrationTest-1747563562 tempest-LiveMigrationTest-1747563562-project] Lock "4940a8b1-bd93-460b-95f6-50de5c30163f" "released" by "nova.context.set_target_cell..get_or_set_cached_cell_and_set_connections" :: held 0.005s {{(pid=129465) inner /usr/local/lib/python3.8/dist-packages/oslo_concurrency/lockutils.py:400}}
Nov 09 12:02:33.107672 n-d-779275-4 devstack@n-api.service[129464]: INFO nova.api.openstack.requestlog [None req-a632fa12-0844-457f-adf4-e9ff4c0ce8a0 tempest-AggregatesAdminTestJSON-490047879 tempest-AggregatesAdminTestJSON-490047879-project-admin] 10.222.0.62 "POST /compute/v2.1/os-aggregates/10/action" status: 200 len: 227 microversion: 2.1 time: 0.337074
Nov 09 12:02:33.108562 n-d-779275-4 devstack@n-api.service[129464]: [pid: 129464|app: 0|req: 112/260] 10.222.0.62 () {60 vars in 1193 bytes} [Tue Nov 9 12:02:32 2021] POST /compute/v2.1/os-aggregates/10/action => generated 227 bytes in 339 msecs (HTTP/1.1 200) 9 headers in 357 bytes (1 switches on core 0)
Nov 09 12:02:33.118700 n-d-779275-4 devstack@n-api.service[129464]: DEBUG nova.api.openstack.wsgi [None req-8efa2e00-4b6c-480f-856e-8b4bee73871e tempest-AggregatesAdminTestJSON-490047879 tempest-AggregatesAdminTestJSON-490047879-project-admin] Calling method '>' {{(pid=129464) _process_stack /opt/stack/nova/nova/api/openstack/wsgi.py:513}}
Nov 09 12:02:33.121669 n-d-779275-4 devstack@n-api.service[129464]: /usr/local/lib/python3.8/dist-packages/oslo_policy/policy.py:1075: UserWarning: Policy os_compute_api:os-aggregates:delete failed scope check. The token used to make the request was project scoped but the policy requires ['system'] scope. This behavior may change in the future where using the intended scope is required
Nov 09 12:02:33.121669 n-d-779275-4 devstack@n-api.service[129464]: warnings.warn(msg)
Nov 09 12:02:33.186784 n-d-779275-4 devstack@n-api.service[129465]: DEBUG nova.policy [None req-d819b517-3191-49a2-826c-de3861ddbb13 tempest-LiveMigrationTest-1747563562 tempest-LiveMigrationTest-1747563562-project] Policy check for os_compute_api:os-extended-server-attributes failed with credentials {'is_admin': False, 'user_id': 'fdbe0e8741494806847284234b92718e', 'user_domain_id': 'default', 'system_scope': None, 'domain_id': None, 'project_id': '43147b14b3b94b6f84550115b613ebe2', 'project_domain_id': 'default', 'roles': ['member', 'reader'], 'is_admin_project': True, 'service_user_id': None, 'service_user_domain_id': None, 'service_project_id': None, 'service_project_domain_id': None, 'service_roles': []} {{(pid=129465) authorize /opt/stack/nova/nova/policy.py:199}}
Nov 09 12:02:33.194642 n-d-779275-4 devstack@n-api.service[129465]: INFO nova.api.openstack.requestlog [None req-d819b517-3191-49a2-826c-de3861ddbb13 tempest-LiveMigrationTest-1747563562 tempest-LiveMigrationTest-1747563562-project] 10.222.0.62 "GET /compute/v2.1/servers/4144965b-30dc-4073-a97b-e639cfafc148" status: 200 len: 1310 microversion: 2.1 time: 0.338935
Nov 09 12:02:33.195236 n-d-779275-4 devstack@n-api.service[129465]: [pid: 129465|app: 0|req: 149/261] 10.222.0.62 () {58 vars in 1235 bytes} [Tue Nov 9 12:02:32 2021] GET /compute/v2.1/servers/4144965b-30dc-4073-a97b-e639cfafc148 => generated 1310 bytes in 340 msecs (HTTP/1.1 200) 9 headers in 358 bytes (1 switches on core 0)
Nov 09 12:02:33.207650 n-d-779275-4 devstack@n-api.service[129464]: INFO nova.api.openstack.requestlog [None req-8efa2e00-4b6c-480f-856e-8b4bee73871e tempest-AggregatesAdminTestJSON-490047879 tempest-AggregatesAdminTestJSON-490047879-project-admin] 10.222.0.62 "DELETE /compute/v2.1/os-aggregates/10" status: 200 len: 0 microversion: 2.1 time: 0.092778
Nov 09 12:02:33.208552 n-d-779275-4 devstack@n-api.service[129464]: [pid: 129464|app: 0|req: 113/262] 10.222.0.62 () {58 vars in 1154 bytes} [Tue Nov 9 12:02:33 2021] DELETE /compute/v2.1/os-aggregates/10 => generated 0 bytes in 94 msecs (HTTP/1.1 200) 9 headers in 355 bytes (2 switches on core 0)
Nov 09 12:02:33.228164 n-d-779275-4 devstack@n-api.service[129465]: DEBUG nova.api.openstack.wsgi [None req-3a7eebd1-900b-4971-915b-a9d7b7d3c668 tempest-AggregatesAdminTestJSON-490047879 tempest-AggregatesAdminTestJSON-490047879-project-admin] Action: 'create', calling method: >, body: {"aggregate": {"name": "tempest-test_aggregate-1958916804"}} {{(pid=129465) _process_stack /opt/stack/nova/nova/api/openstack/wsgi.py:511}}
Nov 09 12:02:33.230044 n-d-779275-4 devstack@n-api.service[129465]: /usr/local/lib/python3.8/dist-packages/oslo_policy/policy.py:1075: UserWarning: Policy os_compute_api:os-aggregates:create failed scope check. The token used to make the request was project scoped but the policy requires ['system'] scope. This behavior may change in the future where using the intended scope is required
Nov 09 12:02:33.230044 n-d-779275-4 devstack@n-api.service[129465]: warnings.warn(msg)
Nov 09 12:02:33.231351 n-d-779275-4 devstack@n-api.service[129465]: DEBUG nova.objects.aggregate [None req-3a7eebd1-900b-4971-915b-a9d7b7d3c668 tempest-AggregatesAdminTestJSON-490047879 tempest-AggregatesAdminTestJSON-490047879-project-admin] Generated uuid 840bb281-f63c-4a39-a1ac-4edef67b593e for aggregate {{(pid=129465) create /opt/stack/nova/nova/objects/aggregate.py:298}}
Nov 09 12:02:33.258866 n-d-779275-4 devstack@n-api.service[129464]: DEBUG nova.api.openstack.wsgi [None req-991f8530-d9e0-44d8-a478-d4235c0d03f6 tempest-HostsAdminTestJSON-336641569 tempest-HostsAdminTestJSON-336641569-project-admin] Calling method '.version_select at 0x7fc409be3310>' {{(pid=129464) _process_stack /opt/stack/nova/nova/api/openstack/wsgi.py:513}}
Nov 09 12:02:33.260125 n-d-779275-4 devstack@n-api.service[129464]: /usr/local/lib/python3.8/dist-packages/oslo_policy/policy.py:1075: UserWarning: Policy os_compute_api:os-hosts:list failed scope check. The token used to make the request was project scoped but the policy requires ['system'] scope. This behavior may change in the future where using the intended scope is required
Nov 09 12:02:33.260125 n-d-779275-4 devstack@n-api.service[129464]: warnings.warn(msg)
Nov 09 12:02:33.261761 n-d-779275-4 devstack@n-api.service[129464]: DEBUG oslo_concurrency.lockutils [None req-991f8530-d9e0-44d8-a478-d4235c0d03f6 tempest-HostsAdminTestJSON-336641569 tempest-HostsAdminTestJSON-336641569-project-admin] Lock "00000000-0000-0000-0000-000000000000" acquired by "nova.context.set_target_cell..get_or_set_cached_cell_and_set_connections" :: waited 0.000s {{(pid=129464) inner /usr/local/lib/python3.8/dist-packages/oslo_concurrency/lockutils.py:386}}
Nov 09 12:02:33.262318 n-d-779275-4 devstack@n-api.service[129464]: DEBUG oslo_concurrency.lockutils [None req-991f8530-d9e0-44d8-a478-d4235c0d03f6 tempest-HostsAdminTestJSON-336641569 tempest-HostsAdminTestJSON-336641569-project-admin] Lock "00000000-0000-0000-0000-000000000000" "released" by "nova.context.set_target_cell..get_or_set_cached_cell_and_set_connections" :: held 0.001s {{(pid=129464) inner /usr/local/lib/python3.8/dist-packages/oslo_concurrency/lockutils.py:400}}
Nov 09 12:02:33.263371 n-d-779275-4 devstack@n-api.service[129464]: DEBUG oslo_concurrency.lockutils [None req-991f8530-d9e0-44d8-a478-d4235c0d03f6 tempest-HostsAdminTestJSON-336641569 tempest-HostsAdminTestJSON-336641569-project-admin] Lock "4940a8b1-bd93-460b-95f6-50de5c30163f" acquired by "nova.context.set_target_cell..get_or_set_cached_cell_and_set_connections" :: waited 0.000s {{(pid=129464) inner /usr/local/lib/python3.8/dist-packages/oslo_concurrency/lockutils.py:386}}
Nov 09 12:02:33.263924 n-d-779275-4 devstack@n-api.service[129464]: DEBUG oslo_concurrency.lockutils [None req-991f8530-d9e0-44d8-a478-d4235c0d03f6 tempest-HostsAdminTestJSON-336641569 tempest-HostsAdminTestJSON-336641569-project-admin] Lock "4940a8b1-bd93-460b-95f6-50de5c30163f" "released" by "nova.context.set_target_cell..get_or_set_cached_cell_and_set_connections" :: held 0.001s {{(pid=129464) inner /usr/local/lib/python3.8/dist-packages/oslo_concurrency/lockutils.py:400}}
Nov 09 12:02:33.291643 n-d-779275-4 devstack@n-api.service[129464]: INFO nova.api.openstack.requestlog [None req-991f8530-d9e0-44d8-a478-d4235c0d03f6 tempest-HostsAdminTestJSON-336641569 tempest-HostsAdminTestJSON-336641569-project-admin] 10.222.0.62 "GET /compute/v2.1/os-hosts" status: 200 len: 376 microversion: 2.1 time: 0.036494
Nov 09 12:02:33.292918 n-d-779275-4 devstack@n-api.service[129464]: [pid: 129464|app: 0|req: 114/263] 10.222.0.62 () {58 vars in 1127 bytes} [Tue Nov 9 12:02:33 2021] GET /compute/v2.1/os-hosts => generated 376 bytes in 38 msecs (HTTP/1.1 200) 9 headers in 357 bytes (2 switches on core 0)
Nov 09 12:02:33.297480 n-d-779275-4 devstack@n-api.service[129464]: DEBUG nova.api.openstack.wsgi [None req-c1ec5de0-3f23-460e-8931-da8282bda0fc tempest-LiveAutoBlockMigrationV225Test-396422555 tempest-LiveAutoBlockMigrationV225Test-396422555-project] Calling method '>' {{(pid=129464) _process_stack /opt/stack/nova/nova/api/openstack/wsgi.py:513}}
Nov 09 12:02:33.298126 n-d-779275-4 devstack@n-api.service[129464]: DEBUG nova.compute.api [None req-c1ec5de0-3f23-460e-8931-da8282bda0fc tempest-LiveAutoBlockMigrationV225Test-396422555 tempest-LiveAutoBlockMigrationV225Test-396422555-project] [instance: 1728acf5-67ec-4954-82b5-bd628596f999] Fetching instance by UUID {{(pid=129464) get /opt/stack/nova/nova/compute/api.py:2865}}
Nov 09 12:02:33.304139 n-d-779275-4 devstack@n-api.service[129464]: DEBUG oslo_concurrency.lockutils [None req-c1ec5de0-3f23-460e-8931-da8282bda0fc tempest-LiveAutoBlockMigrationV225Test-396422555 tempest-LiveAutoBlockMigrationV225Test-396422555-project] Lock "4940a8b1-bd93-460b-95f6-50de5c30163f" acquired by "nova.context.set_target_cell..get_or_set_cached_cell_and_set_connections" :: waited 0.000s {{(pid=129464) inner /usr/local/lib/python3.8/dist-packages/oslo_concurrency/lockutils.py:386}}
Nov 09 12:02:33.304576 n-d-779275-4 devstack@n-api.service[129464]: DEBUG oslo_concurrency.lockutils [None req-c1ec5de0-3f23-460e-8931-da8282bda0fc tempest-LiveAutoBlockMigrationV225Test-396422555 tempest-LiveAutoBlockMigrationV225Test-396422555-project] Lock "4940a8b1-bd93-460b-95f6-50de5c30163f" "released" by "nova.context.set_target_cell..get_or_set_cached_cell_and_set_connections" :: held 0.001s {{(pid=129464) inner /usr/local/lib/python3.8/dist-packages/oslo_concurrency/lockutils.py:400}}
Nov 09 12:02:33.305353 n-d-779275-4 devstack@n-api.service[129464]: DEBUG oslo_concurrency.lockutils [None req-c1ec5de0-3f23-460e-8931-da8282bda0fc tempest-LiveAutoBlockMigrationV225Test-396422555 tempest-LiveAutoBlockMigrationV225Test-396422555-project] Lock "4940a8b1-bd93-460b-95f6-50de5c30163f" acquired by "nova.context.set_target_cell..get_or_set_cached_cell_and_set_connections" :: waited 0.000s {{(pid=129464) inner /usr/local/lib/python3.8/dist-packages/oslo_concurrency/lockutils.py:386}}
Nov 09 12:02:33.305785 n-d-779275-4 devstack@n-api.service[129464]: DEBUG oslo_concurrency.lockutils [None req-c1ec5de0-3f23-460e-8931-da8282bda0fc tempest-LiveAutoBlockMigrationV225Test-396422555 tempest-LiveAutoBlockMigrationV225Test-396422555-project] Lock "4940a8b1-bd93-460b-95f6-50de5c30163f" "released" by "nova.context.set_target_cell..get_or_set_cached_cell_and_set_connections" :: held 0.000s {{(pid=129464) inner /usr/local/lib/python3.8/dist-packages/oslo_concurrency/lockutils.py:400}}
Nov 09 12:02:33.342120 n-d-779275-4 devstack@n-api.service[129465]: INFO nova.api.openstack.requestlog [None req-3a7eebd1-900b-4971-915b-a9d7b7d3c668 tempest-AggregatesAdminTestJSON-490047879 tempest-AggregatesAdminTestJSON-490047879-project-admin] 10.222.0.62 "POST /compute/v2.1/os-aggregates" status: 200 len: 199 microversion: 2.1 time: 0.118643
Nov 09 12:02:33.343003 n-d-779275-4 devstack@n-api.service[129465]: [pid: 129465|app: 0|req: 150/264] 10.222.0.62 () {60 vars in 1163 bytes} [Tue Nov 9 12:02:33 2021] POST /compute/v2.1/os-aggregates => generated 199 bytes in 121 msecs (HTTP/1.1 200) 9 headers in 357 bytes (1 switches on core 0)
Nov 09 12:02:33.353519 n-d-779275-4 devstack@n-api.service[129465]: DEBUG nova.api.openstack.wsgi [None req-e0e94456-5356-4676-9727-9c1391a0a9c3 tempest-HostsAdminTestJSON-336641569 tempest-HostsAdminTestJSON-336641569-project-admin] Calling method '.version_select at 0x7fc409b75430>' {{(pid=129465) _process_stack /opt/stack/nova/nova/api/openstack/wsgi.py:513}}
Nov 09 12:02:33.356841 n-d-779275-4 devstack@n-api.service[129465]: /usr/local/lib/python3.8/dist-packages/oslo_policy/policy.py:1075: UserWarning: Policy os_compute_api:os-hosts:list failed scope check. The token used to make the request was project scoped but the policy requires ['system'] scope. This behavior may change in the future where using the intended scope is required
Nov 09 12:02:33.356841 n-d-779275-4 devstack@n-api.service[129465]: warnings.warn(msg)
Nov 09 12:02:33.361103 n-d-779275-4 devstack@n-api.service[129465]: DEBUG oslo_concurrency.lockutils [None req-e0e94456-5356-4676-9727-9c1391a0a9c3 tempest-HostsAdminTestJSON-336641569 tempest-HostsAdminTestJSON-336641569-project-admin] Lock "00000000-0000-0000-0000-000000000000" acquired by "nova.context.set_target_cell..get_or_set_cached_cell_and_set_connections" :: waited 0.000s {{(pid=129465) inner /usr/local/lib/python3.8/dist-packages/oslo_concurrency/lockutils.py:386}}
Nov 09 12:02:33.361648 n-d-779275-4 devstack@n-api.service[129465]: DEBUG oslo_concurrency.lockutils [None req-e0e94456-5356-4676-9727-9c1391a0a9c3 tempest-HostsAdminTestJSON-336641569 tempest-HostsAdminTestJSON-336641569-project-admin] Lock "00000000-0000-0000-0000-000000000000" "released" by "nova.context.set_target_cell..get_or_set_cached_cell_and_set_connections" :: held 0.003s {{(pid=129465) inner /usr/local/lib/python3.8/dist-packages/oslo_concurrency/lockutils.py:400}}
Nov 09 12:02:33.363862 n-d-779275-4 devstack@n-api.service[129465]: DEBUG oslo_concurrency.lockutils [None req-e0e94456-5356-4676-9727-9c1391a0a9c3 tempest-HostsAdminTestJSON-336641569 tempest-HostsAdminTestJSON-336641569-project-admin] Lock "4940a8b1-bd93-460b-95f6-50de5c30163f" acquired by "nova.context.set_target_cell..get_or_set_cached_cell_and_set_connections" :: waited 0.000s {{(pid=129465) inner /usr/local/lib/python3.8/dist-packages/oslo_concurrency/lockutils.py:386}}
Nov 09 12:02:33.365653 n-d-779275-4 devstack@n-api.service[129465]: DEBUG oslo_concurrency.lockutils [None req-e0e94456-5356-4676-9727-9c1391a0a9c3 tempest-HostsAdminTestJSON-336641569 tempest-HostsAdminTestJSON-336641569-project-admin] Lock "4940a8b1-bd93-460b-95f6-50de5c30163f" "released" by "nova.context.set_target_cell..get_or_set_cached_cell_and_set_connections" :: held 0.003s {{(pid=129465) inner /usr/local/lib/python3.8/dist-packages/oslo_concurrency/lockutils.py:400}}
Nov 09 12:02:33.373256 n-d-779275-4 devstack@n-api.service[129464]: DEBUG nova.policy [None req-c1ec5de0-3f23-460e-8931-da8282bda0fc tempest-LiveAutoBlockMigrationV225Test-396422555 tempest-LiveAutoBlockMigrationV225Test-396422555-project] Policy check for os_compute_api:os-extended-server-attributes failed with credentials {'is_admin': False, 'user_id': '1f6660e83d7344869e699edc519e3daa', 'user_domain_id': 'default', 'system_scope': None, 'domain_id': None, 'project_id': 'a18c7b3685644b77ba4aabe487342b22', 'project_domain_id': 'default', 'roles': ['member', 'reader'], 'is_admin_project': True, 'service_user_id': None, 'service_user_domain_id': None, 'service_project_id': None, 'service_project_domain_id': None, 'service_roles': []} {{(pid=129464) authorize /opt/stack/nova/nova/policy.py:199}}
Nov 09 12:02:33.382546 n-d-779275-4 devstack@n-api.service[129464]: DEBUG nova.policy [None req-c1ec5de0-3f23-460e-8931-da8282bda0fc tempest-LiveAutoBlockMigrationV225Test-396422555 tempest-LiveAutoBlockMigrationV225Test-396422555-project] Policy check for os_compute_api:servers:show:host_status failed with credentials {'is_admin': False, 'user_id': '1f6660e83d7344869e699edc519e3daa', 'user_domain_id': 'default', 'system_scope': None, 'domain_id': None, 'project_id': 'a18c7b3685644b77ba4aabe487342b22', 'project_domain_id': 'default', 'roles': ['member', 'reader'], 'is_admin_project': True, 'service_user_id': None, 'service_user_domain_id': None, 'service_project_id': None, 'service_project_domain_id': None, 'service_roles': []} {{(pid=129464) authorize /opt/stack/nova/nova/policy.py:199}}
Nov 09 12:02:33.384209 n-d-779275-4 devstack@n-api.service[129464]: DEBUG nova.policy [None req-c1ec5de0-3f23-460e-8931-da8282bda0fc tempest-LiveAutoBlockMigrationV225Test-396422555 tempest-LiveAutoBlockMigrationV225Test-396422555-project] Policy check for os_compute_api:servers:show:host_status:unknown-only failed with credentials {'is_admin': False, 'user_id': '1f6660e83d7344869e699edc519e3daa', 'user_domain_id': 'default', 'system_scope': None, 'domain_id': None, 'project_id': 'a18c7b3685644b77ba4aabe487342b22', 'project_domain_id': 'default', 'roles': ['member', 'reader'], 'is_admin_project': True, 'service_user_id': None, 'service_user_domain_id': None, 'service_project_id': None, 'service_project_domain_id': None, 'service_roles': []} {{(pid=129464) authorize /opt/stack/nova/nova/policy.py:199}}
Nov 09 12:02:33.385489 n-d-779275-4 devstack@n-api.service[129464]: INFO nova.api.openstack.requestlog [None req-c1ec5de0-3f23-460e-8931-da8282bda0fc tempest-LiveAutoBlockMigrationV225Test-396422555 tempest-LiveAutoBlockMigrationV225Test-396422555-project] 10.222.0.62 "GET /compute/v2.1/servers/1728acf5-67ec-4954-82b5-bd628596f999" status: 200 len: 1313 microversion: 2.25 time: 0.091771
Nov 09 12:02:33.386313 n-d-779275-4 devstack@n-api.service[129464]: [pid: 129464|app: 0|req: 115/265] 10.222.0.62 () {60 vars in 1276 bytes} [Tue Nov 9 12:02:33 2021] GET /compute/v2.1/servers/1728acf5-67ec-4954-82b5-bd628596f999 => generated 1313 bytes in 93 msecs (HTTP/1.1 200) 9 headers in 360 bytes (1 switches on core 0)
Nov 09 12:02:33.396528 n-d-779275-4 devstack@n-api.service[129465]: INFO nova.api.openstack.requestlog [None req-e0e94456-5356-4676-9727-9c1391a0a9c3 tempest-HostsAdminTestJSON-336641569 tempest-HostsAdminTestJSON-336641569-project-admin] 10.222.0.62 "GET /compute/v2.1/os-hosts?zone=internal" status: 200 len: 236 microversion: 2.1 time: 0.049664
Nov 09 12:02:33.401707 n-d-779275-4 devstack@n-api.service[129465]: [pid: 129465|app: 0|req: 151/266] 10.222.0.62 () {58 vars in 1154 bytes} [Tue Nov 9 12:02:33 2021] GET /compute/v2.1/os-hosts?zone=internal => generated 236 bytes in 57 msecs (HTTP/1.1 200) 9 headers in 357 bytes (1 switches on core 0)
Nov 09 12:02:33.403441 n-d-779275-4 devstack@n-api.service[129464]: DEBUG nova.api.openstack.wsgi [None req-80e5be45-cb42-4b48-ba49-bba2cddc4c3f tempest-ServersWithSpecificFlavorTestJSON-670319495 tempest-ServersWithSpecificFlavorTestJSON-670319495-project] Calling method '>' {{(pid=129464) _process_stack /opt/stack/nova/nova/api/openstack/wsgi.py:513}}
Nov 09 12:02:33.404274 n-d-779275-4 devstack@n-api.service[129464]: DEBUG nova.compute.api [None req-80e5be45-cb42-4b48-ba49-bba2cddc4c3f tempest-ServersWithSpecificFlavorTestJSON-670319495 tempest-ServersWithSpecificFlavorTestJSON-670319495-project] [instance: 2c4bcca5-39b9-4765-a7cf-2243d6fcc6d6] Fetching instance by UUID {{(pid=129464) get /opt/stack/nova/nova/compute/api.py:2865}}
Nov 09 12:02:33.406524 n-d-779275-4 devstack@n-api.service[129465]: DEBUG nova.api.openstack.wsgi [None req-05216021-cc81-45b9-a0d2-ee3718469565 tempest-AggregatesAdminTestJSON-490047879 tempest-AggregatesAdminTestJSON-490047879-project-admin] Calling method '>' {{(pid=129465) _process_stack /opt/stack/nova/nova/api/openstack/wsgi.py:513}}
Nov 09 12:02:33.407296 n-d-779275-4 devstack@n-api.service[129465]: /usr/local/lib/python3.8/dist-packages/oslo_policy/policy.py:1075: UserWarning: Policy os_compute_api:os-aggregates:delete failed scope check. The token used to make the request was project scoped but the policy requires ['system'] scope. This behavior may change in the future where using the intended scope is required
Nov 09 12:02:33.407296 n-d-779275-4 devstack@n-api.service[129465]: warnings.warn(msg)
Nov 09 12:02:33.413426 n-d-779275-4 devstack@n-api.service[129464]: DEBUG oslo_concurrency.lockutils [None req-80e5be45-cb42-4b48-ba49-bba2cddc4c3f tempest-ServersWithSpecificFlavorTestJSON-670319495 tempest-ServersWithSpecificFlavorTestJSON-670319495-project] Lock "4940a8b1-bd93-460b-95f6-50de5c30163f" acquired by "nova.context.set_target_cell..get_or_set_cached_cell_and_set_connections" :: waited 0.000s {{(pid=129464) inner /usr/local/lib/python3.8/dist-packages/oslo_concurrency/lockutils.py:386}}
Nov 09 12:02:33.414176 n-d-779275-4 devstack@n-api.service[129464]: DEBUG oslo_concurrency.lockutils [None req-80e5be45-cb42-4b48-ba49-bba2cddc4c3f tempest-ServersWithSpecificFlavorTestJSON-670319495 tempest-ServersWithSpecificFlavorTestJSON-670319495-project] Lock "4940a8b1-bd93-460b-95f6-50de5c30163f" "released" by "nova.context.set_target_cell..get_or_set_cached_cell_and_set_connections" :: held 0.001s {{(pid=129464) inner /usr/local/lib/python3.8/dist-packages/oslo_concurrency/lockutils.py:400}}
Nov 09 12:02:33.415650 n-d-779275-4 devstack@n-api.service[129464]: DEBUG oslo_concurrency.lockutils [None req-80e5be45-cb42-4b48-ba49-bba2cddc4c3f tempest-ServersWithSpecificFlavorTestJSON-670319495 tempest-ServersWithSpecificFlavorTestJSON-670319495-project] Lock "4940a8b1-bd93-460b-95f6-50de5c30163f" acquired by "nova.context.set_target_cell..get_or_set_cached_cell_and_set_connections" :: waited 0.000s {{(pid=129464) inner /usr/local/lib/python3.8/dist-packages/oslo_concurrency/lockutils.py:386}}
Nov 09 12:02:33.416310 n-d-779275-4 devstack@n-api.service[129464]: DEBUG oslo_concurrency.lockutils [None req-80e5be45-cb42-4b48-ba49-bba2cddc4c3f tempest-ServersWithSpecificFlavorTestJSON-670319495 tempest-ServersWithSpecificFlavorTestJSON-670319495-project] Lock "4940a8b1-bd93-460b-95f6-50de5c30163f" "released" by "nova.context.set_target_cell..get_or_set_cached_cell_and_set_connections" :: held 0.001s {{(pid=129464) inner /usr/local/lib/python3.8/dist-packages/oslo_concurrency/lockutils.py:400}}
Nov 09 12:02:33.544676 n-d-779275-4 devstack@n-api.service[129465]: INFO nova.api.openstack.requestlog [None req-05216021-cc81-45b9-a0d2-ee3718469565 tempest-AggregatesAdminTestJSON-490047879 tempest-AggregatesAdminTestJSON-490047879-project-admin] 10.222.0.62 "DELETE /compute/v2.1/os-aggregates/11" status: 200 len: 0 microversion: 2.1 time: 0.141562
Nov 09 12:02:33.545750 n-d-779275-4 devstack@n-api.service[129465]: [pid: 129465|app: 0|req: 152/267] 10.222.0.62 () {58 vars in 1154 bytes} [Tue Nov 9 12:02:33 2021] DELETE /compute/v2.1/os-aggregates/11 => generated 0 bytes in 143 msecs (HTTP/1.1 200) 9 headers in 355 bytes (1 switches on core 0)
Nov 09 12:02:33.551642 n-d-779275-4 devstack@n-api.service[129465]: DEBUG nova.api.openstack.wsgi [None req-751c30ac-5d8e-44ce-9fdb-22493e021d23 tempest-HostsAdminTestJSON-336641569 tempest-HostsAdminTestJSON-336641569-project-admin] Calling method '.version_select at 0x7fc409cd6820>' {{(pid=129465) _process_stack /opt/stack/nova/nova/api/openstack/wsgi.py:513}}
Nov 09 12:02:33.552737 n-d-779275-4 devstack@n-api.service[129465]: /usr/local/lib/python3.8/dist-packages/oslo_policy/policy.py:1075: UserWarning: Policy os_compute_api:os-hosts:list failed scope check. The token used to make the request was project scoped but the policy requires ['system'] scope. This behavior may change in the future where using the intended scope is required
Nov 09 12:02:33.552737 n-d-779275-4 devstack@n-api.service[129465]: warnings.warn(msg)
Nov 09 12:02:33.554685 n-d-779275-4 devstack@n-api.service[129465]: DEBUG oslo_concurrency.lockutils [None req-751c30ac-5d8e-44ce-9fdb-22493e021d23 tempest-HostsAdminTestJSON-336641569 tempest-HostsAdminTestJSON-336641569-project-admin] Lock "00000000-0000-0000-0000-000000000000" acquired by "nova.context.set_target_cell..get_or_set_cached_cell_and_set_connections" :: waited 0.000s {{(pid=129465) inner /usr/local/lib/python3.8/dist-packages/oslo_concurrency/lockutils.py:386}}
Nov 09 12:02:33.555116 n-d-779275-4 devstack@n-api.service[129465]: DEBUG oslo_concurrency.lockutils [None req-751c30ac-5d8e-44ce-9fdb-22493e021d23 tempest-HostsAdminTestJSON-336641569 tempest-HostsAdminTestJSON-336641569-project-admin] Lock "00000000-0000-0000-0000-000000000000" "released" by "nova.context.set_target_cell..get_or_set_cached_cell_and_set_connections" :: held 0.000s {{(pid=129465) inner /usr/local/lib/python3.8/dist-packages/oslo_concurrency/lockutils.py:400}}
Nov 09 12:02:33.556106 n-d-779275-4 devstack@n-api.service[129465]: DEBUG oslo_concurrency.lockutils [None req-751c30ac-5d8e-44ce-9fdb-22493e021d23 tempest-HostsAdminTestJSON-336641569 tempest-HostsAdminTestJSON-336641569-project-admin] Lock "4940a8b1-bd93-460b-95f6-50de5c30163f" acquired by "nova.context.set_target_cell..get_or_set_cached_cell_and_set_connections" :: waited 0.000s {{(pid=129465) inner /usr/local/lib/python3.8/dist-packages/oslo_concurrency/lockutils.py:386}}
Nov 09 12:02:33.556532 n-d-779275-4 devstack@n-api.service[129465]: DEBUG oslo_concurrency.lockutils [None req-751c30ac-5d8e-44ce-9fdb-22493e021d23 tempest-HostsAdminTestJSON-336641569 tempest-HostsAdminTestJSON-336641569-project-admin] Lock "4940a8b1-bd93-460b-95f6-50de5c30163f" "released" by "nova.context.set_target_cell..get_or_set_cached_cell_and_set_connections" :: held 0.000s {{(pid=129465) inner /usr/local/lib/python3.8/dist-packages/oslo_concurrency/lockutils.py:400}}
Nov 09 12:02:33.569453 n-d-779275-4 devstack@n-api.service[129464]: DEBUG nova.policy [None req-80e5be45-cb42-4b48-ba49-bba2cddc4c3f tempest-ServersWithSpecificFlavorTestJSON-670319495 tempest-ServersWithSpecificFlavorTestJSON-670319495-project] Policy check for os_compute_api:os-extended-server-attributes failed with credentials {'is_admin': False, 'user_id': 'b0fc01be27f447da9c12f0b9787c91e9', 'user_domain_id': 'default', 'system_scope': None, 'domain_id': None, 'project_id': '03c64fd920244b5088c0c333d65f6f7a', 'project_domain_id': 'default', 'roles': ['member', 'reader'], 'is_admin_project': True, 'service_user_id': None, 'service_user_domain_id': None, 'service_project_id': None, 'service_project_domain_id': None, 'service_roles': []} {{(pid=129464) authorize /opt/stack/nova/nova/policy.py:199}}
Nov 09 12:02:33.578675 n-d-779275-4 devstack@n-api.service[129464]: INFO nova.api.openstack.requestlog [None req-80e5be45-cb42-4b48-ba49-bba2cddc4c3f tempest-ServersWithSpecificFlavorTestJSON-670319495 tempest-ServersWithSpecificFlavorTestJSON-670319495-project] 10.222.0.62 "GET /compute/v2.1/servers/2c4bcca5-39b9-4765-a7cf-2243d6fcc6d6" status: 200 len: 1388 microversion: 2.1 time: 0.179949
Nov 09 12:02:33.579266 n-d-779275-4 devstack@n-api.service[129464]: [pid: 129464|app: 0|req: 116/268] 10.222.0.62 () {58 vars in 1235 bytes} [Tue Nov 9 12:02:33 2021] GET /compute/v2.1/servers/2c4bcca5-39b9-4765-a7cf-2243d6fcc6d6 => generated 1388 bytes in 182 msecs (HTTP/1.1 200) 9 headers in 358 bytes (1 switches on core 0)
Nov 09 12:02:33.583527 n-d-779275-4 devstack@n-api.service[129464]: DEBUG nova.api.openstack.wsgi [None req-31c1a226-35be-4175-ac8f-782066bda010 tempest-AggregatesAdminNegativeTestJSON-2026360266 tempest-AggregatesAdminNegativeTestJSON-2026360266-project-admin] Action: 'create', calling method: >, body: {"aggregate": {"name": "tempest-test_aggregate-839952361"}} {{(pid=129464) _process_stack /opt/stack/nova/nova/api/openstack/wsgi.py:511}}
Nov 09 12:02:33.584926 n-d-779275-4 devstack@n-api.service[129464]: /usr/local/lib/python3.8/dist-packages/oslo_policy/policy.py:1075: UserWarning: Policy os_compute_api:os-aggregates:create failed scope check. The token used to make the request was project scoped but the policy requires ['system'] scope. This behavior may change in the future where using the intended scope is required
Nov 09 12:02:33.584926 n-d-779275-4 devstack@n-api.service[129464]: warnings.warn(msg)
Nov 09 12:02:33.586820 n-d-779275-4 devstack@n-api.service[129464]: DEBUG nova.objects.aggregate [None req-31c1a226-35be-4175-ac8f-782066bda010 tempest-AggregatesAdminNegativeTestJSON-2026360266 tempest-AggregatesAdminNegativeTestJSON-2026360266-project-admin] Generated uuid f21d4eab-10ef-41f2-ad1a-dec6cc22195a for aggregate {{(pid=129464) create /opt/stack/nova/nova/objects/aggregate.py:298}}
Nov 09 12:02:33.590595 n-d-779275-4 devstack@n-api.service[129465]: INFO nova.api.openstack.requestlog [None req-751c30ac-5d8e-44ce-9fdb-22493e021d23 tempest-HostsAdminTestJSON-336641569 tempest-HostsAdminTestJSON-336641569-project-admin] 10.222.0.62 "GET /compute/v2.1/os-hosts" status: 200 len: 376 microversion: 2.1 time: 0.043377
Nov 09 12:02:33.595928 n-d-779275-4 devstack@n-api.service[129465]: [pid: 129465|app: 0|req: 153/269] 10.222.0.62 () {58 vars in 1127 bytes} [Tue Nov 9 12:02:33 2021] GET /compute/v2.1/os-hosts => generated 376 bytes in 49 msecs (HTTP/1.1 200) 9 headers in 357 bytes (1 switches on core 0)
Nov 09 12:02:33.600362 n-d-779275-4 devstack@n-api.service[129465]: DEBUG nova.api.openstack.wsgi [None req-cfbffa8e-0d9f-40f3-b37a-0187bf845cd8 tempest-LiveMigrationNegativeTest-916802992 tempest-LiveMigrationNegativeTest-916802992-project] Calling method '>' {{(pid=129465) _process_stack /opt/stack/nova/nova/api/openstack/wsgi.py:513}}
Nov 09 12:02:33.600983 n-d-779275-4 devstack@n-api.service[129465]: DEBUG nova.compute.api [None req-cfbffa8e-0d9f-40f3-b37a-0187bf845cd8 tempest-LiveMigrationNegativeTest-916802992 tempest-LiveMigrationNegativeTest-916802992-project] [instance: d9ea9af7-a031-41e5-af49-eb169a5fa712] Fetching instance by UUID {{(pid=129465) get /opt/stack/nova/nova/compute/api.py:2865}}
Nov 09 12:02:33.607714 n-d-779275-4 devstack@n-api.service[129465]: DEBUG oslo_concurrency.lockutils [None req-cfbffa8e-0d9f-40f3-b37a-0187bf845cd8 tempest-LiveMigrationNegativeTest-916802992 tempest-LiveMigrationNegativeTest-916802992-project] Lock "4940a8b1-bd93-460b-95f6-50de5c30163f" acquired by "nova.context.set_target_cell..get_or_set_cached_cell_and_set_connections" :: waited 0.000s {{(pid=129465) inner /usr/local/lib/python3.8/dist-packages/oslo_concurrency/lockutils.py:386}}
Nov 09 12:02:33.608168 n-d-779275-4 devstack@n-api.service[129465]: DEBUG oslo_concurrency.lockutils [None req-cfbffa8e-0d9f-40f3-b37a-0187bf845cd8 tempest-LiveMigrationNegativeTest-916802992 tempest-LiveMigrationNegativeTest-916802992-project] Lock "4940a8b1-bd93-460b-95f6-50de5c30163f" "released" by "nova.context.set_target_cell..get_or_set_cached_cell_and_set_connections" :: held 0.001s {{(pid=129465) inner /usr/local/lib/python3.8/dist-packages/oslo_concurrency/lockutils.py:400}}
Nov 09 12:02:33.608924 n-d-779275-4 devstack@n-api.service[129465]: DEBUG oslo_concurrency.lockutils [None req-cfbffa8e-0d9f-40f3-b37a-0187bf845cd8 tempest-LiveMigrationNegativeTest-916802992 tempest-LiveMigrationNegativeTest-916802992-project] Lock "4940a8b1-bd93-460b-95f6-50de5c30163f" acquired by "nova.context.set_target_cell..get_or_set_cached_cell_and_set_connections" :: waited 0.000s {{(pid=129465) inner /usr/local/lib/python3.8/dist-packages/oslo_concurrency/lockutils.py:386}}
Nov 09 12:02:33.609343 n-d-779275-4 devstack@n-api.service[129465]: DEBUG oslo_concurrency.lockutils [None req-cfbffa8e-0d9f-40f3-b37a-0187bf845cd8 tempest-LiveMigrationNegativeTest-916802992 tempest-LiveMigrationNegativeTest-916802992-project] Lock "4940a8b1-bd93-460b-95f6-50de5c30163f" "released" by "nova.context.set_target_cell..get_or_set_cached_cell_and_set_connections" :: held 0.000s {{(pid=129465) inner /usr/local/lib/python3.8/dist-packages/oslo_concurrency/lockutils.py:400}}
Nov 09 12:02:33.723511 n-d-779275-4 devstack@n-api.service[129464]: INFO nova.api.openstack.requestlog [None req-31c1a226-35be-4175-ac8f-782066bda010 tempest-AggregatesAdminNegativeTestJSON-2026360266 tempest-AggregatesAdminNegativeTestJSON-2026360266-project-admin] 10.222.0.62 "POST /compute/v2.1/os-aggregates" status: 200 len: 198 microversion: 2.1 time: 0.143165
Nov 09 12:02:33.732168 n-d-779275-4 devstack@n-api.service[129464]: [pid: 129464|app: 0|req: 117/270] 10.222.0.62 () {60 vars in 1163 bytes} [Tue Nov 9 12:02:33 2021] POST /compute/v2.1/os-aggregates => generated 198 bytes in 152 msecs (HTTP/1.1 200) 9 headers in 357 bytes (1 switches on core 0)
Nov 09 12:02:33.737507 n-d-779275-4 devstack@n-api.service[129464]: DEBUG nova.api.openstack.wsgi [None req-fa57615e-ecb4-4104-9c72-04f194527e2d tempest-AggregatesAdminTestJSON-490047879 tempest-AggregatesAdminTestJSON-490047879-project-admin] Calling method '>' {{(pid=129464) _process_stack /opt/stack/nova/nova/api/openstack/wsgi.py:513}}
Nov 09 12:02:33.737780 n-d-779275-4 devstack@n-api.service[129464]: /usr/local/lib/python3.8/dist-packages/oslo_policy/policy.py:1075: UserWarning: Policy os_compute_api:os-aggregates:show failed scope check. The token used to make the request was project scoped but the policy requires ['system'] scope. This behavior may change in the future where using the intended scope is required
Nov 09 12:02:33.737780 n-d-779275-4 devstack@n-api.service[129464]: warnings.warn(msg)
Nov 09 12:02:33.749527 n-d-779275-4 devstack@n-api.service[129464]: INFO nova.api.openstack.wsgi [None req-fa57615e-ecb4-4104-9c72-04f194527e2d tempest-AggregatesAdminTestJSON-490047879 tempest-AggregatesAdminTestJSON-490047879-project-admin] HTTP exception thrown: Aggregate 11 could not be found.
Nov 09 12:02:33.750155 n-d-779275-4 devstack@n-api.service[129464]: DEBUG nova.api.openstack.wsgi [None req-fa57615e-ecb4-4104-9c72-04f194527e2d tempest-AggregatesAdminTestJSON-490047879 tempest-AggregatesAdminTestJSON-490047879-project-admin] Returning 404 to user: Aggregate 11 could not be found. {{(pid=129464) __call__ /opt/stack/nova/nova/api/openstack/wsgi.py:936}}
Nov 09 12:02:33.751129 n-d-779275-4 devstack@n-api.service[129464]: INFO nova.api.openstack.requestlog [None req-fa57615e-ecb4-4104-9c72-04f194527e2d tempest-AggregatesAdminTestJSON-490047879 tempest-AggregatesAdminTestJSON-490047879-project-admin] 10.222.0.62 "GET /compute/v2.1/os-aggregates/11" status: 404 len: 78 microversion: 2.1 time: 0.017626
Nov 09 12:02:33.751676 n-d-779275-4 devstack@n-api.service[129464]: [pid: 129464|app: 0|req: 118/271] 10.222.0.62 () {58 vars in 1151 bytes} [Tue Nov 9 12:02:33 2021] GET /compute/v2.1/os-aggregates/11 => generated 78 bytes in 19 msecs (HTTP/1.1 404) 9 headers in 378 bytes (1 switches on core 0)
Nov 09 12:02:33.763880 n-d-779275-4 devstack@n-api.service[129465]: DEBUG nova.policy [None req-cfbffa8e-0d9f-40f3-b37a-0187bf845cd8 tempest-LiveMigrationNegativeTest-916802992 tempest-LiveMigrationNegativeTest-916802992-project] Policy check for os_compute_api:os-extended-server-attributes failed with credentials {'is_admin': False, 'user_id': 'a2098fae78994e0b9dce1153b746279f', 'user_domain_id': 'default', 'system_scope': None, 'domain_id': None, 'project_id': 'da52fa99315744b1be4c24c23e09a17c', 'project_domain_id': 'default', 'roles': ['member', 'reader'], 'is_admin_project': True, 'service_user_id': None, 'service_user_domain_id': None, 'service_project_id': None, 'service_project_domain_id': None, 'service_roles': []} {{(pid=129465) authorize /opt/stack/nova/nova/policy.py:199}}
Nov 09 12:02:33.767764 n-d-779275-4 devstack@n-api.service[129464]: DEBUG nova.api.openstack.wsgi [None req-b6fd5711-4c2e-4735-bc74-184808ab3722 tempest-HostsAdminTestJSON-336641569 tempest-HostsAdminTestJSON-336641569-project-admin] Calling method '.version_select at 0x7fc409beaf70>' {{(pid=129464) _process_stack /opt/stack/nova/nova/api/openstack/wsgi.py:513}}
Nov 09 12:02:33.768631 n-d-779275-4 devstack@n-api.service[129464]: /usr/local/lib/python3.8/dist-packages/oslo_policy/policy.py:1075: UserWarning: Policy os_compute_api:os-hosts:show failed scope check. The token used to make the request was project scoped but the policy requires ['system'] scope. This behavior may change in the future where using the intended scope is required
Nov 09 12:02:33.768631 n-d-779275-4 devstack@n-api.service[129464]: warnings.warn(msg)
Nov 09 12:02:33.775035 n-d-779275-4 devstack@n-api.service[129464]: DEBUG oslo_concurrency.lockutils [None req-b6fd5711-4c2e-4735-bc74-184808ab3722 tempest-HostsAdminTestJSON-336641569 tempest-HostsAdminTestJSON-336641569-project-admin] Lock "4940a8b1-bd93-460b-95f6-50de5c30163f" acquired by "nova.context.set_target_cell..get_or_set_cached_cell_and_set_connections" :: waited 0.000s {{(pid=129464) inner /usr/local/lib/python3.8/dist-packages/oslo_concurrency/lockutils.py:386}}
Nov 09 12:02:33.775759 n-d-779275-4 devstack@n-api.service[129464]: DEBUG oslo_concurrency.lockutils [None req-b6fd5711-4c2e-4735-bc74-184808ab3722 tempest-HostsAdminTestJSON-336641569 tempest-HostsAdminTestJSON-336641569-project-admin] Lock "4940a8b1-bd93-460b-95f6-50de5c30163f" "released" by "nova.context.set_target_cell..get_or_set_cached_cell_and_set_connections" :: held 0.001s {{(pid=129464) inner /usr/local/lib/python3.8/dist-packages/oslo_concurrency/lockutils.py:400}}
Nov 09 12:02:33.778273 n-d-779275-4 devstack@n-api.service[129465]: INFO nova.api.openstack.requestlog [None req-cfbffa8e-0d9f-40f3-b37a-0187bf845cd8 tempest-LiveMigrationNegativeTest-916802992 tempest-LiveMigrationNegativeTest-916802992-project] 10.222.0.62 "GET /compute/v2.1/servers/d9ea9af7-a031-41e5-af49-eb169a5fa712" status: 200 len: 1318 microversion: 2.1 time: 0.181221
Nov 09 12:02:33.788324 n-d-779275-4 devstack@n-api.service[129465]: [pid: 129465|app: 0|req: 154/272] 10.222.0.62 () {58 vars in 1235 bytes} [Tue Nov 9 12:02:33 2021] GET /compute/v2.1/servers/d9ea9af7-a031-41e5-af49-eb169a5fa712 => generated 1318 bytes in 182 msecs (HTTP/1.1 200) 9 headers in 358 bytes (1 switches on core 0)
Nov 09 12:02:33.788324 n-d-779275-4 devstack@n-api.service[129465]: DEBUG nova.api.openstack.wsgi [req-f058f0be-bfc4-45d0-8b07-d3378ca090cc req-bd1a5a74-ae88-418d-ad17-3ef9f232f239 service nova] Action: 'create', calling method: >, body: {"events": [{"server_uuid": "2c4bcca5-39b9-4765-a7cf-2243d6fcc6d6", "name": "network-vif-plugged", "status": "completed", "tag": "eb3f291a-75c8-49ea-b96c-9262a9079ec6"}]} {{(pid=129465) _process_stack /opt/stack/nova/nova/api/openstack/wsgi.py:511}}
Nov 09 12:02:33.788324 n-d-779275-4 devstack@n-api.service[129465]: /usr/local/lib/python3.8/dist-packages/oslo_policy/policy.py:1075: UserWarning: Policy os_compute_api:os-server-external-events:create failed scope check. The token used to make the request was project scoped but the policy requires ['system'] scope. This behavior may change in the future where using the intended scope is required
Nov 09 12:02:33.788324 n-d-779275-4 devstack@n-api.service[129465]: warnings.warn(msg)
Nov 09 12:02:33.792942 n-d-779275-4 devstack@n-api.service[129465]: DEBUG oslo_concurrency.lockutils [req-f058f0be-bfc4-45d0-8b07-d3378ca090cc req-bd1a5a74-ae88-418d-ad17-3ef9f232f239 service nova] Lock "4940a8b1-bd93-460b-95f6-50de5c30163f" acquired by "nova.context.set_target_cell..get_or_set_cached_cell_and_set_connections" :: waited 0.000s {{(pid=129465) inner /usr/local/lib/python3.8/dist-packages/oslo_concurrency/lockutils.py:386}}
Nov 09 12:02:33.793497 n-d-779275-4 devstack@n-api.service[129465]: DEBUG oslo_concurrency.lockutils [req-f058f0be-bfc4-45d0-8b07-d3378ca090cc req-bd1a5a74-ae88-418d-ad17-3ef9f232f239 service nova] Lock "4940a8b1-bd93-460b-95f6-50de5c30163f" "released" by "nova.context.set_target_cell..get_or_set_cached_cell_and_set_connections" :: held 0.001s {{(pid=129465) inner /usr/local/lib/python3.8/dist-packages/oslo_concurrency/lockutils.py:400}}
Nov 09 12:02:33.804961 n-d-779275-4 devstack@n-api.service[129465]: INFO nova.api.openstack.compute.server_external_events [req-f058f0be-bfc4-45d0-8b07-d3378ca090cc req-bd1a5a74-ae88-418d-ad17-3ef9f232f239 service nova] Creating event network-vif-plugged:eb3f291a-75c8-49ea-b96c-9262a9079ec6 for instance 2c4bcca5-39b9-4765-a7cf-2243d6fcc6d6 on n-h2-779275-4
Nov 09 12:02:33.805576 n-d-779275-4 devstack@n-api.service[129464]: DEBUG oslo_concurrency.lockutils [None req-b6fd5711-4c2e-4735-bc74-184808ab3722 tempest-HostsAdminTestJSON-336641569 tempest-HostsAdminTestJSON-336641569-project-admin] Lock "4940a8b1-bd93-460b-95f6-50de5c30163f" acquired by "nova.context.set_target_cell..get_or_set_cached_cell_and_set_connections" :: waited 0.000s {{(pid=129464) inner /usr/local/lib/python3.8/dist-packages/oslo_concurrency/lockutils.py:386}}
Nov 09 12:02:33.806102 n-d-779275-4 devstack@n-api.service[129464]: DEBUG oslo_concurrency.lockutils [None req-b6fd5711-4c2e-4735-bc74-184808ab3722 tempest-HostsAdminTestJSON-336641569 tempest-HostsAdminTestJSON-336641569-project-admin] Lock "4940a8b1-bd93-460b-95f6-50de5c30163f" "released" by "nova.context.set_target_cell..get_or_set_cached_cell_and_set_connections" :: held 0.001s {{(pid=129464) inner /usr/local/lib/python3.8/dist-packages/oslo_concurrency/lockutils.py:400}}
Nov 09 12:02:33.810662 n-d-779275-4 devstack@n-api.service[129465]: INFO nova.api.openstack.requestlog [req-f058f0be-bfc4-45d0-8b07-d3378ca090cc req-bd1a5a74-ae88-418d-ad17-3ef9f232f239 service nova] 10.222.0.62 "POST /compute/v2.1/os-server-external-events" status: 200 len: 183 microversion: 2.1 time: 0.030523
Nov 09 12:02:33.811366 n-d-779275-4 devstack@n-api.service[129465]: [pid: 129465|app: 0|req: 155/273] 10.222.0.62 () {64 vars in 1317 bytes} [Tue Nov 9 12:02:33 2021] POST /compute/v2.1/os-server-external-events => generated 183 bytes in 32 msecs (HTTP/1.1 200) 9 headers in 357 bytes (1 switches on core 0)
Nov 09 12:02:33.817368 n-d-779275-4 devstack@n-api.service[129465]: DEBUG nova.api.openstack.wsgi [None req-aa648923-d8f4-42a4-b698-ca40ce635d3b tempest-AggregatesAdminNegativeTestJSON-2026360266 tempest-AggregatesAdminNegativeTestJSON-2026360266-project-admin] Action: 'action', calling method: >, body: {"add_host": {"host": "n-h1-779275-4"}} {{(pid=129465) _process_stack /opt/stack/nova/nova/api/openstack/wsgi.py:511}}
Nov 09 12:02:33.818683 n-d-779275-4 devstack@n-api.service[129465]: /usr/local/lib/python3.8/dist-packages/oslo_policy/policy.py:1075: UserWarning: Policy os_compute_api:os-aggregates:add_host failed scope check. The token used to make the request was project scoped but the policy requires ['system'] scope. This behavior may change in the future where using the intended scope is required
Nov 09 12:02:33.818683 n-d-779275-4 devstack@n-api.service[129465]: warnings.warn(msg)
Nov 09 12:02:33.828777 n-d-779275-4 devstack@n-api.service[129465]: DEBUG oslo_concurrency.lockutils [None req-aa648923-d8f4-42a4-b698-ca40ce635d3b tempest-AggregatesAdminNegativeTestJSON-2026360266 tempest-AggregatesAdminNegativeTestJSON-2026360266-project-admin] Lock "4940a8b1-bd93-460b-95f6-50de5c30163f" acquired by "nova.context.set_target_cell..get_or_set_cached_cell_and_set_connections" :: waited 0.000s {{(pid=129465) inner /usr/local/lib/python3.8/dist-packages/oslo_concurrency/lockutils.py:386}}
Nov 09 12:02:33.829488 n-d-779275-4 devstack@n-api.service[129465]: DEBUG oslo_concurrency.lockutils [None req-aa648923-d8f4-42a4-b698-ca40ce635d3b tempest-AggregatesAdminNegativeTestJSON-2026360266 tempest-AggregatesAdminNegativeTestJSON-2026360266-project-admin] Lock "4940a8b1-bd93-460b-95f6-50de5c30163f" "released" by "nova.context.set_target_cell..get_or_set_cached_cell_and_set_connections" :: held 0.001s {{(pid=129465) inner /usr/local/lib/python3.8/dist-packages/oslo_concurrency/lockutils.py:400}}
Nov 09 12:02:33.843690 n-d-779275-4 devstack@n-api.service[129464]: INFO nova.api.openstack.requestlog [None req-b6fd5711-4c2e-4735-bc74-184808ab3722 tempest-HostsAdminTestJSON-336641569 tempest-HostsAdminTestJSON-336641569-project-admin] 10.222.0.62 "GET /compute/v2.1/os-hosts/n-h1-779275-4" status: 200 len: 598 microversion: 2.1 time: 0.087591
Nov 09 12:02:33.844761 n-d-779275-4 devstack@n-api.service[129464]: [pid: 129464|app: 0|req: 119/274] 10.222.0.62 () {58 vars in 1169 bytes} [Tue Nov 9 12:02:33 2021] GET /compute/v2.1/os-hosts/n-h1-779275-4 => generated 598 bytes in 89 msecs (HTTP/1.1 200) 9 headers in 357 bytes (1 switches on core 0)
Nov 09 12:02:33.850321 n-d-779275-4 devstack@n-api.service[129464]: DEBUG nova.api.openstack.wsgi [None req-fe993627-0240-4455-90cb-5a9bca96171e tempest-AggregatesAdminTestJSON-490047879 tempest-AggregatesAdminTestJSON-490047879-project-admin] Calling method '>' {{(pid=129464) _process_stack /opt/stack/nova/nova/api/openstack/wsgi.py:513}}
Nov 09 12:02:33.851143 n-d-779275-4 devstack@n-api.service[129464]: /usr/local/lib/python3.8/dist-packages/oslo_policy/policy.py:1075: UserWarning: Policy os_compute_api:os-aggregates:delete failed scope check. The token used to make the request was project scoped but the policy requires ['system'] scope. This behavior may change in the future where using the intended scope is required
Nov 09 12:02:33.851143 n-d-779275-4 devstack@n-api.service[129464]: warnings.warn(msg)
Nov 09 12:02:33.863549 n-d-779275-4 devstack@n-api.service[129464]: INFO nova.api.openstack.wsgi [None req-fe993627-0240-4455-90cb-5a9bca96171e tempest-AggregatesAdminTestJSON-490047879 tempest-AggregatesAdminTestJSON-490047879-project-admin] HTTP exception thrown: Aggregate 11 could not be found.
Nov 09 12:02:33.864230 n-d-779275-4 devstack@n-api.service[129464]: DEBUG nova.api.openstack.wsgi [None req-fe993627-0240-4455-90cb-5a9bca96171e tempest-AggregatesAdminTestJSON-490047879 tempest-AggregatesAdminTestJSON-490047879-project-admin] Returning 404 to user: Aggregate 11 could not be found. {{(pid=129464) __call__ /opt/stack/nova/nova/api/openstack/wsgi.py:936}}
Nov 09 12:02:33.865114 n-d-779275-4 devstack@n-api.service[129464]: INFO nova.api.openstack.requestlog [None req-fe993627-0240-4455-90cb-5a9bca96171e tempest-AggregatesAdminTestJSON-490047879 tempest-AggregatesAdminTestJSON-490047879-project-admin] 10.222.0.62 "DELETE /compute/v2.1/os-aggregates/11" status: 404 len: 78 microversion: 2.1 time: 0.019212
Nov 09 12:02:33.866070 n-d-779275-4 devstack@n-api.service[129464]: [pid: 129464|app: 0|req: 120/275] 10.222.0.62 () {58 vars in 1154 bytes} [Tue Nov 9 12:02:33 2021] DELETE /compute/v2.1/os-aggregates/11 => generated 78 bytes in 21 msecs (HTTP/1.1 404) 9 headers in 378 bytes (1 switches on core 0)
Nov 09 12:02:33.873359 n-d-779275-4 devstack@n-api.service[129464]: DEBUG nova.api.openstack.wsgi [None req-1bc12458-58f5-4596-ac55-47411ba01823 tempest-HostsAdminTestJSON-336641569 tempest-HostsAdminTestJSON-336641569-project-admin] Calling method '.version_select at 0x7fc409e2f700>' {{(pid=129464) _process_stack /opt/stack/nova/nova/api/openstack/wsgi.py:513}}
Nov 09 12:02:33.874866 n-d-779275-4 devstack@n-api.service[129464]: /usr/local/lib/python3.8/dist-packages/oslo_policy/policy.py:1075: UserWarning: Policy os_compute_api:os-hosts:show failed scope check. The token used to make the request was project scoped but the policy requires ['system'] scope. This behavior may change in the future where using the intended scope is required
Nov 09 12:02:33.874866 n-d-779275-4 devstack@n-api.service[129464]: warnings.warn(msg)
Nov 09 12:02:33.881682 n-d-779275-4 devstack@n-api.service[129464]: DEBUG oslo_concurrency.lockutils [None req-1bc12458-58f5-4596-ac55-47411ba01823 tempest-HostsAdminTestJSON-336641569 tempest-HostsAdminTestJSON-336641569-project-admin] Lock "4940a8b1-bd93-460b-95f6-50de5c30163f" acquired by "nova.context.set_target_cell..get_or_set_cached_cell_and_set_connections" :: waited 0.000s {{(pid=129464) inner /usr/local/lib/python3.8/dist-packages/oslo_concurrency/lockutils.py:386}}
Nov 09 12:02:33.882257 n-d-779275-4 devstack@n-api.service[129464]: DEBUG oslo_concurrency.lockutils [None req-1bc12458-58f5-4596-ac55-47411ba01823 tempest-HostsAdminTestJSON-336641569 tempest-HostsAdminTestJSON-336641569-project-admin] Lock "4940a8b1-bd93-460b-95f6-50de5c30163f" "released" by "nova.context.set_target_cell..get_or_set_cached_cell_and_set_connections" :: held 0.001s {{(pid=129464) inner /usr/local/lib/python3.8/dist-packages/oslo_concurrency/lockutils.py:400}}
Nov 09 12:02:33.896080 n-d-779275-4 devstack@n-api.service[129464]: DEBUG oslo_concurrency.lockutils [None req-1bc12458-58f5-4596-ac55-47411ba01823 tempest-HostsAdminTestJSON-336641569 tempest-HostsAdminTestJSON-336641569-project-admin] Lock "4940a8b1-bd93-460b-95f6-50de5c30163f" acquired by "nova.context.set_target_cell..get_or_set_cached_cell_and_set_connections" :: waited 0.000s {{(pid=129464) inner /usr/local/lib/python3.8/dist-packages/oslo_concurrency/lockutils.py:386}}
