Jun 24 11:03:59.564562 n-d-779275-3 devstack@n-api.service[108932]: DEBUG nova.api.openstack.wsgi [None req-2e132511-8047-4721-810f-7932f1e8d61e tempest-QuotasAdminTestJSON-632192429 tempest-QuotasAdminTestJSON-632192429-project-admin] Action: 'update', calling method: .version_select at 0x7fa4187d7dc0>, body: {"quota_set": {"ram": "5120"}} {{(pid=108932) _process_stack /opt/stack/nova/nova/api/openstack/wsgi.py:511}}
Jun 24 11:03:59.565627 n-d-779275-3 devstack@n-api.service[108933]: DEBUG nova.api.openstack.wsgi [None req-bb2ddcf5-7a65-448e-8bfd-50c19cce4f52 tempest-FlavorsAdminTestJSON-1909620921 tempest-FlavorsAdminTestJSON-1909620921-project] Calling method '>' {{(pid=108933) _process_stack /opt/stack/nova/nova/api/openstack/wsgi.py:513}}
Jun 24 11:03:59.566944 n-d-779275-3 devstack@n-api.service[108932]: /usr/local/lib/python3.8/dist-packages/oslo_policy/policy.py:1064: UserWarning: Policy os_compute_api:os-quota-sets:update failed scope check. The token used to make the request was project scoped but the policy requires ['system'] scope. This behavior may change in the future where using the intended scope is required
Jun 24 11:03:59.566944 n-d-779275-3 devstack@n-api.service[108932]: warnings.warn(msg)
Jun 24 11:03:59.635150 n-d-779275-3 devstack@n-api.service[108933]: INFO nova.api.openstack.requestlog [None req-bb2ddcf5-7a65-448e-8bfd-50c19cce4f52 tempest-FlavorsAdminTestJSON-1909620921 tempest-FlavorsAdminTestJSON-1909620921-project] 10.222.0.46 "GET /compute/v2.1/flavors/detail" status: 200 len: 6221 microversion: 2.1 time: 0.381440
Jun 24 11:03:59.641440 n-d-779275-3 devstack@n-api.service[108933]: [pid: 108933|app: 0|req: 147/290] 10.222.0.46 () {58 vars in 1146 bytes} [Thu Jun 24 11:03:59 2021] GET /compute/v2.1/flavors/detail => generated 6221 bytes in 388 msecs (HTTP/1.1 200) 9 headers in 358 bytes (1 switches on core 0)
Jun 24 11:03:59.651203 n-d-779275-3 devstack@n-api.service[108933]: DEBUG nova.api.openstack.wsgi [None req-69ea39ea-6ead-46ae-9f90-c497df411ab3 tempest-DeleteServersAdminTestJSON-1759505143 tempest-DeleteServersAdminTestJSON-1759505143-project] Calling method '>' {{(pid=108933) _process_stack /opt/stack/nova/nova/api/openstack/wsgi.py:513}}
Jun 24 11:03:59.651828 n-d-779275-3 devstack@n-api.service[108933]: DEBUG nova.compute.api [None req-69ea39ea-6ead-46ae-9f90-c497df411ab3 tempest-DeleteServersAdminTestJSON-1759505143 tempest-DeleteServersAdminTestJSON-1759505143-project] [instance: 3c89f6fc-697d-4af0-abb2-ad073a595cd8] Fetching instance by UUID {{(pid=108933) get /opt/stack/nova/nova/compute/api.py:2795}}
Jun 24 11:03:59.678822 n-d-779275-3 devstack@n-api.service[108933]: DEBUG oslo_concurrency.lockutils [None req-69ea39ea-6ead-46ae-9f90-c497df411ab3 tempest-DeleteServersAdminTestJSON-1759505143 tempest-DeleteServersAdminTestJSON-1759505143-project] Lock "f1319932-7311-4890-bfbb-08b06eadd12c" acquired by "nova.context.set_target_cell..get_or_set_cached_cell_and_set_connections" :: waited 0.000s {{(pid=108933) inner /usr/local/lib/python3.8/dist-packages/oslo_concurrency/lockutils.py:355}}
Jun 24 11:03:59.679277 n-d-779275-3 devstack@n-api.service[108933]: DEBUG oslo_concurrency.lockutils [None req-69ea39ea-6ead-46ae-9f90-c497df411ab3 tempest-DeleteServersAdminTestJSON-1759505143 tempest-DeleteServersAdminTestJSON-1759505143-project] Lock "f1319932-7311-4890-bfbb-08b06eadd12c" released by "nova.context.set_target_cell..get_or_set_cached_cell_and_set_connections" :: held 0.001s {{(pid=108933) inner /usr/local/lib/python3.8/dist-packages/oslo_concurrency/lockutils.py:367}}
Jun 24 11:03:59.680085 n-d-779275-3 devstack@n-api.service[108933]: DEBUG oslo_concurrency.lockutils [None req-69ea39ea-6ead-46ae-9f90-c497df411ab3 tempest-DeleteServersAdminTestJSON-1759505143 tempest-DeleteServersAdminTestJSON-1759505143-project] Lock "f1319932-7311-4890-bfbb-08b06eadd12c" acquired by "nova.context.set_target_cell..get_or_set_cached_cell_and_set_connections" :: waited 0.000s {{(pid=108933) inner /usr/local/lib/python3.8/dist-packages/oslo_concurrency/lockutils.py:355}}
Jun 24 11:03:59.680519 n-d-779275-3 devstack@n-api.service[108933]: DEBUG oslo_concurrency.lockutils [None req-69ea39ea-6ead-46ae-9f90-c497df411ab3 tempest-DeleteServersAdminTestJSON-1759505143 tempest-DeleteServersAdminTestJSON-1759505143-project] Lock "f1319932-7311-4890-bfbb-08b06eadd12c" released by "nova.context.set_target_cell..get_or_set_cached_cell_and_set_connections" :: held 0.000s {{(pid=108933) inner /usr/local/lib/python3.8/dist-packages/oslo_concurrency/lockutils.py:367}}
Jun 24 11:03:59.683847 n-d-779275-3 devstack@n-api.service[108933]: /opt/stack/nova/nova/db/sqlalchemy/api.py:1217: SAWarning: TypeDecorator SoftDeleteInteger() will not produce a cache key because the ``cache_ok`` flag is not set to True. Set this flag to True if this type object's state is safe to use in a cache key, or False to disable this warning.
Jun 24 11:03:59.683847 n-d-779275-3 devstack@n-api.service[108933]: result = _build_instance_get(context, columns_to_join=columns_to_join).\
Jun 24 11:04:00.065990 n-d-779275-3 devstack@n-api.service[108932]: /opt/stack/nova/nova/db/sqlalchemy/api.py:2503: SAWarning: TypeDecorator SoftDeleteInteger() will not produce a cache key because the ``cache_ok`` flag is not set to True. Set this flag to True if this type object's state is safe to use in a cache key, or False to disable this warning.
Jun 24 11:04:00.065990 n-d-779275-3 devstack@n-api.service[108932]: rows = model_query(context, models.Quota, read_deleted="no").\
Jun 24 11:04:00.070774 n-d-779275-3 devstack@n-api.service[108932]: DEBUG oslo_concurrency.lockutils [None req-2e132511-8047-4721-810f-7932f1e8d61e tempest-QuotasAdminTestJSON-632192429 tempest-QuotasAdminTestJSON-632192429-project-admin] Lock "00000000-0000-0000-0000-000000000000" acquired by "nova.context.set_target_cell..get_or_set_cached_cell_and_set_connections" :: waited 0.000s {{(pid=108932) inner /usr/local/lib/python3.8/dist-packages/oslo_concurrency/lockutils.py:355}}
Jun 24 11:04:00.071221 n-d-779275-3 devstack@n-api.service[108932]: DEBUG oslo_concurrency.lockutils [None req-2e132511-8047-4721-810f-7932f1e8d61e tempest-QuotasAdminTestJSON-632192429 tempest-QuotasAdminTestJSON-632192429-project-admin] Lock "00000000-0000-0000-0000-000000000000" released by "nova.context.set_target_cell..get_or_set_cached_cell_and_set_connections" :: held 0.001s {{(pid=108932) inner /usr/local/lib/python3.8/dist-packages/oslo_concurrency/lockutils.py:367}}
Jun 24 11:04:00.072042 n-d-779275-3 devstack@n-api.service[108932]: DEBUG oslo_concurrency.lockutils [None req-2e132511-8047-4721-810f-7932f1e8d61e tempest-QuotasAdminTestJSON-632192429 tempest-QuotasAdminTestJSON-632192429-project-admin] Lock "f1319932-7311-4890-bfbb-08b06eadd12c" acquired by "nova.context.set_target_cell..get_or_set_cached_cell_and_set_connections" :: waited 0.000s {{(pid=108932) inner /usr/local/lib/python3.8/dist-packages/oslo_concurrency/lockutils.py:355}}
Jun 24 11:04:00.072465 n-d-779275-3 devstack@n-api.service[108932]: DEBUG oslo_concurrency.lockutils [None req-2e132511-8047-4721-810f-7932f1e8d61e tempest-QuotasAdminTestJSON-632192429 tempest-QuotasAdminTestJSON-632192429-project-admin] Lock "f1319932-7311-4890-bfbb-08b06eadd12c" released by "nova.context.set_target_cell..get_or_set_cached_cell_and_set_connections" :: held 0.000s {{(pid=108932) inner /usr/local/lib/python3.8/dist-packages/oslo_concurrency/lockutils.py:367}}
Jun 24 11:04:00.082581 n-d-779275-3 devstack@n-api.service[108932]: /opt/stack/nova/nova/objects/instance.py:1537: SAWarning: TypeDecorator SoftDeleteInteger() will not produce a cache key because the ``cache_ok`` flag is not set to True. Set this flag to True if this type object's state is safe to use in a cache key, or False to disable this warning.
Jun 24 11:04:00.082581 n-d-779275-3 devstack@n-api.service[108932]: project_result = project_query.first()
Jun 24 11:04:00.128787 n-d-779275-3 devstack@n-api.service[108932]: /opt/stack/nova/nova/db/sqlalchemy/api.py:2517: SAWarning: TypeDecorator SoftDeleteInteger() will not produce a cache key because the ``cache_ok`` flag is not set to True. Set this flag to True if this type object's state is safe to use in a cache key, or False to disable this warning.
Jun 24 11:04:00.128787 n-d-779275-3 devstack@n-api.service[108932]: result = model_query(context, models.ProjectUserQuota).\
Jun 24 11:04:00.140214 n-d-779275-3 devstack@n-api.service[108933]: DEBUG nova.policy [None req-69ea39ea-6ead-46ae-9f90-c497df411ab3 tempest-DeleteServersAdminTestJSON-1759505143 tempest-DeleteServersAdminTestJSON-1759505143-project] Policy check for os_compute_api:os-extended-server-attributes failed with credentials {'is_admin': False, 'user_id': '7eb828ee4b9c46858a114e4a3f2a9173', 'user_domain_id': 'default', 'system_scope': None, 'domain_id': None, 'project_id': '6d190d16b9724bc7b34133a744ebb974', 'project_domain_id': 'default', 'roles': ['member', 'reader'], 'is_admin_project': True, 'service_user_id': None, 'service_user_domain_id': None, 'service_project_id': None, 'service_project_domain_id': None, 'service_roles': []} {{(pid=108933) authorize /opt/stack/nova/nova/policy.py:199}}
Jun 24 11:04:00.143081 n-d-779275-3 devstack@n-api.service[108933]: /opt/stack/nova/nova/db/sqlalchemy/api.py:2775: SAWarning: TypeDecorator SoftDeleteInteger() will not produce a cache key because the ``cache_ok`` flag is not set to True. Set this flag to True if this type object's state is safe to use in a cache key, or False to disable this warning.
Jun 24 11:04:00.143081 n-d-779275-3 devstack@n-api.service[108933]: return _block_device_mapping_get_query(context).filter(
Jun 24 11:04:00.149456 n-d-779275-3 devstack@n-api.service[108932]: /opt/stack/nova/nova/db/sqlalchemy/api.py:2472: SAWarning: TypeDecorator SoftDeleteInteger() will not produce a cache key because the ``cache_ok`` flag is not set to True. Set this flag to True if this type object's state is safe to use in a cache key, or False to disable this warning.
Jun 24 11:04:00.149456 n-d-779275-3 devstack@n-api.service[108932]: result = query.first()
Jun 24 11:04:00.155194 n-d-779275-3 devstack@n-api.service[108933]: INFO nova.api.openstack.requestlog [None req-69ea39ea-6ead-46ae-9f90-c497df411ab3 tempest-DeleteServersAdminTestJSON-1759505143 tempest-DeleteServersAdminTestJSON-1759505143-project] 10.222.0.46 "GET /compute/v2.1/servers/3c89f6fc-697d-4af0-abb2-ad073a595cd8" status: 200 len: 1320 microversion: 2.1 time: 0.512602
Jun 24 11:04:00.156206 n-d-779275-3 devstack@n-api.service[108933]: [pid: 108933|app: 0|req: 148/291] 10.222.0.46 () {58 vars in 1236 bytes} [Thu Jun 24 11:03:59 2021] GET /compute/v2.1/servers/3c89f6fc-697d-4af0-abb2-ad073a595cd8 => generated 1320 bytes in 514 msecs (HTTP/1.1 200) 9 headers in 358 bytes (1 switches on core 0)
Jun 24 11:04:00.161339 n-d-779275-3 devstack@n-api.service[108933]: DEBUG nova.api.openstack.wsgi [None req-2f6f907e-5e98-4340-90d3-69e36b0a229d tempest-MigrationsAdminTest-316496978 tempest-MigrationsAdminTest-316496978-project] Calling method '>' {{(pid=108933) _process_stack /opt/stack/nova/nova/api/openstack/wsgi.py:513}}
Jun 24 11:04:00.162164 n-d-779275-3 devstack@n-api.service[108933]: DEBUG nova.compute.api [None req-2f6f907e-5e98-4340-90d3-69e36b0a229d tempest-MigrationsAdminTest-316496978 tempest-MigrationsAdminTest-316496978-project] [instance: 1d26c39a-1d66-4e61-b74b-3426804bc5f8] Fetching instance by UUID {{(pid=108933) get /opt/stack/nova/nova/compute/api.py:2795}}
Jun 24 11:04:00.179789 n-d-779275-3 devstack@n-api.service[108933]: DEBUG oslo_concurrency.lockutils [None req-2f6f907e-5e98-4340-90d3-69e36b0a229d tempest-MigrationsAdminTest-316496978 tempest-MigrationsAdminTest-316496978-project] Lock "f1319932-7311-4890-bfbb-08b06eadd12c" acquired by "nova.context.set_target_cell..get_or_set_cached_cell_and_set_connections" :: waited 0.000s {{(pid=108933) inner /usr/local/lib/python3.8/dist-packages/oslo_concurrency/lockutils.py:355}}
Jun 24 11:04:00.180721 n-d-779275-3 devstack@n-api.service[108933]: DEBUG oslo_concurrency.lockutils [None req-2f6f907e-5e98-4340-90d3-69e36b0a229d tempest-MigrationsAdminTest-316496978 tempest-MigrationsAdminTest-316496978-project] Lock "f1319932-7311-4890-bfbb-08b06eadd12c" released by "nova.context.set_target_cell..get_or_set_cached_cell_and_set_connections" :: held 0.001s {{(pid=108933) inner /usr/local/lib/python3.8/dist-packages/oslo_concurrency/lockutils.py:367}}
Jun 24 11:04:00.181940 n-d-779275-3 devstack@n-api.service[108933]: DEBUG oslo_concurrency.lockutils [None req-2f6f907e-5e98-4340-90d3-69e36b0a229d tempest-MigrationsAdminTest-316496978 tempest-MigrationsAdminTest-316496978-project] Lock "f1319932-7311-4890-bfbb-08b06eadd12c" acquired by "nova.context.set_target_cell..get_or_set_cached_cell_and_set_connections" :: waited 0.000s {{(pid=108933) inner /usr/local/lib/python3.8/dist-packages/oslo_concurrency/lockutils.py:355}}
Jun 24 11:04:00.182692 n-d-779275-3 devstack@n-api.service[108933]: DEBUG oslo_concurrency.lockutils [None req-2f6f907e-5e98-4340-90d3-69e36b0a229d tempest-MigrationsAdminTest-316496978 tempest-MigrationsAdminTest-316496978-project] Lock "f1319932-7311-4890-bfbb-08b06eadd12c" released by "nova.context.set_target_cell..get_or_set_cached_cell_and_set_connections" :: held 0.001s {{(pid=108933) inner /usr/local/lib/python3.8/dist-packages/oslo_concurrency/lockutils.py:367}}
Jun 24 11:04:00.187084 n-d-779275-3 devstack@n-api.service[108933]: /opt/stack/nova/nova/db/sqlalchemy/api.py:1217: SAWarning: TypeDecorator SoftDeleteInteger() will not produce a cache key because the ``cache_ok`` flag is not set to True. Set this flag to True if this type object's state is safe to use in a cache key, or False to disable this warning.
Jun 24 11:04:00.187084 n-d-779275-3 devstack@n-api.service[108933]: result = _build_instance_get(context, columns_to_join=columns_to_join).\
Jun 24 11:04:00.209080 n-d-779275-3 devstack@n-api.service[108932]: INFO nova.api.openstack.requestlog [None req-2e132511-8047-4721-810f-7932f1e8d61e tempest-QuotasAdminTestJSON-632192429 tempest-QuotasAdminTestJSON-632192429-project-admin] 10.222.0.46 "PUT /compute/v2.1/os-quota-sets/3e7b4f1ea8ab41a498a06dda0826d32f" status: 200 len: 328 microversion: 2.1 time: 0.647952
Jun 24 11:04:00.213262 n-d-779275-3 devstack@n-api.service[108932]: [pid: 108932|app: 0|req: 144/292] 10.222.0.46 () {60 vars in 1262 bytes} [Thu Jun 24 11:03:59 2021] PUT /compute/v2.1/os-quota-sets/3e7b4f1ea8ab41a498a06dda0826d32f => generated 328 bytes in 653 msecs (HTTP/1.1 200) 9 headers in 357 bytes (1 switches on core 0)
Jun 24 11:04:00.223129 n-d-779275-3 devstack@n-api.service[108932]: DEBUG nova.api.openstack.wsgi [None req-e4b898a8-f79d-49ed-a872-8b2060c8e0f9 tempest-FlavorsAdminTestJSON-167706640 tempest-FlavorsAdminTestJSON-167706640-project-admin] Calling method '>' {{(pid=108932) _process_stack /opt/stack/nova/nova/api/openstack/wsgi.py:513}}
Jun 24 11:04:00.223914 n-d-779275-3 devstack@n-api.service[108932]: /usr/local/lib/python3.8/dist-packages/oslo_policy/policy.py:1064: UserWarning: Policy os_compute_api:os-flavor-manage:delete failed scope check. The token used to make the request was project scoped but the policy requires ['system'] scope. This behavior may change in the future where using the intended scope is required
Jun 24 11:04:00.223914 n-d-779275-3 devstack@n-api.service[108932]: warnings.warn(msg)
Jun 24 11:04:00.253057 n-d-779275-3 devstack@n-api.service[108932]: INFO nova.api.openstack.requestlog [None req-e4b898a8-f79d-49ed-a872-8b2060c8e0f9 tempest-FlavorsAdminTestJSON-167706640 tempest-FlavorsAdminTestJSON-167706640-project-admin] 10.222.0.46 "DELETE /compute/v2.1/flavors/571032218" status: 202 len: 0 microversion: 2.1 time: 0.038362
Jun 24 11:04:00.257837 n-d-779275-3 devstack@n-api.service[108932]: [pid: 108932|app: 0|req: 145/293] 10.222.0.46 () {58 vars in 1158 bytes} [Thu Jun 24 11:04:00 2021] DELETE /compute/v2.1/flavors/571032218 => generated 0 bytes in 44 msecs (HTTP/1.1 202) 9 headers in 361 bytes (1 switches on core 0)
Jun 24 11:04:00.262622 n-d-779275-3 devstack@n-api.service[108932]: DEBUG nova.api.openstack.wsgi [None req-7fe7974b-3b45-4eac-baf6-f6c5d41ff524 tempest-ServersWithSpecificFlavorTestJSON-531709181 tempest-ServersWithSpecificFlavorTestJSON-531709181-project] Action: 'action', calling method: >, body: {"os-getConsoleOutput": {}} {{(pid=108932) _process_stack /opt/stack/nova/nova/api/openstack/wsgi.py:511}}
Jun 24 11:04:00.263603 n-d-779275-3 devstack@n-api.service[108932]: DEBUG nova.compute.api [None req-7fe7974b-3b45-4eac-baf6-f6c5d41ff524 tempest-ServersWithSpecificFlavorTestJSON-531709181 tempest-ServersWithSpecificFlavorTestJSON-531709181-project] [instance: c5e5c040-a424-4f85-b1bd-4bcdac5e9aa4] Fetching instance by UUID {{(pid=108932) get /opt/stack/nova/nova/compute/api.py:2795}}
Jun 24 11:04:00.271012 n-d-779275-3 devstack@n-api.service[108932]: DEBUG oslo_concurrency.lockutils [None req-7fe7974b-3b45-4eac-baf6-f6c5d41ff524 tempest-ServersWithSpecificFlavorTestJSON-531709181 tempest-ServersWithSpecificFlavorTestJSON-531709181-project] Lock "f1319932-7311-4890-bfbb-08b06eadd12c" acquired by "nova.context.set_target_cell..get_or_set_cached_cell_and_set_connections" :: waited 0.000s {{(pid=108932) inner /usr/local/lib/python3.8/dist-packages/oslo_concurrency/lockutils.py:355}}
Jun 24 11:04:00.271681 n-d-779275-3 devstack@n-api.service[108932]: DEBUG oslo_concurrency.lockutils [None req-7fe7974b-3b45-4eac-baf6-f6c5d41ff524 tempest-ServersWithSpecificFlavorTestJSON-531709181 tempest-ServersWithSpecificFlavorTestJSON-531709181-project] Lock "f1319932-7311-4890-bfbb-08b06eadd12c" released by "nova.context.set_target_cell..get_or_set_cached_cell_and_set_connections" :: held 0.001s {{(pid=108932) inner /usr/local/lib/python3.8/dist-packages/oslo_concurrency/lockutils.py:367}}
Jun 24 11:04:00.272648 n-d-779275-3 devstack@n-api.service[108932]: DEBUG oslo_concurrency.lockutils [None req-7fe7974b-3b45-4eac-baf6-f6c5d41ff524 tempest-ServersWithSpecificFlavorTestJSON-531709181 tempest-ServersWithSpecificFlavorTestJSON-531709181-project] Lock "f1319932-7311-4890-bfbb-08b06eadd12c" acquired by "nova.context.set_target_cell..get_or_set_cached_cell_and_set_connections" :: waited 0.000s {{(pid=108932) inner /usr/local/lib/python3.8/dist-packages/oslo_concurrency/lockutils.py:355}}
Jun 24 11:04:00.273277 n-d-779275-3 devstack@n-api.service[108932]: DEBUG oslo_concurrency.lockutils [None req-7fe7974b-3b45-4eac-baf6-f6c5d41ff524 tempest-ServersWithSpecificFlavorTestJSON-531709181 tempest-ServersWithSpecificFlavorTestJSON-531709181-project] Lock "f1319932-7311-4890-bfbb-08b06eadd12c" released by "nova.context.set_target_cell..get_or_set_cached_cell_and_set_connections" :: held 0.001s {{(pid=108932) inner /usr/local/lib/python3.8/dist-packages/oslo_concurrency/lockutils.py:367}}
Jun 24 11:04:00.276425 n-d-779275-3 devstack@n-api.service[108932]: /opt/stack/nova/nova/db/sqlalchemy/api.py:1217: SAWarning: TypeDecorator SoftDeleteInteger() will not produce a cache key because the ``cache_ok`` flag is not set to True. Set this flag to True if this type object's state is safe to use in a cache key, or False to disable this warning.
Jun 24 11:04:00.276425 n-d-779275-3 devstack@n-api.service[108932]: result = _build_instance_get(context, columns_to_join=columns_to_join).\
Jun 24 11:04:00.400155 n-d-779275-3 devstack@n-api.service[108932]: INFO nova.api.openstack.requestlog [None req-7fe7974b-3b45-4eac-baf6-f6c5d41ff524 tempest-ServersWithSpecificFlavorTestJSON-531709181 tempest-ServersWithSpecificFlavorTestJSON-531709181-project] 10.222.0.46 "POST /compute/v2.1/servers/c5e5c040-a424-4f85-b1bd-4bcdac5e9aa4/action" status: 200 len: 14 microversion: 2.1 time: 0.141099
Jun 24 11:04:00.401067 n-d-779275-3 devstack@n-api.service[108932]: [pid: 108932|app: 0|req: 146/294] 10.222.0.46 () {60 vars in 1278 bytes} [Thu Jun 24 11:04:00 2021] POST /compute/v2.1/servers/c5e5c040-a424-4f85-b1bd-4bcdac5e9aa4/action => generated 14 bytes in 143 msecs (HTTP/1.1 200) 9 headers in 356 bytes (1 switches on core 0)
Jun 24 11:04:00.406021 n-d-779275-3 devstack@n-api.service[108932]: DEBUG nova.api.openstack.wsgi [req-7a27f5c2-6e90-4e6f-b6fe-078312c56a72 req-e775c145-f97c-4ee3-86d0-107636309574 service nova] Action: 'create', calling method: >, body: {"events": [{"name": "network-changed", "server_uuid": "c5e5c040-a424-4f85-b1bd-4bcdac5e9aa4", "tag": "52e7a95a-619f-40df-90c3-97ed2e9bdfad"}]} {{(pid=108932) _process_stack /opt/stack/nova/nova/api/openstack/wsgi.py:511}}
Jun 24 11:04:00.407671 n-d-779275-3 devstack@n-api.service[108932]: /usr/local/lib/python3.8/dist-packages/oslo_policy/policy.py:1064: UserWarning: Policy os_compute_api:os-server-external-events:create failed scope check. The token used to make the request was project scoped but the policy requires ['system'] scope. This behavior may change in the future where using the intended scope is required
Jun 24 11:04:00.407671 n-d-779275-3 devstack@n-api.service[108932]: warnings.warn(msg)
Jun 24 11:04:00.416088 n-d-779275-3 devstack@n-api.service[108932]: DEBUG oslo_concurrency.lockutils [req-7a27f5c2-6e90-4e6f-b6fe-078312c56a72 req-e775c145-f97c-4ee3-86d0-107636309574 service nova] Lock "f1319932-7311-4890-bfbb-08b06eadd12c" acquired by "nova.context.set_target_cell..get_or_set_cached_cell_and_set_connections" :: waited 0.000s {{(pid=108932) inner /usr/local/lib/python3.8/dist-packages/oslo_concurrency/lockutils.py:355}}
Jun 24 11:04:00.416762 n-d-779275-3 devstack@n-api.service[108932]: DEBUG oslo_concurrency.lockutils [req-7a27f5c2-6e90-4e6f-b6fe-078312c56a72 req-e775c145-f97c-4ee3-86d0-107636309574 service nova] Lock "f1319932-7311-4890-bfbb-08b06eadd12c" released by "nova.context.set_target_cell..get_or_set_cached_cell_and_set_connections" :: held 0.001s {{(pid=108932) inner /usr/local/lib/python3.8/dist-packages/oslo_concurrency/lockutils.py:367}}
Jun 24 11:04:00.428648 n-d-779275-3 devstack@n-api.service[108932]: INFO nova.api.openstack.compute.server_external_events [req-7a27f5c2-6e90-4e6f-b6fe-078312c56a72 req-e775c145-f97c-4ee3-86d0-107636309574 service nova] Creating event network-changed:52e7a95a-619f-40df-90c3-97ed2e9bdfad for instance c5e5c040-a424-4f85-b1bd-4bcdac5e9aa4 on n-h2-779275-3
Jun 24 11:04:00.432588 n-d-779275-3 devstack@n-api.service[108933]: DEBUG nova.policy [None req-2f6f907e-5e98-4340-90d3-69e36b0a229d tempest-MigrationsAdminTest-316496978 tempest-MigrationsAdminTest-316496978-project] Policy check for os_compute_api:os-extended-server-attributes failed with credentials {'is_admin': False, 'user_id': '0515f6d03bee4f97887d260ecb5447b8', 'user_domain_id': 'default', 'system_scope': None, 'domain_id': None, 'project_id': '92eb415abd0542ae9e68cdf7283bea1d', 'project_domain_id': 'default', 'roles': ['member', 'reader'], 'is_admin_project': True, 'service_user_id': None, 'service_user_domain_id': None, 'service_project_id': None, 'service_project_domain_id': None, 'service_roles': []} {{(pid=108933) authorize /opt/stack/nova/nova/policy.py:199}}
Jun 24 11:04:00.433737 n-d-779275-3 devstack@n-api.service[108932]: INFO nova.api.openstack.requestlog [req-7a27f5c2-6e90-4e6f-b6fe-078312c56a72 req-e775c145-f97c-4ee3-86d0-107636309574 service nova] 10.222.0.46 "POST /compute/v2.1/os-server-external-events" status: 200 len: 179 microversion: 2.1 time: 0.031305
Jun 24 11:04:00.434973 n-d-779275-3 devstack@n-api.service[108932]: [pid: 108932|app: 0|req: 147/295] 10.222.0.46 () {64 vars in 1318 bytes} [Thu Jun 24 11:04:00 2021] POST /compute/v2.1/os-server-external-events => generated 179 bytes in 33 msecs (HTTP/1.1 200) 9 headers in 357 bytes (1 switches on core 0)
Jun 24 11:04:00.436804 n-d-779275-3 devstack@n-api.service[108933]: /opt/stack/nova/nova/db/sqlalchemy/api.py:2775: SAWarning: TypeDecorator SoftDeleteInteger() will not produce a cache key because the ``cache_ok`` flag is not set to True. Set this flag to True if this type object's state is safe to use in a cache key, or False to disable this warning.
Jun 24 11:04:00.436804 n-d-779275-3 devstack@n-api.service[108933]: return _block_device_mapping_get_query(context).filter(
Jun 24 11:04:00.447306 n-d-779275-3 devstack@n-api.service[108933]: INFO nova.api.openstack.requestlog [None req-2f6f907e-5e98-4340-90d3-69e36b0a229d tempest-MigrationsAdminTest-316496978 tempest-MigrationsAdminTest-316496978-project] 10.222.0.46 "GET /compute/v2.1/servers/1d26c39a-1d66-4e61-b74b-3426804bc5f8" status: 200 len: 1476 microversion: 2.1 time: 0.289825
Jun 24 11:04:00.448494 n-d-779275-3 devstack@n-api.service[108933]: [pid: 108933|app: 0|req: 149/296] 10.222.0.46 () {58 vars in 1236 bytes} [Thu Jun 24 11:04:00 2021] GET /compute/v2.1/servers/1d26c39a-1d66-4e61-b74b-3426804bc5f8 => generated 1476 bytes in 291 msecs (HTTP/1.1 200) 9 headers in 358 bytes (1 switches on core 0)
Jun 24 11:04:00.453486 n-d-779275-3 devstack@n-api.service[108933]: DEBUG nova.api.openstack.wsgi [None req-d5b05b06-387e-4160-b84a-6e5b52808f5b tempest-QuotasAdminTestJSON-632192429 tempest-QuotasAdminTestJSON-632192429-project-admin] Calling method '.version_select at 0x7fa41871c700>' {{(pid=108933) _process_stack /opt/stack/nova/nova/api/openstack/wsgi.py:513}}
Jun 24 11:04:00.705131 n-d-779275-3 devstack@n-api.service[108933]: /opt/stack/nova/nova/db/sqlalchemy/api.py:2503: SAWarning: TypeDecorator SoftDeleteInteger() will not produce a cache key because the ``cache_ok`` flag is not set to True. Set this flag to True if this type object's state is safe to use in a cache key, or False to disable this warning.
Jun 24 11:04:00.705131 n-d-779275-3 devstack@n-api.service[108933]: rows = model_query(context, models.Quota, read_deleted="no").\
Jun 24 11:04:00.716415 n-d-779275-3 devstack@n-api.service[108933]: DEBUG oslo_concurrency.lockutils [None req-d5b05b06-387e-4160-b84a-6e5b52808f5b tempest-QuotasAdminTestJSON-632192429 tempest-QuotasAdminTestJSON-632192429-project-admin] Lock "00000000-0000-0000-0000-000000000000" acquired by "nova.context.set_target_cell..get_or_set_cached_cell_and_set_connections" :: waited 0.000s {{(pid=108933) inner /usr/local/lib/python3.8/dist-packages/oslo_concurrency/lockutils.py:355}}
Jun 24 11:04:00.717426 n-d-779275-3 devstack@n-api.service[108933]: DEBUG oslo_concurrency.lockutils [None req-d5b05b06-387e-4160-b84a-6e5b52808f5b tempest-QuotasAdminTestJSON-632192429 tempest-QuotasAdminTestJSON-632192429-project-admin] Lock "00000000-0000-0000-0000-000000000000" released by "nova.context.set_target_cell..get_or_set_cached_cell_and_set_connections" :: held 0.003s {{(pid=108933) inner /usr/local/lib/python3.8/dist-packages/oslo_concurrency/lockutils.py:367}}
Jun 24 11:04:00.719356 n-d-779275-3 devstack@n-api.service[108933]: DEBUG oslo_concurrency.lockutils [None req-d5b05b06-387e-4160-b84a-6e5b52808f5b tempest-QuotasAdminTestJSON-632192429 tempest-QuotasAdminTestJSON-632192429-project-admin] Lock "f1319932-7311-4890-bfbb-08b06eadd12c" acquired by "nova.context.set_target_cell..get_or_set_cached_cell_and_set_connections" :: waited 0.000s {{(pid=108933) inner /usr/local/lib/python3.8/dist-packages/oslo_concurrency/lockutils.py:355}}
Jun 24 11:04:00.720704 n-d-779275-3 devstack@n-api.service[108933]: DEBUG oslo_concurrency.lockutils [None req-d5b05b06-387e-4160-b84a-6e5b52808f5b tempest-QuotasAdminTestJSON-632192429 tempest-QuotasAdminTestJSON-632192429-project-admin] Lock "f1319932-7311-4890-bfbb-08b06eadd12c" released by "nova.context.set_target_cell..get_or_set_cached_cell_and_set_connections" :: held 0.000s {{(pid=108933) inner /usr/local/lib/python3.8/dist-packages/oslo_concurrency/lockutils.py:367}}
Jun 24 11:04:00.732371 n-d-779275-3 devstack@n-api.service[108933]: /opt/stack/nova/nova/objects/instance.py:1537: SAWarning: TypeDecorator SoftDeleteInteger() will not produce a cache key because the ``cache_ok`` flag is not set to True. Set this flag to True if this type object's state is safe to use in a cache key, or False to disable this warning.
Jun 24 11:04:00.732371 n-d-779275-3 devstack@n-api.service[108933]: project_result = project_query.first()
Jun 24 11:04:00.742426 n-d-779275-3 devstack@n-api.service[108932]: DEBUG nova.api.openstack.wsgi [None req-b9356467-4246-4e31-a787-344775c6579f tempest-FlavorsV2TestJSON-1154015134 tempest-FlavorsV2TestJSON-1154015134-project] Calling method '>' {{(pid=108932) _process_stack /opt/stack/nova/nova/api/openstack/wsgi.py:513}}
Jun 24 11:04:00.756963 n-d-779275-3 devstack@n-api.service[108933]: INFO nova.api.openstack.requestlog [None req-d5b05b06-387e-4160-b84a-6e5b52808f5b tempest-QuotasAdminTestJSON-632192429 tempest-QuotasAdminTestJSON-632192429-project-admin] 10.222.0.46 "GET /compute/v2.1/os-quota-sets/3e7b4f1ea8ab41a498a06dda0826d32f/detail" status: 200 len: 916 microversion: 2.1 time: 0.306835
Jun 24 11:04:00.757790 n-d-779275-3 devstack@n-api.service[108933]: [pid: 108933|app: 0|req: 150/297] 10.222.0.46 () {58 vars in 1263 bytes} [Thu Jun 24 11:04:00 2021] GET /compute/v2.1/os-quota-sets/3e7b4f1ea8ab41a498a06dda0826d32f/detail => generated 916 bytes in 308 msecs (HTTP/1.1 200) 9 headers in 357 bytes (1 switches on core 0)
Jun 24 11:04:00.758602 n-d-779275-3 devstack@n-api.service[108932]: INFO nova.api.openstack.requestlog [None req-b9356467-4246-4e31-a787-344775c6579f tempest-FlavorsV2TestJSON-1154015134 tempest-FlavorsV2TestJSON-1154015134-project] 10.222.0.46 "GET /compute/v2.1/flavors/452" status: 200 len: 370 microversion: 2.1 time: 0.322373
Jun 24 11:04:00.760670 n-d-779275-3 devstack@n-api.service[108932]: [pid: 108932|app: 0|req: 148/298] 10.222.0.46 () {58 vars in 1137 bytes} [Thu Jun 24 11:04:00 2021] GET /compute/v2.1/flavors/452 => generated 370 bytes in 325 msecs (HTTP/1.1 200) 9 headers in 357 bytes (1 switches on core 0)
Jun 24 11:04:00.767031 n-d-779275-3 devstack@n-api.service[108932]: DEBUG nova.api.openstack.wsgi [None req-8df59a78-84b1-4095-99b4-36da1a5de329 tempest-ServerDiagnosticsNegativeTest-1471484961 tempest-ServerDiagnosticsNegativeTest-1471484961-project] Calling method '>' {{(pid=108932) _process_stack /opt/stack/nova/nova/api/openstack/wsgi.py:513}}
Jun 24 11:04:00.768446 n-d-779275-3 devstack@n-api.service[108932]: DEBUG nova.compute.api [None req-8df59a78-84b1-4095-99b4-36da1a5de329 tempest-ServerDiagnosticsNegativeTest-1471484961 tempest-ServerDiagnosticsNegativeTest-1471484961-project] [instance: db970a48-4ca4-40d9-bb84-d329afea2c14] Fetching instance by UUID {{(pid=108932) get /opt/stack/nova/nova/compute/api.py:2795}}
Jun 24 11:04:00.770130 n-d-779275-3 devstack@n-api.service[108933]: DEBUG nova.api.openstack.wsgi [None req-f3e21d61-5c53-41f0-8219-46b2ca282c19 tempest-FlavorsAdminTestJSON-167706640 tempest-FlavorsAdminTestJSON-167706640-project-admin] Calling method '>' {{(pid=108933) _process_stack /opt/stack/nova/nova/api/openstack/wsgi.py:513}}
Jun 24 11:04:00.778709 n-d-779275-3 devstack@n-api.service[108932]: DEBUG oslo_concurrency.lockutils [None req-8df59a78-84b1-4095-99b4-36da1a5de329 tempest-ServerDiagnosticsNegativeTest-1471484961 tempest-ServerDiagnosticsNegativeTest-1471484961-project] Lock "f1319932-7311-4890-bfbb-08b06eadd12c" acquired by "nova.context.set_target_cell..get_or_set_cached_cell_and_set_connections" :: waited 0.000s {{(pid=108932) inner /usr/local/lib/python3.8/dist-packages/oslo_concurrency/lockutils.py:355}}
Jun 24 11:04:00.779868 n-d-779275-3 devstack@n-api.service[108932]: DEBUG oslo_concurrency.lockutils [None req-8df59a78-84b1-4095-99b4-36da1a5de329 tempest-ServerDiagnosticsNegativeTest-1471484961 tempest-ServerDiagnosticsNegativeTest-1471484961-project] Lock "f1319932-7311-4890-bfbb-08b06eadd12c" released by "nova.context.set_target_cell..get_or_set_cached_cell_and_set_connections" :: held 0.001s {{(pid=108932) inner /usr/local/lib/python3.8/dist-packages/oslo_concurrency/lockutils.py:367}}
Jun 24 11:04:00.780861 n-d-779275-3 devstack@n-api.service[108932]: DEBUG oslo_concurrency.lockutils [None req-8df59a78-84b1-4095-99b4-36da1a5de329 tempest-ServerDiagnosticsNegativeTest-1471484961 tempest-ServerDiagnosticsNegativeTest-1471484961-project] Lock "f1319932-7311-4890-bfbb-08b06eadd12c" acquired by "nova.context.set_target_cell..get_or_set_cached_cell_and_set_connections" :: waited 0.000s {{(pid=108932) inner /usr/local/lib/python3.8/dist-packages/oslo_concurrency/lockutils.py:355}}
Jun 24 11:04:00.782264 n-d-779275-3 devstack@n-api.service[108932]: DEBUG oslo_concurrency.lockutils [None req-8df59a78-84b1-4095-99b4-36da1a5de329 tempest-ServerDiagnosticsNegativeTest-1471484961 tempest-ServerDiagnosticsNegativeTest-1471484961-project] Lock "f1319932-7311-4890-bfbb-08b06eadd12c" released by "nova.context.set_target_cell..get_or_set_cached_cell_and_set_connections" :: held 0.001s {{(pid=108932) inner /usr/local/lib/python3.8/dist-packages/oslo_concurrency/lockutils.py:367}}
Jun 24 11:04:00.787765 n-d-779275-3 devstack@n-api.service[108932]: /opt/stack/nova/nova/db/sqlalchemy/api.py:1217: SAWarning: TypeDecorator SoftDeleteInteger() will not produce a cache key because the ``cache_ok`` flag is not set to True. Set this flag to True if this type object's state is safe to use in a cache key, or False to disable this warning.
Jun 24 11:04:00.787765 n-d-779275-3 devstack@n-api.service[108932]: result = _build_instance_get(context, columns_to_join=columns_to_join).\
Jun 24 11:04:00.822900 n-d-779275-3 devstack@n-api.service[108933]: INFO nova.api.openstack.requestlog [None req-f3e21d61-5c53-41f0-8219-46b2ca282c19 tempest-FlavorsAdminTestJSON-167706640 tempest-FlavorsAdminTestJSON-167706640-project-admin] 10.222.0.46 "GET /compute/v2.1/flavors/detail" status: 200 len: 5820 microversion: 2.1 time: 0.064059
Jun 24 11:04:00.823497 n-d-779275-3 devstack@n-api.service[108933]: [pid: 108933|app: 0|req: 151/299] 10.222.0.46 () {58 vars in 1146 bytes} [Thu Jun 24 11:04:00 2021] GET /compute/v2.1/flavors/detail => generated 5820 bytes in 65 msecs (HTTP/1.1 200) 9 headers in 358 bytes (1 switches on core 0)
Jun 24 11:04:00.841069 n-d-779275-3 devstack@n-api.service[108933]: DEBUG nova.api.openstack.wsgi [None req-a3def167-3500-4b1f-93e1-5016c9c485dc tempest-FlavorsV2TestJSON-1154015134 tempest-FlavorsV2TestJSON-1154015134-project] Calling method '>' {{(pid=108933) _process_stack /opt/stack/nova/nova/api/openstack/wsgi.py:513}}
Jun 24 11:04:00.866708 n-d-779275-3 devstack@n-api.service[108933]: INFO nova.api.openstack.requestlog [None req-a3def167-3500-4b1f-93e1-5016c9c485dc tempest-FlavorsV2TestJSON-1154015134 tempest-FlavorsV2TestJSON-1154015134-project] 10.222.0.46 "GET /compute/v2.1/flavors" status: 200 len: 3081 microversion: 2.1 time: 0.028981
Jun 24 11:04:00.868240 n-d-779275-3 devstack@n-api.service[108933]: [pid: 108933|app: 0|req: 152/300] 10.222.0.46 () {58 vars in 1125 bytes} [Thu Jun 24 11:04:00 2021] GET /compute/v2.1/flavors => generated 3081 bytes in 44 msecs (HTTP/1.1 200) 9 headers in 358 bytes (1 switches on core 0)
Jun 24 11:04:00.874100 n-d-779275-3 devstack@n-api.service[108933]: DEBUG nova.api.openstack.wsgi [None req-bddbfea3-2d5c-43ff-bb7e-e89283e62384 tempest-FlavorsAdminTestJSON-167706640 tempest-FlavorsAdminTestJSON-167706640-project-admin] Action: 'create', calling method: >, body: {"flavor": {"ram": 512, "vcpus": 1, "disk": 10, "name": "tempest-FlavorsAdminTestJSON-flavor-1377472376", "id": 1073692011, "os-flavor-access:is_public": "False"}} {{(pid=108933) _process_stack /opt/stack/nova/nova/api/openstack/wsgi.py:511}}
Jun 24 11:04:00.875815 n-d-779275-3 devstack@n-api.service[108933]: /usr/local/lib/python3.8/dist-packages/oslo_policy/policy.py:1064: UserWarning: Policy os_compute_api:os-flavor-manage:create failed scope check. The token used to make the request was project scoped but the policy requires ['system'] scope. This behavior may change in the future where using the intended scope is required
Jun 24 11:04:00.875815 n-d-779275-3 devstack@n-api.service[108933]: warnings.warn(msg)
Jun 24 11:04:00.899003 n-d-779275-3 devstack@n-api.service[108933]: INFO nova.api.openstack.requestlog [None req-bddbfea3-2d5c-43ff-bb7e-e89283e62384 tempest-FlavorsAdminTestJSON-167706640 tempest-FlavorsAdminTestJSON-167706640-project-admin] 10.222.0.46 "POST /compute/v2.1/flavors" status: 200 len: 430 microversion: 2.1 time: 0.029496
Jun 24 11:04:00.902423 n-d-779275-3 devstack@n-api.service[108933]: [pid: 108933|app: 0|req: 153/301] 10.222.0.46 () {60 vars in 1147 bytes} [Thu Jun 24 11:04:00 2021] POST /compute/v2.1/flavors => generated 430 bytes in 33 msecs (HTTP/1.1 200) 9 headers in 357 bytes (1 switches on core 0)
Jun 24 11:04:00.912885 n-d-779275-3 devstack@n-api.service[108933]: DEBUG nova.api.openstack.wsgi [None req-e4c26242-cbe9-4e99-81e7-9f50c0554ccd tempest-FlavorsV2TestJSON-1154015134 tempest-FlavorsV2TestJSON-1154015134-project] Calling method '>' {{(pid=108933) _process_stack /opt/stack/nova/nova/api/openstack/wsgi.py:513}}
Jun 24 11:04:00.922963 n-d-779275-3 devstack@n-api.service[108933]: INFO nova.api.openstack.requestlog [None req-e4c26242-cbe9-4e99-81e7-9f50c0554ccd tempest-FlavorsV2TestJSON-1154015134 tempest-FlavorsV2TestJSON-1154015134-project] 10.222.0.46 "GET /compute/v2.1/flavors/452" status: 200 len: 370 microversion: 2.1 time: 0.019221
Jun 24 11:04:00.924845 n-d-779275-3 devstack@n-api.service[108933]: [pid: 108933|app: 0|req: 154/302] 10.222.0.46 () {58 vars in 1137 bytes} [Thu Jun 24 11:04:00 2021] GET /compute/v2.1/flavors/452 => generated 370 bytes in 22 msecs (HTTP/1.1 200) 9 headers in 357 bytes (1 switches on core 0)
Jun 24 11:04:00.931241 n-d-779275-3 devstack@n-api.service[108933]: DEBUG nova.api.openstack.wsgi [None req-f7b79929-ddb6-4701-8ee3-1224cebd74c1 tempest-FlavorsAdminTestJSON-1909620921 tempest-FlavorsAdminTestJSON-1909620921-project] Action: 'create', calling method: >, body: {"server": {"name": "test", "imageRef": "db8989da-0e2d-4da1-b433-2c83d1ce5d9e", "flavorRef": "1073692011"}} {{(pid=108933) _process_stack /opt/stack/nova/nova/api/openstack/wsgi.py:511}}
Jun 24 11:04:00.951967 n-d-779275-3 devstack@n-api.service[108933]: INFO nova.api.openstack.wsgi [None req-f7b79929-ddb6-4701-8ee3-1224cebd74c1 tempest-FlavorsAdminTestJSON-1909620921 tempest-FlavorsAdminTestJSON-1909620921-project] HTTP exception thrown: Flavor 1073692011 could not be found.
Jun 24 11:04:00.952586 n-d-779275-3 devstack@n-api.service[108933]: DEBUG nova.api.openstack.wsgi [None req-f7b79929-ddb6-4701-8ee3-1224cebd74c1 tempest-FlavorsAdminTestJSON-1909620921 tempest-FlavorsAdminTestJSON-1909620921-project] Returning 400 to user: Flavor 1073692011 could not be found. {{(pid=108933) __call__ /opt/stack/nova/nova/api/openstack/wsgi.py:927}}
Jun 24 11:04:00.953544 n-d-779275-3 devstack@n-api.service[108933]: INFO nova.api.openstack.requestlog [None req-f7b79929-ddb6-4701-8ee3-1224cebd74c1 tempest-FlavorsAdminTestJSON-1909620921 tempest-FlavorsAdminTestJSON-1909620921-project] 10.222.0.46 "POST /compute/v2.1/servers" status: 400 len: 81 microversion: 2.1 time: 0.027344
Jun 24 11:04:00.954034 n-d-779275-3 devstack@n-api.service[108933]: [pid: 108933|app: 0|req: 155/303] 10.222.0.46 () {60 vars in 1147 bytes} [Thu Jun 24 11:04:00 2021] POST /compute/v2.1/servers => generated 81 bytes in 28 msecs (HTTP/1.1 400) 9 headers in 380 bytes (1 switches on core 0)
Jun 24 11:04:01.040454 n-d-779275-3 devstack@n-api.service[108933]: DEBUG nova.api.openstack.wsgi [None req-cbca1296-04af-451b-b169-97022fb536e0 tempest-FlavorsExtraSpecsTestJSON-900035277 tempest-FlavorsExtraSpecsTestJSON-900035277-project-admin] Action: 'create', calling method: >, body: {"flavor": {"name": "tempest-test_flavor-154596169", "ram": 512, "vcpus": 1, "disk": 10, "id": 1525538729, "swap": 1024, "rxtx_factor": 1, "OS-FLV-EXT-DATA:ephemeral": 10}} {{(pid=108933) _process_stack /opt/stack/nova/nova/api/openstack/wsgi.py:511}}
Jun 24 11:04:01.051427 n-d-779275-3 devstack@n-api.service[108932]: DEBUG nova.policy [None req-8df59a78-84b1-4095-99b4-36da1a5de329 tempest-ServerDiagnosticsNegativeTest-1471484961 tempest-ServerDiagnosticsNegativeTest-1471484961-project] Policy check for os_compute_api:os-extended-server-attributes failed with credentials {'is_admin': False, 'user_id': 'ef0d2036e1904df58b9b5e84517f5306', 'user_domain_id': 'default', 'system_scope': None, 'domain_id': None, 'project_id': '590b9459d4a14cdb9eb6983302a01428', 'project_domain_id': 'default', 'roles': ['member', 'reader'], 'is_admin_project': True, 'service_user_id': None, 'service_user_domain_id': None, 'service_project_id': None, 'service_project_domain_id': None, 'service_roles': []} {{(pid=108932) authorize /opt/stack/nova/nova/policy.py:199}}
Jun 24 11:04:01.054602 n-d-779275-3 devstack@n-api.service[108932]: /opt/stack/nova/nova/db/sqlalchemy/api.py:2775: SAWarning: TypeDecorator SoftDeleteInteger() will not produce a cache key because the ``cache_ok`` flag is not set to True. Set this flag to True if this type object's state is safe to use in a cache key, or False to disable this warning.
Jun 24 11:04:01.054602 n-d-779275-3 devstack@n-api.service[108932]: return _block_device_mapping_get_query(context).filter(
Jun 24 11:04:01.061826 n-d-779275-3 devstack@n-api.service[108933]: INFO nova.api.openstack.requestlog [None req-cbca1296-04af-451b-b169-97022fb536e0 tempest-FlavorsExtraSpecsTestJSON-900035277 tempest-FlavorsExtraSpecsTestJSON-900035277-project-admin] 10.222.0.46 "POST /compute/v2.1/flavors" status: 200 len: 415 microversion: 2.1 time: 0.106231
Jun 24 11:04:01.062731 n-d-779275-3 devstack@n-api.service[108933]: [pid: 108933|app: 0|req: 156/304] 10.222.0.46 () {60 vars in 1147 bytes} [Thu Jun 24 11:04:00 2021] POST /compute/v2.1/flavors => generated 415 bytes in 108 msecs (HTTP/1.1 200) 9 headers in 357 bytes (1 switches on core 0)
Jun 24 11:04:01.064668 n-d-779275-3 devstack@n-api.service[108932]: INFO nova.api.openstack.requestlog [None req-8df59a78-84b1-4095-99b4-36da1a5de329 tempest-ServerDiagnosticsNegativeTest-1471484961 tempest-ServerDiagnosticsNegativeTest-1471484961-project] 10.222.0.46 "GET /compute/v2.1/servers/db970a48-4ca4-40d9-bb84-d329afea2c14" status: 200 len: 1323 microversion: 2.1 time: 0.302830
Jun 24 11:04:01.070009 n-d-779275-3 devstack@n-api.service[108932]: [pid: 108932|app: 0|req: 149/305] 10.222.0.46 () {58 vars in 1236 bytes} [Thu Jun 24 11:04:00 2021] GET /compute/v2.1/servers/db970a48-4ca4-40d9-bb84-d329afea2c14 => generated 1323 bytes in 309 msecs (HTTP/1.1 200) 9 headers in 358 bytes (1 switches on core 0)
Jun 24 11:04:01.076862 n-d-779275-3 devstack@n-api.service[108932]: DEBUG nova.api.openstack.wsgi [None req-a095bb87-acb4-4c87-8edf-7fe91fd8c1dd tempest-FlavorsAdminTestJSON-167706640 tempest-FlavorsAdminTestJSON-167706640-project-admin] Calling method '>' {{(pid=108932) _process_stack /opt/stack/nova/nova/api/openstack/wsgi.py:513}}
Jun 24 11:04:01.078054 n-d-779275-3 devstack@n-api.service[108932]: /usr/local/lib/python3.8/dist-packages/oslo_policy/policy.py:1064: UserWarning: Policy os_compute_api:os-flavor-manage:delete failed scope check. The token used to make the request was project scoped but the policy requires ['system'] scope. This behavior may change in the future where using the intended scope is required
Jun 24 11:04:01.078054 n-d-779275-3 devstack@n-api.service[108932]: warnings.warn(msg)
Jun 24 11:04:01.078611 n-d-779275-3 devstack@n-api.service[108933]: DEBUG nova.api.openstack.wsgi [None req-901f3210-6b80-46f3-8d06-351c1747befd tempest-FlavorsV2TestJSON-1154015134 tempest-FlavorsV2TestJSON-1154015134-project] Calling method '>' {{(pid=108933) _process_stack /opt/stack/nova/nova/api/openstack/wsgi.py:513}}
Jun 24 11:04:01.088877 n-d-779275-3 devstack@n-api.service[108933]: INFO nova.api.openstack.requestlog [None req-901f3210-6b80-46f3-8d06-351c1747befd tempest-FlavorsV2TestJSON-1154015134 tempest-FlavorsV2TestJSON-1154015134-project] 10.222.0.46 "GET /compute/v2.1/flavors/452" status: 200 len: 370 microversion: 2.1 time: 0.024888
Jun 24 11:04:01.090319 n-d-779275-3 devstack@n-api.service[108933]: [pid: 108933|app: 0|req: 157/306] 10.222.0.46 () {58 vars in 1137 bytes} [Thu Jun 24 11:04:01 2021] GET /compute/v2.1/flavors/452 => generated 370 bytes in 27 msecs (HTTP/1.1 200) 9 headers in 357 bytes (1 switches on core 0)
Jun 24 11:04:01.095915 n-d-779275-3 devstack@n-api.service[108933]: DEBUG nova.api.openstack.wsgi [None req-a70d133d-c60d-42a5-b73f-516151548adf tempest-QuotasAdminTestJSON-632192429 tempest-QuotasAdminTestJSON-632192429-project-admin] Action: 'update', calling method: .version_select at 0x7fa41871c940>, body: {"quota_set": {"ram": "2048"}} {{(pid=108933) _process_stack /opt/stack/nova/nova/api/openstack/wsgi.py:511}}
Jun 24 11:04:01.097688 n-d-779275-3 devstack@n-api.service[108933]: /usr/local/lib/python3.8/dist-packages/oslo_policy/policy.py:1064: UserWarning: Policy os_compute_api:os-quota-sets:update failed scope check. The token used to make the request was project scoped but the policy requires ['system'] scope. This behavior may change in the future where using the intended scope is required
Jun 24 11:04:01.097688 n-d-779275-3 devstack@n-api.service[108933]: warnings.warn(msg)
Jun 24 11:04:01.110118 n-d-779275-3 devstack@n-api.service[108932]: INFO nova.api.openstack.requestlog [None req-a095bb87-acb4-4c87-8edf-7fe91fd8c1dd tempest-FlavorsAdminTestJSON-167706640 tempest-FlavorsAdminTestJSON-167706640-project-admin] 10.222.0.46 "DELETE /compute/v2.1/flavors/1073692011" status: 202 len: 0 microversion: 2.1 time: 0.037725
Jun 24 11:04:01.111609 n-d-779275-3 devstack@n-api.service[108932]: [pid: 108932|app: 0|req: 150/307] 10.222.0.46 () {58 vars in 1161 bytes} [Thu Jun 24 11:04:01 2021] DELETE /compute/v2.1/flavors/1073692011 => generated 0 bytes in 40 msecs (HTTP/1.1 202) 9 headers in 361 bytes (1 switches on core 0)
Jun 24 11:04:01.123165 n-d-779275-3 devstack@n-api.service[108932]: DEBUG nova.api.openstack.wsgi [None req-4b0def90-df7b-4e8c-a405-a1a64b92315d tempest-FlavorsExtraSpecsTestJSON-900035277 tempest-FlavorsExtraSpecsTestJSON-900035277-project-admin] Action: 'create', calling method: >, body: {"extra_specs": {"hw:numa_nodes": "1", "hw:cpu_policy": "shared"}} {{(pid=108932) _process_stack /opt/stack/nova/nova/api/openstack/wsgi.py:511}}
Jun 24 11:04:01.125324 n-d-779275-3 devstack@n-api.service[108932]: /usr/local/lib/python3.8/dist-packages/oslo_policy/policy.py:1064: UserWarning: Policy os_compute_api:os-flavor-extra-specs:create failed scope check. The token used to make the request was project scoped but the policy requires ['system'] scope. This behavior may change in the future where using the intended scope is required
Jun 24 11:04:01.125324 n-d-779275-3 devstack@n-api.service[108932]: warnings.warn(msg)
Jun 24 11:04:01.166319 n-d-779275-3 devstack@n-api.service[108932]: INFO nova.api.openstack.requestlog [None req-4b0def90-df7b-4e8c-a405-a1a64b92315d tempest-FlavorsExtraSpecsTestJSON-900035277 tempest-FlavorsExtraSpecsTestJSON-900035277-project-admin] 10.222.0.46 "POST /compute/v2.1/flavors/1525538729/os-extra_specs" status: 200 len: 66 microversion: 2.1 time: 0.052961
Jun 24 11:04:01.167131 n-d-779275-3 devstack@n-api.service[108932]: [pid: 108932|app: 0|req: 151/308] 10.222.0.46 () {60 vars in 1224 bytes} [Thu Jun 24 11:04:01 2021] POST /compute/v2.1/flavors/1525538729/os-extra_specs => generated 66 bytes in 55 msecs (HTTP/1.1 200) 9 headers in 356 bytes (1 switches on core 0)
Jun 24 11:04:01.171554 n-d-779275-3 devstack@n-api.service[108933]: DEBUG oslo_concurrency.lockutils [None req-a70d133d-c60d-42a5-b73f-516151548adf tempest-QuotasAdminTestJSON-632192429 tempest-QuotasAdminTestJSON-632192429-project-admin] Lock "00000000-0000-0000-0000-000000000000" acquired by "nova.context.set_target_cell..get_or_set_cached_cell_and_set_connections" :: waited 0.000s {{(pid=108933) inner /usr/local/lib/python3.8/dist-packages/oslo_concurrency/lockutils.py:355}}
Jun 24 11:04:01.171554 n-d-779275-3 devstack@n-api.service[108933]: DEBUG oslo_concurrency.lockutils [None req-a70d133d-c60d-42a5-b73f-516151548adf tempest-QuotasAdminTestJSON-632192429 tempest-QuotasAdminTestJSON-632192429-project-admin] Lock "00000000-0000-0000-0000-000000000000" released by "nova.context.set_target_cell..get_or_set_cached_cell_and_set_connections" :: held 0.001s {{(pid=108933) inner /usr/local/lib/python3.8/dist-packages/oslo_concurrency/lockutils.py:367}}
Jun 24 11:04:01.172699 n-d-779275-3 devstack@n-api.service[108933]: DEBUG oslo_concurrency.lockutils [None req-a70d133d-c60d-42a5-b73f-516151548adf tempest-QuotasAdminTestJSON-632192429 tempest-QuotasAdminTestJSON-632192429-project-admin] Lock "f1319932-7311-4890-bfbb-08b06eadd12c" acquired by "nova.context.set_target_cell..get_or_set_cached_cell_and_set_connections" :: waited 0.000s {{(pid=108933) inner /usr/local/lib/python3.8/dist-packages/oslo_concurrency/lockutils.py:355}}
Jun 24 11:04:01.173338 n-d-779275-3 devstack@n-api.service[108933]: DEBUG oslo_concurrency.lockutils [None req-a70d133d-c60d-42a5-b73f-516151548adf tempest-QuotasAdminTestJSON-632192429 tempest-QuotasAdminTestJSON-632192429-project-admin] Lock "f1319932-7311-4890-bfbb-08b06eadd12c" released by "nova.context.set_target_cell..get_or_set_cached_cell_and_set_connections" :: held 0.001s {{(pid=108933) inner /usr/local/lib/python3.8/dist-packages/oslo_concurrency/lockutils.py:367}}
Jun 24 11:04:01.174496 n-d-779275-3 devstack@n-api.service[108932]: DEBUG nova.api.openstack.wsgi [None req-79b6a712-d35c-4597-b6a0-f527eb9c695d tempest-FlavorsV2TestJSON-1154015134 tempest-FlavorsV2TestJSON-1154015134-project] Calling method '>' {{(pid=108932) _process_stack /opt/stack/nova/nova/api/openstack/wsgi.py:513}}
