Nov 04 09:26:22.239536 n-d-778696-18 devstack@n-api.service[117008]: [pid: 117008|app: 0|req: 40/101] 10.222.0.47 () {58 vars in 1235 bytes} [Thu Nov 4 09:26:21 2021] GET /compute/v2.1/servers/b6b52b63-fb41-4eda-b3a5-84a8e31d0afd => generated 1243 bytes in 459 msecs (HTTP/1.1 200) 9 headers in 358 bytes (1 switches on core 0)
Nov 04 09:26:23.261294 n-d-778696-18 devstack@n-api.service[117008]: DEBUG nova.api.openstack.wsgi [None req-3b2a80de-200b-4a22-9dff-1124713cbb5a tempest-AggregatesAdminTestJSON-1652166061 tempest-AggregatesAdminTestJSON-1652166061-project] Calling method '>' {{(pid=117008) _process_stack /opt/stack/nova/nova/api/openstack/wsgi.py:513}}
Nov 04 09:26:23.264507 n-d-778696-18 devstack@n-api.service[117008]: DEBUG nova.compute.api [None req-3b2a80de-200b-4a22-9dff-1124713cbb5a tempest-AggregatesAdminTestJSON-1652166061 tempest-AggregatesAdminTestJSON-1652166061-project] [instance: b6b52b63-fb41-4eda-b3a5-84a8e31d0afd] Fetching instance by UUID {{(pid=117008) get /opt/stack/nova/nova/compute/api.py:2865}}
Nov 04 09:26:23.280861 n-d-778696-18 devstack@n-api.service[117008]: DEBUG oslo_concurrency.lockutils [None req-3b2a80de-200b-4a22-9dff-1124713cbb5a tempest-AggregatesAdminTestJSON-1652166061 tempest-AggregatesAdminTestJSON-1652166061-project] Lock "381402b2-2844-49a4-91a2-08b312cf7758" acquired by "nova.context.set_target_cell..get_or_set_cached_cell_and_set_connections" :: waited 0.000s {{(pid=117008) inner /usr/local/lib/python3.8/dist-packages/oslo_concurrency/lockutils.py:386}}
Nov 04 09:26:23.281305 n-d-778696-18 devstack@n-api.service[117008]: DEBUG oslo_concurrency.lockutils [None req-3b2a80de-200b-4a22-9dff-1124713cbb5a tempest-AggregatesAdminTestJSON-1652166061 tempest-AggregatesAdminTestJSON-1652166061-project] Lock "381402b2-2844-49a4-91a2-08b312cf7758" "released" by "nova.context.set_target_cell..get_or_set_cached_cell_and_set_connections" :: held 0.001s {{(pid=117008) inner /usr/local/lib/python3.8/dist-packages/oslo_concurrency/lockutils.py:400}}
Nov 04 09:26:23.292263 n-d-778696-18 devstack@n-api.service[117008]: DEBUG oslo_concurrency.lockutils [None req-3b2a80de-200b-4a22-9dff-1124713cbb5a tempest-AggregatesAdminTestJSON-1652166061 tempest-AggregatesAdminTestJSON-1652166061-project] Lock "381402b2-2844-49a4-91a2-08b312cf7758" acquired by "nova.context.set_target_cell..get_or_set_cached_cell_and_set_connections" :: waited 0.000s {{(pid=117008) inner /usr/local/lib/python3.8/dist-packages/oslo_concurrency/lockutils.py:386}}
Nov 04 09:26:23.293760 n-d-778696-18 devstack@n-api.service[117008]: DEBUG oslo_concurrency.lockutils [None req-3b2a80de-200b-4a22-9dff-1124713cbb5a tempest-AggregatesAdminTestJSON-1652166061 tempest-AggregatesAdminTestJSON-1652166061-project] Lock "381402b2-2844-49a4-91a2-08b312cf7758" "released" by "nova.context.set_target_cell..get_or_set_cached_cell_and_set_connections" :: held 0.002s {{(pid=117008) inner /usr/local/lib/python3.8/dist-packages/oslo_concurrency/lockutils.py:400}}
Nov 04 09:26:23.608013 n-d-778696-18 devstack@n-api.service[117007]: DEBUG nova.policy [None req-8347261d-bb3e-43c5-9a81-86d24d49e866 tempest-DeleteServersAdminTestJSON-1057863415 tempest-DeleteServersAdminTestJSON-1057863415-project] Policy check for os_compute_api:os-extended-server-attributes failed with credentials {'is_admin': False, 'user_id': '5f48fbc809b747f9b73f9fcc056fbcf1', 'user_domain_id': 'default', 'system_scope': None, 'domain_id': None, 'project_id': 'b7ea1ece71e64158b8737f6b9a36966d', 'project_domain_id': 'default', 'roles': ['member', 'reader'], 'is_admin_project': True, 'service_user_id': None, 'service_user_domain_id': None, 'service_project_id': None, 'service_project_domain_id': None, 'service_roles': []} {{(pid=117007) authorize /opt/stack/nova/nova/policy.py:199}}
Nov 04 09:26:23.616105 n-d-778696-18 devstack@n-api.service[117007]: INFO nova.api.openstack.requestlog [None req-8347261d-bb3e-43c5-9a81-86d24d49e866 tempest-DeleteServersAdminTestJSON-1057863415 tempest-DeleteServersAdminTestJSON-1057863415-project] 10.222.0.47 "GET /compute/v2.1/servers/ebfe08f9-45b4-41bf-88a4-868e779460e6" status: 200 len: 1320 microversion: 2.1 time: 1.754435
Nov 04 09:26:23.621634 n-d-778696-18 devstack@n-api.service[117007]: [pid: 117007|app: 0|req: 62/102] 10.222.0.47 () {58 vars in 1235 bytes} [Thu Nov 4 09:26:21 2021] GET /compute/v2.1/servers/ebfe08f9-45b4-41bf-88a4-868e779460e6 => generated 1320 bytes in 1761 msecs (HTTP/1.1 200) 9 headers in 358 bytes (2 switches on core 0)
Nov 04 09:26:23.818270 n-d-778696-18 devstack@n-api.service[117008]: DEBUG nova.policy [None req-3b2a80de-200b-4a22-9dff-1124713cbb5a tempest-AggregatesAdminTestJSON-1652166061 tempest-AggregatesAdminTestJSON-1652166061-project] Policy check for os_compute_api:os-extended-server-attributes failed with credentials {'is_admin': False, 'user_id': '1ec0ee595f554eae870bb9cf2b3f429e', 'user_domain_id': 'default', 'system_scope': None, 'domain_id': None, 'project_id': 'e3bb320623a143438eeb95b9265566ee', 'project_domain_id': 'default', 'roles': ['member', 'reader'], 'is_admin_project': True, 'service_user_id': None, 'service_user_domain_id': None, 'service_project_id': None, 'service_project_domain_id': None, 'service_roles': []} {{(pid=117008) authorize /opt/stack/nova/nova/policy.py:199}}
Nov 04 09:26:23.859030 n-d-778696-18 devstack@n-api.service[117008]: INFO nova.api.openstack.requestlog [None req-3b2a80de-200b-4a22-9dff-1124713cbb5a tempest-AggregatesAdminTestJSON-1652166061 tempest-AggregatesAdminTestJSON-1652166061-project] 10.222.0.47 "GET /compute/v2.1/servers/b6b52b63-fb41-4eda-b3a5-84a8e31d0afd" status: 200 len: 1297 microversion: 2.1 time: 0.600092
Nov 04 09:26:23.869129 n-d-778696-18 devstack@n-api.service[117008]: [pid: 117008|app: 0|req: 41/103] 10.222.0.47 () {58 vars in 1235 bytes} [Thu Nov 4 09:26:23 2021] GET /compute/v2.1/servers/b6b52b63-fb41-4eda-b3a5-84a8e31d0afd => generated 1297 bytes in 604 msecs (HTTP/1.1 200) 9 headers in 358 bytes (2 switches on core 0)
Nov 04 09:26:24.172404 n-d-778696-18 devstack@n-api.service[117007]: DEBUG nova.api.openstack.wsgi [None req-b7f2c7ec-2cbe-4c36-b981-23a0d7281a23 tempest-HypervisorAdminNegativeTestJSON-230491187 tempest-HypervisorAdminNegativeTestJSON-230491187-project] Calling method '.version_select at 0x7f958abfa670>' {{(pid=117007) _process_stack /opt/stack/nova/nova/api/openstack/wsgi.py:513}}
Nov 04 09:26:24.173210 n-d-778696-18 devstack@n-api.service[117007]: /usr/local/lib/python3.8/dist-packages/oslo_policy/policy.py:1075: UserWarning: Policy os_compute_api:os-hypervisors:list-detail failed scope check. The token used to make the request was project scoped but the policy requires ['system'] scope. This behavior may change in the future where using the intended scope is required
Nov 04 09:26:24.173210 n-d-778696-18 devstack@n-api.service[117007]: warnings.warn(msg)
Nov 04 09:26:24.175068 n-d-778696-18 devstack@n-api.service[117007]: DEBUG nova.policy [None req-b7f2c7ec-2cbe-4c36-b981-23a0d7281a23 tempest-HypervisorAdminNegativeTestJSON-230491187 tempest-HypervisorAdminNegativeTestJSON-230491187-project] Policy check for os_compute_api:os-hypervisors:list-detail failed with credentials {'is_admin': False, 'user_id': 'b021f45c930547e2b0bc9a04e843eaa6', 'user_domain_id': 'default', 'system_scope': None, 'domain_id': None, 'project_id': '0affb43ba9a44273aef7a3f96ddc5f9b', 'project_domain_id': 'default', 'roles': ['member', 'reader'], 'is_admin_project': True, 'service_user_id': None, 'service_user_domain_id': None, 'service_project_id': None, 'service_project_domain_id': None, 'service_roles': []} {{(pid=117007) authorize /opt/stack/nova/nova/policy.py:199}}
Nov 04 09:26:24.175811 n-d-778696-18 devstack@n-api.service[117007]: DEBUG nova.api.openstack.wsgi [None req-b7f2c7ec-2cbe-4c36-b981-23a0d7281a23 tempest-HypervisorAdminNegativeTestJSON-230491187 tempest-HypervisorAdminNegativeTestJSON-230491187-project] Returning 403 to user: Policy doesn't allow os_compute_api:os-hypervisors:list-detail to be performed. {{(pid=117007) __call__ /opt/stack/nova/nova/api/openstack/wsgi.py:936}}
Nov 04 09:26:24.176643 n-d-778696-18 devstack@n-api.service[117007]: INFO nova.api.openstack.requestlog [None req-b7f2c7ec-2cbe-4c36-b981-23a0d7281a23 tempest-HypervisorAdminNegativeTestJSON-230491187 tempest-HypervisorAdminNegativeTestJSON-230491187-project] 10.222.0.47 "GET /compute/v2.1/os-hypervisors/detail" status: 403 len: 122 microversion: 2.1 time: 0.469431
Nov 04 09:26:24.185040 n-d-778696-18 devstack@n-api.service[117007]: [pid: 117007|app: 0|req: 63/104] 10.222.0.47 () {58 vars in 1166 bytes} [Thu Nov 4 09:26:23 2021] GET /compute/v2.1/os-hypervisors/detail => generated 122 bytes in 478 msecs (HTTP/1.1 403) 9 headers in 379 bytes (1 switches on core 0)
Nov 04 09:26:24.197047 n-d-778696-18 devstack@n-api.service[117008]: DEBUG nova.api.openstack.wsgi [None req-e86c4ccd-1e8a-44c8-afee-b243190e97f9 tempest-HypervisorAdminNegativeTestJSON-230491187 tempest-HypervisorAdminNegativeTestJSON-230491187-project] Calling method '.version_select at 0x7f958ab351f0>' {{(pid=117008) _process_stack /opt/stack/nova/nova/api/openstack/wsgi.py:513}}
Nov 04 09:26:24.198549 n-d-778696-18 devstack@n-api.service[117008]: /usr/local/lib/python3.8/dist-packages/oslo_policy/policy.py:1075: UserWarning: Policy os_compute_api:os-hypervisors:list failed scope check. The token used to make the request was project scoped but the policy requires ['system'] scope. This behavior may change in the future where using the intended scope is required
Nov 04 09:26:24.198549 n-d-778696-18 devstack@n-api.service[117008]: warnings.warn(msg)
Nov 04 09:26:24.199925 n-d-778696-18 devstack@n-api.service[117008]: DEBUG nova.policy [None req-e86c4ccd-1e8a-44c8-afee-b243190e97f9 tempest-HypervisorAdminNegativeTestJSON-230491187 tempest-HypervisorAdminNegativeTestJSON-230491187-project] Policy check for os_compute_api:os-hypervisors:list failed with credentials {'is_admin': False, 'user_id': 'b021f45c930547e2b0bc9a04e843eaa6', 'user_domain_id': 'default', 'system_scope': None, 'domain_id': None, 'project_id': '0affb43ba9a44273aef7a3f96ddc5f9b', 'project_domain_id': 'default', 'roles': ['member', 'reader'], 'is_admin_project': True, 'service_user_id': None, 'service_user_domain_id': None, 'service_project_id': None, 'service_project_domain_id': None, 'service_roles': []} {{(pid=117008) authorize /opt/stack/nova/nova/policy.py:199}}
Nov 04 09:26:24.200592 n-d-778696-18 devstack@n-api.service[117008]: DEBUG nova.api.openstack.wsgi [None req-e86c4ccd-1e8a-44c8-afee-b243190e97f9 tempest-HypervisorAdminNegativeTestJSON-230491187 tempest-HypervisorAdminNegativeTestJSON-230491187-project] Returning 403 to user: Policy doesn't allow os_compute_api:os-hypervisors:list to be performed. {{(pid=117008) __call__ /opt/stack/nova/nova/api/openstack/wsgi.py:936}}
Nov 04 09:26:24.201572 n-d-778696-18 devstack@n-api.service[117008]: INFO nova.api.openstack.requestlog [None req-e86c4ccd-1e8a-44c8-afee-b243190e97f9 tempest-HypervisorAdminNegativeTestJSON-230491187 tempest-HypervisorAdminNegativeTestJSON-230491187-project] 10.222.0.47 "GET /compute/v2.1/os-hypervisors" status: 403 len: 115 microversion: 2.1 time: 0.009613
Nov 04 09:26:24.207329 n-d-778696-18 devstack@n-api.service[117008]: [pid: 117008|app: 0|req: 42/105] 10.222.0.47 () {58 vars in 1145 bytes} [Thu Nov 4 09:26:24 2021] GET /compute/v2.1/os-hypervisors => generated 115 bytes in 16 msecs (HTTP/1.1 403) 9 headers in 379 bytes (1 switches on core 0)
Nov 04 09:26:24.213308 n-d-778696-18 devstack@n-api.service[117007]: DEBUG nova.api.openstack.wsgi [None req-bcbd94db-57ad-4458-aad2-a45e585166a0 tempest-HypervisorAdminNegativeTestJSON-230491187 tempest-HypervisorAdminNegativeTestJSON-230491187-project] Calling method '.version_select at 0x7f958ab1b790>' {{(pid=117007) _process_stack /opt/stack/nova/nova/api/openstack/wsgi.py:513}}
Nov 04 09:26:24.216345 n-d-778696-18 devstack@n-api.service[117007]: /usr/local/lib/python3.8/dist-packages/oslo_policy/policy.py:1075: UserWarning: Policy os_compute_api:os-hypervisors:statistics failed scope check. The token used to make the request was project scoped but the policy requires ['system'] scope. This behavior may change in the future where using the intended scope is required
Nov 04 09:26:24.216345 n-d-778696-18 devstack@n-api.service[117007]: warnings.warn(msg)
Nov 04 09:26:24.232802 n-d-778696-18 devstack@n-api.service[117007]: DEBUG nova.policy [None req-bcbd94db-57ad-4458-aad2-a45e585166a0 tempest-HypervisorAdminNegativeTestJSON-230491187 tempest-HypervisorAdminNegativeTestJSON-230491187-project] Policy check for os_compute_api:os-hypervisors:statistics failed with credentials {'is_admin': False, 'user_id': 'b021f45c930547e2b0bc9a04e843eaa6', 'user_domain_id': 'default', 'system_scope': None, 'domain_id': None, 'project_id': '0affb43ba9a44273aef7a3f96ddc5f9b', 'project_domain_id': 'default', 'roles': ['member', 'reader'], 'is_admin_project': True, 'service_user_id': None, 'service_user_domain_id': None, 'service_project_id': None, 'service_project_domain_id': None, 'service_roles': []} {{(pid=117007) authorize /opt/stack/nova/nova/policy.py:199}}
Nov 04 09:26:24.238617 n-d-778696-18 devstack@n-api.service[117007]: DEBUG nova.api.openstack.wsgi [None req-bcbd94db-57ad-4458-aad2-a45e585166a0 tempest-HypervisorAdminNegativeTestJSON-230491187 tempest-HypervisorAdminNegativeTestJSON-230491187-project] Returning 403 to user: Policy doesn't allow os_compute_api:os-hypervisors:statistics to be performed. {{(pid=117007) __call__ /opt/stack/nova/nova/api/openstack/wsgi.py:936}}
Nov 04 09:26:24.243568 n-d-778696-18 devstack@n-api.service[117007]: INFO nova.api.openstack.requestlog [None req-bcbd94db-57ad-4458-aad2-a45e585166a0 tempest-HypervisorAdminNegativeTestJSON-230491187 tempest-HypervisorAdminNegativeTestJSON-230491187-project] 10.222.0.47 "GET /compute/v2.1/os-hypervisors/statistics" status: 403 len: 121 microversion: 2.1 time: 0.031108
Nov 04 09:26:24.249189 n-d-778696-18 devstack@n-api.service[117007]: [pid: 117007|app: 0|req: 64/106] 10.222.0.47 () {58 vars in 1178 bytes} [Thu Nov 4 09:26:24 2021] GET /compute/v2.1/os-hypervisors/statistics => generated 121 bytes in 39 msecs (HTTP/1.1 403) 9 headers in 379 bytes (1 switches on core 0)
Nov 04 09:26:24.641314 n-d-778696-18 devstack@n-api.service[117007]: DEBUG nova.api.openstack.wsgi [None req-e0770726-69cf-452b-a907-e835cbfab9b0 tempest-DeleteServersAdminTestJSON-1057863415 tempest-DeleteServersAdminTestJSON-1057863415-project] Calling method '>' {{(pid=117007) _process_stack /opt/stack/nova/nova/api/openstack/wsgi.py:513}}
Nov 04 09:26:24.642336 n-d-778696-18 devstack@n-api.service[117007]: DEBUG nova.compute.api [None req-e0770726-69cf-452b-a907-e835cbfab9b0 tempest-DeleteServersAdminTestJSON-1057863415 tempest-DeleteServersAdminTestJSON-1057863415-project] [instance: ebfe08f9-45b4-41bf-88a4-868e779460e6] Fetching instance by UUID {{(pid=117007) get /opt/stack/nova/nova/compute/api.py:2865}}
Nov 04 09:26:24.664850 n-d-778696-18 devstack@n-api.service[117007]: DEBUG oslo_concurrency.lockutils [None req-e0770726-69cf-452b-a907-e835cbfab9b0 tempest-DeleteServersAdminTestJSON-1057863415 tempest-DeleteServersAdminTestJSON-1057863415-project] Lock "381402b2-2844-49a4-91a2-08b312cf7758" acquired by "nova.context.set_target_cell..get_or_set_cached_cell_and_set_connections" :: waited 0.000s {{(pid=117007) inner /usr/local/lib/python3.8/dist-packages/oslo_concurrency/lockutils.py:386}}
Nov 04 09:26:24.665509 n-d-778696-18 devstack@n-api.service[117007]: DEBUG oslo_concurrency.lockutils [None req-e0770726-69cf-452b-a907-e835cbfab9b0 tempest-DeleteServersAdminTestJSON-1057863415 tempest-DeleteServersAdminTestJSON-1057863415-project] Lock "381402b2-2844-49a4-91a2-08b312cf7758" "released" by "nova.context.set_target_cell..get_or_set_cached_cell_and_set_connections" :: held 0.005s {{(pid=117007) inner /usr/local/lib/python3.8/dist-packages/oslo_concurrency/lockutils.py:400}}
Nov 04 09:26:24.676781 n-d-778696-18 devstack@n-api.service[117007]: DEBUG oslo_concurrency.lockutils [None req-e0770726-69cf-452b-a907-e835cbfab9b0 tempest-DeleteServersAdminTestJSON-1057863415 tempest-DeleteServersAdminTestJSON-1057863415-project] Lock "381402b2-2844-49a4-91a2-08b312cf7758" acquired by "nova.context.set_target_cell..get_or_set_cached_cell_and_set_connections" :: waited 0.000s {{(pid=117007) inner /usr/local/lib/python3.8/dist-packages/oslo_concurrency/lockutils.py:386}}
Nov 04 09:26:24.684088 n-d-778696-18 devstack@n-api.service[117007]: DEBUG oslo_concurrency.lockutils [None req-e0770726-69cf-452b-a907-e835cbfab9b0 tempest-DeleteServersAdminTestJSON-1057863415 tempest-DeleteServersAdminTestJSON-1057863415-project] Lock "381402b2-2844-49a4-91a2-08b312cf7758" "released" by "nova.context.set_target_cell..get_or_set_cached_cell_and_set_connections" :: held 0.007s {{(pid=117007) inner /usr/local/lib/python3.8/dist-packages/oslo_concurrency/lockutils.py:400}}
Nov 04 09:26:25.032051 n-d-778696-18 devstack@n-api.service[117008]: DEBUG nova.api.openstack.wsgi [None req-080818f1-abbe-462b-b01d-faa590002a3c tempest-HypervisorAdminNegativeTestJSON-1409383242 tempest-HypervisorAdminNegativeTestJSON-1409383242-project-admin] Calling method '.version_select at 0x7f958abfd820>' {{(pid=117008) _process_stack /opt/stack/nova/nova/api/openstack/wsgi.py:513}}
Nov 04 09:26:25.035507 n-d-778696-18 devstack@n-api.service[117008]: DEBUG oslo_concurrency.lockutils [None req-080818f1-abbe-462b-b01d-faa590002a3c tempest-HypervisorAdminNegativeTestJSON-1409383242 tempest-HypervisorAdminNegativeTestJSON-1409383242-project-admin] Lock "381402b2-2844-49a4-91a2-08b312cf7758" acquired by "nova.context.set_target_cell..get_or_set_cached_cell_and_set_connections" :: waited 0.000s {{(pid=117008) inner /usr/local/lib/python3.8/dist-packages/oslo_concurrency/lockutils.py:386}}
Nov 04 09:26:25.036181 n-d-778696-18 devstack@n-api.service[117008]: DEBUG oslo_concurrency.lockutils [None req-080818f1-abbe-462b-b01d-faa590002a3c tempest-HypervisorAdminNegativeTestJSON-1409383242 tempest-HypervisorAdminNegativeTestJSON-1409383242-project-admin] Lock "381402b2-2844-49a4-91a2-08b312cf7758" "released" by "nova.context.set_target_cell..get_or_set_cached_cell_and_set_connections" :: held 0.001s {{(pid=117008) inner /usr/local/lib/python3.8/dist-packages/oslo_concurrency/lockutils.py:400}}
Nov 04 09:26:25.155136 n-d-778696-18 devstack@n-api.service[117008]: DEBUG oslo_concurrency.lockutils [None req-080818f1-abbe-462b-b01d-faa590002a3c tempest-HypervisorAdminNegativeTestJSON-1409383242 tempest-HypervisorAdminNegativeTestJSON-1409383242-project-admin] Lock "381402b2-2844-49a4-91a2-08b312cf7758" acquired by "nova.context.set_target_cell..get_or_set_cached_cell_and_set_connections" :: waited 0.000s {{(pid=117008) inner /usr/local/lib/python3.8/dist-packages/oslo_concurrency/lockutils.py:386}}
Nov 04 09:26:25.155731 n-d-778696-18 devstack@n-api.service[117008]: DEBUG oslo_concurrency.lockutils [None req-080818f1-abbe-462b-b01d-faa590002a3c tempest-HypervisorAdminNegativeTestJSON-1409383242 tempest-HypervisorAdminNegativeTestJSON-1409383242-project-admin] Lock "381402b2-2844-49a4-91a2-08b312cf7758" "released" by "nova.context.set_target_cell..get_or_set_cached_cell_and_set_connections" :: held 0.006s {{(pid=117008) inner /usr/local/lib/python3.8/dist-packages/oslo_concurrency/lockutils.py:400}}
Nov 04 09:26:25.246459 n-d-778696-18 devstack@n-api.service[117008]: DEBUG oslo_concurrency.lockutils [None req-080818f1-abbe-462b-b01d-faa590002a3c tempest-HypervisorAdminNegativeTestJSON-1409383242 tempest-HypervisorAdminNegativeTestJSON-1409383242-project-admin] Lock "381402b2-2844-49a4-91a2-08b312cf7758" acquired by "nova.context.set_target_cell..get_or_set_cached_cell_and_set_connections" :: waited 0.000s {{(pid=117008) inner /usr/local/lib/python3.8/dist-packages/oslo_concurrency/lockutils.py:386}}
Nov 04 09:26:25.249967 n-d-778696-18 devstack@n-api.service[117008]: DEBUG oslo_concurrency.lockutils [None req-080818f1-abbe-462b-b01d-faa590002a3c tempest-HypervisorAdminNegativeTestJSON-1409383242 tempest-HypervisorAdminNegativeTestJSON-1409383242-project-admin] Lock "381402b2-2844-49a4-91a2-08b312cf7758" "released" by "nova.context.set_target_cell..get_or_set_cached_cell_and_set_connections" :: held 0.010s {{(pid=117008) inner /usr/local/lib/python3.8/dist-packages/oslo_concurrency/lockutils.py:400}}
Nov 04 09:26:25.281427 n-d-778696-18 devstack@n-api.service[117008]: INFO nova.api.openstack.requestlog [None req-080818f1-abbe-462b-b01d-faa590002a3c tempest-HypervisorAdminNegativeTestJSON-1409383242 tempest-HypervisorAdminNegativeTestJSON-1409383242-project-admin] 10.222.0.47 "GET /compute/v2.1/os-hypervisors" status: 200 len: 193 microversion: 2.1 time: 1.028581
Nov 04 09:26:25.290465 n-d-778696-18 devstack@n-api.service[117008]: [pid: 117008|app: 0|req: 43/107] 10.222.0.47 () {58 vars in 1145 bytes} [Thu Nov 4 09:26:24 2021] GET /compute/v2.1/os-hypervisors => generated 193 bytes in 1038 msecs (HTTP/1.1 200) 9 headers in 357 bytes (2 switches on core 0)
Nov 04 09:26:25.322043 n-d-778696-18 devstack@n-api.service[117008]: DEBUG nova.api.openstack.wsgi [None req-2aed4cff-831a-4f20-85c9-15cb4b4fa219 tempest-AggregatesAdminTestJSON-1652166061 tempest-AggregatesAdminTestJSON-1652166061-project] Calling method '>' {{(pid=117008) _process_stack /opt/stack/nova/nova/api/openstack/wsgi.py:513}}
Nov 04 09:26:25.327884 n-d-778696-18 devstack@n-api.service[117008]: DEBUG nova.compute.api [None req-2aed4cff-831a-4f20-85c9-15cb4b4fa219 tempest-AggregatesAdminTestJSON-1652166061 tempest-AggregatesAdminTestJSON-1652166061-project] [instance: b6b52b63-fb41-4eda-b3a5-84a8e31d0afd] Fetching instance by UUID {{(pid=117008) get /opt/stack/nova/nova/compute/api.py:2865}}
Nov 04 09:26:25.358168 n-d-778696-18 devstack@n-api.service[117008]: DEBUG oslo_concurrency.lockutils [None req-2aed4cff-831a-4f20-85c9-15cb4b4fa219 tempest-AggregatesAdminTestJSON-1652166061 tempest-AggregatesAdminTestJSON-1652166061-project] Lock "381402b2-2844-49a4-91a2-08b312cf7758" acquired by "nova.context.set_target_cell..get_or_set_cached_cell_and_set_connections" :: waited 0.000s {{(pid=117008) inner /usr/local/lib/python3.8/dist-packages/oslo_concurrency/lockutils.py:386}}
Nov 04 09:26:25.365472 n-d-778696-18 devstack@n-api.service[117008]: DEBUG oslo_concurrency.lockutils [None req-2aed4cff-831a-4f20-85c9-15cb4b4fa219 tempest-AggregatesAdminTestJSON-1652166061 tempest-AggregatesAdminTestJSON-1652166061-project] Lock "381402b2-2844-49a4-91a2-08b312cf7758" "released" by "nova.context.set_target_cell..get_or_set_cached_cell_and_set_connections" :: held 0.001s {{(pid=117008) inner /usr/local/lib/python3.8/dist-packages/oslo_concurrency/lockutils.py:400}}
Nov 04 09:26:25.366395 n-d-778696-18 devstack@n-api.service[117008]: DEBUG oslo_concurrency.lockutils [None req-2aed4cff-831a-4f20-85c9-15cb4b4fa219 tempest-AggregatesAdminTestJSON-1652166061 tempest-AggregatesAdminTestJSON-1652166061-project] Lock "381402b2-2844-49a4-91a2-08b312cf7758" acquired by "nova.context.set_target_cell..get_or_set_cached_cell_and_set_connections" :: waited 0.000s {{(pid=117008) inner /usr/local/lib/python3.8/dist-packages/oslo_concurrency/lockutils.py:386}}
Nov 04 09:26:25.374158 n-d-778696-18 devstack@n-api.service[117008]: DEBUG oslo_concurrency.lockutils [None req-2aed4cff-831a-4f20-85c9-15cb4b4fa219 tempest-AggregatesAdminTestJSON-1652166061 tempest-AggregatesAdminTestJSON-1652166061-project] Lock "381402b2-2844-49a4-91a2-08b312cf7758" "released" by "nova.context.set_target_cell..get_or_set_cached_cell_and_set_connections" :: held 0.008s {{(pid=117008) inner /usr/local/lib/python3.8/dist-packages/oslo_concurrency/lockutils.py:400}}
Nov 04 09:26:25.754493 n-d-778696-18 devstack@n-api.service[117008]: DEBUG nova.policy [None req-2aed4cff-831a-4f20-85c9-15cb4b4fa219 tempest-AggregatesAdminTestJSON-1652166061 tempest-AggregatesAdminTestJSON-1652166061-project] Policy check for os_compute_api:os-extended-server-attributes failed with credentials {'is_admin': False, 'user_id': '1ec0ee595f554eae870bb9cf2b3f429e', 'user_domain_id': 'default', 'system_scope': None, 'domain_id': None, 'project_id': 'e3bb320623a143438eeb95b9265566ee', 'project_domain_id': 'default', 'roles': ['member', 'reader'], 'is_admin_project': True, 'service_user_id': None, 'service_user_domain_id': None, 'service_project_id': None, 'service_project_domain_id': None, 'service_roles': []} {{(pid=117008) authorize /opt/stack/nova/nova/policy.py:199}}
Nov 04 09:26:25.762291 n-d-778696-18 devstack@n-api.service[117007]: DEBUG nova.policy [None req-e0770726-69cf-452b-a907-e835cbfab9b0 tempest-DeleteServersAdminTestJSON-1057863415 tempest-DeleteServersAdminTestJSON-1057863415-project] Policy check for os_compute_api:os-extended-server-attributes failed with credentials {'is_admin': False, 'user_id': '5f48fbc809b747f9b73f9fcc056fbcf1', 'user_domain_id': 'default', 'system_scope': None, 'domain_id': None, 'project_id': 'b7ea1ece71e64158b8737f6b9a36966d', 'project_domain_id': 'default', 'roles': ['member', 'reader'], 'is_admin_project': True, 'service_user_id': None, 'service_user_domain_id': None, 'service_project_id': None, 'service_project_domain_id': None, 'service_roles': []} {{(pid=117007) authorize /opt/stack/nova/nova/policy.py:199}}
Nov 04 09:26:25.769678 n-d-778696-18 devstack@n-api.service[117008]: INFO nova.api.openstack.requestlog [None req-2aed4cff-831a-4f20-85c9-15cb4b4fa219 tempest-AggregatesAdminTestJSON-1652166061 tempest-AggregatesAdminTestJSON-1652166061-project] 10.222.0.47 "GET /compute/v2.1/servers/b6b52b63-fb41-4eda-b3a5-84a8e31d0afd" status: 200 len: 1297 microversion: 2.1 time: 0.454022
Nov 04 09:26:25.771523 n-d-778696-18 devstack@n-api.service[117008]: [pid: 117008|app: 0|req: 44/108] 10.222.0.47 () {58 vars in 1235 bytes} [Thu Nov 4 09:26:25 2021] GET /compute/v2.1/servers/b6b52b63-fb41-4eda-b3a5-84a8e31d0afd => generated 1297 bytes in 480 msecs (HTTP/1.1 200) 9 headers in 358 bytes (1 switches on core 0)
Nov 04 09:26:25.785705 n-d-778696-18 devstack@n-api.service[117008]: DEBUG nova.api.openstack.wsgi [None req-c1da8e18-9076-44c1-b1dd-d96140e7efc9 tempest-HypervisorAdminNegativeTestJSON-230491187 tempest-HypervisorAdminNegativeTestJSON-230491187-project] Calling method '.version_select at 0x7f958aad1040>' {{(pid=117008) _process_stack /opt/stack/nova/nova/api/openstack/wsgi.py:513}}
Nov 04 09:26:25.788944 n-d-778696-18 devstack@n-api.service[117007]: INFO nova.api.openstack.requestlog [None req-e0770726-69cf-452b-a907-e835cbfab9b0 tempest-DeleteServersAdminTestJSON-1057863415 tempest-DeleteServersAdminTestJSON-1057863415-project] 10.222.0.47 "GET /compute/v2.1/servers/ebfe08f9-45b4-41bf-88a4-868e779460e6" status: 200 len: 1320 microversion: 2.1 time: 1.142091
Nov 04 09:26:25.789796 n-d-778696-18 devstack@n-api.service[117008]: /usr/local/lib/python3.8/dist-packages/oslo_policy/policy.py:1075: UserWarning: Policy os_compute_api:os-hypervisors:uptime failed scope check. The token used to make the request was project scoped but the policy requires ['system'] scope. This behavior may change in the future where using the intended scope is required
Nov 04 09:26:25.789796 n-d-778696-18 devstack@n-api.service[117008]: warnings.warn(msg)
Nov 04 09:26:25.793383 n-d-778696-18 devstack@n-api.service[117008]: DEBUG nova.policy [None req-c1da8e18-9076-44c1-b1dd-d96140e7efc9 tempest-HypervisorAdminNegativeTestJSON-230491187 tempest-HypervisorAdminNegativeTestJSON-230491187-project] Policy check for os_compute_api:os-hypervisors:uptime failed with credentials {'is_admin': False, 'user_id': 'b021f45c930547e2b0bc9a04e843eaa6', 'user_domain_id': 'default', 'system_scope': None, 'domain_id': None, 'project_id': '0affb43ba9a44273aef7a3f96ddc5f9b', 'project_domain_id': 'default', 'roles': ['member', 'reader'], 'is_admin_project': True, 'service_user_id': None, 'service_user_domain_id': None, 'service_project_id': None, 'service_project_domain_id': None, 'service_roles': []} {{(pid=117008) authorize /opt/stack/nova/nova/policy.py:199}}
Nov 04 09:26:25.794385 n-d-778696-18 devstack@n-api.service[117007]: [pid: 117007|app: 0|req: 65/109] 10.222.0.47 () {58 vars in 1235 bytes} [Thu Nov 4 09:26:24 2021] GET /compute/v2.1/servers/ebfe08f9-45b4-41bf-88a4-868e779460e6 => generated 1320 bytes in 1160 msecs (HTTP/1.1 200) 9 headers in 358 bytes (1 switches on core 0)
Nov 04 09:26:25.797226 n-d-778696-18 devstack@n-api.service[117008]: DEBUG nova.api.openstack.wsgi [None req-c1da8e18-9076-44c1-b1dd-d96140e7efc9 tempest-HypervisorAdminNegativeTestJSON-230491187 tempest-HypervisorAdminNegativeTestJSON-230491187-project] Returning 403 to user: Policy doesn't allow os_compute_api:os-hypervisors:uptime to be performed. {{(pid=117008) __call__ /opt/stack/nova/nova/api/openstack/wsgi.py:936}}
Nov 04 09:26:25.800234 n-d-778696-18 devstack@n-api.service[117008]: INFO nova.api.openstack.requestlog [None req-c1da8e18-9076-44c1-b1dd-d96140e7efc9 tempest-HypervisorAdminNegativeTestJSON-230491187 tempest-HypervisorAdminNegativeTestJSON-230491187-project] 10.222.0.47 "GET /compute/v2.1/os-hypervisors/1/uptime" status: 403 len: 117 microversion: 2.1 time: 0.025948
Nov 04 09:26:25.803809 n-d-778696-18 devstack@n-api.service[117008]: [pid: 117008|app: 0|req: 45/110] 10.222.0.47 () {58 vars in 1172 bytes} [Thu Nov 4 09:26:25 2021] GET /compute/v2.1/os-hypervisors/1/uptime => generated 117 bytes in 31 msecs (HTTP/1.1 403) 9 headers in 379 bytes (1 switches on core 0)
Nov 04 09:26:25.818399 n-d-778696-18 devstack@n-api.service[117008]: DEBUG nova.api.openstack.wsgi [None req-adaa7577-2cd3-41f2-96a2-59bf6988499e tempest-HypervisorAdminNegativeTestJSON-1409383242 tempest-HypervisorAdminNegativeTestJSON-1409383242-project-admin] Calling method '.version_select at 0x7f958ab35b80>' {{(pid=117008) _process_stack /opt/stack/nova/nova/api/openstack/wsgi.py:513}}
Nov 04 09:26:25.820697 n-d-778696-18 devstack@n-api.service[117008]: INFO nova.api.openstack.wsgi [None req-adaa7577-2cd3-41f2-96a2-59bf6988499e tempest-HypervisorAdminNegativeTestJSON-1409383242 tempest-HypervisorAdminNegativeTestJSON-1409383242-project-admin] HTTP exception thrown: Hypervisor with ID 'cadd2685-9c77-45e3-bb08-5a26c16e770a' could not be found.
Nov 04 09:26:25.827203 n-d-778696-18 devstack@n-api.service[117008]: DEBUG nova.api.openstack.wsgi [None req-adaa7577-2cd3-41f2-96a2-59bf6988499e tempest-HypervisorAdminNegativeTestJSON-1409383242 tempest-HypervisorAdminNegativeTestJSON-1409383242-project-admin] Returning 404 to user: Hypervisor with ID 'cadd2685-9c77-45e3-bb08-5a26c16e770a' could not be found. {{(pid=117008) __call__ /opt/stack/nova/nova/api/openstack/wsgi.py:936}}
Nov 04 09:26:25.828114 n-d-778696-18 devstack@n-api.service[117008]: INFO nova.api.openstack.requestlog [None req-adaa7577-2cd3-41f2-96a2-59bf6988499e tempest-HypervisorAdminNegativeTestJSON-1409383242 tempest-HypervisorAdminNegativeTestJSON-1409383242-project-admin] 10.222.0.47 "GET /compute/v2.1/os-hypervisors/cadd2685-9c77-45e3-bb08-5a26c16e770a/uptime" status: 404 len: 123 microversion: 2.1 time: 0.019091
Nov 04 09:26:25.835391 n-d-778696-18 devstack@n-api.service[117008]: [pid: 117008|app: 0|req: 46/111] 10.222.0.47 () {58 vars in 1277 bytes} [Thu Nov 4 09:26:25 2021] GET /compute/v2.1/os-hypervisors/cadd2685-9c77-45e3-bb08-5a26c16e770a/uptime => generated 123 bytes in 27 msecs (HTTP/1.1 404) 9 headers in 379 bytes (1 switches on core 0)
Nov 04 09:26:25.847652 n-d-778696-18 devstack@n-api.service[117008]: DEBUG nova.api.openstack.wsgi [None req-2a43edc7-e4e7-4e5c-872a-3259e4c90e51 tempest-HypervisorAdminNegativeTestJSON-1409383242 tempest-HypervisorAdminNegativeTestJSON-1409383242-project-admin] Calling method '.version_select at 0x7f958aae6e50>' {{(pid=117008) _process_stack /opt/stack/nova/nova/api/openstack/wsgi.py:513}}
Nov 04 09:26:25.849137 n-d-778696-18 devstack@n-api.service[117008]: /usr/local/lib/python3.8/dist-packages/oslo_policy/policy.py:1075: UserWarning: Policy os_compute_api:os-hypervisors:list failed scope check. The token used to make the request was project scoped but the policy requires ['system'] scope. This behavior may change in the future where using the intended scope is required
Nov 04 09:26:25.849137 n-d-778696-18 devstack@n-api.service[117008]: warnings.warn(msg)
Nov 04 09:26:25.851996 n-d-778696-18 devstack@n-api.service[117008]: DEBUG oslo_concurrency.lockutils [None req-2a43edc7-e4e7-4e5c-872a-3259e4c90e51 tempest-HypervisorAdminNegativeTestJSON-1409383242 tempest-HypervisorAdminNegativeTestJSON-1409383242-project-admin] Lock "381402b2-2844-49a4-91a2-08b312cf7758" acquired by "nova.context.set_target_cell..get_or_set_cached_cell_and_set_connections" :: waited 0.000s {{(pid=117008) inner /usr/local/lib/python3.8/dist-packages/oslo_concurrency/lockutils.py:386}}
Nov 04 09:26:25.852457 n-d-778696-18 devstack@n-api.service[117008]: DEBUG oslo_concurrency.lockutils [None req-2a43edc7-e4e7-4e5c-872a-3259e4c90e51 tempest-HypervisorAdminNegativeTestJSON-1409383242 tempest-HypervisorAdminNegativeTestJSON-1409383242-project-admin] Lock "381402b2-2844-49a4-91a2-08b312cf7758" "released" by "nova.context.set_target_cell..get_or_set_cached_cell_and_set_connections" :: held 0.001s {{(pid=117008) inner /usr/local/lib/python3.8/dist-packages/oslo_concurrency/lockutils.py:400}}
Nov 04 09:26:25.884141 n-d-778696-18 devstack@n-api.service[117008]: DEBUG oslo_concurrency.lockutils [None req-2a43edc7-e4e7-4e5c-872a-3259e4c90e51 tempest-HypervisorAdminNegativeTestJSON-1409383242 tempest-HypervisorAdminNegativeTestJSON-1409383242-project-admin] Lock "381402b2-2844-49a4-91a2-08b312cf7758" acquired by "nova.context.set_target_cell..get_or_set_cached_cell_and_set_connections" :: waited 0.000s {{(pid=117008) inner /usr/local/lib/python3.8/dist-packages/oslo_concurrency/lockutils.py:386}}
Nov 04 09:26:25.885863 n-d-778696-18 devstack@n-api.service[117008]: DEBUG oslo_concurrency.lockutils [None req-2a43edc7-e4e7-4e5c-872a-3259e4c90e51 tempest-HypervisorAdminNegativeTestJSON-1409383242 tempest-HypervisorAdminNegativeTestJSON-1409383242-project-admin] Lock "381402b2-2844-49a4-91a2-08b312cf7758" "released" by "nova.context.set_target_cell..get_or_set_cached_cell_and_set_connections" :: held 0.001s {{(pid=117008) inner /usr/local/lib/python3.8/dist-packages/oslo_concurrency/lockutils.py:400}}
Nov 04 09:26:25.916364 n-d-778696-18 devstack@n-api.service[117008]: DEBUG oslo_concurrency.lockutils [None req-2a43edc7-e4e7-4e5c-872a-3259e4c90e51 tempest-HypervisorAdminNegativeTestJSON-1409383242 tempest-HypervisorAdminNegativeTestJSON-1409383242-project-admin] Lock "381402b2-2844-49a4-91a2-08b312cf7758" acquired by "nova.context.set_target_cell..get_or_set_cached_cell_and_set_connections" :: waited 0.001s {{(pid=117008) inner /usr/local/lib/python3.8/dist-packages/oslo_concurrency/lockutils.py:386}}
Nov 04 09:26:25.918495 n-d-778696-18 devstack@n-api.service[117008]: DEBUG oslo_concurrency.lockutils [None req-2a43edc7-e4e7-4e5c-872a-3259e4c90e51 tempest-HypervisorAdminNegativeTestJSON-1409383242 tempest-HypervisorAdminNegativeTestJSON-1409383242-project-admin] Lock "381402b2-2844-49a4-91a2-08b312cf7758" "released" by "nova.context.set_target_cell..get_or_set_cached_cell_and_set_connections" :: held 0.003s {{(pid=117008) inner /usr/local/lib/python3.8/dist-packages/oslo_concurrency/lockutils.py:400}}
Nov 04 09:26:25.937594 n-d-778696-18 devstack@n-api.service[117008]: INFO nova.api.openstack.requestlog [None req-2a43edc7-e4e7-4e5c-872a-3259e4c90e51 tempest-HypervisorAdminNegativeTestJSON-1409383242 tempest-HypervisorAdminNegativeTestJSON-1409383242-project-admin] 10.222.0.47 "GET /compute/v2.1/os-hypervisors" status: 200 len: 193 microversion: 2.1 time: 0.099483
Nov 04 09:26:25.939120 n-d-778696-18 devstack@n-api.service[117008]: [pid: 117008|app: 0|req: 47/112] 10.222.0.47 () {58 vars in 1145 bytes} [Thu Nov 4 09:26:25 2021] GET /compute/v2.1/os-hypervisors => generated 193 bytes in 103 msecs (HTTP/1.1 200) 9 headers in 357 bytes (1 switches on core 0)
Nov 04 09:26:25.953386 n-d-778696-18 devstack@n-api.service[117008]: DEBUG nova.api.openstack.wsgi [None req-881628bf-d36d-4537-9ce1-5946ad8b1a95 tempest-HypervisorAdminNegativeTestJSON-230491187 tempest-HypervisorAdminNegativeTestJSON-230491187-project] Calling method '.version_select at 0x7f958aba7280>' {{(pid=117008) _process_stack /opt/stack/nova/nova/api/openstack/wsgi.py:513}}
Nov 04 09:26:25.960175 n-d-778696-18 devstack@n-api.service[117008]: /usr/local/lib/python3.8/dist-packages/oslo_policy/policy.py:1075: UserWarning: Policy os_compute_api:os-hypervisors:show failed scope check. The token used to make the request was project scoped but the policy requires ['system'] scope. This behavior may change in the future where using the intended scope is required
Nov 04 09:26:25.960175 n-d-778696-18 devstack@n-api.service[117008]: warnings.warn(msg)
Nov 04 09:26:25.964098 n-d-778696-18 devstack@n-api.service[117008]: DEBUG nova.policy [None req-881628bf-d36d-4537-9ce1-5946ad8b1a95 tempest-HypervisorAdminNegativeTestJSON-230491187 tempest-HypervisorAdminNegativeTestJSON-230491187-project] Policy check for os_compute_api:os-hypervisors:show failed with credentials {'is_admin': False, 'user_id': 'b021f45c930547e2b0bc9a04e843eaa6', 'user_domain_id': 'default', 'system_scope': None, 'domain_id': None, 'project_id': '0affb43ba9a44273aef7a3f96ddc5f9b', 'project_domain_id': 'default', 'roles': ['member', 'reader'], 'is_admin_project': True, 'service_user_id': None, 'service_user_domain_id': None, 'service_project_id': None, 'service_project_domain_id': None, 'service_roles': []} {{(pid=117008) authorize /opt/stack/nova/nova/policy.py:199}}
Nov 04 09:26:25.966466 n-d-778696-18 devstack@n-api.service[117008]: DEBUG nova.api.openstack.wsgi [None req-881628bf-d36d-4537-9ce1-5946ad8b1a95 tempest-HypervisorAdminNegativeTestJSON-230491187 tempest-HypervisorAdminNegativeTestJSON-230491187-project] Returning 403 to user: Policy doesn't allow os_compute_api:os-hypervisors:show to be performed. {{(pid=117008) __call__ /opt/stack/nova/nova/api/openstack/wsgi.py:936}}
Nov 04 09:26:25.969727 n-d-778696-18 devstack@n-api.service[117008]: INFO nova.api.openstack.requestlog [None req-881628bf-d36d-4537-9ce1-5946ad8b1a95 tempest-HypervisorAdminNegativeTestJSON-230491187 tempest-HypervisorAdminNegativeTestJSON-230491187-project] 10.222.0.47 "GET /compute/v2.1/os-hypervisors/1" status: 403 len: 115 microversion: 2.1 time: 0.023375
Nov 04 09:26:25.971655 n-d-778696-18 devstack@n-api.service[117008]: [pid: 117008|app: 0|req: 48/113] 10.222.0.47 () {58 vars in 1151 bytes} [Thu Nov 4 09:26:25 2021] GET /compute/v2.1/os-hypervisors/1 => generated 115 bytes in 26 msecs (HTTP/1.1 403) 9 headers in 379 bytes (2 switches on core 0)
Nov 04 09:26:25.984574 n-d-778696-18 devstack@n-api.service[117008]: DEBUG nova.api.openstack.wsgi [None req-73a1855b-b8a9-4ede-8079-b30aabf3fa93 tempest-HypervisorAdminNegativeTestJSON-1409383242 tempest-HypervisorAdminNegativeTestJSON-1409383242-project-admin] Calling method '.version_select at 0x7f958ab25b80>' {{(pid=117008) _process_stack /opt/stack/nova/nova/api/openstack/wsgi.py:513}}
Nov 04 09:26:25.992615 n-d-778696-18 devstack@n-api.service[117008]: INFO nova.api.openstack.wsgi [None req-73a1855b-b8a9-4ede-8079-b30aabf3fa93 tempest-HypervisorAdminNegativeTestJSON-1409383242 tempest-HypervisorAdminNegativeTestJSON-1409383242-project-admin] HTTP exception thrown: Hypervisor with ID '7b9129ea-8c2e-4082-b137-900f31e1c520' could not be found.
Nov 04 09:26:25.996703 n-d-778696-18 devstack@n-api.service[117008]: DEBUG nova.api.openstack.wsgi [None req-73a1855b-b8a9-4ede-8079-b30aabf3fa93 tempest-HypervisorAdminNegativeTestJSON-1409383242 tempest-HypervisorAdminNegativeTestJSON-1409383242-project-admin] Returning 404 to user: Hypervisor with ID '7b9129ea-8c2e-4082-b137-900f31e1c520' could not be found. {{(pid=117008) __call__ /opt/stack/nova/nova/api/openstack/wsgi.py:936}}
Nov 04 09:26:25.999917 n-d-778696-18 devstack@n-api.service[117008]: INFO nova.api.openstack.requestlog [None req-73a1855b-b8a9-4ede-8079-b30aabf3fa93 tempest-HypervisorAdminNegativeTestJSON-1409383242 tempest-HypervisorAdminNegativeTestJSON-1409383242-project-admin] 10.222.0.47 "GET /compute/v2.1/os-hypervisors/7b9129ea-8c2e-4082-b137-900f31e1c520" status: 404 len: 123 microversion: 2.1 time: 0.022013
Nov 04 09:26:26.003083 n-d-778696-18 devstack@n-api.service[117007]: DEBUG nova.api.openstack.wsgi [req-465b20f5-992b-4912-8754-d74d636ffb96 req-8b738f0f-6210-4e15-aa7f-54d9772f48b4 service nova] Action: 'create', calling method: >, body: {"events": [{"name": "network-changed", "server_uuid": "ebfe08f9-45b4-41bf-88a4-868e779460e6", "tag": "39ddaff9-b837-4af5-987e-85fee063a5bf"}]} {{(pid=117007) _process_stack /opt/stack/nova/nova/api/openstack/wsgi.py:511}}
Nov 04 09:26:26.007173 n-d-778696-18 devstack@n-api.service[117008]: [pid: 117008|app: 0|req: 49/114] 10.222.0.47 () {58 vars in 1256 bytes} [Thu Nov 4 09:26:25 2021] GET /compute/v2.1/os-hypervisors/7b9129ea-8c2e-4082-b137-900f31e1c520 => generated 123 bytes in 32 msecs (HTTP/1.1 404) 9 headers in 379 bytes (1 switches on core 0)
Nov 04 09:26:26.009180 n-d-778696-18 devstack@n-api.service[117007]: /usr/local/lib/python3.8/dist-packages/oslo_policy/policy.py:1075: UserWarning: Policy os_compute_api:os-server-external-events:create failed scope check. The token used to make the request was project scoped but the policy requires ['system'] scope. This behavior may change in the future where using the intended scope is required
Nov 04 09:26:26.009180 n-d-778696-18 devstack@n-api.service[117007]: warnings.warn(msg)
Nov 04 09:26:26.049120 n-d-778696-18 devstack@n-api.service[117007]: DEBUG oslo_concurrency.lockutils [req-465b20f5-992b-4912-8754-d74d636ffb96 req-8b738f0f-6210-4e15-aa7f-54d9772f48b4 service nova] Lock "381402b2-2844-49a4-91a2-08b312cf7758" acquired by "nova.context.set_target_cell..get_or_set_cached_cell_and_set_connections" :: waited 0.000s {{(pid=117007) inner /usr/local/lib/python3.8/dist-packages/oslo_concurrency/lockutils.py:386}}
Nov 04 09:26:26.049771 n-d-778696-18 devstack@n-api.service[117007]: DEBUG oslo_concurrency.lockutils [req-465b20f5-992b-4912-8754-d74d636ffb96 req-8b738f0f-6210-4e15-aa7f-54d9772f48b4 service nova] Lock "381402b2-2844-49a4-91a2-08b312cf7758" "released" by "nova.context.set_target_cell..get_or_set_cached_cell_and_set_connections" :: held 0.016s {{(pid=117007) inner /usr/local/lib/python3.8/dist-packages/oslo_concurrency/lockutils.py:400}}
Nov 04 09:26:26.157311 n-d-778696-18 devstack@n-api.service[117007]: INFO nova.api.openstack.compute.server_external_events [req-465b20f5-992b-4912-8754-d74d636ffb96 req-8b738f0f-6210-4e15-aa7f-54d9772f48b4 service nova] Creating event network-changed:39ddaff9-b837-4af5-987e-85fee063a5bf for instance ebfe08f9-45b4-41bf-88a4-868e779460e6 on n-h1-778696-18
Nov 04 09:26:26.158131 n-d-778696-18 devstack@n-api.service[117007]: DEBUG oslo_concurrency.lockutils [req-465b20f5-992b-4912-8754-d74d636ffb96 req-8b738f0f-6210-4e15-aa7f-54d9772f48b4 service nova] Acquired lock "compute-rpcapi-router" {{(pid=117007) lock /usr/local/lib/python3.8/dist-packages/oslo_concurrency/lockutils.py:294}}
Nov 04 09:26:26.162107 n-d-778696-18 devstack@n-api.service[117007]: DEBUG oslo_concurrency.lockutils [None req-be214162-cbc9-46cc-a557-10eb03cb7c8e None None] Lock "00000000-0000-0000-0000-000000000000" acquired by "nova.context.set_target_cell..get_or_set_cached_cell_and_set_connections" :: waited 0.000s {{(pid=117007) inner /usr/local/lib/python3.8/dist-packages/oslo_concurrency/lockutils.py:386}}
Nov 04 09:26:26.165852 n-d-778696-18 devstack@n-api.service[117007]: DEBUG oslo_concurrency.lockutils [None req-be214162-cbc9-46cc-a557-10eb03cb7c8e None None] Lock "00000000-0000-0000-0000-000000000000" "released" by "nova.context.set_target_cell..get_or_set_cached_cell_and_set_connections" :: held 0.004s {{(pid=117007) inner /usr/local/lib/python3.8/dist-packages/oslo_concurrency/lockutils.py:400}}
Nov 04 09:26:26.189116 n-d-778696-18 devstack@n-api.service[117007]: DEBUG oslo_concurrency.lockutils [None req-be214162-cbc9-46cc-a557-10eb03cb7c8e None None] Lock "381402b2-2844-49a4-91a2-08b312cf7758" acquired by "nova.context.set_target_cell..get_or_set_cached_cell_and_set_connections" :: waited 0.000s {{(pid=117007) inner /usr/local/lib/python3.8/dist-packages/oslo_concurrency/lockutils.py:386}}
Nov 04 09:26:26.190690 n-d-778696-18 devstack@n-api.service[117007]: DEBUG oslo_concurrency.lockutils [None req-be214162-cbc9-46cc-a557-10eb03cb7c8e None None] Lock "381402b2-2844-49a4-91a2-08b312cf7758" "released" by "nova.context.set_target_cell..get_or_set_cached_cell_and_set_connections" :: held 0.012s {{(pid=117007) inner /usr/local/lib/python3.8/dist-packages/oslo_concurrency/lockutils.py:400}}
Nov 04 09:26:26.249493 n-d-778696-18 devstack@n-api.service[117007]: INFO nova.compute.rpcapi [None req-be214162-cbc9-46cc-a557-10eb03cb7c8e None None] Automatically selected compute RPC version 6.0 from minimum service version 60
Nov 04 09:26:26.250937 n-d-778696-18 devstack@n-api.service[117007]: DEBUG oslo_concurrency.lockutils [None req-be214162-cbc9-46cc-a557-10eb03cb7c8e None None] Releasing lock "compute-rpcapi-router" {{(pid=117007) lock /usr/local/lib/python3.8/dist-packages/oslo_concurrency/lockutils.py:312}}
Nov 04 09:26:26.343251 n-d-778696-18 devstack@n-api.service[117007]: INFO nova.api.openstack.requestlog [None req-be214162-cbc9-46cc-a557-10eb03cb7c8e None None] 10.222.0.47 "POST /compute/v2.1/os-server-external-events" status: 200 len: 179 microversion: 2.1 time: 0.545363
Nov 04 09:26:26.344785 n-d-778696-18 devstack@n-api.service[117007]: [pid: 117007|app: 0|req: 66/115] 10.222.0.47 () {64 vars in 1317 bytes} [Thu Nov 4 09:26:25 2021] POST /compute/v2.1/os-server-external-events => generated 179 bytes in 550 msecs (HTTP/1.1 200) 9 headers in 357 bytes (1 switches on core 0)
Nov 04 09:26:26.793522 n-d-778696-18 devstack@n-api.service[117008]: DEBUG nova.api.openstack.wsgi [None req-9e9457c8-1df9-4335-bed6-21679d540e6d tempest-AggregatesAdminTestJSON-1652166061 tempest-AggregatesAdminTestJSON-1652166061-project] Calling method '>' {{(pid=117008) _process_stack /opt/stack/nova/nova/api/openstack/wsgi.py:513}}
Nov 04 09:26:26.798710 n-d-778696-18 devstack@n-api.service[117008]: DEBUG nova.compute.api [None req-9e9457c8-1df9-4335-bed6-21679d540e6d tempest-AggregatesAdminTestJSON-1652166061 tempest-AggregatesAdminTestJSON-1652166061-project] [instance: b6b52b63-fb41-4eda-b3a5-84a8e31d0afd] Fetching instance by UUID {{(pid=117008) get /opt/stack/nova/nova/compute/api.py:2865}}
Nov 04 09:26:26.810070 n-d-778696-18 devstack@n-api.service[117007]: DEBUG nova.api.openstack.wsgi [None req-362b0851-eb03-476b-9a0e-598cd67cc992 tempest-DeleteServersAdminTestJSON-1057863415 tempest-DeleteServersAdminTestJSON-1057863415-project] Calling method '>' {{(pid=117007) _process_stack /opt/stack/nova/nova/api/openstack/wsgi.py:513}}
Nov 04 09:26:26.810863 n-d-778696-18 devstack@n-api.service[117007]: DEBUG nova.compute.api [None req-362b0851-eb03-476b-9a0e-598cd67cc992 tempest-DeleteServersAdminTestJSON-1057863415 tempest-DeleteServersAdminTestJSON-1057863415-project] [instance: ebfe08f9-45b4-41bf-88a4-868e779460e6] Fetching instance by UUID {{(pid=117007) get /opt/stack/nova/nova/compute/api.py:2865}}
Nov 04 09:26:26.823249 n-d-778696-18 devstack@n-api.service[117007]: DEBUG oslo_concurrency.lockutils [None req-362b0851-eb03-476b-9a0e-598cd67cc992 tempest-DeleteServersAdminTestJSON-1057863415 tempest-DeleteServersAdminTestJSON-1057863415-project] Lock "381402b2-2844-49a4-91a2-08b312cf7758" acquired by "nova.context.set_target_cell..get_or_set_cached_cell_and_set_connections" :: waited 0.000s {{(pid=117007) inner /usr/local/lib/python3.8/dist-packages/oslo_concurrency/lockutils.py:386}}
Nov 04 09:26:26.823726 n-d-778696-18 devstack@n-api.service[117007]: DEBUG oslo_concurrency.lockutils [None req-362b0851-eb03-476b-9a0e-598cd67cc992 tempest-DeleteServersAdminTestJSON-1057863415 tempest-DeleteServersAdminTestJSON-1057863415-project] Lock "381402b2-2844-49a4-91a2-08b312cf7758" "released" by "nova.context.set_target_cell..get_or_set_cached_cell_and_set_connections" :: held 0.001s {{(pid=117007) inner /usr/local/lib/python3.8/dist-packages/oslo_concurrency/lockutils.py:400}}
Nov 04 09:26:26.840341 n-d-778696-18 devstack@n-api.service[117008]: DEBUG oslo_concurrency.lockutils [None req-9e9457c8-1df9-4335-bed6-21679d540e6d tempest-AggregatesAdminTestJSON-1652166061 tempest-AggregatesAdminTestJSON-1652166061-project] Lock "381402b2-2844-49a4-91a2-08b312cf7758" acquired by "nova.context.set_target_cell..get_or_set_cached_cell_and_set_connections" :: waited 0.000s {{(pid=117008) inner /usr/local/lib/python3.8/dist-packages/oslo_concurrency/lockutils.py:386}}
Nov 04 09:26:26.843687 n-d-778696-18 devstack@n-api.service[117007]: DEBUG oslo_concurrency.lockutils [None req-362b0851-eb03-476b-9a0e-598cd67cc992 tempest-DeleteServersAdminTestJSON-1057863415 tempest-DeleteServersAdminTestJSON-1057863415-project] Lock "381402b2-2844-49a4-91a2-08b312cf7758" acquired by "nova.context.set_target_cell..get_or_set_cached_cell_and_set_connections" :: waited 0.000s {{(pid=117007) inner /usr/local/lib/python3.8/dist-packages/oslo_concurrency/lockutils.py:386}}
Nov 04 09:26:26.844146 n-d-778696-18 devstack@n-api.service[117007]: DEBUG oslo_concurrency.lockutils [None req-362b0851-eb03-476b-9a0e-598cd67cc992 tempest-DeleteServersAdminTestJSON-1057863415 tempest-DeleteServersAdminTestJSON-1057863415-project] Lock "381402b2-2844-49a4-91a2-08b312cf7758" "released" by "nova.context.set_target_cell..get_or_set_cached_cell_and_set_connections" :: held 0.001s {{(pid=117007) inner /usr/local/lib/python3.8/dist-packages/oslo_concurrency/lockutils.py:400}}
