Sep 09 09:07:55.256742 n-d-778696-16 devstack@n-api.service[110323]: INFO nova.api.openstack.requestlog [None req-e44f62dd-a774-4b1f-9506-ee9613930d73 tempest-FlavorsAdminTestJSON-1677303191 tempest-FlavorsAdminTestJSON-1677303191-project-admin] 10.222.0.32 "GET /compute/v2.1/flavors/detail?is_public=true" status: 200 len: 5392 microversion: 2.1 time: 0.038722
Sep 09 09:07:55.258163 n-d-778696-16 devstack@n-api.service[110323]: [pid: 110323|app: 0|req: 70/140] 10.222.0.32 () {58 vars in 1175 bytes} [Thu Sep 9 09:07:55 2021] GET /compute/v2.1/flavors/detail?is_public=true => generated 5392 bytes in 47 msecs (HTTP/1.1 200) 9 headers in 358 bytes (1 switches on core 0)
Sep 09 09:07:55.276095 n-d-778696-16 devstack@n-api.service[110324]: DEBUG nova.api.openstack.wsgi [None req-6277b9bc-2a1f-450b-b1ae-7f18297ad441 tempest-FlavorsAdminTestJSON-1677303191 tempest-FlavorsAdminTestJSON-1677303191-project-admin] Calling method '>' {{(pid=110324) _process_stack /opt/stack/nova/nova/api/openstack/wsgi.py:513}}
Sep 09 09:07:55.313957 n-d-778696-16 devstack@n-api.service[110324]: INFO nova.api.openstack.requestlog [None req-6277b9bc-2a1f-450b-b1ae-7f18297ad441 tempest-FlavorsAdminTestJSON-1677303191 tempest-FlavorsAdminTestJSON-1677303191-project-admin] 10.222.0.32 "GET /compute/v2.1/flavors/detail?is_public=yes" status: 200 len: 5392 microversion: 2.1 time: 0.041255
Sep 09 09:07:55.318269 n-d-778696-16 devstack@n-api.service[110324]: [pid: 110324|app: 0|req: 71/141] 10.222.0.32 () {58 vars in 1173 bytes} [Thu Sep 9 09:07:55 2021] GET /compute/v2.1/flavors/detail?is_public=yes => generated 5392 bytes in 50 msecs (HTTP/1.1 200) 9 headers in 358 bytes (1 switches on core 0)
Sep 09 09:07:55.335156 n-d-778696-16 devstack@n-api.service[110323]: DEBUG nova.api.openstack.wsgi [None req-72596c2c-e6cc-45ed-b3f5-e66cbc2288dc tempest-FlavorsAdminTestJSON-1677303191 tempest-FlavorsAdminTestJSON-1677303191-project-admin] Calling method '>' {{(pid=110323) _process_stack /opt/stack/nova/nova/api/openstack/wsgi.py:513}}
Sep 09 09:07:55.367520 n-d-778696-16 devstack@n-api.service[110323]: INFO nova.api.openstack.requestlog [None req-72596c2c-e6cc-45ed-b3f5-e66cbc2288dc tempest-FlavorsAdminTestJSON-1677303191 tempest-FlavorsAdminTestJSON-1677303191-project-admin] 10.222.0.32 "GET /compute/v2.1/flavors/detail?is_public=1" status: 200 len: 5392 microversion: 2.1 time: 0.036171
Sep 09 09:07:55.382641 n-d-778696-16 devstack@n-api.service[110323]: [pid: 110323|app: 0|req: 71/142] 10.222.0.32 () {58 vars in 1169 bytes} [Thu Sep 9 09:07:55 2021] GET /compute/v2.1/flavors/detail?is_public=1 => generated 5392 bytes in 52 msecs (HTTP/1.1 200) 9 headers in 358 bytes (1 switches on core 0)
Sep 09 09:07:55.398808 n-d-778696-16 devstack@n-api.service[110324]: DEBUG nova.api.openstack.wsgi [None req-d3992d71-cc66-4905-9169-43d558aa06e6 tempest-FlavorsAdminTestJSON-1677303191 tempest-FlavorsAdminTestJSON-1677303191-project-admin] Calling method '>' {{(pid=110324) _process_stack /opt/stack/nova/nova/api/openstack/wsgi.py:513}}
Sep 09 09:07:55.399883 n-d-778696-16 devstack@n-api.service[110324]: /usr/local/lib/python3.8/dist-packages/oslo_policy/policy.py:1064: UserWarning: Policy os_compute_api:os-flavor-manage:delete failed scope check. The token used to make the request was project scoped but the policy requires ['system'] scope. This behavior may change in the future where using the intended scope is required
Sep 09 09:07:55.399883 n-d-778696-16 devstack@n-api.service[110324]: warnings.warn(msg)
Sep 09 09:07:55.503750 n-d-778696-16 devstack@n-api.service[110324]: INFO nova.api.openstack.requestlog [None req-d3992d71-cc66-4905-9169-43d558aa06e6 tempest-FlavorsAdminTestJSON-1677303191 tempest-FlavorsAdminTestJSON-1677303191-project-admin] 10.222.0.32 "DELETE /compute/v2.1/flavors/136656334" status: 202 len: 0 microversion: 2.1 time: 0.107975
Sep 09 09:07:55.506554 n-d-778696-16 devstack@n-api.service[110324]: [pid: 110324|app: 0|req: 72/143] 10.222.0.32 () {58 vars in 1158 bytes} [Thu Sep 9 09:07:55 2021] DELETE /compute/v2.1/flavors/136656334 => generated 0 bytes in 111 msecs (HTTP/1.1 202) 9 headers in 361 bytes (1 switches on core 0)
Sep 09 09:07:55.514882 n-d-778696-16 devstack@n-api.service[110323]: DEBUG nova.api.openstack.wsgi [None req-8ec0d17c-cb03-48f5-b209-043d22a1558a tempest-FlavorsAdminTestJSON-1677303191 tempest-FlavorsAdminTestJSON-1677303191-project-admin] Calling method '>' {{(pid=110323) _process_stack /opt/stack/nova/nova/api/openstack/wsgi.py:513}}
Sep 09 09:07:55.567677 n-d-778696-16 devstack@n-api.service[110323]: INFO nova.api.openstack.requestlog [None req-8ec0d17c-cb03-48f5-b209-043d22a1558a tempest-FlavorsAdminTestJSON-1677303191 tempest-FlavorsAdminTestJSON-1677303191-project-admin] 10.222.0.32 "GET /compute/v2.1/flavors/detail" status: 200 len: 4991 microversion: 2.1 time: 0.057429
Sep 09 09:07:55.569458 n-d-778696-16 devstack@n-api.service[110323]: [pid: 110323|app: 0|req: 72/144] 10.222.0.32 () {58 vars in 1146 bytes} [Thu Sep 9 09:07:55 2021] GET /compute/v2.1/flavors/detail => generated 4991 bytes in 60 msecs (HTTP/1.1 200) 9 headers in 358 bytes (2 switches on core 0)
Sep 09 09:07:55.586603 n-d-778696-16 devstack@n-api.service[110324]: DEBUG nova.api.openstack.wsgi [None req-6461e8f7-498b-42b4-bae4-943b69a34f13 tempest-FlavorsAdminTestJSON-1677303191 tempest-FlavorsAdminTestJSON-1677303191-project-admin] Calling method '>' {{(pid=110324) _process_stack /opt/stack/nova/nova/api/openstack/wsgi.py:513}}
Sep 09 09:07:55.628558 n-d-778696-16 devstack@n-api.service[110323]: DEBUG nova.api.openstack.wsgi [None req-b5d91a73-c6d4-47c7-bf3f-2adf1b3e4241 tempest-AggregatesAdminTestJSON-2067783334 tempest-AggregatesAdminTestJSON-2067783334-project] Calling method '>' {{(pid=110323) _process_stack /opt/stack/nova/nova/api/openstack/wsgi.py:513}}
Sep 09 09:07:55.629752 n-d-778696-16 devstack@n-api.service[110323]: DEBUG nova.compute.api [None req-b5d91a73-c6d4-47c7-bf3f-2adf1b3e4241 tempest-AggregatesAdminTestJSON-2067783334 tempest-AggregatesAdminTestJSON-2067783334-project] [instance: f9e8ae12-6683-442f-80ca-aabea9209f48] Fetching instance by UUID {{(pid=110323) get /opt/stack/nova/nova/compute/api.py:2863}}
Sep 09 09:07:55.651011 n-d-778696-16 devstack@n-api.service[110323]: DEBUG oslo_concurrency.lockutils [None req-b5d91a73-c6d4-47c7-bf3f-2adf1b3e4241 tempest-AggregatesAdminTestJSON-2067783334 tempest-AggregatesAdminTestJSON-2067783334-project] Lock "cfef8193-5693-4317-8283-8a88e4126f9f" acquired by "nova.context.set_target_cell..get_or_set_cached_cell_and_set_connections" :: waited 0.000s {{(pid=110323) inner /usr/local/lib/python3.8/dist-packages/oslo_concurrency/lockutils.py:355}}
Sep 09 09:07:55.657761 n-d-778696-16 devstack@n-api.service[110323]: DEBUG oslo_concurrency.lockutils [None req-b5d91a73-c6d4-47c7-bf3f-2adf1b3e4241 tempest-AggregatesAdminTestJSON-2067783334 tempest-AggregatesAdminTestJSON-2067783334-project] Lock "cfef8193-5693-4317-8283-8a88e4126f9f" released by "nova.context.set_target_cell..get_or_set_cached_cell_and_set_connections" :: held 0.001s {{(pid=110323) inner /usr/local/lib/python3.8/dist-packages/oslo_concurrency/lockutils.py:367}}
Sep 09 09:07:55.660461 n-d-778696-16 devstack@n-api.service[110323]: DEBUG oslo_concurrency.lockutils [None req-b5d91a73-c6d4-47c7-bf3f-2adf1b3e4241 tempest-AggregatesAdminTestJSON-2067783334 tempest-AggregatesAdminTestJSON-2067783334-project] Lock "cfef8193-5693-4317-8283-8a88e4126f9f" acquired by "nova.context.set_target_cell..get_or_set_cached_cell_and_set_connections" :: waited 0.000s {{(pid=110323) inner /usr/local/lib/python3.8/dist-packages/oslo_concurrency/lockutils.py:355}}
Sep 09 09:07:55.660974 n-d-778696-16 devstack@n-api.service[110323]: DEBUG oslo_concurrency.lockutils [None req-b5d91a73-c6d4-47c7-bf3f-2adf1b3e4241 tempest-AggregatesAdminTestJSON-2067783334 tempest-AggregatesAdminTestJSON-2067783334-project] Lock "cfef8193-5693-4317-8283-8a88e4126f9f" released by "nova.context.set_target_cell..get_or_set_cached_cell_and_set_connections" :: held 0.002s {{(pid=110323) inner /usr/local/lib/python3.8/dist-packages/oslo_concurrency/lockutils.py:367}}
Sep 09 09:07:55.753136 n-d-778696-16 devstack@n-api.service[110324]: INFO nova.api.openstack.requestlog [None req-6461e8f7-498b-42b4-bae4-943b69a34f13 tempest-FlavorsAdminTestJSON-1677303191 tempest-FlavorsAdminTestJSON-1677303191-project-admin] 10.222.0.32 "DELETE /compute/v2.1/flavors/1436401968" status: 202 len: 0 microversion: 2.1 time: 0.169596
Sep 09 09:07:55.753136 n-d-778696-16 devstack@n-api.service[110324]: [pid: 110324|app: 0|req: 73/145] 10.222.0.32 () {58 vars in 1161 bytes} [Thu Sep 9 09:07:55 2021] DELETE /compute/v2.1/flavors/1436401968 => generated 0 bytes in 173 msecs (HTTP/1.1 202) 9 headers in 361 bytes (1 switches on core 0)
Sep 09 09:07:55.770049 n-d-778696-16 devstack@n-api.service[110324]: DEBUG nova.api.openstack.wsgi [None req-ddf1515b-2f42-4f5d-adc1-a48bdd865a3d tempest-FlavorsAdminTestJSON-1677303191 tempest-FlavorsAdminTestJSON-1677303191-project-admin] Calling method '>' {{(pid=110324) _process_stack /opt/stack/nova/nova/api/openstack/wsgi.py:513}}
Sep 09 09:07:55.815333 n-d-778696-16 devstack@n-api.service[110324]: INFO nova.api.openstack.requestlog [None req-ddf1515b-2f42-4f5d-adc1-a48bdd865a3d tempest-FlavorsAdminTestJSON-1677303191 tempest-FlavorsAdminTestJSON-1677303191-project-admin] 10.222.0.32 "GET /compute/v2.1/flavors/detail" status: 200 len: 4991 microversion: 2.1 time: 0.054320
Sep 09 09:07:55.815970 n-d-778696-16 devstack@n-api.service[110324]: [pid: 110324|app: 0|req: 74/146] 10.222.0.32 () {58 vars in 1146 bytes} [Thu Sep 9 09:07:55 2021] GET /compute/v2.1/flavors/detail => generated 4991 bytes in 58 msecs (HTTP/1.1 200) 9 headers in 358 bytes (1 switches on core 0)
Sep 09 09:07:55.832992 n-d-778696-16 devstack@n-api.service[110324]: DEBUG nova.api.openstack.wsgi [None req-75e924ed-b9f5-4cf3-a211-4d8231002b5a tempest-FlavorsAdminTestJSON-1677303191 tempest-FlavorsAdminTestJSON-1677303191-project-admin] Action: 'create', calling method: >, body: {"flavor": {"ram": 512, "vcpus": 1, "disk": 10, "name": "tempest-test_flavor_-1037189944", "id": 826786982, "os-flavor-access:is_public": "False"}} {{(pid=110324) _process_stack /opt/stack/nova/nova/api/openstack/wsgi.py:511}}
Sep 09 09:07:55.834727 n-d-778696-16 devstack@n-api.service[110324]: /usr/local/lib/python3.8/dist-packages/oslo_policy/policy.py:1064: UserWarning: Policy os_compute_api:os-flavor-manage:create failed scope check. The token used to make the request was project scoped but the policy requires ['system'] scope. This behavior may change in the future where using the intended scope is required
Sep 09 09:07:55.834727 n-d-778696-16 devstack@n-api.service[110324]: warnings.warn(msg)
Sep 09 09:07:55.904286 n-d-778696-16 devstack@n-api.service[110324]: INFO nova.api.openstack.requestlog [None req-75e924ed-b9f5-4cf3-a211-4d8231002b5a tempest-FlavorsAdminTestJSON-1677303191 tempest-FlavorsAdminTestJSON-1677303191-project-admin] 10.222.0.32 "POST /compute/v2.1/flavors" status: 200 len: 412 microversion: 2.1 time: 0.075454
Sep 09 09:07:55.906776 n-d-778696-16 devstack@n-api.service[110324]: [pid: 110324|app: 0|req: 75/147] 10.222.0.32 () {60 vars in 1147 bytes} [Thu Sep 9 09:07:55 2021] POST /compute/v2.1/flavors => generated 412 bytes in 79 msecs (HTTP/1.1 200) 9 headers in 357 bytes (1 switches on core 0)
Sep 09 09:07:55.915154 n-d-778696-16 devstack@n-api.service[110324]: DEBUG nova.api.openstack.wsgi [None req-f0f18b0d-2f57-4953-89ca-bfe9d4f067eb tempest-DeleteServersAdminTestJSON-787800983 tempest-DeleteServersAdminTestJSON-787800983-project] Calling method '>' {{(pid=110324) _process_stack /opt/stack/nova/nova/api/openstack/wsgi.py:513}}
Sep 09 09:07:55.915872 n-d-778696-16 devstack@n-api.service[110324]: DEBUG nova.compute.api [None req-f0f18b0d-2f57-4953-89ca-bfe9d4f067eb tempest-DeleteServersAdminTestJSON-787800983 tempest-DeleteServersAdminTestJSON-787800983-project] [instance: 982dd4d3-9cf8-4e1b-b2c2-98ac6e2457ea] Fetching instance by UUID {{(pid=110324) get /opt/stack/nova/nova/compute/api.py:2863}}
Sep 09 09:07:55.937230 n-d-778696-16 devstack@n-api.service[110324]: DEBUG oslo_concurrency.lockutils [None req-f0f18b0d-2f57-4953-89ca-bfe9d4f067eb tempest-DeleteServersAdminTestJSON-787800983 tempest-DeleteServersAdminTestJSON-787800983-project] Lock "cfef8193-5693-4317-8283-8a88e4126f9f" acquired by "nova.context.set_target_cell..get_or_set_cached_cell_and_set_connections" :: waited 0.007s {{(pid=110324) inner /usr/local/lib/python3.8/dist-packages/oslo_concurrency/lockutils.py:355}}
Sep 09 09:07:55.937782 n-d-778696-16 devstack@n-api.service[110324]: DEBUG oslo_concurrency.lockutils [None req-f0f18b0d-2f57-4953-89ca-bfe9d4f067eb tempest-DeleteServersAdminTestJSON-787800983 tempest-DeleteServersAdminTestJSON-787800983-project] Lock "cfef8193-5693-4317-8283-8a88e4126f9f" released by "nova.context.set_target_cell..get_or_set_cached_cell_and_set_connections" :: held 0.001s {{(pid=110324) inner /usr/local/lib/python3.8/dist-packages/oslo_concurrency/lockutils.py:367}}
Sep 09 09:07:55.938766 n-d-778696-16 devstack@n-api.service[110324]: DEBUG oslo_concurrency.lockutils [None req-f0f18b0d-2f57-4953-89ca-bfe9d4f067eb tempest-DeleteServersAdminTestJSON-787800983 tempest-DeleteServersAdminTestJSON-787800983-project] Lock "cfef8193-5693-4317-8283-8a88e4126f9f" acquired by "nova.context.set_target_cell..get_or_set_cached_cell_and_set_connections" :: waited 0.000s {{(pid=110324) inner /usr/local/lib/python3.8/dist-packages/oslo_concurrency/lockutils.py:355}}
Sep 09 09:07:55.939265 n-d-778696-16 devstack@n-api.service[110324]: DEBUG oslo_concurrency.lockutils [None req-f0f18b0d-2f57-4953-89ca-bfe9d4f067eb tempest-DeleteServersAdminTestJSON-787800983 tempest-DeleteServersAdminTestJSON-787800983-project] Lock "cfef8193-5693-4317-8283-8a88e4126f9f" released by "nova.context.set_target_cell..get_or_set_cached_cell_and_set_connections" :: held 0.001s {{(pid=110324) inner /usr/local/lib/python3.8/dist-packages/oslo_concurrency/lockutils.py:367}}
Sep 09 09:07:56.376088 n-d-778696-16 devstack@n-api.service[110324]: DEBUG nova.policy [None req-f0f18b0d-2f57-4953-89ca-bfe9d4f067eb tempest-DeleteServersAdminTestJSON-787800983 tempest-DeleteServersAdminTestJSON-787800983-project] Policy check for os_compute_api:os-extended-server-attributes failed with credentials {'is_admin': False, 'user_id': '3428658a672e45a68645e92334d5b2e2', 'user_domain_id': 'default', 'system_scope': None, 'domain_id': None, 'project_id': '2c52ad507c5b4cc6acb6151f671f028b', 'project_domain_id': 'default', 'roles': ['reader', 'member'], 'is_admin_project': True, 'service_user_id': None, 'service_user_domain_id': None, 'service_project_id': None, 'service_project_domain_id': None, 'service_roles': []} {{(pid=110324) authorize /opt/stack/nova/nova/policy.py:199}}
Sep 09 09:07:56.384027 n-d-778696-16 devstack@n-api.service[110324]: INFO nova.api.openstack.requestlog [None req-f0f18b0d-2f57-4953-89ca-bfe9d4f067eb tempest-DeleteServersAdminTestJSON-787800983 tempest-DeleteServersAdminTestJSON-787800983-project] 10.222.0.32 "GET /compute/v2.1/servers/982dd4d3-9cf8-4e1b-b2c2-98ac6e2457ea" status: 200 len: 1320 microversion: 2.1 time: 0.476167
Sep 09 09:07:56.388853 n-d-778696-16 devstack@n-api.service[110324]: [pid: 110324|app: 0|req: 76/148] 10.222.0.32 () {58 vars in 1236 bytes} [Thu Sep 9 09:07:55 2021] GET /compute/v2.1/servers/982dd4d3-9cf8-4e1b-b2c2-98ac6e2457ea => generated 1320 bytes in 482 msecs (HTTP/1.1 200) 9 headers in 358 bytes (1 switches on core 0)
Sep 09 09:07:56.393534 n-d-778696-16 devstack@n-api.service[110324]: DEBUG nova.api.openstack.wsgi [None req-bd4ee4b2-f279-4d17-bbe1-7cdfde8ecb70 tempest-FlavorsAdminTestJSON-1677303191 tempest-FlavorsAdminTestJSON-1677303191-project-admin] Calling method '>' {{(pid=110324) _process_stack /opt/stack/nova/nova/api/openstack/wsgi.py:513}}
Sep 09 09:07:56.452884 n-d-778696-16 devstack@n-api.service[110324]: INFO nova.api.openstack.requestlog [None req-bd4ee4b2-f279-4d17-bbe1-7cdfde8ecb70 tempest-FlavorsAdminTestJSON-1677303191 tempest-FlavorsAdminTestJSON-1677303191-project-admin] 10.222.0.32 "GET /compute/v2.1/flavors/detail" status: 200 len: 4991 microversion: 2.1 time: 0.062695
Sep 09 09:07:56.457190 n-d-778696-16 devstack@n-api.service[110324]: [pid: 110324|app: 0|req: 77/149] 10.222.0.32 () {58 vars in 1146 bytes} [Thu Sep 9 09:07:56 2021] GET /compute/v2.1/flavors/detail => generated 4991 bytes in 67 msecs (HTTP/1.1 200) 9 headers in 358 bytes (1 switches on core 0)
Sep 09 09:07:56.477433 n-d-778696-16 devstack@n-api.service[110324]: DEBUG nova.api.openstack.wsgi [None req-fb7f9cdb-5bb2-4cba-bc34-d7cabd2e68d4 tempest-FlavorsAdminTestJSON-213185024 tempest-FlavorsAdminTestJSON-213185024-project] Calling method '>' {{(pid=110324) _process_stack /opt/stack/nova/nova/api/openstack/wsgi.py:513}}
Sep 09 09:07:56.492502 n-d-778696-16 devstack@n-api.service[110323]: DEBUG nova.policy [None req-b5d91a73-c6d4-47c7-bf3f-2adf1b3e4241 tempest-AggregatesAdminTestJSON-2067783334 tempest-AggregatesAdminTestJSON-2067783334-project] Policy check for os_compute_api:os-extended-server-attributes failed with credentials {'is_admin': False, 'user_id': 'aca051b696924d90929764d66700d4ac', 'user_domain_id': 'default', 'system_scope': None, 'domain_id': None, 'project_id': '89f726853b584a74ad2f23ec8ed5d012', 'project_domain_id': 'default', 'roles': ['reader', 'member'], 'is_admin_project': True, 'service_user_id': None, 'service_user_domain_id': None, 'service_project_id': None, 'service_project_domain_id': None, 'service_roles': []} {{(pid=110323) authorize /opt/stack/nova/nova/policy.py:199}}
Sep 09 09:07:56.503140 n-d-778696-16 devstack@n-api.service[110323]: INFO nova.api.openstack.requestlog [None req-b5d91a73-c6d4-47c7-bf3f-2adf1b3e4241 tempest-AggregatesAdminTestJSON-2067783334 tempest-AggregatesAdminTestJSON-2067783334-project] 10.222.0.32 "GET /compute/v2.1/servers/f9e8ae12-6683-442f-80ca-aabea9209f48" status: 200 len: 1338 microversion: 2.1 time: 0.879436
Sep 09 09:07:56.507330 n-d-778696-16 devstack@n-api.service[110323]: [pid: 110323|app: 0|req: 73/150] 10.222.0.32 () {58 vars in 1236 bytes} [Thu Sep 9 09:07:55 2021] GET /compute/v2.1/servers/f9e8ae12-6683-442f-80ca-aabea9209f48 => generated 1338 bytes in 885 msecs (HTTP/1.1 200) 9 headers in 358 bytes (1 switches on core 0)
Sep 09 09:07:56.560488 n-d-778696-16 devstack@n-api.service[110324]: INFO nova.api.openstack.requestlog [None req-fb7f9cdb-5bb2-4cba-bc34-d7cabd2e68d4 tempest-FlavorsAdminTestJSON-213185024 tempest-FlavorsAdminTestJSON-213185024-project] 10.222.0.32 "GET /compute/v2.1/flavors/detail" status: 200 len: 4991 microversion: 2.1 time: 0.088496
Sep 09 09:07:56.561648 n-d-778696-16 devstack@n-api.service[110324]: [pid: 110324|app: 0|req: 78/151] 10.222.0.32 () {58 vars in 1146 bytes} [Thu Sep 9 09:07:56 2021] GET /compute/v2.1/flavors/detail => generated 4991 bytes in 95 msecs (HTTP/1.1 200) 9 headers in 358 bytes (2 switches on core 0)
Sep 09 09:07:56.581302 n-d-778696-16 devstack@n-api.service[110323]: DEBUG nova.api.openstack.wsgi [None req-58f17455-851f-473e-8d34-646b9e655718 tempest-FlavorsAdminTestJSON-1677303191 tempest-FlavorsAdminTestJSON-1677303191-project-admin] Calling method '>' {{(pid=110323) _process_stack /opt/stack/nova/nova/api/openstack/wsgi.py:513}}
Sep 09 09:07:56.583055 n-d-778696-16 devstack@n-api.service[110323]: /usr/local/lib/python3.8/dist-packages/oslo_policy/policy.py:1064: UserWarning: Policy os_compute_api:os-flavor-manage:delete failed scope check. The token used to make the request was project scoped but the policy requires ['system'] scope. This behavior may change in the future where using the intended scope is required
Sep 09 09:07:56.583055 n-d-778696-16 devstack@n-api.service[110323]: warnings.warn(msg)
Sep 09 09:07:56.726268 n-d-778696-16 devstack@n-api.service[110323]: INFO nova.api.openstack.requestlog [None req-58f17455-851f-473e-8d34-646b9e655718 tempest-FlavorsAdminTestJSON-1677303191 tempest-FlavorsAdminTestJSON-1677303191-project-admin] 10.222.0.32 "DELETE /compute/v2.1/flavors/826786982" status: 202 len: 0 microversion: 2.1 time: 0.153873
Sep 09 09:07:56.728309 n-d-778696-16 devstack@n-api.service[110323]: [pid: 110323|app: 0|req: 74/152] 10.222.0.32 () {58 vars in 1158 bytes} [Thu Sep 9 09:07:56 2021] DELETE /compute/v2.1/flavors/826786982 => generated 0 bytes in 156 msecs (HTTP/1.1 202) 9 headers in 361 bytes (1 switches on core 0)
Sep 09 09:07:56.736903 n-d-778696-16 devstack@n-api.service[110324]: DEBUG nova.api.openstack.wsgi [None req-1e6e6809-1713-41c1-b6df-50cccb955bf0 tempest-FlavorsAdminTestJSON-1677303191 tempest-FlavorsAdminTestJSON-1677303191-project-admin] Calling method '>' {{(pid=110324) _process_stack /opt/stack/nova/nova/api/openstack/wsgi.py:513}}
Sep 09 09:07:56.770787 n-d-778696-16 devstack@n-api.service[110324]: INFO nova.api.openstack.requestlog [None req-1e6e6809-1713-41c1-b6df-50cccb955bf0 tempest-FlavorsAdminTestJSON-1677303191 tempest-FlavorsAdminTestJSON-1677303191-project-admin] 10.222.0.32 "GET /compute/v2.1/flavors/detail" status: 200 len: 4991 microversion: 2.1 time: 0.037872
Sep 09 09:07:56.783972 n-d-778696-16 devstack@n-api.service[110324]: [pid: 110324|app: 0|req: 79/153] 10.222.0.32 () {58 vars in 1146 bytes} [Thu Sep 9 09:07:56 2021] GET /compute/v2.1/flavors/detail => generated 4991 bytes in 51 msecs (HTTP/1.1 200) 9 headers in 358 bytes (1 switches on core 0)
Sep 09 09:07:56.794261 n-d-778696-16 devstack@n-api.service[110323]: DEBUG nova.api.openstack.wsgi [None req-07a7271c-a275-4f17-9eb9-c0eaaf1dc616 tempest-FlavorsAdminTestJSON-1677303191 tempest-FlavorsAdminTestJSON-1677303191-project-admin] Action: 'create', calling method: >, body: {"flavor": {"ram": 512, "vcpus": 1, "disk": 10, "name": "tempest-test_flavor_-1296263258", "id": 1945648691, "os-flavor-access:is_public": "True"}} {{(pid=110323) _process_stack /opt/stack/nova/nova/api/openstack/wsgi.py:511}}
Sep 09 09:07:56.798452 n-d-778696-16 devstack@n-api.service[110323]: /usr/local/lib/python3.8/dist-packages/oslo_policy/policy.py:1064: UserWarning: Policy os_compute_api:os-flavor-manage:create failed scope check. The token used to make the request was project scoped but the policy requires ['system'] scope. This behavior may change in the future where using the intended scope is required
Sep 09 09:07:56.798452 n-d-778696-16 devstack@n-api.service[110323]: warnings.warn(msg)
Sep 09 09:07:56.903451 n-d-778696-16 devstack@n-api.service[110323]: INFO nova.api.openstack.requestlog [None req-07a7271c-a275-4f17-9eb9-c0eaaf1dc616 tempest-FlavorsAdminTestJSON-1677303191 tempest-FlavorsAdminTestJSON-1677303191-project-admin] 10.222.0.32 "POST /compute/v2.1/flavors" status: 200 len: 414 microversion: 2.1 time: 0.120087
Sep 09 09:07:56.904241 n-d-778696-16 devstack@n-api.service[110323]: [pid: 110323|app: 0|req: 75/154] 10.222.0.32 () {60 vars in 1147 bytes} [Thu Sep 9 09:07:56 2021] POST /compute/v2.1/flavors => generated 414 bytes in 122 msecs (HTTP/1.1 200) 9 headers in 357 bytes (2 switches on core 0)
Sep 09 09:07:56.914418 n-d-778696-16 devstack@n-api.service[110324]: DEBUG nova.api.openstack.wsgi [None req-7cf09ce6-8465-40fa-8732-2643d73aa101 tempest-FlavorsAdminTestJSON-213185024 tempest-FlavorsAdminTestJSON-213185024-project] Calling method '>' {{(pid=110324) _process_stack /opt/stack/nova/nova/api/openstack/wsgi.py:513}}
Sep 09 09:07:56.965295 n-d-778696-16 devstack@n-api.service[110324]: INFO nova.api.openstack.requestlog [None req-7cf09ce6-8465-40fa-8732-2643d73aa101 tempest-FlavorsAdminTestJSON-213185024 tempest-FlavorsAdminTestJSON-213185024-project] 10.222.0.32 "GET /compute/v2.1/flavors/detail" status: 200 len: 5395 microversion: 2.1 time: 0.052963
Sep 09 09:07:56.996564 n-d-778696-16 devstack@n-api.service[110323]: DEBUG nova.api.openstack.wsgi [None req-e78e3429-af3e-4d53-816f-e01dedfbf983 tempest-FlavorsAdminTestJSON-1677303191 tempest-FlavorsAdminTestJSON-1677303191-project-admin] Calling method '>' {{(pid=110323) _process_stack /opt/stack/nova/nova/api/openstack/wsgi.py:513}}
Sep 09 09:07:56.997201 n-d-778696-16 devstack@n-api.service[110324]: [pid: 110324|app: 0|req: 80/155] 10.222.0.32 () {58 vars in 1146 bytes} [Thu Sep 9 09:07:56 2021] GET /compute/v2.1/flavors/detail => generated 5395 bytes in 75 msecs (HTTP/1.1 200) 9 headers in 358 bytes (1 switches on core 0)
Sep 09 09:07:57.079707 n-d-778696-16 devstack@n-api.service[110323]: INFO nova.api.openstack.requestlog [None req-e78e3429-af3e-4d53-816f-e01dedfbf983 tempest-FlavorsAdminTestJSON-1677303191 tempest-FlavorsAdminTestJSON-1677303191-project-admin] 10.222.0.32 "DELETE /compute/v2.1/flavors/1945648691" status: 202 len: 0 microversion: 2.1 time: 0.102591
Sep 09 09:07:57.087547 n-d-778696-16 devstack@n-api.service[110323]: [pid: 110323|app: 0|req: 76/156] 10.222.0.32 () {58 vars in 1161 bytes} [Thu Sep 9 09:07:56 2021] DELETE /compute/v2.1/flavors/1945648691 => generated 0 bytes in 107 msecs (HTTP/1.1 202) 9 headers in 361 bytes (1 switches on core 0)
Sep 09 09:07:57.088961 n-d-778696-16 devstack@n-api.service[110324]: DEBUG nova.api.openstack.wsgi [None req-34fc4a9f-7eb1-45dd-87ec-9c6b030fb686 tempest-FlavorsAdminTestJSON-1677303191 tempest-FlavorsAdminTestJSON-1677303191-project-admin] Calling method '>' {{(pid=110324) _process_stack /opt/stack/nova/nova/api/openstack/wsgi.py:513}}
Sep 09 09:07:57.118650 n-d-778696-16 devstack@n-api.service[110324]: INFO nova.api.openstack.requestlog [None req-34fc4a9f-7eb1-45dd-87ec-9c6b030fb686 tempest-FlavorsAdminTestJSON-1677303191 tempest-FlavorsAdminTestJSON-1677303191-project-admin] 10.222.0.32 "GET /compute/v2.1/flavors/detail" status: 200 len: 4991 microversion: 2.1 time: 0.033594
Sep 09 09:07:57.122400 n-d-778696-16 devstack@n-api.service[110324]: [pid: 110324|app: 0|req: 81/157] 10.222.0.32 () {58 vars in 1146 bytes} [Thu Sep 9 09:07:57 2021] GET /compute/v2.1/flavors/detail => generated 4991 bytes in 38 msecs (HTTP/1.1 200) 9 headers in 358 bytes (1 switches on core 0)
Sep 09 09:07:57.406074 n-d-778696-16 devstack@n-api.service[110323]: DEBUG nova.api.openstack.wsgi [None req-420bd00b-214d-444e-b32a-166303fbea9c tempest-DeleteServersAdminTestJSON-787800983 tempest-DeleteServersAdminTestJSON-787800983-project] Calling method '>' {{(pid=110323) _process_stack /opt/stack/nova/nova/api/openstack/wsgi.py:513}}
Sep 09 09:07:57.406773 n-d-778696-16 devstack@n-api.service[110323]: DEBUG nova.compute.api [None req-420bd00b-214d-444e-b32a-166303fbea9c tempest-DeleteServersAdminTestJSON-787800983 tempest-DeleteServersAdminTestJSON-787800983-project] [instance: 982dd4d3-9cf8-4e1b-b2c2-98ac6e2457ea] Fetching instance by UUID {{(pid=110323) get /opt/stack/nova/nova/compute/api.py:2863}}
Sep 09 09:07:57.418146 n-d-778696-16 devstack@n-api.service[110323]: DEBUG oslo_concurrency.lockutils [None req-420bd00b-214d-444e-b32a-166303fbea9c tempest-DeleteServersAdminTestJSON-787800983 tempest-DeleteServersAdminTestJSON-787800983-project] Lock "cfef8193-5693-4317-8283-8a88e4126f9f" acquired by "nova.context.set_target_cell..get_or_set_cached_cell_and_set_connections" :: waited 0.000s {{(pid=110323) inner /usr/local/lib/python3.8/dist-packages/oslo_concurrency/lockutils.py:355}}
Sep 09 09:07:57.418146 n-d-778696-16 devstack@n-api.service[110323]: DEBUG oslo_concurrency.lockutils [None req-420bd00b-214d-444e-b32a-166303fbea9c tempest-DeleteServersAdminTestJSON-787800983 tempest-DeleteServersAdminTestJSON-787800983-project] Lock "cfef8193-5693-4317-8283-8a88e4126f9f" released by "nova.context.set_target_cell..get_or_set_cached_cell_and_set_connections" :: held 0.001s {{(pid=110323) inner /usr/local/lib/python3.8/dist-packages/oslo_concurrency/lockutils.py:367}}
Sep 09 09:07:57.418146 n-d-778696-16 devstack@n-api.service[110323]: DEBUG oslo_concurrency.lockutils [None req-420bd00b-214d-444e-b32a-166303fbea9c tempest-DeleteServersAdminTestJSON-787800983 tempest-DeleteServersAdminTestJSON-787800983-project] Lock "cfef8193-5693-4317-8283-8a88e4126f9f" acquired by "nova.context.set_target_cell..get_or_set_cached_cell_and_set_connections" :: waited 0.000s {{(pid=110323) inner /usr/local/lib/python3.8/dist-packages/oslo_concurrency/lockutils.py:355}}
Sep 09 09:07:57.418146 n-d-778696-16 devstack@n-api.service[110323]: DEBUG oslo_concurrency.lockutils [None req-420bd00b-214d-444e-b32a-166303fbea9c tempest-DeleteServersAdminTestJSON-787800983 tempest-DeleteServersAdminTestJSON-787800983-project] Lock "cfef8193-5693-4317-8283-8a88e4126f9f" released by "nova.context.set_target_cell..get_or_set_cached_cell_and_set_connections" :: held 0.000s {{(pid=110323) inner /usr/local/lib/python3.8/dist-packages/oslo_concurrency/lockutils.py:367}}
Sep 09 09:07:57.524358 n-d-778696-16 devstack@n-api.service[110324]: DEBUG nova.api.openstack.wsgi [None req-aa0fd0b1-ffcc-429f-a1b5-2e5c8364ce36 tempest-AggregatesAdminTestJSON-2067783334 tempest-AggregatesAdminTestJSON-2067783334-project] Calling method '>' {{(pid=110324) _process_stack /opt/stack/nova/nova/api/openstack/wsgi.py:513}}
Sep 09 09:07:57.525292 n-d-778696-16 devstack@n-api.service[110324]: DEBUG nova.compute.api [None req-aa0fd0b1-ffcc-429f-a1b5-2e5c8364ce36 tempest-AggregatesAdminTestJSON-2067783334 tempest-AggregatesAdminTestJSON-2067783334-project] [instance: f9e8ae12-6683-442f-80ca-aabea9209f48] Fetching instance by UUID {{(pid=110324) get /opt/stack/nova/nova/compute/api.py:2863}}
Sep 09 09:07:57.537039 n-d-778696-16 devstack@n-api.service[110324]: DEBUG oslo_concurrency.lockutils [None req-aa0fd0b1-ffcc-429f-a1b5-2e5c8364ce36 tempest-AggregatesAdminTestJSON-2067783334 tempest-AggregatesAdminTestJSON-2067783334-project] Lock "cfef8193-5693-4317-8283-8a88e4126f9f" acquired by "nova.context.set_target_cell..get_or_set_cached_cell_and_set_connections" :: waited 0.000s {{(pid=110324) inner /usr/local/lib/python3.8/dist-packages/oslo_concurrency/lockutils.py:355}}
Sep 09 09:07:57.539281 n-d-778696-16 devstack@n-api.service[110324]: DEBUG oslo_concurrency.lockutils [None req-aa0fd0b1-ffcc-429f-a1b5-2e5c8364ce36 tempest-AggregatesAdminTestJSON-2067783334 tempest-AggregatesAdminTestJSON-2067783334-project] Lock "cfef8193-5693-4317-8283-8a88e4126f9f" released by "nova.context.set_target_cell..get_or_set_cached_cell_and_set_connections" :: held 0.001s {{(pid=110324) inner /usr/local/lib/python3.8/dist-packages/oslo_concurrency/lockutils.py:367}}
Sep 09 09:07:57.539281 n-d-778696-16 devstack@n-api.service[110324]: DEBUG oslo_concurrency.lockutils [None req-aa0fd0b1-ffcc-429f-a1b5-2e5c8364ce36 tempest-AggregatesAdminTestJSON-2067783334 tempest-AggregatesAdminTestJSON-2067783334-project] Lock "cfef8193-5693-4317-8283-8a88e4126f9f" acquired by "nova.context.set_target_cell..get_or_set_cached_cell_and_set_connections" :: waited 0.000s {{(pid=110324) inner /usr/local/lib/python3.8/dist-packages/oslo_concurrency/lockutils.py:355}}
Sep 09 09:07:57.539281 n-d-778696-16 devstack@n-api.service[110324]: DEBUG oslo_concurrency.lockutils [None req-aa0fd0b1-ffcc-429f-a1b5-2e5c8364ce36 tempest-AggregatesAdminTestJSON-2067783334 tempest-AggregatesAdminTestJSON-2067783334-project] Lock "cfef8193-5693-4317-8283-8a88e4126f9f" released by "nova.context.set_target_cell..get_or_set_cached_cell_and_set_connections" :: held 0.000s {{(pid=110324) inner /usr/local/lib/python3.8/dist-packages/oslo_concurrency/lockutils.py:367}}
Sep 09 09:07:58.039894 n-d-778696-16 devstack@n-api.service[110323]: DEBUG nova.policy [None req-420bd00b-214d-444e-b32a-166303fbea9c tempest-DeleteServersAdminTestJSON-787800983 tempest-DeleteServersAdminTestJSON-787800983-project] Policy check for os_compute_api:os-extended-server-attributes failed with credentials {'is_admin': False, 'user_id': '3428658a672e45a68645e92334d5b2e2', 'user_domain_id': 'default', 'system_scope': None, 'domain_id': None, 'project_id': '2c52ad507c5b4cc6acb6151f671f028b', 'project_domain_id': 'default', 'roles': ['reader', 'member'], 'is_admin_project': True, 'service_user_id': None, 'service_user_domain_id': None, 'service_project_id': None, 'service_project_domain_id': None, 'service_roles': []} {{(pid=110323) authorize /opt/stack/nova/nova/policy.py:199}}
Sep 09 09:07:58.048406 n-d-778696-16 devstack@n-api.service[110323]: INFO nova.api.openstack.requestlog [None req-420bd00b-214d-444e-b32a-166303fbea9c tempest-DeleteServersAdminTestJSON-787800983 tempest-DeleteServersAdminTestJSON-787800983-project] 10.222.0.32 "GET /compute/v2.1/servers/982dd4d3-9cf8-4e1b-b2c2-98ac6e2457ea" status: 200 len: 1320 microversion: 2.1 time: 0.645860
Sep 09 09:07:58.050794 n-d-778696-16 devstack@n-api.service[110323]: [pid: 110323|app: 0|req: 77/158] 10.222.0.32 () {58 vars in 1236 bytes} [Thu Sep 9 09:07:57 2021] GET /compute/v2.1/servers/982dd4d3-9cf8-4e1b-b2c2-98ac6e2457ea => generated 1320 bytes in 649 msecs (HTTP/1.1 200) 9 headers in 358 bytes (1 switches on core 0)
Sep 09 09:07:58.084699 n-d-778696-16 devstack@n-api.service[110324]: DEBUG nova.policy [None req-aa0fd0b1-ffcc-429f-a1b5-2e5c8364ce36 tempest-AggregatesAdminTestJSON-2067783334 tempest-AggregatesAdminTestJSON-2067783334-project] Policy check for os_compute_api:os-extended-server-attributes failed with credentials {'is_admin': False, 'user_id': 'aca051b696924d90929764d66700d4ac', 'user_domain_id': 'default', 'system_scope': None, 'domain_id': None, 'project_id': '89f726853b584a74ad2f23ec8ed5d012', 'project_domain_id': 'default', 'roles': ['reader', 'member'], 'is_admin_project': True, 'service_user_id': None, 'service_user_domain_id': None, 'service_project_id': None, 'service_project_domain_id': None, 'service_roles': []} {{(pid=110324) authorize /opt/stack/nova/nova/policy.py:199}}
Sep 09 09:07:58.095997 n-d-778696-16 devstack@n-api.service[110324]: INFO nova.api.openstack.requestlog [None req-aa0fd0b1-ffcc-429f-a1b5-2e5c8364ce36 tempest-AggregatesAdminTestJSON-2067783334 tempest-AggregatesAdminTestJSON-2067783334-project] 10.222.0.32 "GET /compute/v2.1/servers/f9e8ae12-6683-442f-80ca-aabea9209f48" status: 200 len: 1338 microversion: 2.1 time: 0.575247
Sep 09 09:07:58.100865 n-d-778696-16 devstack@n-api.service[110324]: [pid: 110324|app: 0|req: 82/159] 10.222.0.32 () {58 vars in 1236 bytes} [Thu Sep 9 09:07:57 2021] GET /compute/v2.1/servers/f9e8ae12-6683-442f-80ca-aabea9209f48 => generated 1338 bytes in 581 msecs (HTTP/1.1 200) 9 headers in 358 bytes (1 switches on core 0)
Sep 09 09:07:59.071344 n-d-778696-16 devstack@n-api.service[110323]: DEBUG nova.api.openstack.wsgi [None req-b879b3e0-5e11-4947-8f9b-041ac5009ef6 tempest-DeleteServersAdminTestJSON-787800983 tempest-DeleteServersAdminTestJSON-787800983-project] Calling method '>' {{(pid=110323) _process_stack /opt/stack/nova/nova/api/openstack/wsgi.py:513}}
Sep 09 09:07:59.072788 n-d-778696-16 devstack@n-api.service[110323]: DEBUG nova.compute.api [None req-b879b3e0-5e11-4947-8f9b-041ac5009ef6 tempest-DeleteServersAdminTestJSON-787800983 tempest-DeleteServersAdminTestJSON-787800983-project] [instance: 982dd4d3-9cf8-4e1b-b2c2-98ac6e2457ea] Fetching instance by UUID {{(pid=110323) get /opt/stack/nova/nova/compute/api.py:2863}}
Sep 09 09:07:59.084969 n-d-778696-16 devstack@n-api.service[110323]: DEBUG oslo_concurrency.lockutils [None req-b879b3e0-5e11-4947-8f9b-041ac5009ef6 tempest-DeleteServersAdminTestJSON-787800983 tempest-DeleteServersAdminTestJSON-787800983-project] Lock "cfef8193-5693-4317-8283-8a88e4126f9f" acquired by "nova.context.set_target_cell..get_or_set_cached_cell_and_set_connections" :: waited 0.001s {{(pid=110323) inner /usr/local/lib/python3.8/dist-packages/oslo_concurrency/lockutils.py:355}}
Sep 09 09:07:59.086833 n-d-778696-16 devstack@n-api.service[110323]: DEBUG oslo_concurrency.lockutils [None req-b879b3e0-5e11-4947-8f9b-041ac5009ef6 tempest-DeleteServersAdminTestJSON-787800983 tempest-DeleteServersAdminTestJSON-787800983-project] Lock "cfef8193-5693-4317-8283-8a88e4126f9f" released by "nova.context.set_target_cell..get_or_set_cached_cell_and_set_connections" :: held 0.002s {{(pid=110323) inner /usr/local/lib/python3.8/dist-packages/oslo_concurrency/lockutils.py:367}}
Sep 09 09:07:59.117472 n-d-778696-16 devstack@n-api.service[110323]: DEBUG oslo_concurrency.lockutils [None req-b879b3e0-5e11-4947-8f9b-041ac5009ef6 tempest-DeleteServersAdminTestJSON-787800983 tempest-DeleteServersAdminTestJSON-787800983-project] Lock "cfef8193-5693-4317-8283-8a88e4126f9f" acquired by "nova.context.set_target_cell..get_or_set_cached_cell_and_set_connections" :: waited 0.000s {{(pid=110323) inner /usr/local/lib/python3.8/dist-packages/oslo_concurrency/lockutils.py:355}}
Sep 09 09:07:59.118475 n-d-778696-16 devstack@n-api.service[110324]: DEBUG nova.api.openstack.wsgi [None req-81747628-8e5a-445f-afcd-405ade6dcf84 tempest-AggregatesAdminTestJSON-2067783334 tempest-AggregatesAdminTestJSON-2067783334-project] Calling method '>' {{(pid=110324) _process_stack /opt/stack/nova/nova/api/openstack/wsgi.py:513}}
Sep 09 09:07:59.119093 n-d-778696-16 devstack@n-api.service[110324]: DEBUG nova.compute.api [None req-81747628-8e5a-445f-afcd-405ade6dcf84 tempest-AggregatesAdminTestJSON-2067783334 tempest-AggregatesAdminTestJSON-2067783334-project] [instance: f9e8ae12-6683-442f-80ca-aabea9209f48] Fetching instance by UUID {{(pid=110324) get /opt/stack/nova/nova/compute/api.py:2863}}
Sep 09 09:07:59.120723 n-d-778696-16 devstack@n-api.service[110323]: DEBUG oslo_concurrency.lockutils [None req-b879b3e0-5e11-4947-8f9b-041ac5009ef6 tempest-DeleteServersAdminTestJSON-787800983 tempest-DeleteServersAdminTestJSON-787800983-project] Lock "cfef8193-5693-4317-8283-8a88e4126f9f" released by "nova.context.set_target_cell..get_or_set_cached_cell_and_set_connections" :: held 0.004s {{(pid=110323) inner /usr/local/lib/python3.8/dist-packages/oslo_concurrency/lockutils.py:367}}
Sep 09 09:07:59.136934 n-d-778696-16 devstack@n-api.service[110324]: DEBUG oslo_concurrency.lockutils [None req-81747628-8e5a-445f-afcd-405ade6dcf84 tempest-AggregatesAdminTestJSON-2067783334 tempest-AggregatesAdminTestJSON-2067783334-project] Lock "cfef8193-5693-4317-8283-8a88e4126f9f" acquired by "nova.context.set_target_cell..get_or_set_cached_cell_and_set_connections" :: waited 0.000s {{(pid=110324) inner /usr/local/lib/python3.8/dist-packages/oslo_concurrency/lockutils.py:355}}
Sep 09 09:07:59.139139 n-d-778696-16 devstack@n-api.service[110324]: DEBUG oslo_concurrency.lockutils [None req-81747628-8e5a-445f-afcd-405ade6dcf84 tempest-AggregatesAdminTestJSON-2067783334 tempest-AggregatesAdminTestJSON-2067783334-project] Lock "cfef8193-5693-4317-8283-8a88e4126f9f" released by "nova.context.set_target_cell..get_or_set_cached_cell_and_set_connections" :: held 0.002s {{(pid=110324) inner /usr/local/lib/python3.8/dist-packages/oslo_concurrency/lockutils.py:367}}
Sep 09 09:07:59.140164 n-d-778696-16 devstack@n-api.service[110324]: DEBUG oslo_concurrency.lockutils [None req-81747628-8e5a-445f-afcd-405ade6dcf84 tempest-AggregatesAdminTestJSON-2067783334 tempest-AggregatesAdminTestJSON-2067783334-project] Lock "cfef8193-5693-4317-8283-8a88e4126f9f" acquired by "nova.context.set_target_cell..get_or_set_cached_cell_and_set_connections" :: waited 0.000s {{(pid=110324) inner /usr/local/lib/python3.8/dist-packages/oslo_concurrency/lockutils.py:355}}
Sep 09 09:07:59.140600 n-d-778696-16 devstack@n-api.service[110324]: DEBUG oslo_concurrency.lockutils [None req-81747628-8e5a-445f-afcd-405ade6dcf84 tempest-AggregatesAdminTestJSON-2067783334 tempest-AggregatesAdminTestJSON-2067783334-project] Lock "cfef8193-5693-4317-8283-8a88e4126f9f" released by "nova.context.set_target_cell..get_or_set_cached_cell_and_set_connections" :: held 0.001s {{(pid=110324) inner /usr/local/lib/python3.8/dist-packages/oslo_concurrency/lockutils.py:367}}
Sep 09 09:07:59.624649 n-d-778696-16 devstack@n-api.service[110323]: DEBUG nova.policy [None req-b879b3e0-5e11-4947-8f9b-041ac5009ef6 tempest-DeleteServersAdminTestJSON-787800983 tempest-DeleteServersAdminTestJSON-787800983-project] Policy check for os_compute_api:os-extended-server-attributes failed with credentials {'is_admin': False, 'user_id': '3428658a672e45a68645e92334d5b2e2', 'user_domain_id': 'default', 'system_scope': None, 'domain_id': None, 'project_id': '2c52ad507c5b4cc6acb6151f671f028b', 'project_domain_id': 'default', 'roles': ['reader', 'member'], 'is_admin_project': True, 'service_user_id': None, 'service_user_domain_id': None, 'service_project_id': None, 'service_project_domain_id': None, 'service_roles': []} {{(pid=110323) authorize /opt/stack/nova/nova/policy.py:199}}
Sep 09 09:07:59.634090 n-d-778696-16 devstack@n-api.service[110323]: INFO nova.api.openstack.requestlog [None req-b879b3e0-5e11-4947-8f9b-041ac5009ef6 tempest-DeleteServersAdminTestJSON-787800983 tempest-DeleteServersAdminTestJSON-787800983-project] 10.222.0.32 "GET /compute/v2.1/servers/982dd4d3-9cf8-4e1b-b2c2-98ac6e2457ea" status: 200 len: 1320 microversion: 2.1 time: 0.570031
Sep 09 09:07:59.649775 n-d-778696-16 devstack@n-api.service[110323]: [pid: 110323|app: 0|req: 78/160] 10.222.0.32 () {58 vars in 1236 bytes} [Thu Sep 9 09:07:59 2021] GET /compute/v2.1/servers/982dd4d3-9cf8-4e1b-b2c2-98ac6e2457ea => generated 1320 bytes in 586 msecs (HTTP/1.1 200) 9 headers in 358 bytes (1 switches on core 0)
Sep 09 09:07:59.778031 n-d-778696-16 devstack@n-api.service[110324]: DEBUG nova.policy [None req-81747628-8e5a-445f-afcd-405ade6dcf84 tempest-AggregatesAdminTestJSON-2067783334 tempest-AggregatesAdminTestJSON-2067783334-project] Policy check for os_compute_api:os-extended-server-attributes failed with credentials {'is_admin': False, 'user_id': 'aca051b696924d90929764d66700d4ac', 'user_domain_id': 'default', 'system_scope': None, 'domain_id': None, 'project_id': '89f726853b584a74ad2f23ec8ed5d012', 'project_domain_id': 'default', 'roles': ['reader', 'member'], 'is_admin_project': True, 'service_user_id': None, 'service_user_domain_id': None, 'service_project_id': None, 'service_project_domain_id': None, 'service_roles': []} {{(pid=110324) authorize /opt/stack/nova/nova/policy.py:199}}
Sep 09 09:07:59.785869 n-d-778696-16 devstack@n-api.service[110324]: INFO nova.api.openstack.requestlog [None req-81747628-8e5a-445f-afcd-405ade6dcf84 tempest-AggregatesAdminTestJSON-2067783334 tempest-AggregatesAdminTestJSON-2067783334-project] 10.222.0.32 "GET /compute/v2.1/servers/f9e8ae12-6683-442f-80ca-aabea9209f48" status: 200 len: 1338 microversion: 2.1 time: 0.672932
Sep 09 09:07:59.792746 n-d-778696-16 devstack@n-api.service[110324]: [pid: 110324|app: 0|req: 83/161] 10.222.0.32 () {58 vars in 1236 bytes} [Thu Sep 9 09:07:59 2021] GET /compute/v2.1/servers/f9e8ae12-6683-442f-80ca-aabea9209f48 => generated 1338 bytes in 680 msecs (HTTP/1.1 200) 9 headers in 358 bytes (2 switches on core 0)
Sep 09 09:08:00.185590 n-d-778696-16 devstack@n-api.service[110323]: DEBUG nova.api.openstack.wsgi [req-9a57c6b9-6331-4ad4-af13-de7e7925246d req-419d1f66-94e6-4859-85c8-c2cf9ca09f7d service nova] Action: 'create', calling method: >, body: {"events": [{"name": "network-changed", "server_uuid": "982dd4d3-9cf8-4e1b-b2c2-98ac6e2457ea", "tag": "6ff8393a-fa08-4318-b581-f766463032e2"}]} {{(pid=110323) _process_stack /opt/stack/nova/nova/api/openstack/wsgi.py:511}}
Sep 09 09:08:00.187175 n-d-778696-16 devstack@n-api.service[110323]: /usr/local/lib/python3.8/dist-packages/oslo_policy/policy.py:1064: UserWarning: Policy os_compute_api:os-server-external-events:create failed scope check. The token used to make the request was project scoped but the policy requires ['system'] scope. This behavior may change in the future where using the intended scope is required
Sep 09 09:08:00.187175 n-d-778696-16 devstack@n-api.service[110323]: warnings.warn(msg)
Sep 09 09:08:00.223942 n-d-778696-16 devstack@n-api.service[110323]: DEBUG oslo_concurrency.lockutils [req-9a57c6b9-6331-4ad4-af13-de7e7925246d req-419d1f66-94e6-4859-85c8-c2cf9ca09f7d service nova] Lock "cfef8193-5693-4317-8283-8a88e4126f9f" acquired by "nova.context.set_target_cell..get_or_set_cached_cell_and_set_connections" :: waited 0.000s {{(pid=110323) inner /usr/local/lib/python3.8/dist-packages/oslo_concurrency/lockutils.py:355}}
Sep 09 09:08:00.225621 n-d-778696-16 devstack@n-api.service[110323]: DEBUG oslo_concurrency.lockutils [req-9a57c6b9-6331-4ad4-af13-de7e7925246d req-419d1f66-94e6-4859-85c8-c2cf9ca09f7d service nova] Lock "cfef8193-5693-4317-8283-8a88e4126f9f" released by "nova.context.set_target_cell..get_or_set_cached_cell_and_set_connections" :: held 0.002s {{(pid=110323) inner /usr/local/lib/python3.8/dist-packages/oslo_concurrency/lockutils.py:367}}
Sep 09 09:08:00.278605 n-d-778696-16 devstack@n-api.service[110323]: INFO nova.api.openstack.compute.server_external_events [req-9a57c6b9-6331-4ad4-af13-de7e7925246d req-419d1f66-94e6-4859-85c8-c2cf9ca09f7d service nova] Creating event network-changed:6ff8393a-fa08-4318-b581-f766463032e2 for instance 982dd4d3-9cf8-4e1b-b2c2-98ac6e2457ea on n-h1-778696-16
Sep 09 09:08:00.282059 n-d-778696-16 devstack@n-api.service[110323]: DEBUG oslo_concurrency.lockutils [req-9a57c6b9-6331-4ad4-af13-de7e7925246d req-419d1f66-94e6-4859-85c8-c2cf9ca09f7d service nova] Acquired lock "compute-rpcapi-router" {{(pid=110323) lock /usr/local/lib/python3.8/dist-packages/oslo_concurrency/lockutils.py:266}}
Sep 09 09:08:00.283880 n-d-778696-16 devstack@n-api.service[110323]: DEBUG oslo_concurrency.lockutils [None req-ca366d7a-6e5b-4935-ad84-14b3f3aee0d6 None None] Lock "00000000-0000-0000-0000-000000000000" acquired by "nova.context.set_target_cell..get_or_set_cached_cell_and_set_connections" :: waited 0.000s {{(pid=110323) inner /usr/local/lib/python3.8/dist-packages/oslo_concurrency/lockutils.py:355}}
Sep 09 09:08:00.289030 n-d-778696-16 devstack@n-api.service[110323]: DEBUG oslo_concurrency.lockutils [None req-ca366d7a-6e5b-4935-ad84-14b3f3aee0d6 None None] Lock "00000000-0000-0000-0000-000000000000" released by "nova.context.set_target_cell..get_or_set_cached_cell_and_set_connections" :: held 0.005s {{(pid=110323) inner /usr/local/lib/python3.8/dist-packages/oslo_concurrency/lockutils.py:367}}
Sep 09 09:08:00.290405 n-d-778696-16 devstack@n-api.service[110323]: DEBUG oslo_concurrency.lockutils [None req-ca366d7a-6e5b-4935-ad84-14b3f3aee0d6 None None] Lock "cfef8193-5693-4317-8283-8a88e4126f9f" acquired by "nova.context.set_target_cell..get_or_set_cached_cell_and_set_connections" :: waited 0.000s {{(pid=110323) inner /usr/local/lib/python3.8/dist-packages/oslo_concurrency/lockutils.py:355}}
Sep 09 09:08:00.291690 n-d-778696-16 devstack@n-api.service[110323]: DEBUG oslo_concurrency.lockutils [None req-ca366d7a-6e5b-4935-ad84-14b3f3aee0d6 None None] Lock "cfef8193-5693-4317-8283-8a88e4126f9f" released by "nova.context.set_target_cell..get_or_set_cached_cell_and_set_connections" :: held 0.001s {{(pid=110323) inner /usr/local/lib/python3.8/dist-packages/oslo_concurrency/lockutils.py:367}}
Sep 09 09:08:00.317847 n-d-778696-16 devstack@n-api.service[110323]: INFO nova.compute.rpcapi [None req-ca366d7a-6e5b-4935-ad84-14b3f3aee0d6 None None] Automatically selected compute RPC version 6.0 from minimum service version 60
Sep 09 09:08:00.320422 n-d-778696-16 devstack@n-api.service[110323]: DEBUG oslo_concurrency.lockutils [None req-ca366d7a-6e5b-4935-ad84-14b3f3aee0d6 None None] Releasing lock "compute-rpcapi-router" {{(pid=110323) lock /usr/local/lib/python3.8/dist-packages/oslo_concurrency/lockutils.py:282}}
Sep 09 09:08:00.407178 n-d-778696-16 devstack@n-api.service[110323]: INFO nova.api.openstack.requestlog [None req-ca366d7a-6e5b-4935-ad84-14b3f3aee0d6 None None] 10.222.0.32 "POST /compute/v2.1/os-server-external-events" status: 200 len: 179 microversion: 2.1 time: 0.754574
Sep 09 09:08:00.409156 n-d-778696-16 devstack@n-api.service[110323]: [pid: 110323|app: 0|req: 79/162] 10.222.0.32 () {64 vars in 1318 bytes} [Thu Sep 9 09:07:59 2021] POST /compute/v2.1/os-server-external-events => generated 179 bytes in 759 msecs (HTTP/1.1 200) 9 headers in 357 bytes (1 switches on core 0)
Sep 09 09:08:00.652136 n-d-778696-16 devstack@n-api.service[110324]: DEBUG nova.api.openstack.wsgi [None req-0847831b-f9f9-47d9-bae9-67b008740969 tempest-DeleteServersAdminTestJSON-787800983 tempest-DeleteServersAdminTestJSON-787800983-project] Calling method '>' {{(pid=110324) _process_stack /opt/stack/nova/nova/api/openstack/wsgi.py:513}}
Sep 09 09:08:00.653695 n-d-778696-16 devstack@n-api.service[110324]: DEBUG nova.compute.api [None req-0847831b-f9f9-47d9-bae9-67b008740969 tempest-DeleteServersAdminTestJSON-787800983 tempest-DeleteServersAdminTestJSON-787800983-project] [instance: 982dd4d3-9cf8-4e1b-b2c2-98ac6e2457ea] Fetching instance by UUID {{(pid=110324) get /opt/stack/nova/nova/compute/api.py:2863}}
Sep 09 09:08:00.661533 n-d-778696-16 devstack@n-api.service[110324]: DEBUG oslo_concurrency.lockutils [None req-0847831b-f9f9-47d9-bae9-67b008740969 tempest-DeleteServersAdminTestJSON-787800983 tempest-DeleteServersAdminTestJSON-787800983-project] Lock "cfef8193-5693-4317-8283-8a88e4126f9f" acquired by "nova.context.set_target_cell..get_or_set_cached_cell_and_set_connections" :: waited 0.000s {{(pid=110324) inner /usr/local/lib/python3.8/dist-packages/oslo_concurrency/lockutils.py:355}}
Sep 09 09:08:00.663764 n-d-778696-16 devstack@n-api.service[110324]: DEBUG oslo_concurrency.lockutils [None req-0847831b-f9f9-47d9-bae9-67b008740969 tempest-DeleteServersAdminTestJSON-787800983 tempest-DeleteServersAdminTestJSON-787800983-project] Lock "cfef8193-5693-4317-8283-8a88e4126f9f" released by "nova.context.set_target_cell..get_or_set_cached_cell_and_set_connections" :: held 0.002s {{(pid=110324) inner /usr/local/lib/python3.8/dist-packages/oslo_concurrency/lockutils.py:367}}
