Sep 09 09:08:06.605388 n-d-778696-16 devstack@n-api.service[110324]: DEBUG nova.api.openstack.wsgi [None req-d9db49c4-76fd-44af-a092-3a6e2cd36960 tempest-ServicesAdminNegativeV253TestJSON-1666367299 tempest-ServicesAdminNegativeV253TestJSON-1666367299-project] Returning 403 to user: Policy doesn't allow os_compute_api:os-services:list to be performed. {{(pid=110324) __call__ /opt/stack/nova/nova/api/openstack/wsgi.py:936}}
Sep 09 09:08:06.605388 n-d-778696-16 devstack@n-api.service[110324]: INFO nova.api.openstack.requestlog [None req-d9db49c4-76fd-44af-a092-3a6e2cd36960 tempest-ServicesAdminNegativeV253TestJSON-1666367299 tempest-ServicesAdminNegativeV253TestJSON-1666367299-project] 10.222.0.32 "GET /compute/v2.1/os-services" status: 403 len: 112 microversion: 2.53 time: 0.179034
Sep 09 09:08:06.605388 n-d-778696-16 devstack@n-api.service[110324]: [pid: 110324|app: 0|req: 97/194] 10.222.0.32 () {60 vars in 1178 bytes} [Thu Sep 9 09:08:06 2021] GET /compute/v2.1/os-services => generated 112 bytes in 180 msecs (HTTP/1.1 403) 9 headers in 381 bytes (1 switches on core 0)
Sep 09 09:08:07.073018 n-d-778696-16 devstack@n-api.service[110323]: DEBUG nova.api.openstack.wsgi [None req-e6783d82-646d-4910-aefd-abe970be5471 tempest-AggregatesAdminTestJSON-2067783334 tempest-AggregatesAdminTestJSON-2067783334-project] Calling method '>' {{(pid=110323) _process_stack /opt/stack/nova/nova/api/openstack/wsgi.py:513}}
Sep 09 09:08:07.073867 n-d-778696-16 devstack@n-api.service[110323]: DEBUG nova.compute.api [None req-e6783d82-646d-4910-aefd-abe970be5471 tempest-AggregatesAdminTestJSON-2067783334 tempest-AggregatesAdminTestJSON-2067783334-project] [instance: f9e8ae12-6683-442f-80ca-aabea9209f48] Fetching instance by UUID {{(pid=110323) get /opt/stack/nova/nova/compute/api.py:2863}}
Sep 09 09:08:07.080072 n-d-778696-16 devstack@n-api.service[110323]: DEBUG oslo_concurrency.lockutils [None req-e6783d82-646d-4910-aefd-abe970be5471 tempest-AggregatesAdminTestJSON-2067783334 tempest-AggregatesAdminTestJSON-2067783334-project] Lock "cfef8193-5693-4317-8283-8a88e4126f9f" acquired by "nova.context.set_target_cell..get_or_set_cached_cell_and_set_connections" :: waited 0.000s {{(pid=110323) inner /usr/local/lib/python3.8/dist-packages/oslo_concurrency/lockutils.py:355}}
Sep 09 09:08:07.080530 n-d-778696-16 devstack@n-api.service[110323]: DEBUG oslo_concurrency.lockutils [None req-e6783d82-646d-4910-aefd-abe970be5471 tempest-AggregatesAdminTestJSON-2067783334 tempest-AggregatesAdminTestJSON-2067783334-project] Lock "cfef8193-5693-4317-8283-8a88e4126f9f" released by "nova.context.set_target_cell..get_or_set_cached_cell_and_set_connections" :: held 0.001s {{(pid=110323) inner /usr/local/lib/python3.8/dist-packages/oslo_concurrency/lockutils.py:367}}
Sep 09 09:08:07.081358 n-d-778696-16 devstack@n-api.service[110323]: DEBUG oslo_concurrency.lockutils [None req-e6783d82-646d-4910-aefd-abe970be5471 tempest-AggregatesAdminTestJSON-2067783334 tempest-AggregatesAdminTestJSON-2067783334-project] Lock "cfef8193-5693-4317-8283-8a88e4126f9f" acquired by "nova.context.set_target_cell..get_or_set_cached_cell_and_set_connections" :: waited 0.000s {{(pid=110323) inner /usr/local/lib/python3.8/dist-packages/oslo_concurrency/lockutils.py:355}}
Sep 09 09:08:07.081858 n-d-778696-16 devstack@n-api.service[110323]: DEBUG oslo_concurrency.lockutils [None req-e6783d82-646d-4910-aefd-abe970be5471 tempest-AggregatesAdminTestJSON-2067783334 tempest-AggregatesAdminTestJSON-2067783334-project] Lock "cfef8193-5693-4317-8283-8a88e4126f9f" released by "nova.context.set_target_cell..get_or_set_cached_cell_and_set_connections" :: held 0.000s {{(pid=110323) inner /usr/local/lib/python3.8/dist-packages/oslo_concurrency/lockutils.py:367}}
Sep 09 09:08:07.216382 n-d-778696-16 devstack@n-api.service[110323]: DEBUG nova.policy [None req-e6783d82-646d-4910-aefd-abe970be5471 tempest-AggregatesAdminTestJSON-2067783334 tempest-AggregatesAdminTestJSON-2067783334-project] Policy check for os_compute_api:os-extended-server-attributes failed with credentials {'is_admin': False, 'user_id': 'aca051b696924d90929764d66700d4ac', 'user_domain_id': 'default', 'system_scope': None, 'domain_id': None, 'project_id': '89f726853b584a74ad2f23ec8ed5d012', 'project_domain_id': 'default', 'roles': ['reader', 'member'], 'is_admin_project': True, 'service_user_id': None, 'service_user_domain_id': None, 'service_project_id': None, 'service_project_domain_id': None, 'service_roles': []} {{(pid=110323) authorize /opt/stack/nova/nova/policy.py:199}}
Sep 09 09:08:07.223777 n-d-778696-16 devstack@n-api.service[110323]: INFO nova.api.openstack.requestlog [None req-e6783d82-646d-4910-aefd-abe970be5471 tempest-AggregatesAdminTestJSON-2067783334 tempest-AggregatesAdminTestJSON-2067783334-project] 10.222.0.32 "GET /compute/v2.1/servers/f9e8ae12-6683-442f-80ca-aabea9209f48" status: 200 len: 1338 microversion: 2.1 time: 0.154365
Sep 09 09:08:07.232909 n-d-778696-16 devstack@n-api.service[110323]: [pid: 110323|app: 0|req: 98/195] 10.222.0.32 () {58 vars in 1236 bytes} [Thu Sep 9 09:08:07 2021] GET /compute/v2.1/servers/f9e8ae12-6683-442f-80ca-aabea9209f48 => generated 1338 bytes in 156 msecs (HTTP/1.1 200) 9 headers in 358 bytes (1 switches on core 0)
Sep 09 09:08:07.325895 n-d-778696-16 devstack@n-api.service[110324]: DEBUG nova.api.openstack.wsgi [None req-7a364db9-c370-4d7d-b3e1-3ffed4e14f02 tempest-DeleteServersAdminTestJSON-787800983 tempest-DeleteServersAdminTestJSON-787800983-project] Calling method '>' {{(pid=110324) _process_stack /opt/stack/nova/nova/api/openstack/wsgi.py:513}}
Sep 09 09:08:07.327319 n-d-778696-16 devstack@n-api.service[110324]: DEBUG nova.compute.api [None req-7a364db9-c370-4d7d-b3e1-3ffed4e14f02 tempest-DeleteServersAdminTestJSON-787800983 tempest-DeleteServersAdminTestJSON-787800983-project] [instance: 982dd4d3-9cf8-4e1b-b2c2-98ac6e2457ea] Fetching instance by UUID {{(pid=110324) get /opt/stack/nova/nova/compute/api.py:2863}}
Sep 09 09:08:07.334524 n-d-778696-16 devstack@n-api.service[110324]: DEBUG oslo_concurrency.lockutils [None req-7a364db9-c370-4d7d-b3e1-3ffed4e14f02 tempest-DeleteServersAdminTestJSON-787800983 tempest-DeleteServersAdminTestJSON-787800983-project] Lock "cfef8193-5693-4317-8283-8a88e4126f9f" acquired by "nova.context.set_target_cell..get_or_set_cached_cell_and_set_connections" :: waited 0.000s {{(pid=110324) inner /usr/local/lib/python3.8/dist-packages/oslo_concurrency/lockutils.py:355}}
Sep 09 09:08:07.335045 n-d-778696-16 devstack@n-api.service[110324]: DEBUG oslo_concurrency.lockutils [None req-7a364db9-c370-4d7d-b3e1-3ffed4e14f02 tempest-DeleteServersAdminTestJSON-787800983 tempest-DeleteServersAdminTestJSON-787800983-project] Lock "cfef8193-5693-4317-8283-8a88e4126f9f" released by "nova.context.set_target_cell..get_or_set_cached_cell_and_set_connections" :: held 0.001s {{(pid=110324) inner /usr/local/lib/python3.8/dist-packages/oslo_concurrency/lockutils.py:367}}
Sep 09 09:08:07.335928 n-d-778696-16 devstack@n-api.service[110324]: DEBUG oslo_concurrency.lockutils [None req-7a364db9-c370-4d7d-b3e1-3ffed4e14f02 tempest-DeleteServersAdminTestJSON-787800983 tempest-DeleteServersAdminTestJSON-787800983-project] Lock "cfef8193-5693-4317-8283-8a88e4126f9f" acquired by "nova.context.set_target_cell..get_or_set_cached_cell_and_set_connections" :: waited 0.000s {{(pid=110324) inner /usr/local/lib/python3.8/dist-packages/oslo_concurrency/lockutils.py:355}}
Sep 09 09:08:07.336548 n-d-778696-16 devstack@n-api.service[110324]: DEBUG oslo_concurrency.lockutils [None req-7a364db9-c370-4d7d-b3e1-3ffed4e14f02 tempest-DeleteServersAdminTestJSON-787800983 tempest-DeleteServersAdminTestJSON-787800983-project] Lock "cfef8193-5693-4317-8283-8a88e4126f9f" released by "nova.context.set_target_cell..get_or_set_cached_cell_and_set_connections" :: held 0.001s {{(pid=110324) inner /usr/local/lib/python3.8/dist-packages/oslo_concurrency/lockutils.py:367}}
Sep 09 09:08:07.478983 n-d-778696-16 devstack@n-api.service[110324]: DEBUG nova.policy [None req-7a364db9-c370-4d7d-b3e1-3ffed4e14f02 tempest-DeleteServersAdminTestJSON-787800983 tempest-DeleteServersAdminTestJSON-787800983-project] Policy check for os_compute_api:os-extended-server-attributes failed with credentials {'is_admin': False, 'user_id': '3428658a672e45a68645e92334d5b2e2', 'user_domain_id': 'default', 'system_scope': None, 'domain_id': None, 'project_id': '2c52ad507c5b4cc6acb6151f671f028b', 'project_domain_id': 'default', 'roles': ['reader', 'member'], 'is_admin_project': True, 'service_user_id': None, 'service_user_domain_id': None, 'service_project_id': None, 'service_project_domain_id': None, 'service_roles': []} {{(pid=110324) authorize /opt/stack/nova/nova/policy.py:199}}
Sep 09 09:08:07.499269 n-d-778696-16 devstack@n-api.service[110324]: INFO nova.api.openstack.requestlog [None req-7a364db9-c370-4d7d-b3e1-3ffed4e14f02 tempest-DeleteServersAdminTestJSON-787800983 tempest-DeleteServersAdminTestJSON-787800983-project] 10.222.0.32 "GET /compute/v2.1/servers/982dd4d3-9cf8-4e1b-b2c2-98ac6e2457ea" status: 200 len: 1320 microversion: 2.1 time: 0.177691
Sep 09 09:08:07.499868 n-d-778696-16 devstack@n-api.service[110324]: [pid: 110324|app: 0|req: 98/196] 10.222.0.32 () {58 vars in 1236 bytes} [Thu Sep 9 09:08:07 2021] GET /compute/v2.1/servers/982dd4d3-9cf8-4e1b-b2c2-98ac6e2457ea => generated 1320 bytes in 179 msecs (HTTP/1.1 200) 9 headers in 358 bytes (1 switches on core 0)
Sep 09 09:08:07.710555 n-d-778696-16 devstack@n-api.service[110323]: DEBUG nova.api.openstack.wsgi [None req-3f7494a5-aeb9-4fe5-841e-2df0e8d341bb tempest-FlavorsExtraSpecsTestJSON-1860462628 tempest-FlavorsExtraSpecsTestJSON-1860462628-project-admin] Action: 'create', calling method: >, body: {"flavor": {"name": "tempest-test_flavor-650170616", "ram": 512, "vcpus": 1, "disk": 10, "id": 978824558, "swap": 1024, "rxtx_factor": 1, "OS-FLV-EXT-DATA:ephemeral": 10}} {{(pid=110323) _process_stack /opt/stack/nova/nova/api/openstack/wsgi.py:511}}
Sep 09 09:08:07.713563 n-d-778696-16 devstack@n-api.service[110323]: /usr/local/lib/python3.8/dist-packages/oslo_policy/policy.py:1064: UserWarning: Policy os_compute_api:os-flavor-manage:create failed scope check. The token used to make the request was project scoped but the policy requires ['system'] scope. This behavior may change in the future where using the intended scope is required
Sep 09 09:08:07.713563 n-d-778696-16 devstack@n-api.service[110323]: warnings.warn(msg)
Sep 09 09:08:07.787781 n-d-778696-16 devstack@n-api.service[110323]: INFO nova.api.openstack.requestlog [None req-3f7494a5-aeb9-4fe5-841e-2df0e8d341bb tempest-FlavorsExtraSpecsTestJSON-1860462628 tempest-FlavorsExtraSpecsTestJSON-1860462628-project-admin] 10.222.0.32 "POST /compute/v2.1/flavors" status: 200 len: 412 microversion: 2.1 time: 0.199854
Sep 09 09:08:07.791481 n-d-778696-16 devstack@n-api.service[110323]: [pid: 110323|app: 0|req: 99/197] 10.222.0.32 () {60 vars in 1147 bytes} [Thu Sep 9 09:08:07 2021] POST /compute/v2.1/flavors => generated 412 bytes in 201 msecs (HTTP/1.1 200) 9 headers in 357 bytes (1 switches on core 0)
Sep 09 09:08:07.800194 n-d-778696-16 devstack@n-api.service[110324]: DEBUG nova.api.openstack.wsgi [None req-947e8095-51e0-4747-81d6-70553e97d35f tempest-FlavorsExtraSpecsTestJSON-1860462628 tempest-FlavorsExtraSpecsTestJSON-1860462628-project-admin] Action: 'create', calling method: >, body: {"extra_specs": {"hw:numa_nodes": "1", "hw:cpu_policy": "shared"}} {{(pid=110324) _process_stack /opt/stack/nova/nova/api/openstack/wsgi.py:511}}
Sep 09 09:08:07.801496 n-d-778696-16 devstack@n-api.service[110324]: /usr/local/lib/python3.8/dist-packages/oslo_policy/policy.py:1064: UserWarning: Policy os_compute_api:os-flavor-extra-specs:create failed scope check. The token used to make the request was project scoped but the policy requires ['system'] scope. This behavior may change in the future where using the intended scope is required
Sep 09 09:08:07.801496 n-d-778696-16 devstack@n-api.service[110324]: warnings.warn(msg)
Sep 09 09:08:07.909523 n-d-778696-16 devstack@n-api.service[110324]: INFO nova.api.openstack.requestlog [None req-947e8095-51e0-4747-81d6-70553e97d35f tempest-FlavorsExtraSpecsTestJSON-1860462628 tempest-FlavorsExtraSpecsTestJSON-1860462628-project-admin] 10.222.0.32 "POST /compute/v2.1/flavors/978824558/os-extra_specs" status: 200 len: 66 microversion: 2.1 time: 0.112677
Sep 09 09:08:07.910728 n-d-778696-16 devstack@n-api.service[110324]: [pid: 110324|app: 0|req: 99/198] 10.222.0.32 () {60 vars in 1221 bytes} [Thu Sep 9 09:08:07 2021] POST /compute/v2.1/flavors/978824558/os-extra_specs => generated 66 bytes in 115 msecs (HTTP/1.1 200) 9 headers in 356 bytes (1 switches on core 0)
Sep 09 09:08:08.046510 n-d-778696-16 devstack@n-api.service[110323]: DEBUG nova.api.openstack.wsgi [None req-817ecee8-ac26-48ca-a0ea-e78ddedeae59 tempest-FlavorsExtraSpecsTestJSON-1791139100 tempest-FlavorsExtraSpecsTestJSON-1791139100-project] Calling method '>' {{(pid=110323) _process_stack /opt/stack/nova/nova/api/openstack/wsgi.py:513}}
Sep 09 09:08:08.056141 n-d-778696-16 devstack@n-api.service[110323]: INFO nova.api.openstack.requestlog [None req-817ecee8-ac26-48ca-a0ea-e78ddedeae59 tempest-FlavorsExtraSpecsTestJSON-1791139100 tempest-FlavorsExtraSpecsTestJSON-1791139100-project] 10.222.0.32 "GET /compute/v2.1/flavors/978824558/os-extra_specs" status: 200 len: 66 microversion: 2.1 time: 0.136799
Sep 09 09:08:08.056695 n-d-778696-16 devstack@n-api.service[110323]: [pid: 110323|app: 0|req: 100/199] 10.222.0.32 () {58 vars in 1200 bytes} [Thu Sep 9 09:08:07 2021] GET /compute/v2.1/flavors/978824558/os-extra_specs => generated 66 bytes in 140 msecs (HTTP/1.1 200) 9 headers in 356 bytes (2 switches on core 0)
Sep 09 09:08:08.066952 n-d-778696-16 devstack@n-api.service[110324]: DEBUG nova.api.openstack.wsgi [None req-baed7683-601c-4f57-86f4-982e7c454f0b tempest-FlavorsExtraSpecsTestJSON-1860462628 tempest-FlavorsExtraSpecsTestJSON-1860462628-project-admin] Action: 'create', calling method: >, body: {"extra_specs": {"hw:numa_nodes": "1", "hw:cpu_policy": "shared"}} {{(pid=110324) _process_stack /opt/stack/nova/nova/api/openstack/wsgi.py:511}}
Sep 09 09:08:08.087850 n-d-778696-16 devstack@n-api.service[110324]: INFO nova.api.openstack.requestlog [None req-baed7683-601c-4f57-86f4-982e7c454f0b tempest-FlavorsExtraSpecsTestJSON-1860462628 tempest-FlavorsExtraSpecsTestJSON-1860462628-project-admin] 10.222.0.32 "POST /compute/v2.1/flavors/978824558/os-extra_specs" status: 200 len: 66 microversion: 2.1 time: 0.024529
Sep 09 09:08:08.088400 n-d-778696-16 devstack@n-api.service[110324]: [pid: 110324|app: 0|req: 100/200] 10.222.0.32 () {60 vars in 1221 bytes} [Thu Sep 9 09:08:08 2021] POST /compute/v2.1/flavors/978824558/os-extra_specs => generated 66 bytes in 26 msecs (HTTP/1.1 200) 9 headers in 356 bytes (1 switches on core 0)
Sep 09 09:08:08.097334 n-d-778696-16 devstack@n-api.service[110323]: DEBUG nova.api.openstack.wsgi [None req-2ea2db9e-5fac-4284-a301-0a8241346615 tempest-FlavorsExtraSpecsTestJSON-1791139100 tempest-FlavorsExtraSpecsTestJSON-1791139100-project] Calling method '>' {{(pid=110323) _process_stack /opt/stack/nova/nova/api/openstack/wsgi.py:513}}
Sep 09 09:08:08.107515 n-d-778696-16 devstack@n-api.service[110323]: INFO nova.api.openstack.requestlog [None req-2ea2db9e-5fac-4284-a301-0a8241346615 tempest-FlavorsExtraSpecsTestJSON-1791139100 tempest-FlavorsExtraSpecsTestJSON-1791139100-project] 10.222.0.32 "GET /compute/v2.1/flavors/978824558/os-extra_specs/hw:numa_nodes" status: 200 len: 22 microversion: 2.1 time: 0.013679
Sep 09 09:08:08.108036 n-d-778696-16 devstack@n-api.service[110323]: [pid: 110323|app: 0|req: 101/201] 10.222.0.32 () {58 vars in 1242 bytes} [Thu Sep 9 09:08:08 2021] GET /compute/v2.1/flavors/978824558/os-extra_specs/hw:numa_nodes => generated 22 bytes in 15 msecs (HTTP/1.1 200) 9 headers in 356 bytes (1 switches on core 0)
Sep 09 09:08:08.117134 n-d-778696-16 devstack@n-api.service[110324]: DEBUG nova.api.openstack.wsgi [None req-9cd11cca-e687-4666-a5a5-74358ac53d59 tempest-FlavorsExtraSpecsTestJSON-1860462628 tempest-FlavorsExtraSpecsTestJSON-1860462628-project-admin] Action: 'create', calling method: >, body: {"extra_specs": {"hw:numa_nodes": "1", "hw:cpu_policy": "shared"}} {{(pid=110324) _process_stack /opt/stack/nova/nova/api/openstack/wsgi.py:511}}
Sep 09 09:08:08.137480 n-d-778696-16 devstack@n-api.service[110324]: INFO nova.api.openstack.requestlog [None req-9cd11cca-e687-4666-a5a5-74358ac53d59 tempest-FlavorsExtraSpecsTestJSON-1860462628 tempest-FlavorsExtraSpecsTestJSON-1860462628-project-admin] 10.222.0.32 "POST /compute/v2.1/flavors/978824558/os-extra_specs" status: 200 len: 66 microversion: 2.1 time: 0.023839
Sep 09 09:08:08.137983 n-d-778696-16 devstack@n-api.service[110324]: [pid: 110324|app: 0|req: 101/202] 10.222.0.32 () {60 vars in 1221 bytes} [Thu Sep 9 09:08:08 2021] POST /compute/v2.1/flavors/978824558/os-extra_specs => generated 66 bytes in 25 msecs (HTTP/1.1 200) 9 headers in 356 bytes (1 switches on core 0)
Sep 09 09:08:08.147118 n-d-778696-16 devstack@n-api.service[110323]: DEBUG nova.api.openstack.wsgi [None req-f3f269a5-e863-406c-8a75-d0bb565f4c99 tempest-FlavorsExtraSpecsTestJSON-1860462628 tempest-FlavorsExtraSpecsTestJSON-1860462628-project-admin] Calling method '>' {{(pid=110323) _process_stack /opt/stack/nova/nova/api/openstack/wsgi.py:513}}
Sep 09 09:08:08.155554 n-d-778696-16 devstack@n-api.service[110323]: INFO nova.api.openstack.requestlog [None req-f3f269a5-e863-406c-8a75-d0bb565f4c99 tempest-FlavorsExtraSpecsTestJSON-1860462628 tempest-FlavorsExtraSpecsTestJSON-1860462628-project-admin] 10.222.0.32 "GET /compute/v2.1/flavors/978824558/os-extra_specs" status: 200 len: 66 microversion: 2.1 time: 0.012308
Sep 09 09:08:08.156091 n-d-778696-16 devstack@n-api.service[110323]: [pid: 110323|app: 0|req: 102/203] 10.222.0.32 () {58 vars in 1200 bytes} [Thu Sep 9 09:08:08 2021] GET /compute/v2.1/flavors/978824558/os-extra_specs => generated 66 bytes in 13 msecs (HTTP/1.1 200) 9 headers in 356 bytes (1 switches on core 0)
Sep 09 09:08:08.164599 n-d-778696-16 devstack@n-api.service[110324]: DEBUG nova.api.openstack.wsgi [None req-110e4781-95b8-4f62-949d-ba93ef66f370 tempest-FlavorsExtraSpecsTestJSON-1860462628 tempest-FlavorsExtraSpecsTestJSON-1860462628-project-admin] Action: 'update', calling method: >, body: {"hw:numa_nodes": "2"} {{(pid=110324) _process_stack /opt/stack/nova/nova/api/openstack/wsgi.py:511}}
Sep 09 09:08:08.165771 n-d-778696-16 devstack@n-api.service[110324]: /usr/local/lib/python3.8/dist-packages/oslo_policy/policy.py:1064: UserWarning: Policy os_compute_api:os-flavor-extra-specs:update failed scope check. The token used to make the request was project scoped but the policy requires ['system'] scope. This behavior may change in the future where using the intended scope is required
Sep 09 09:08:08.165771 n-d-778696-16 devstack@n-api.service[110324]: warnings.warn(msg)
Sep 09 09:08:08.242613 n-d-778696-16 devstack@n-api.service[110323]: DEBUG nova.api.openstack.wsgi [None req-219d22de-6ea7-4856-9bea-556666301010 tempest-AggregatesAdminTestJSON-2067783334 tempest-AggregatesAdminTestJSON-2067783334-project] Calling method '>' {{(pid=110323) _process_stack /opt/stack/nova/nova/api/openstack/wsgi.py:513}}
Sep 09 09:08:08.243406 n-d-778696-16 devstack@n-api.service[110323]: DEBUG nova.compute.api [None req-219d22de-6ea7-4856-9bea-556666301010 tempest-AggregatesAdminTestJSON-2067783334 tempest-AggregatesAdminTestJSON-2067783334-project] [instance: f9e8ae12-6683-442f-80ca-aabea9209f48] Fetching instance by UUID {{(pid=110323) get /opt/stack/nova/nova/compute/api.py:2863}}
Sep 09 09:08:08.252867 n-d-778696-16 devstack@n-api.service[110323]: DEBUG oslo_concurrency.lockutils [None req-219d22de-6ea7-4856-9bea-556666301010 tempest-AggregatesAdminTestJSON-2067783334 tempest-AggregatesAdminTestJSON-2067783334-project] Lock "cfef8193-5693-4317-8283-8a88e4126f9f" acquired by "nova.context.set_target_cell..get_or_set_cached_cell_and_set_connections" :: waited 0.000s {{(pid=110323) inner /usr/local/lib/python3.8/dist-packages/oslo_concurrency/lockutils.py:355}}
Sep 09 09:08:08.253614 n-d-778696-16 devstack@n-api.service[110323]: DEBUG oslo_concurrency.lockutils [None req-219d22de-6ea7-4856-9bea-556666301010 tempest-AggregatesAdminTestJSON-2067783334 tempest-AggregatesAdminTestJSON-2067783334-project] Lock "cfef8193-5693-4317-8283-8a88e4126f9f" released by "nova.context.set_target_cell..get_or_set_cached_cell_and_set_connections" :: held 0.001s {{(pid=110323) inner /usr/local/lib/python3.8/dist-packages/oslo_concurrency/lockutils.py:367}}
Sep 09 09:08:08.254549 n-d-778696-16 devstack@n-api.service[110323]: DEBUG oslo_concurrency.lockutils [None req-219d22de-6ea7-4856-9bea-556666301010 tempest-AggregatesAdminTestJSON-2067783334 tempest-AggregatesAdminTestJSON-2067783334-project] Lock "cfef8193-5693-4317-8283-8a88e4126f9f" acquired by "nova.context.set_target_cell..get_or_set_cached_cell_and_set_connections" :: waited 0.000s {{(pid=110323) inner /usr/local/lib/python3.8/dist-packages/oslo_concurrency/lockutils.py:355}}
Sep 09 09:08:08.254968 n-d-778696-16 devstack@n-api.service[110323]: DEBUG oslo_concurrency.lockutils [None req-219d22de-6ea7-4856-9bea-556666301010 tempest-AggregatesAdminTestJSON-2067783334 tempest-AggregatesAdminTestJSON-2067783334-project] Lock "cfef8193-5693-4317-8283-8a88e4126f9f" released by "nova.context.set_target_cell..get_or_set_cached_cell_and_set_connections" :: held 0.000s {{(pid=110323) inner /usr/local/lib/python3.8/dist-packages/oslo_concurrency/lockutils.py:367}}
Sep 09 09:08:08.316338 n-d-778696-16 devstack@n-api.service[110324]: INFO nova.api.openstack.requestlog [None req-110e4781-95b8-4f62-949d-ba93ef66f370 tempest-FlavorsExtraSpecsTestJSON-1860462628 tempest-FlavorsExtraSpecsTestJSON-1860462628-project-admin] 10.222.0.32 "PUT /compute/v2.1/flavors/978824558/os-extra_specs/hw:numa_nodes" status: 200 len: 22 microversion: 2.1 time: 0.155173
Sep 09 09:08:08.320763 n-d-778696-16 devstack@n-api.service[110324]: [pid: 110324|app: 0|req: 102/204] 10.222.0.32 () {60 vars in 1262 bytes} [Thu Sep 9 09:08:08 2021] PUT /compute/v2.1/flavors/978824558/os-extra_specs/hw:numa_nodes => generated 22 bytes in 160 msecs (HTTP/1.1 200) 9 headers in 356 bytes (1 switches on core 0)
Sep 09 09:08:08.328169 n-d-778696-16 devstack@n-api.service[110324]: DEBUG nova.api.openstack.wsgi [None req-1c9bd12e-b6f1-4058-9168-f73ad197be94 tempest-FlavorsExtraSpecsTestJSON-1860462628 tempest-FlavorsExtraSpecsTestJSON-1860462628-project-admin] Calling method '>' {{(pid=110324) _process_stack /opt/stack/nova/nova/api/openstack/wsgi.py:513}}
Sep 09 09:08:08.337694 n-d-778696-16 devstack@n-api.service[110324]: INFO nova.api.openstack.requestlog [None req-1c9bd12e-b6f1-4058-9168-f73ad197be94 tempest-FlavorsExtraSpecsTestJSON-1860462628 tempest-FlavorsExtraSpecsTestJSON-1860462628-project-admin] 10.222.0.32 "GET /compute/v2.1/flavors/978824558/os-extra_specs" status: 200 len: 66 microversion: 2.1 time: 0.015744
Sep 09 09:08:08.338329 n-d-778696-16 devstack@n-api.service[110324]: [pid: 110324|app: 0|req: 103/205] 10.222.0.32 () {58 vars in 1200 bytes} [Thu Sep 9 09:08:08 2021] GET /compute/v2.1/flavors/978824558/os-extra_specs => generated 66 bytes in 17 msecs (HTTP/1.1 200) 9 headers in 356 bytes (1 switches on core 0)
Sep 09 09:08:08.357110 n-d-778696-16 devstack@n-api.service[110324]: DEBUG nova.api.openstack.wsgi [None req-75a88e11-1add-4a9e-90fb-72be72da7c2a tempest-FlavorsExtraSpecsTestJSON-1860462628 tempest-FlavorsExtraSpecsTestJSON-1860462628-project-admin] Calling method '>' {{(pid=110324) _process_stack /opt/stack/nova/nova/api/openstack/wsgi.py:513}}
Sep 09 09:08:08.358012 n-d-778696-16 devstack@n-api.service[110324]: /usr/local/lib/python3.8/dist-packages/oslo_policy/policy.py:1064: UserWarning: Policy os_compute_api:os-flavor-extra-specs:delete failed scope check. The token used to make the request was project scoped but the policy requires ['system'] scope. This behavior may change in the future where using the intended scope is required
Sep 09 09:08:08.358012 n-d-778696-16 devstack@n-api.service[110324]: warnings.warn(msg)
Sep 09 09:08:08.397846 n-d-778696-16 devstack@n-api.service[110323]: DEBUG nova.policy [None req-219d22de-6ea7-4856-9bea-556666301010 tempest-AggregatesAdminTestJSON-2067783334 tempest-AggregatesAdminTestJSON-2067783334-project] Policy check for os_compute_api:os-extended-server-attributes failed with credentials {'is_admin': False, 'user_id': 'aca051b696924d90929764d66700d4ac', 'user_domain_id': 'default', 'system_scope': None, 'domain_id': None, 'project_id': '89f726853b584a74ad2f23ec8ed5d012', 'project_domain_id': 'default', 'roles': ['reader', 'member'], 'is_admin_project': True, 'service_user_id': None, 'service_user_domain_id': None, 'service_project_id': None, 'service_project_domain_id': None, 'service_roles': []} {{(pid=110323) authorize /opt/stack/nova/nova/policy.py:199}}
Sep 09 09:08:08.405312 n-d-778696-16 devstack@n-api.service[110323]: INFO nova.api.openstack.requestlog [None req-219d22de-6ea7-4856-9bea-556666301010 tempest-AggregatesAdminTestJSON-2067783334 tempest-AggregatesAdminTestJSON-2067783334-project] 10.222.0.32 "GET /compute/v2.1/servers/f9e8ae12-6683-442f-80ca-aabea9209f48" status: 200 len: 1338 microversion: 2.1 time: 0.166478
Sep 09 09:08:08.405884 n-d-778696-16 devstack@n-api.service[110323]: [pid: 110323|app: 0|req: 103/206] 10.222.0.32 () {58 vars in 1236 bytes} [Thu Sep 9 09:08:08 2021] GET /compute/v2.1/servers/f9e8ae12-6683-442f-80ca-aabea9209f48 => generated 1338 bytes in 169 msecs (HTTP/1.1 200) 9 headers in 358 bytes (2 switches on core 0)
Sep 09 09:08:08.440473 n-d-778696-16 devstack@n-api.service[110324]: INFO nova.api.openstack.requestlog [None req-75a88e11-1add-4a9e-90fb-72be72da7c2a tempest-FlavorsExtraSpecsTestJSON-1860462628 tempest-FlavorsExtraSpecsTestJSON-1860462628-project-admin] 10.222.0.32 "DELETE /compute/v2.1/flavors/978824558/os-extra_specs/hw:numa_nodes" status: 200 len: 0 microversion: 2.1 time: 0.089890
Sep 09 09:08:08.444526 n-d-778696-16 devstack@n-api.service[110324]: [pid: 110324|app: 0|req: 104/207] 10.222.0.32 () {58 vars in 1245 bytes} [Thu Sep 9 09:08:08 2021] DELETE /compute/v2.1/flavors/978824558/os-extra_specs/hw:numa_nodes => generated 0 bytes in 94 msecs (HTTP/1.1 200) 9 headers in 355 bytes (1 switches on core 0)
Sep 09 09:08:08.449602 n-d-778696-16 devstack@n-api.service[110323]: DEBUG nova.api.openstack.wsgi [None req-5584bd08-c378-4e6b-bb3f-aa83a050ea4e tempest-FlavorsExtraSpecsTestJSON-1860462628 tempest-FlavorsExtraSpecsTestJSON-1860462628-project-admin] Calling method '>' {{(pid=110323) _process_stack /opt/stack/nova/nova/api/openstack/wsgi.py:513}}
Sep 09 09:08:08.450541 n-d-778696-16 devstack@n-api.service[110323]: /usr/local/lib/python3.8/dist-packages/oslo_policy/policy.py:1064: UserWarning: Policy os_compute_api:os-flavor-extra-specs:delete failed scope check. The token used to make the request was project scoped but the policy requires ['system'] scope. This behavior may change in the future where using the intended scope is required
Sep 09 09:08:08.450541 n-d-778696-16 devstack@n-api.service[110323]: warnings.warn(msg)
Sep 09 09:08:08.516160 n-d-778696-16 devstack@n-api.service[110324]: DEBUG nova.api.openstack.wsgi [None req-9fb9a184-5274-40f2-8a69-cf9cfce35e72 tempest-DeleteServersAdminTestJSON-787800983 tempest-DeleteServersAdminTestJSON-787800983-project] Calling method '>' {{(pid=110324) _process_stack /opt/stack/nova/nova/api/openstack/wsgi.py:513}}
Sep 09 09:08:08.517117 n-d-778696-16 devstack@n-api.service[110324]: DEBUG nova.compute.api [None req-9fb9a184-5274-40f2-8a69-cf9cfce35e72 tempest-DeleteServersAdminTestJSON-787800983 tempest-DeleteServersAdminTestJSON-787800983-project] [instance: 982dd4d3-9cf8-4e1b-b2c2-98ac6e2457ea] Fetching instance by UUID {{(pid=110324) get /opt/stack/nova/nova/compute/api.py:2863}}
Sep 09 09:08:08.518227 n-d-778696-16 devstack@n-api.service[110323]: INFO nova.api.openstack.requestlog [None req-5584bd08-c378-4e6b-bb3f-aa83a050ea4e tempest-FlavorsExtraSpecsTestJSON-1860462628 tempest-FlavorsExtraSpecsTestJSON-1860462628-project-admin] 10.222.0.32 "DELETE /compute/v2.1/flavors/978824558/os-extra_specs/hw:cpu_policy" status: 200 len: 0 microversion: 2.1 time: 0.072253
Sep 09 09:08:08.518991 n-d-778696-16 devstack@n-api.service[110323]: [pid: 110323|app: 0|req: 104/208] 10.222.0.32 () {58 vars in 1245 bytes} [Thu Sep 9 09:08:08 2021] DELETE /compute/v2.1/flavors/978824558/os-extra_specs/hw:cpu_policy => generated 0 bytes in 74 msecs (HTTP/1.1 200) 9 headers in 355 bytes (1 switches on core 0)
Sep 09 09:08:08.526597 n-d-778696-16 devstack@n-api.service[110324]: DEBUG oslo_concurrency.lockutils [None req-9fb9a184-5274-40f2-8a69-cf9cfce35e72 tempest-DeleteServersAdminTestJSON-787800983 tempest-DeleteServersAdminTestJSON-787800983-project] Lock "cfef8193-5693-4317-8283-8a88e4126f9f" acquired by "nova.context.set_target_cell..get_or_set_cached_cell_and_set_connections" :: waited 0.000s {{(pid=110324) inner /usr/local/lib/python3.8/dist-packages/oslo_concurrency/lockutils.py:355}}
Sep 09 09:08:08.527193 n-d-778696-16 devstack@n-api.service[110324]: DEBUG oslo_concurrency.lockutils [None req-9fb9a184-5274-40f2-8a69-cf9cfce35e72 tempest-DeleteServersAdminTestJSON-787800983 tempest-DeleteServersAdminTestJSON-787800983-project] Lock "cfef8193-5693-4317-8283-8a88e4126f9f" released by "nova.context.set_target_cell..get_or_set_cached_cell_and_set_connections" :: held 0.001s {{(pid=110324) inner /usr/local/lib/python3.8/dist-packages/oslo_concurrency/lockutils.py:367}}
Sep 09 09:08:08.528332 n-d-778696-16 devstack@n-api.service[110324]: DEBUG oslo_concurrency.lockutils [None req-9fb9a184-5274-40f2-8a69-cf9cfce35e72 tempest-DeleteServersAdminTestJSON-787800983 tempest-DeleteServersAdminTestJSON-787800983-project] Lock "cfef8193-5693-4317-8283-8a88e4126f9f" acquired by "nova.context.set_target_cell..get_or_set_cached_cell_and_set_connections" :: waited 0.000s {{(pid=110324) inner /usr/local/lib/python3.8/dist-packages/oslo_concurrency/lockutils.py:355}}
Sep 09 09:08:08.528903 n-d-778696-16 devstack@n-api.service[110324]: DEBUG oslo_concurrency.lockutils [None req-9fb9a184-5274-40f2-8a69-cf9cfce35e72 tempest-DeleteServersAdminTestJSON-787800983 tempest-DeleteServersAdminTestJSON-787800983-project] Lock "cfef8193-5693-4317-8283-8a88e4126f9f" released by "nova.context.set_target_cell..get_or_set_cached_cell_and_set_connections" :: held 0.001s {{(pid=110324) inner /usr/local/lib/python3.8/dist-packages/oslo_concurrency/lockutils.py:367}}
Sep 09 09:08:08.529200 n-d-778696-16 devstack@n-api.service[110323]: DEBUG nova.api.openstack.wsgi [None req-9c87c0e8-d38e-4ece-971e-05204b227f20 tempest-FlavorsExtraSpecsTestJSON-1860462628 tempest-FlavorsExtraSpecsTestJSON-1860462628-project-admin] Calling method '>' {{(pid=110323) _process_stack /opt/stack/nova/nova/api/openstack/wsgi.py:513}}
Sep 09 09:08:08.553005 n-d-778696-16 devstack@n-api.service[110323]: INFO nova.api.openstack.requestlog [None req-9c87c0e8-d38e-4ece-971e-05204b227f20 tempest-FlavorsExtraSpecsTestJSON-1860462628 tempest-FlavorsExtraSpecsTestJSON-1860462628-project-admin] 10.222.0.32 "GET /compute/v2.1/flavors/978824558/os-extra_specs" status: 200 len: 19 microversion: 2.1 time: 0.028243
Sep 09 09:08:08.555665 n-d-778696-16 devstack@n-api.service[110323]: [pid: 110323|app: 0|req: 105/209] 10.222.0.32 () {58 vars in 1200 bytes} [Thu Sep 9 09:08:08 2021] GET /compute/v2.1/flavors/978824558/os-extra_specs => generated 19 bytes in 33 msecs (HTTP/1.1 200) 9 headers in 356 bytes (1 switches on core 0)
Sep 09 09:08:08.573623 n-d-778696-16 devstack@n-api.service[110323]: DEBUG nova.api.openstack.wsgi [None req-6066bec3-b194-4708-ac70-aafa04952ddb tempest-FlavorsExtraSpecsTestJSON-1860462628 tempest-FlavorsExtraSpecsTestJSON-1860462628-project-admin] Calling method '>' {{(pid=110323) _process_stack /opt/stack/nova/nova/api/openstack/wsgi.py:513}}
Sep 09 09:08:08.575810 n-d-778696-16 devstack@n-api.service[110323]: /usr/local/lib/python3.8/dist-packages/oslo_policy/policy.py:1064: UserWarning: Policy os_compute_api:os-flavor-manage:delete failed scope check. The token used to make the request was project scoped but the policy requires ['system'] scope. This behavior may change in the future where using the intended scope is required
Sep 09 09:08:08.575810 n-d-778696-16 devstack@n-api.service[110323]: warnings.warn(msg)
Sep 09 09:08:08.674836 n-d-778696-16 devstack@n-api.service[110324]: DEBUG nova.policy [None req-9fb9a184-5274-40f2-8a69-cf9cfce35e72 tempest-DeleteServersAdminTestJSON-787800983 tempest-DeleteServersAdminTestJSON-787800983-project] Policy check for os_compute_api:os-extended-server-attributes failed with credentials {'is_admin': False, 'user_id': '3428658a672e45a68645e92334d5b2e2', 'user_domain_id': 'default', 'system_scope': None, 'domain_id': None, 'project_id': '2c52ad507c5b4cc6acb6151f671f028b', 'project_domain_id': 'default', 'roles': ['reader', 'member'], 'is_admin_project': True, 'service_user_id': None, 'service_user_domain_id': None, 'service_project_id': None, 'service_project_domain_id': None, 'service_roles': []} {{(pid=110324) authorize /opt/stack/nova/nova/policy.py:199}}
Sep 09 09:08:08.679424 n-d-778696-16 devstack@n-api.service[110323]: INFO nova.api.openstack.requestlog [None req-6066bec3-b194-4708-ac70-aafa04952ddb tempest-FlavorsExtraSpecsTestJSON-1860462628 tempest-FlavorsExtraSpecsTestJSON-1860462628-project-admin] 10.222.0.32 "DELETE /compute/v2.1/flavors/978824558" status: 202 len: 0 microversion: 2.1 time: 0.115344
Sep 09 09:08:08.680426 n-d-778696-16 devstack@n-api.service[110323]: [pid: 110323|app: 0|req: 106/210] 10.222.0.32 () {58 vars in 1158 bytes} [Thu Sep 9 09:08:08 2021] DELETE /compute/v2.1/flavors/978824558 => generated 0 bytes in 117 msecs (HTTP/1.1 202) 9 headers in 361 bytes (1 switches on core 0)
Sep 09 09:08:08.682313 n-d-778696-16 devstack@n-api.service[110324]: INFO nova.api.openstack.requestlog [None req-9fb9a184-5274-40f2-8a69-cf9cfce35e72 tempest-DeleteServersAdminTestJSON-787800983 tempest-DeleteServersAdminTestJSON-787800983-project] 10.222.0.32 "GET /compute/v2.1/servers/982dd4d3-9cf8-4e1b-b2c2-98ac6e2457ea" status: 200 len: 1320 microversion: 2.1 time: 0.169763
Sep 09 09:08:08.683634 n-d-778696-16 devstack@n-api.service[110324]: [pid: 110324|app: 0|req: 105/211] 10.222.0.32 () {58 vars in 1236 bytes} [Thu Sep 9 09:08:08 2021] GET /compute/v2.1/servers/982dd4d3-9cf8-4e1b-b2c2-98ac6e2457ea => generated 1320 bytes in 172 msecs (HTTP/1.1 200) 9 headers in 358 bytes (2 switches on core 0)
Sep 09 09:08:08.695966 n-d-778696-16 devstack@n-api.service[110323]: DEBUG nova.api.openstack.wsgi [None req-f8d0a219-b300-485f-8fd5-cfd32f3f44bb tempest-FlavorsExtraSpecsTestJSON-1860462628 tempest-FlavorsExtraSpecsTestJSON-1860462628-project-admin] Calling method '>' {{(pid=110323) _process_stack /opt/stack/nova/nova/api/openstack/wsgi.py:513}}
Sep 09 09:08:08.715695 n-d-778696-16 devstack@n-api.service[110323]: INFO nova.api.openstack.requestlog [None req-f8d0a219-b300-485f-8fd5-cfd32f3f44bb tempest-FlavorsExtraSpecsTestJSON-1860462628 tempest-FlavorsExtraSpecsTestJSON-1860462628-project-admin] 10.222.0.32 "GET /compute/v2.1/flavors/detail" status: 200 len: 4991 microversion: 2.1 time: 0.026786
Sep 09 09:08:08.716278 n-d-778696-16 devstack@n-api.service[110323]: [pid: 110323|app: 0|req: 107/212] 10.222.0.32 () {58 vars in 1146 bytes} [Thu Sep 9 09:08:08 2021] GET /compute/v2.1/flavors/detail => generated 4991 bytes in 28 msecs (HTTP/1.1 200) 9 headers in 358 bytes (1 switches on core 0)
Sep 09 09:08:09.217465 n-d-778696-16 devstack@n-api.service[110324]: DEBUG nova.api.openstack.wsgi [req-1cd5ab40-cfa6-4d22-b67b-c928ea15c61f req-ea5341e6-5f09-4105-be1f-6e5d690c4318 service nova] Action: 'create', calling method: >, body: {"events": [{"server_uuid": "982dd4d3-9cf8-4e1b-b2c2-98ac6e2457ea", "name": "network-vif-plugged", "status": "completed", "tag": "6ff8393a-fa08-4318-b581-f766463032e2"}]} {{(pid=110324) _process_stack /opt/stack/nova/nova/api/openstack/wsgi.py:511}}
Sep 09 09:08:09.226019 n-d-778696-16 devstack@n-api.service[110324]: /usr/local/lib/python3.8/dist-packages/oslo_policy/policy.py:1064: UserWarning: Policy os_compute_api:os-server-external-events:create failed scope check. The token used to make the request was project scoped but the policy requires ['system'] scope. This behavior may change in the future where using the intended scope is required
Sep 09 09:08:09.226019 n-d-778696-16 devstack@n-api.service[110324]: warnings.warn(msg)
Sep 09 09:08:09.231697 n-d-778696-16 devstack@n-api.service[110324]: DEBUG oslo_concurrency.lockutils [req-1cd5ab40-cfa6-4d22-b67b-c928ea15c61f req-ea5341e6-5f09-4105-be1f-6e5d690c4318 service nova] Lock "cfef8193-5693-4317-8283-8a88e4126f9f" acquired by "nova.context.set_target_cell..get_or_set_cached_cell_and_set_connections" :: waited 0.000s {{(pid=110324) inner /usr/local/lib/python3.8/dist-packages/oslo_concurrency/lockutils.py:355}}
Sep 09 09:08:09.232522 n-d-778696-16 devstack@n-api.service[110324]: DEBUG oslo_concurrency.lockutils [req-1cd5ab40-cfa6-4d22-b67b-c928ea15c61f req-ea5341e6-5f09-4105-be1f-6e5d690c4318 service nova] Lock "cfef8193-5693-4317-8283-8a88e4126f9f" released by "nova.context.set_target_cell..get_or_set_cached_cell_and_set_connections" :: held 0.001s {{(pid=110324) inner /usr/local/lib/python3.8/dist-packages/oslo_concurrency/lockutils.py:367}}
Sep 09 09:08:09.254118 n-d-778696-16 devstack@n-api.service[110324]: INFO nova.api.openstack.compute.server_external_events [req-1cd5ab40-cfa6-4d22-b67b-c928ea15c61f req-ea5341e6-5f09-4105-be1f-6e5d690c4318 service nova] Creating event network-vif-plugged:6ff8393a-fa08-4318-b581-f766463032e2 for instance 982dd4d3-9cf8-4e1b-b2c2-98ac6e2457ea on n-h1-778696-16
Sep 09 09:08:09.254783 n-d-778696-16 devstack@n-api.service[110324]: DEBUG oslo_concurrency.lockutils [req-1cd5ab40-cfa6-4d22-b67b-c928ea15c61f req-ea5341e6-5f09-4105-be1f-6e5d690c4318 service nova] Acquired lock "compute-rpcapi-router" {{(pid=110324) lock /usr/local/lib/python3.8/dist-packages/oslo_concurrency/lockutils.py:266}}
Sep 09 09:08:09.256209 n-d-778696-16 devstack@n-api.service[110324]: DEBUG oslo_concurrency.lockutils [None req-dd19801c-6ace-42d4-a4e9-831a64488cc2 None None] Lock "00000000-0000-0000-0000-000000000000" acquired by "nova.context.set_target_cell..get_or_set_cached_cell_and_set_connections" :: waited 0.000s {{(pid=110324) inner /usr/local/lib/python3.8/dist-packages/oslo_concurrency/lockutils.py:355}}
Sep 09 09:08:09.256821 n-d-778696-16 devstack@n-api.service[110324]: DEBUG oslo_concurrency.lockutils [None req-dd19801c-6ace-42d4-a4e9-831a64488cc2 None None] Lock "00000000-0000-0000-0000-000000000000" released by "nova.context.set_target_cell..get_or_set_cached_cell_and_set_connections" :: held 0.001s {{(pid=110324) inner /usr/local/lib/python3.8/dist-packages/oslo_concurrency/lockutils.py:367}}
Sep 09 09:08:09.257656 n-d-778696-16 devstack@n-api.service[110324]: DEBUG oslo_concurrency.lockutils [None req-dd19801c-6ace-42d4-a4e9-831a64488cc2 None None] Lock "cfef8193-5693-4317-8283-8a88e4126f9f" acquired by "nova.context.set_target_cell..get_or_set_cached_cell_and_set_connections" :: waited 0.000s {{(pid=110324) inner /usr/local/lib/python3.8/dist-packages/oslo_concurrency/lockutils.py:355}}
Sep 09 09:08:09.258133 n-d-778696-16 devstack@n-api.service[110324]: DEBUG oslo_concurrency.lockutils [None req-dd19801c-6ace-42d4-a4e9-831a64488cc2 None None] Lock "cfef8193-5693-4317-8283-8a88e4126f9f" released by "nova.context.set_target_cell..get_or_set_cached_cell_and_set_connections" :: held 0.000s {{(pid=110324) inner /usr/local/lib/python3.8/dist-packages/oslo_concurrency/lockutils.py:367}}
Sep 09 09:08:09.267298 n-d-778696-16 devstack@n-api.service[110324]: INFO nova.compute.rpcapi [None req-dd19801c-6ace-42d4-a4e9-831a64488cc2 None None] Automatically selected compute RPC version 6.0 from minimum service version 60
Sep 09 09:08:09.268418 n-d-778696-16 devstack@n-api.service[110324]: DEBUG oslo_concurrency.lockutils [None req-dd19801c-6ace-42d4-a4e9-831a64488cc2 None None] Releasing lock "compute-rpcapi-router" {{(pid=110324) lock /usr/local/lib/python3.8/dist-packages/oslo_concurrency/lockutils.py:282}}
Sep 09 09:08:09.294247 n-d-778696-16 devstack@n-api.service[110324]: INFO nova.api.openstack.requestlog [None req-dd19801c-6ace-42d4-a4e9-831a64488cc2 None None] 10.222.0.32 "POST /compute/v2.1/os-server-external-events" status: 200 len: 183 microversion: 2.1 time: 0.502129
Sep 09 09:08:09.294895 n-d-778696-16 devstack@n-api.service[110324]: [pid: 110324|app: 0|req: 106/213] 10.222.0.32 () {64 vars in 1318 bytes} [Thu Sep 9 09:08:08 2021] POST /compute/v2.1/os-server-external-events => generated 183 bytes in 504 msecs (HTTP/1.1 200) 9 headers in 357 bytes (1 switches on core 0)
Sep 09 09:08:09.435486 n-d-778696-16 devstack@n-api.service[110323]: DEBUG nova.api.openstack.wsgi [None req-0a5c34ea-3915-4623-b5bf-9543106341af tempest-AggregatesAdminTestJSON-2067783334 tempest-AggregatesAdminTestJSON-2067783334-project] Calling method '>' {{(pid=110323) _process_stack /opt/stack/nova/nova/api/openstack/wsgi.py:513}}
Sep 09 09:08:09.436842 n-d-778696-16 devstack@n-api.service[110323]: DEBUG nova.compute.api [None req-0a5c34ea-3915-4623-b5bf-9543106341af tempest-AggregatesAdminTestJSON-2067783334 tempest-AggregatesAdminTestJSON-2067783334-project] [instance: f9e8ae12-6683-442f-80ca-aabea9209f48] Fetching instance by UUID {{(pid=110323) get /opt/stack/nova/nova/compute/api.py:2863}}
Sep 09 09:08:09.455722 n-d-778696-16 devstack@n-api.service[110323]: DEBUG oslo_concurrency.lockutils [None req-0a5c34ea-3915-4623-b5bf-9543106341af tempest-AggregatesAdminTestJSON-2067783334 tempest-AggregatesAdminTestJSON-2067783334-project] Lock "cfef8193-5693-4317-8283-8a88e4126f9f" acquired by "nova.context.set_target_cell..get_or_set_cached_cell_and_set_connections" :: waited 0.000s {{(pid=110323) inner /usr/local/lib/python3.8/dist-packages/oslo_concurrency/lockutils.py:355}}
Sep 09 09:08:09.456137 n-d-778696-16 devstack@n-api.service[110323]: DEBUG oslo_concurrency.lockutils [None req-0a5c34ea-3915-4623-b5bf-9543106341af tempest-AggregatesAdminTestJSON-2067783334 tempest-AggregatesAdminTestJSON-2067783334-project] Lock "cfef8193-5693-4317-8283-8a88e4126f9f" released by "nova.context.set_target_cell..get_or_set_cached_cell_and_set_connections" :: held 0.001s {{(pid=110323) inner /usr/local/lib/python3.8/dist-packages/oslo_concurrency/lockutils.py:367}}
Sep 09 09:08:09.456904 n-d-778696-16 devstack@n-api.service[110323]: DEBUG oslo_concurrency.lockutils [None req-0a5c34ea-3915-4623-b5bf-9543106341af tempest-AggregatesAdminTestJSON-2067783334 tempest-AggregatesAdminTestJSON-2067783334-project] Lock "cfef8193-5693-4317-8283-8a88e4126f9f" acquired by "nova.context.set_target_cell..get_or_set_cached_cell_and_set_connections" :: waited 0.000s {{(pid=110323) inner /usr/local/lib/python3.8/dist-packages/oslo_concurrency/lockutils.py:355}}
Sep 09 09:08:09.458185 n-d-778696-16 devstack@n-api.service[110323]: DEBUG oslo_concurrency.lockutils [None req-0a5c34ea-3915-4623-b5bf-9543106341af tempest-AggregatesAdminTestJSON-2067783334 tempest-AggregatesAdminTestJSON-2067783334-project] Lock "cfef8193-5693-4317-8283-8a88e4126f9f" released by "nova.context.set_target_cell..get_or_set_cached_cell_and_set_connections" :: held 0.001s {{(pid=110323) inner /usr/local/lib/python3.8/dist-packages/oslo_concurrency/lockutils.py:367}}
Sep 09 09:08:09.637972 n-d-778696-16 devstack@n-api.service[110323]: DEBUG nova.policy [None req-0a5c34ea-3915-4623-b5bf-9543106341af tempest-AggregatesAdminTestJSON-2067783334 tempest-AggregatesAdminTestJSON-2067783334-project] Policy check for os_compute_api:os-extended-server-attributes failed with credentials {'is_admin': False, 'user_id': 'aca051b696924d90929764d66700d4ac', 'user_domain_id': 'default', 'system_scope': None, 'domain_id': None, 'project_id': '89f726853b584a74ad2f23ec8ed5d012', 'project_domain_id': 'default', 'roles': ['reader', 'member'], 'is_admin_project': True, 'service_user_id': None, 'service_user_domain_id': None, 'service_project_id': None, 'service_project_domain_id': None, 'service_roles': []} {{(pid=110323) authorize /opt/stack/nova/nova/policy.py:199}}
Sep 09 09:08:09.645375 n-d-778696-16 devstack@n-api.service[110323]: INFO nova.api.openstack.requestlog [None req-0a5c34ea-3915-4623-b5bf-9543106341af tempest-AggregatesAdminTestJSON-2067783334 tempest-AggregatesAdminTestJSON-2067783334-project] 10.222.0.32 "GET /compute/v2.1/servers/f9e8ae12-6683-442f-80ca-aabea9209f48" status: 200 len: 1338 microversion: 2.1 time: 0.226276
Sep 09 09:08:09.645948 n-d-778696-16 devstack@n-api.service[110323]: [pid: 110323|app: 0|req: 108/214] 10.222.0.32 () {58 vars in 1236 bytes} [Thu Sep 9 09:08:09 2021] GET /compute/v2.1/servers/f9e8ae12-6683-442f-80ca-aabea9209f48 => generated 1338 bytes in 228 msecs (HTTP/1.1 200) 9 headers in 358 bytes (1 switches on core 0)
Sep 09 09:08:09.708933 n-d-778696-16 devstack@n-api.service[110324]: DEBUG nova.api.openstack.wsgi [None req-ec4dc390-c5b1-4015-8edf-1a831ed5fbcc tempest-DeleteServersAdminTestJSON-787800983 tempest-DeleteServersAdminTestJSON-787800983-project] Calling method '>' {{(pid=110324) _process_stack /opt/stack/nova/nova/api/openstack/wsgi.py:513}}
Sep 09 09:08:09.712268 n-d-778696-16 devstack@n-api.service[110324]: DEBUG nova.compute.api [None req-ec4dc390-c5b1-4015-8edf-1a831ed5fbcc tempest-DeleteServersAdminTestJSON-787800983 tempest-DeleteServersAdminTestJSON-787800983-project] [instance: 982dd4d3-9cf8-4e1b-b2c2-98ac6e2457ea] Fetching instance by UUID {{(pid=110324) get /opt/stack/nova/nova/compute/api.py:2863}}
Sep 09 09:08:09.723298 n-d-778696-16 devstack@n-api.service[110324]: DEBUG oslo_concurrency.lockutils [None req-ec4dc390-c5b1-4015-8edf-1a831ed5fbcc tempest-DeleteServersAdminTestJSON-787800983 tempest-DeleteServersAdminTestJSON-787800983-project] Lock "cfef8193-5693-4317-8283-8a88e4126f9f" acquired by "nova.context.set_target_cell..get_or_set_cached_cell_and_set_connections" :: waited 0.000s {{(pid=110324) inner /usr/local/lib/python3.8/dist-packages/oslo_concurrency/lockutils.py:355}}
Sep 09 09:08:09.725177 n-d-778696-16 devstack@n-api.service[110324]: DEBUG oslo_concurrency.lockutils [None req-ec4dc390-c5b1-4015-8edf-1a831ed5fbcc tempest-DeleteServersAdminTestJSON-787800983 tempest-DeleteServersAdminTestJSON-787800983-project] Lock "cfef8193-5693-4317-8283-8a88e4126f9f" released by "nova.context.set_target_cell..get_or_set_cached_cell_and_set_connections" :: held 0.002s {{(pid=110324) inner /usr/local/lib/python3.8/dist-packages/oslo_concurrency/lockutils.py:367}}
Sep 09 09:08:09.726915 n-d-778696-16 devstack@n-api.service[110324]: DEBUG oslo_concurrency.lockutils [None req-ec4dc390-c5b1-4015-8edf-1a831ed5fbcc tempest-DeleteServersAdminTestJSON-787800983 tempest-DeleteServersAdminTestJSON-787800983-project] Lock "cfef8193-5693-4317-8283-8a88e4126f9f" acquired by "nova.context.set_target_cell..get_or_set_cached_cell_and_set_connections" :: waited 0.000s {{(pid=110324) inner /usr/local/lib/python3.8/dist-packages/oslo_concurrency/lockutils.py:355}}
Sep 09 09:08:09.729093 n-d-778696-16 devstack@n-api.service[110324]: DEBUG oslo_concurrency.lockutils [None req-ec4dc390-c5b1-4015-8edf-1a831ed5fbcc tempest-DeleteServersAdminTestJSON-787800983 tempest-DeleteServersAdminTestJSON-787800983-project] Lock "cfef8193-5693-4317-8283-8a88e4126f9f" released by "nova.context.set_target_cell..get_or_set_cached_cell_and_set_connections" :: held 0.000s {{(pid=110324) inner /usr/local/lib/python3.8/dist-packages/oslo_concurrency/lockutils.py:367}}
Sep 09 09:08:09.924363 n-d-778696-16 devstack@n-api.service[110324]: DEBUG nova.policy [None req-ec4dc390-c5b1-4015-8edf-1a831ed5fbcc tempest-DeleteServersAdminTestJSON-787800983 tempest-DeleteServersAdminTestJSON-787800983-project] Policy check for os_compute_api:os-extended-server-attributes failed with credentials {'is_admin': False, 'user_id': '3428658a672e45a68645e92334d5b2e2', 'user_domain_id': 'default', 'system_scope': None, 'domain_id': None, 'project_id': '2c52ad507c5b4cc6acb6151f671f028b', 'project_domain_id': 'default', 'roles': ['reader', 'member'], 'is_admin_project': True, 'service_user_id': None, 'service_user_domain_id': None, 'service_project_id': None, 'service_project_domain_id': None, 'service_roles': []} {{(pid=110324) authorize /opt/stack/nova/nova/policy.py:199}}
Sep 09 09:08:09.931664 n-d-778696-16 devstack@n-api.service[110324]: INFO nova.api.openstack.requestlog [None req-ec4dc390-c5b1-4015-8edf-1a831ed5fbcc tempest-DeleteServersAdminTestJSON-787800983 tempest-DeleteServersAdminTestJSON-787800983-project] 10.222.0.32 "GET /compute/v2.1/servers/982dd4d3-9cf8-4e1b-b2c2-98ac6e2457ea" status: 200 len: 1320 microversion: 2.1 time: 0.235016
Sep 09 09:08:09.932226 n-d-778696-16 devstack@n-api.service[110324]: [pid: 110324|app: 0|req: 107/215] 10.222.0.32 () {58 vars in 1236 bytes} [Thu Sep 9 09:08:09 2021] GET /compute/v2.1/servers/982dd4d3-9cf8-4e1b-b2c2-98ac6e2457ea => generated 1320 bytes in 236 msecs (HTTP/1.1 200) 9 headers in 358 bytes (1 switches on core 0)
Sep 09 09:08:10.661859 n-d-778696-16 devstack@n-api.service[110323]: DEBUG nova.api.openstack.wsgi [None req-375e721e-be4e-4a7f-afaf-4945cdf029ff tempest-AggregatesAdminTestJSON-2067783334 tempest-AggregatesAdminTestJSON-2067783334-project] Calling method '>' {{(pid=110323) _process_stack /opt/stack/nova/nova/api/openstack/wsgi.py:513}}
